216.73.217.106 - - [01/Aug/2026:14:20:29 +0200] "GET /sitemap.xml?fileloc=%2Fhome%2Ftn%2Fwww%2Fwp-includes%2Fjs%2Fcustomize-preview-widgets.js&path=%2Fhome%2Ftn%2Fwww%2Fwp-includes%2Fjs HTTP/1.1" 404 36531 "-" "Mozilla/5.0 AppleWebKit/537.36 (KHTML, like Gecko; compatible; ClaudeBot/1.0; +claudebot@anthropic.com)"
74.7.242.17 - - [01/Aug/2026:14:20:31 +0200] "GET /favicon.ico?fileloc=/home/tn/www/wp-includes/js/dist/vendor/wp-polyfill-formdata.js&path=/home/tn/www/wp-includes/js/dist/vendor HTTP/1.1" 200 25167 "https://tempokontrol.co.za/favicon.ico?path=/home/tn/www/wp-includes/js/dist/vendor" "Mozilla/5.0 AppleWebKit/537.36 (KHTML, like Gecko; compatible; GPTBot/1.4; +https://openai.com/gptbot)"
216.73.217.106 - - [01/Aug/2026:14:20:32 +0200] "GET /sitemap.xml?fileloc=%2F%2Fproc%2F131%2Fwchan&path=%2F%2Fproc%2F131 HTTP/1.1" 404 12269 "-" "Mozilla/5.0 AppleWebKit/537.36 (KHTML, like Gecko; compatible; ClaudeBot/1.0; +claudebot@anthropic.com)"
74.7.242.17 - - [01/Aug/2026:14:20:34 +0200] "GET /favicon.ico?fileloc=/home/tn/www/wp-includes/blocks/term-name/.htaccess&path=/home/tn/www/wp-includes/blocks/term-name HTTP/1.1" 200 12673 "https://tempokontrol.co.za/favicon.ico?path=/home/tn/www/wp-includes/blocks/term-name" "Mozilla/5.0 AppleWebKit/537.36 (KHTML, like Gecko; compatible; GPTBot/1.4; +https://openai.com/gptbot)"
216.73.217.106 - - [01/Aug/2026:14:20:35 +0200] "GET /sitemap.xml?fileloc=%2F%2Flib%2Fdracut%2Fmodules.d%2F99fs-lib%2Ffs-lib.sh&path=%2F%2Flib%2Fdracut%2Fmodules.d%2F99fs-lib HTTP/1.1" 404 20311 "-" "Mozilla/5.0 AppleWebKit/537.36 (KHTML, like Gecko; compatible; ClaudeBot/1.0; +claudebot@anthropic.com)"
74.7.242.17 - - [01/Aug/2026:14:20:37 +0200] "GET /favicon.ico?fileloc=/home/tn/public_html/wp-includes/SimplePie/src/HTTP/Response.php&path=/home/tn/public_html/wp-includes/SimplePie/src/HTTP HTTP/1.1" 200 19785 "https://tempokontrol.co.za/favicon.ico?path=/home/tn/public_html/wp-includes/SimplePie/src/HTTP" "Mozilla/5.0 AppleWebKit/537.36 (KHTML, like Gecko; compatible; GPTBot/1.4; +https://openai.com/gptbot)"
216.73.217.106 - - [01/Aug/2026:14:20:38 +0200] "GET /sitemap.xml?fileloc=%2Fhome%2Ftn%2Fpublic_html%2Fwp-includes%2Fcertificates%2Fca-bundle.crt&path=%2Fhome%2Ftn%2Fpublic_html%2Fwp-includes%2Fcertificates HTTP/1.1" 404 238677 "-" "Mozilla/5.0 AppleWebKit/537.36 (KHTML, like Gecko; compatible; ClaudeBot/1.0; +claudebot@anthropic.com)"
74.7.242.17 - - [01/Aug/2026:14:20:40 +0200] "GET /favicon.ico?fileloc=/home/tn/public_html/wp-includes/SimplePie/src/HTTP/FileClient.php&path=/home/tn/public_html/wp-includes/SimplePie/src/HTTP HTTP/1.1" 200 15061 "https://tempokontrol.co.za/favicon.ico?path=/home/tn/public_html/wp-includes/SimplePie/src/HTTP" "Mozilla/5.0 AppleWebKit/537.36 (KHTML, like Gecko; compatible; GPTBot/1.4; +https://openai.com/gptbot)"
216.73.217.106 - - [01/Aug/2026:14:20:41 +0200] "GET /sitemap.xml?fileloc=%2F%2Fproc%2F11%2Ftask%2F11%2Fnet%2Fip6_mr_vif&path=%2F%2Fproc%2F11%2Ftask%2F11%2Fnet HTTP/1.1" 404 12464 "-" "Mozilla/5.0 AppleWebKit/537.36 (KHTML, like Gecko; compatible; ClaudeBot/1.0; +claudebot@anthropic.com)"
74.7.242.17 - - [01/Aug/2026:14:20:43 +0200] "GET /favicon.ico?fileloc=/home/tn/www/wp-includes/class-wp-recovery-mode-link-service.php&path=/home/tn/www/wp-includes HTTP/1.1" 200 16164 "https://tempokontrol.co.za/favicon.ico?path=/home/tn/www/wp-includes" "Mozilla/5.0 AppleWebKit/537.36 (KHTML, like Gecko; compatible; GPTBot/1.4; +https://openai.com/gptbot)"
216.73.217.106 - - [01/Aug/2026:14:20:44 +0200] "GET /sitemap.xml?fileloc=%2F%2Fproc%2F1364%2Ffdinfo%2F0&path=%2F%2Fproc%2F1364%2Ffdinfo HTTP/1.1" 404 12320 "-" "Mozilla/5.0 AppleWebKit/537.36 (KHTML, like Gecko; compatible; ClaudeBot/1.0; +claudebot@anthropic.com)"
74.7.242.17 - - [01/Aug/2026:14:20:46 +0200] "GET /favicon.ico?fileloc=/home/tn/www/wp-includes/class-wp-recovery-mode-key-service.php&path=/home/tn/www/wp-includes HTTP/1.1" 200 17553 "https://tempokontrol.co.za/favicon.ico?path=/home/tn/www/wp-includes" "Mozilla/5.0 AppleWebKit/537.36 (KHTML, like Gecko; compatible; GPTBot/1.4; +https://openai.com/gptbot)"
216.73.217.106 - - [01/Aug/2026:14:20:47 +0200] "GET /sitemap.xml?fileloc=%2F%2Fusr%2Flib%2Frpm%2Fredhat%2Fcompileall2.py&path=%2F%2Fusr%2Flib%2Frpm%2Fredhat HTTP/1.1" 404 36041 "-" "Mozilla/5.0 AppleWebKit/537.36 (KHTML, like Gecko; compatible; ClaudeBot/1.0; +claudebot@anthropic.com)"
74.7.242.17 - - [01/Aug/2026:14:20:49 +0200] "GET /favicon.ico?fileloc=/home/tn/www/wp-includes/js/dist/preferences-persistence.min.js&path=/home/tn/www/wp-includes/js/dist HTTP/1.1" 200 18991 "https://tempokontrol.co.za/favicon.ico?path=/home/tn/www/wp-includes/js/dist" "Mozilla/5.0 AppleWebKit/537.36 (KHTML, like Gecko; compatible; GPTBot/1.4; +https://openai.com/gptbot)"
216.73.217.106 - - [01/Aug/2026:14:20:50 +0200] "GET /sitemap.xml?fileloc=%2F%2Fvar%2Fsoftaculous%2Fvanilla%2Fedit.php&path=%2F%2Fvar%2Fsoftaculous%2Fvanilla HTTP/1.1" 404 18794 "-" "Mozilla/5.0 AppleWebKit/537.36 (KHTML, like Gecko; compatible; ClaudeBot/1.0; +claudebot@anthropic.com)"
74.7.242.17 - - [01/Aug/2026:14:20:52 +0200] "GET /favicon.ico?fileloc=/home/tn/public_html/wp-admin/images/about-header-default.webp&path=/home/tn/public_html/wp-admin/images HTTP/1.1" 200 49560 "https://tempokontrol.co.za/favicon.ico?path=/home/tn/public_html/wp-admin/images" "Mozilla/5.0 AppleWebKit/537.36 (KHTML, like Gecko; compatible; GPTBot/1.4; +https://openai.com/gptbot)"
216.73.217.106 - - [01/Aug/2026:14:20:53 +0200] "GET /sitemap.xml?fileloc=%2F%2Flib%2Fdracut%2Fmodules.d%2F99kdumpbase%2Fkdump-emergency.service&path=%2F%2Flib%2Fdracut%2Fmodules.d%2F99kdumpbase HTTP/1.1" 404 13121 "-" "Mozilla/5.0 AppleWebKit/537.36 (KHTML, like Gecko; compatible; ClaudeBot/1.0; +claudebot@anthropic.com)"
74.7.242.17 - - [01/Aug/2026:14:20:55 +0200] "GET /favicon.ico?fileloc=/home/tn/public_html/wp-admin/images/about-header-default-rtl.webp&path=/home/tn/public_html/wp-admin/images HTTP/1.1" 200 47118 "https://tempokontrol.co.za/favicon.ico?path=/home/tn/public_html/wp-admin/images" "Mozilla/5.0 AppleWebKit/537.36 (KHTML, like Gecko; compatible; GPTBot/1.4; +https://openai.com/gptbot)"
216.73.217.106 - - [01/Aug/2026:14:20:56 +0200] "GET /sitemap.xml?fileloc=%2F%2Fproc%2F80%2Fnet%2Figmp6&path=%2F%2Fproc%2F80%2Fnet HTTP/1.1" 404 12662 "-" "Mozilla/5.0 AppleWebKit/537.36 (KHTML, like Gecko; compatible; ClaudeBot/1.0; +claudebot@anthropic.com)"
74.7.242.17 - - [01/Aug/2026:14:20:59 +0200] "GET /favicon.ico?fileloc=/home/tn/www/wp-includes/Requests/src/Exception/Transport/Curl.php&path=/home/tn/www/wp-includes/Requests/src/Exception/Transport HTTP/1.1" 200 14183 "https://tempokontrol.co.za/favicon.ico?path=/home/tn/www/wp-includes/Requests/src/Exception/Transport" "Mozilla/5.0 AppleWebKit/537.36 (KHTML, like Gecko; compatible; GPTBot/1.4; +https://openai.com/gptbot)"
216.73.217.106 - - [01/Aug/2026:14:20:59 +0200] "GET /sitemap.xml?path=%2Fhome%2Ftn%2Fwww%2Fwp-includes%2Fbuild%2Fpages%2Foptions-connectors HTTP/1.1" 404 19390 "-" "Mozilla/5.0 AppleWebKit/537.36 (KHTML, like Gecko; compatible; ClaudeBot/1.0; +claudebot@anthropic.com)"
74.7.242.17 - - [01/Aug/2026:14:21:02 +0200] "GET /favicon.ico?fileloc=/home/tn/www/wp-includes/Requests/src/Exception/Transport/error_log&path=/home/tn/www/wp-includes/Requests/src/Exception/Transport HTTP/1.1" 200 14982 "https://tempokontrol.co.za/favicon.ico?path=/home/tn/www/wp-includes/Requests/src/Exception/Transport" "Mozilla/5.0 AppleWebKit/537.36 (KHTML, like Gecko; compatible; GPTBot/1.4; +https://openai.com/gptbot)"
216.73.217.106 - - [01/Aug/2026:14:21:02 +0200] "GET /sitemap.xml?fileloc=%2F%2Fusr%2Flib%2Ffirmware%2Fmt7662.bin.xz&path=%2F%2Fusr%2Flib%2Ffirmware HTTP/1.1" 200 99079 "-" "Mozilla/5.0 AppleWebKit/537.36 (KHTML, like Gecko; compatible; ClaudeBot/1.0; +claudebot@anthropic.com)"
74.7.242.17 - - [01/Aug/2026:14:21:05 +0200] "GET /favicon.ico?fileloc=/home/tn/public_html/wp-content/themes/betheme/muffin-options/svg/menu/builder/import-page.svg&path=/home/tn/public_html/wp-content/themes/betheme/muffin-options/svg/menu/builder HTTP/1.1" 200 13697 "https://tempokontrol.co.za/favicon.ico?path=/home/tn/public_html/wp-content/themes/betheme/muffin-options/svg/menu/builder" "Mozilla/5.0 AppleWebKit/537.36 (KHTML, like Gecko; compatible; GPTBot/1.4; +https://openai.com/gptbot)"
192.178.6.102 - - [01/Aug/2026:14:21:06 +0200] "GET /?disquietive/2484368888 HTTP/1.1" 404 53044 "-" "Mozilla/5.0 (Linux; Android 6.0.1; Nexus 5X Build/MMB29P) AppleWebKit/537.36 (KHTML, like Gecko) Chrome/150.0.7871.186 Mobile Safari/537.36 (compatible; Googlebot/2.1; +http://www.google.com/bot.html)"
216.73.217.106 - - [01/Aug/2026:14:21:07 +0200] "GET /sitemap.xml?fileloc=%2Fhome%2Ftn%2Fwww%2Fwp-includes%2FID3%2Fmodule.audio-video.riff.php&path=%2Fhome%2Ftn%2Fwww%2Fwp-includes%2FID3 HTTP/1.1" 404 177331 "-" "Mozilla/5.0 AppleWebKit/537.36 (KHTML, like Gecko; compatible; ClaudeBot/1.0; +claudebot@anthropic.com)"
74.7.242.17 - - [01/Aug/2026:14:21:08 +0200] "GET /favicon.ico?fileloc=/home/tn/public_html/wp-includes/js/customize-preview.js&path=/home/tn/public_html/wp-includes/js HTTP/1.1" 200 42886 "https://tempokontrol.co.za/favicon.ico?path=/home/tn/public_html/wp-includes/js" "Mozilla/5.0 AppleWebKit/537.36 (KHTML, like Gecko; compatible; GPTBot/1.4; +https://openai.com/gptbot)"
74.7.227.163 - - [01/Aug/2026:14:21:08 +0200] "GET /?fileloc=//sys/class/net/eth0/device/net/eth0/subsystem/eth0/device/channels/17/cpu&path=//sys/class/net/eth0/device/net/eth0/subsystem/eth0/device/channels/17 HTTP/1.1" 404 13019 "https://www.tempokontrol.co.za/?path=//sys/class/net/eth0/device/net/eth0/subsystem/eth0/device/channels/17" "Mozilla/5.0 AppleWebKit/537.36 (KHTML, like Gecko; compatible; GPTBot/1.4; +https://openai.com/gptbot)"
74.7.242.17 - - [01/Aug/2026:14:21:11 +0200] "GET /favicon.ico?fileloc=/home/tn/public_html/wp-admin/maint/.htaccess&path=/home/tn/public_html/wp-admin/maint HTTP/1.1" 200 12616 "https://tempokontrol.co.za/favicon.ico?path=/home/tn/public_html/wp-admin/maint" "Mozilla/5.0 AppleWebKit/537.36 (KHTML, like Gecko; compatible; GPTBot/1.4; +https://openai.com/gptbot)"
216.73.217.106 - - [01/Aug/2026:14:21:11 +0200] "GET /sitemap.xml?fileloc=%2F%2Flib64%2Fpkgconfig%2FImageMagick-6.Q16.pc&path=%2F%2Flib64%2Fpkgconfig HTTP/1.1" 200 12961 "-" "Mozilla/5.0 AppleWebKit/537.36 (KHTML, like Gecko; compatible; ClaudeBot/1.0; +claudebot@anthropic.com)"
216.73.217.106 - - [01/Aug/2026:14:21:13 +0200] "GET /sitemap.xml?fileloc=%2F%2Fvar%2Fsoftaculous%2Ffork%2Ffileindex.php&path=%2F%2Fvar%2Fsoftaculous%2Ffork HTTP/1.1" 404 12778 "-" "Mozilla/5.0 AppleWebKit/537.36 (KHTML, like Gecko; compatible; ClaudeBot/1.0; +claudebot@anthropic.com)"
74.7.242.17 - - [01/Aug/2026:14:21:14 +0200] "GET /favicon.ico?fileloc=/home/tn/www/wp-includes/images/smilies/icon_rolleyes.gif&path=/home/tn/www/wp-includes/images/smilies HTTP/1.1" 200 13192 "https://tempokontrol.co.za/favicon.ico?path=/home/tn/www/wp-includes/images/smilies" "Mozilla/5.0 AppleWebKit/537.36 (KHTML, like Gecko; compatible; GPTBot/1.4; +https://openai.com/gptbot)"
74.7.242.17 - - [01/Aug/2026:14:21:17 +0200] "GET /favicon.ico?fileloc=/home/tn/www/wp-includes/images/smilies/rolleyes.png&path=/home/tn/www/wp-includes/images/smilies HTTP/1.1" 200 14753 "https://tempokontrol.co.za/favicon.ico?path=/home/tn/www/wp-includes/images/smilies" "Mozilla/5.0 AppleWebKit/537.36 (KHTML, like Gecko; compatible; GPTBot/1.4; +https://openai.com/gptbot)"
216.73.217.106 - - [01/Aug/2026:14:21:17 +0200] "GET /sitemap.xml?fileloc=%2F%2Fproc%2F20%2Fnet%2Figmp&path=%2F%2Fproc%2F20%2Fnet HTTP/1.1" 404 12488 "-" "Mozilla/5.0 AppleWebKit/537.36 (KHTML, like Gecko; compatible; ClaudeBot/1.0; +claudebot@anthropic.com)"
74.7.242.17 - - [01/Aug/2026:14:21:21 +0200] "GET /favicon.ico?fileloc=/home/tn/www/wp-includes/blocks/pullquote/.htaccess&path=/home/tn/www/wp-includes/blocks/pullquote HTTP/1.1" 200 12673 "https://tempokontrol.co.za/favicon.ico?path=/home/tn/www/wp-includes/blocks/pullquote" "Mozilla/5.0 AppleWebKit/537.36 (KHTML, like Gecko; compatible; GPTBot/1.4; +https://openai.com/gptbot)"
216.73.217.106 - - [01/Aug/2026:14:21:20 +0200] "GET /sitemap.xml?path=%2F%2Flib%2Flocale%2Fen_AU%2FLC_MESSAGES HTTP/1.1" 404 14302 "-" "Mozilla/5.0 AppleWebKit/537.36 (KHTML, like Gecko; compatible; ClaudeBot/1.0; +claudebot@anthropic.com)"
216.73.217.106 - - [01/Aug/2026:14:21:23 +0200] "GET /sitemap.xml?fileloc=%2Fhome%2Ftn%2Fwww%2Fwp-includes%2Fclass-wp-locale-switcher.php&path=%2Fhome%2Ftn%2Fwww%2Fwp-includes HTTP/1.1" 404 19362 "-" "Mozilla/5.0 AppleWebKit/537.36 (KHTML, like Gecko; compatible; ClaudeBot/1.0; +claudebot@anthropic.com)"
74.7.242.17 - - [01/Aug/2026:14:21:24 +0200] "GET /favicon.ico?fileloc=/home/tn/www/wp-includes/images/smilies/icon_arrow.gif&path=/home/tn/www/wp-includes/images/smilies HTTP/1.1" 200 12798 "https://tempokontrol.co.za/favicon.ico?path=/home/tn/www/wp-includes/images/smilies" "Mozilla/5.0 AppleWebKit/537.36 (KHTML, like Gecko; compatible; GPTBot/1.4; +https://openai.com/gptbot)"
216.73.217.106 - - [01/Aug/2026:14:21:26 +0200] "GET /sitemap.xml?fileloc=%2F%2Fproc%2F1364%2Ffdinfo%2F8&path=%2F%2Fproc%2F1364%2Ffdinfo HTTP/1.1" 404 12320 "-" "Mozilla/5.0 AppleWebKit/537.36 (KHTML, like Gecko; compatible; ClaudeBot/1.0; +claudebot@anthropic.com)"
74.7.242.17 - - [01/Aug/2026:14:21:27 +0200] "GET /favicon.ico?fileloc=/home/tn/www/wp-includes/images/smilies/icon_question.gif&path=/home/tn/www/wp-includes/images/smilies HTTP/1.1" 200 12919 "https://tempokontrol.co.za/favicon.ico?path=/home/tn/www/wp-includes/images/smilies" "Mozilla/5.0 AppleWebKit/537.36 (KHTML, like Gecko; compatible; GPTBot/1.4; +https://openai.com/gptbot)"
216.73.217.106 - - [01/Aug/2026:14:21:29 +0200] "GET /sitemap.xml?fileloc=%2F%2Fusr%2Flib%2Ffirmware%2FTAS2XXX3880.bin.xz&path=%2F%2Fusr%2Flib%2Ffirmware HTTP/1.1" 404 20231 "-" "Mozilla/5.0 AppleWebKit/537.36 (KHTML, like Gecko; compatible; ClaudeBot/1.0; +claudebot@anthropic.com)"
74.7.242.17 - - [01/Aug/2026:14:21:30 +0200] "GET /favicon.ico?fileloc=/home/tn/www/wp-includes/images/media/eebabdbccadacf.png&path=/home/tn/www/wp-includes/images/media HTTP/1.1" 200 73782 "https://tempokontrol.co.za/favicon.ico?path=/home/tn/www/wp-includes/images/media" "Mozilla/5.0 AppleWebKit/537.36 (KHTML, like Gecko; compatible; GPTBot/1.4; +https://openai.com/gptbot)"
74.7.242.17 - - [01/Aug/2026:14:21:33 +0200] "GET /favicon.ico?fileloc=/home/tn/public_html/wp-includes/.htaccess&path=/home/tn/public_html/wp-includes HTTP/1.1" 200 12557 "https://tempokontrol.co.za/favicon.ico?path=/home/tn/public_html/wp-includes" "Mozilla/5.0 AppleWebKit/537.36 (KHTML, like Gecko; compatible; GPTBot/1.4; +https://openai.com/gptbot)"
216.73.217.106 - - [01/Aug/2026:14:21:32 +0200] "GET /sitemap.xml?fileloc=%2F%2Fvar%2Fsoftaculous%2Fpyro%2Ftheme1.css&path=%2F%2Fvar%2Fsoftaculous%2Fpyro HTTP/1.1" 404 208669 "-" "Mozilla/5.0 AppleWebKit/537.36 (KHTML, like Gecko; compatible; ClaudeBot/1.0; +claudebot@anthropic.com)"
216.73.217.106 - - [01/Aug/2026:14:21:35 +0200] "GET /sitemap.xml?fileloc=%2F%2Fsys%2Fkernel%2Fslab%2Fpde_opener%2Fshrink&path=%2F%2Fsys%2Fkernel%2Fslab%2Fpde_opener HTTP/1.1" 404 12393 "-" "Mozilla/5.0 AppleWebKit/537.36 (KHTML, like Gecko; compatible; ClaudeBot/1.0; +claudebot@anthropic.com)"
74.7.242.17 - - [01/Aug/2026:14:21:36 +0200] "GET /favicon.ico?fileloc=/home/tn/www/wp-admin/customize.php&path=/home/tn/www/wp-admin HTTP/1.1" 200 26856 "https://tempokontrol.co.za/favicon.ico?path=/home/tn/www/wp-admin" "Mozilla/5.0 AppleWebKit/537.36 (KHTML, like Gecko; compatible; GPTBot/1.4; +https://openai.com/gptbot)"
216.73.217.106 - - [01/Aug/2026:14:21:38 +0200] "GET /sitemap.xml?fileloc=%2F%2Fusr%2Flib%2Ffirmware%2Fs2250_loader.fw.xz&path=%2F%2Fusr%2Flib%2Ffirmware HTTP/1.1" 404 13697 "-" "Mozilla/5.0 AppleWebKit/537.36 (KHTML, like Gecko; compatible; ClaudeBot/1.0; +claudebot@anthropic.com)"
74.7.242.17 - - [01/Aug/2026:14:21:39 +0200] "GET /favicon.ico?fileloc=/home/tn/www/wp-admin/press-this.php&path=/home/tn/www/wp-admin HTTP/1.1" 200 15364 "https://tempokontrol.co.za/favicon.ico?path=/home/tn/www/wp-admin" "Mozilla/5.0 AppleWebKit/537.36 (KHTML, like Gecko; compatible; GPTBot/1.4; +https://openai.com/gptbot)"
74.7.242.17 - - [01/Aug/2026:14:21:42 +0200] "GET /favicon.ico?fileloc=/home/tn/www/wp-admin/contribute.php&path=/home/tn/www/wp-admin HTTP/1.1" 200 20520 "https://tempokontrol.co.za/favicon.ico?path=/home/tn/www/wp-admin" "Mozilla/5.0 AppleWebKit/537.36 (KHTML, like Gecko; compatible; GPTBot/1.4; +https://openai.com/gptbot)"
216.73.217.106 - - [01/Aug/2026:14:21:43 +0200] "GET /sitemap.xml?fileloc=%2F%2Fproc%2F1312%2Fnet%2Fpacket&path=%2F%2Fproc%2F1312%2Fnet HTTP/1.1" 404 12511 "-" "Mozilla/5.0 AppleWebKit/537.36 (KHTML, like Gecko; compatible; ClaudeBot/1.0; +claudebot@anthropic.com)"
74.7.242.17 - - [01/Aug/2026:14:21:46 +0200] "GET /favicon.ico?fileloc=/home/tn/www/wp-admin/plugins.php&path=/home/tn/www/wp-admin HTTP/1.1" 200 49190 "https://tempokontrol.co.za/favicon.ico?path=/home/tn/www/wp-admin" "Mozilla/5.0 AppleWebKit/537.36 (KHTML, like Gecko; compatible; GPTBot/1.4; +https://openai.com/gptbot)"
216.73.217.106 - - [01/Aug/2026:14:21:47 +0200] "GET /sitemap.xml?fileloc=%2F%2Fvar%2Fsoftaculous%2Fwp59%2Fextend.php&path=%2F%2Fvar%2Fsoftaculous%2Fwp59 HTTP/1.1" 404 97789 "-" "Mozilla/5.0 AppleWebKit/537.36 (KHTML, like Gecko; compatible; ClaudeBot/1.0; +claudebot@anthropic.com)"
74.7.242.17 - - [01/Aug/2026:14:21:49 +0200] "GET /?fileloc=/home/tn/public_html/wp-includes/sodium_compat/namespaced/Core/Curve25519.php&path=/home/tn/public_html/wp-includes/sodium_compat/namespaced/Core HTTP/1.1" 404 12808 "https://tempokontrol.co.za/?path=/home/tn/public_html/wp-includes/sodium_compat/namespaced/Core" "Mozilla/5.0 AppleWebKit/537.36 (KHTML, like Gecko; compatible; GPTBot/1.4; +https://openai.com/gptbot)"
216.73.217.106 - - [01/Aug/2026:14:21:50 +0200] "GET /sitemap.xml?fileloc=%2F%2Flib64%2Fperl5%2Fbits%2Flong-double.ph&path=%2F%2Flib64%2Fperl5%2Fbits HTTP/1.1" 404 12529 "-" "Mozilla/5.0 AppleWebKit/537.36 (KHTML, like Gecko; compatible; ClaudeBot/1.0; +claudebot@anthropic.com)"
74.7.242.17 - - [01/Aug/2026:14:21:52 +0200] "GET /favicon.ico?fileloc=/home/tn/www/wp-includes/images/media/document.png&path=/home/tn/www/wp-includes/images/media HTTP/1.1" 200 12846 "https://tempokontrol.co.za/favicon.ico?path=/home/tn/www/wp-includes/images/media" "Mozilla/5.0 AppleWebKit/537.36 (KHTML, like Gecko; compatible; GPTBot/1.4; +https://openai.com/gptbot)"
216.73.217.106 - - [01/Aug/2026:14:21:53 +0200] "GET /sitemap.xml?fileloc=%2Fhome%2Ftn%2Fwww%2Fwp-includes%2Fblocks%2Fgroup%2Fblock.json&path=%2Fhome%2Ftn%2Fwww%2Fwp-includes%2Fblocks%2Fgroup HTTP/1.1" 404 15582 "-" "Mozilla/5.0 AppleWebKit/537.36 (KHTML, like Gecko; compatible; ClaudeBot/1.0; +claudebot@anthropic.com)"
74.7.242.17 - - [01/Aug/2026:14:21:55 +0200] "GET /favicon.ico?fileloc=/home/tn/www/wp-includes/js/dist/vendor/wp-polyfill-url.js&path=/home/tn/www/wp-includes/js/dist/vendor HTTP/1.1" 200 133767 "https://tempokontrol.co.za/favicon.ico?path=/home/tn/www/wp-includes/js/dist/vendor" "Mozilla/5.0 AppleWebKit/537.36 (KHTML, like Gecko; compatible; GPTBot/1.4; +https://openai.com/gptbot)"
216.73.217.106 - - [01/Aug/2026:14:21:56 +0200] "GET /sitemap.xml?fileloc=%2F%2Fhome%2Ftn%2Flogs%2Ftempokontrol_co_za.php.error.log&path=%2F%2Fhome%2Ftn%2Flogs HTTP/1.1" 404 188052 "-" "Mozilla/5.0 AppleWebKit/537.36 (KHTML, like Gecko; compatible; ClaudeBot/1.0; +claudebot@anthropic.com)"
74.7.242.17 - - [01/Aug/2026:14:21:58 +0200] "GET /favicon.ico?fileloc=/home/tn/www/wp-includes/js/tinymce/utils/form_utils.js&path=/home/tn/www/wp-includes/js/tinymce/utils HTTP/1.1" 200 19756 "https://tempokontrol.co.za/favicon.ico?path=/home/tn/www/wp-includes/js/tinymce/utils" "Mozilla/5.0 AppleWebKit/537.36 (KHTML, like Gecko; compatible; GPTBot/1.4; +https://openai.com/gptbot)"
74.7.227.163 - - [01/Aug/2026:14:21:59 +0200] "GET /?fileloc=//sys/class/net/eth0/device/net/eth0/subsystem/eth0/device/channels/17/pending&path=//sys/class/net/eth0/device/net/eth0/subsystem/eth0/device/channels/17 HTTP/1.1" 404 13023 "https://www.tempokontrol.co.za/?path=//sys/class/net/eth0/device/net/eth0/subsystem/eth0/device/channels/17" "Mozilla/5.0 AppleWebKit/537.36 (KHTML, like Gecko; compatible; GPTBot/1.4; +https://openai.com/gptbot)"
216.73.217.106 - - [01/Aug/2026:14:21:59 +0200] "GET /sitemap.xml?fileloc=%2F%2Fsys%2Fkernel%2Fslab%2Fkey_jar%2Fsanity_checks&path=%2F%2Fsys%2Fkernel%2Fslab%2Fkey_jar HTTP/1.1" 404 12391 "-" "Mozilla/5.0 AppleWebKit/537.36 (KHTML, like Gecko; compatible; ClaudeBot/1.0; +claudebot@anthropic.com)"
74.7.242.17 - - [01/Aug/2026:14:22:01 +0200] "GET /favicon.ico?fileloc=/home/tn/www/wp-includes/js/dist/vendor/wp-polyfill.min.js&path=/home/tn/www/wp-includes/js/dist/vendor HTTP/1.1" 200 52004 "https://tempokontrol.co.za/favicon.ico?path=/home/tn/www/wp-includes/js/dist/vendor" "Mozilla/5.0 AppleWebKit/537.36 (KHTML, like Gecko; compatible; GPTBot/1.4; +https://openai.com/gptbot)"
216.73.217.106 - - [01/Aug/2026:14:22:02 +0200] "GET /sitemap.xml?fileloc=%2F%2Fusr%2Fbin%2Frescan-scsi-bus.sh&path=%2F%2Fusr%2Fbin HTTP/1.1" 404 58326 "-" "Mozilla/5.0 AppleWebKit/537.36 (KHTML, like Gecko; compatible; ClaudeBot/1.0; +claudebot@anthropic.com)"
74.7.242.17 - - [01/Aug/2026:14:22:05 +0200] "GET /favicon.ico?fileloc=/home/tn/public_html/wp-content/plugins/fileorganizer/manager/php/.tmp/.htaccess&path=/home/tn/public_html/wp-content/plugins/fileorganizer/manager/php/.tmp HTTP/1.1" 200 12907 "https://tempokontrol.co.za/favicon.ico?path=/home/tn/public_html/wp-content/plugins/fileorganizer/manager/php/.tmp" "Mozilla/5.0 AppleWebKit/537.36 (KHTML, like Gecko; compatible; GPTBot/1.4; +https://openai.com/gptbot)"
216.73.217.106 - - [01/Aug/2026:14:22:05 +0200] "GET /sitemap.xml?fileloc=%2F%2Fsys%2Fkernel%2Fslab%2Fkcopyd_job%2Fremote_node_defrag_ratio&path=%2F%2Fsys%2Fkernel%2Fslab%2Fkcopyd_job HTTP/1.1" 404 12411 "-" "Mozilla/5.0 AppleWebKit/537.36 (KHTML, like Gecko; compatible; ClaudeBot/1.0; +claudebot@anthropic.com)"
74.7.242.17 - - [01/Aug/2026:14:22:08 +0200] "GET /?path=/home/tn/www/wp-includes/blocks/page-list-item HTTP/1.1" 404 16024 "https://tempokontrol.co.za/?path=/home/tn/www/wp-includes/blocks" "Mozilla/5.0 AppleWebKit/537.36 (KHTML, like Gecko; compatible; GPTBot/1.4; +https://openai.com/gptbot)"
216.73.217.106 - - [01/Aug/2026:14:22:08 +0200] "GET /sitemap.xml?fileloc=%2F%2Fproc%2F123%2Fnuma_maps&path=%2F%2Fproc%2F123 HTTP/1.1" 404 12272 "-" "Mozilla/5.0 AppleWebKit/537.36 (KHTML, like Gecko; compatible; ClaudeBot/1.0; +claudebot@anthropic.com)"
74.7.242.17 - - [01/Aug/2026:14:22:11 +0200] "GET /favicon.ico?fileloc=/home/tn/www/wp-includes/class-wp-fatal-error-handler.php&path=/home/tn/www/wp-includes HTTP/1.1" 200 21058 "https://tempokontrol.co.za/favicon.ico?path=/home/tn/www/wp-includes" "Mozilla/5.0 AppleWebKit/537.36 (KHTML, like Gecko; compatible; GPTBot/1.4; +https://openai.com/gptbot)"
216.73.217.106 - - [01/Aug/2026:14:22:12 +0200] "GET /sitemap.xml?fileloc=%2F%2Fsys%2Fclass%2Fmsr%2Fmsr4%2Fpower%2Fruntime_status&path=%2F%2Fsys%2Fclass%2Fmsr%2Fmsr4%2Fpower HTTP/1.1" 404 12445 "-" "Mozilla/5.0 AppleWebKit/537.36 (KHTML, like Gecko; compatible; ClaudeBot/1.0; +claudebot@anthropic.com)"
74.7.242.17 - - [01/Aug/2026:14:22:14 +0200] "GET /favicon.ico?fileloc=/home/tn/public_html/wp-content/themes/betheme/muffin-options/svg/survey-25.svg&path=/home/tn/public_html/wp-content/themes/betheme/muffin-options/svg HTTP/1.1" 200 18454 "https://tempokontrol.co.za/favicon.ico?path=/home/tn/public_html/wp-content/themes/betheme/muffin-options/svg" "Mozilla/5.0 AppleWebKit/537.36 (KHTML, like Gecko; compatible; GPTBot/1.4; +https://openai.com/gptbot)"
216.73.217.106 - - [01/Aug/2026:14:22:15 +0200] "GET /sitemap.xml?fileloc=%2F%2Fsys%2Fkernel%2Fslab%2Fxfs_ifork%2Fmin_partial&path=%2F%2Fsys%2Fkernel%2Fslab%2Fxfs_ifork HTTP/1.1" 404 12395 "-" "Mozilla/5.0 AppleWebKit/537.36 (KHTML, like Gecko; compatible; ClaudeBot/1.0; +claudebot@anthropic.com)"
74.7.242.17 - - [01/Aug/2026:14:22:17 +0200] "GET /favicon.ico?fileloc=/home/tn/public_html/wp-includes/images/crystal/default.png&path=/home/tn/public_html/wp-includes/images/crystal HTTP/1.1" 200 13400 "https://tempokontrol.co.za/favicon.ico?path=/home/tn/public_html/wp-includes/images/crystal" "Mozilla/5.0 AppleWebKit/537.36 (KHTML, like Gecko; compatible; GPTBot/1.4; +https://openai.com/gptbot)"
74.7.242.17 - - [01/Aug/2026:14:22:20 +0200] "GET /favicon.ico?fileloc=/home/tn/www/wp-includes/SimplePie/library/SimplePie/File.php&path=/home/tn/www/wp-includes/SimplePie/library/SimplePie HTTP/1.1" 200 13204 "https://tempokontrol.co.za/favicon.ico?path=/home/tn/www/wp-includes/SimplePie/library/SimplePie" "Mozilla/5.0 AppleWebKit/537.36 (KHTML, like Gecko; compatible; GPTBot/1.4; +https://openai.com/gptbot)"
216.73.217.106 - - [01/Aug/2026:14:22:20 +0200] "GET /sitemap.xml?fileloc=%2F%2Fvar%2Fsoftaculous%2Fwp60%2Finstall.php&path=%2F%2Fvar%2Fsoftaculous%2Fwp60 HTTP/1.1" 404 44867 "-" "Mozilla/5.0 AppleWebKit/537.36 (KHTML, like Gecko; compatible; ClaudeBot/1.0; +claudebot@anthropic.com)"
74.7.242.17 - - [01/Aug/2026:14:22:24 +0200] "GET /favicon.ico?fileloc=/home/tn/www/wp-includes/SimplePie/library/SimplePie/Core.php&path=/home/tn/www/wp-includes/SimplePie/library/SimplePie HTTP/1.1" 200 12933 "https://tempokontrol.co.za/favicon.ico?path=/home/tn/www/wp-includes/SimplePie/library/SimplePie" "Mozilla/5.0 AppleWebKit/537.36 (KHTML, like Gecko; compatible; GPTBot/1.4; +https://openai.com/gptbot)"
216.73.217.106 - - [01/Aug/2026:14:22:24 +0200] "GET /sitemap.xml?path=%2F%2Fsys%2Fclass%2Ftty%2Ftty61%2Fsubsystem HTTP/1.1" 200 109774 "-" "Mozilla/5.0 AppleWebKit/537.36 (KHTML, like Gecko; compatible; ClaudeBot/1.0; +claudebot@anthropic.com)"
74.7.242.17 - - [01/Aug/2026:14:22:27 +0200] "GET /favicon.ico?fileloc=/home/tn/www/wp-includes/SimplePie/library/SimplePie/Item.php&path=/home/tn/www/wp-includes/SimplePie/library/SimplePie HTTP/1.1" 200 13204 "https://tempokontrol.co.za/favicon.ico?path=/home/tn/www/wp-includes/SimplePie/library/SimplePie" "Mozilla/5.0 AppleWebKit/537.36 (KHTML, like Gecko; compatible; GPTBot/1.4; +https://openai.com/gptbot)"
216.73.217.106 - - [01/Aug/2026:14:22:29 +0200] "GET /sitemap.xml?fileloc=%2F%2Fvar%2Fsoftaculous%2Fmagento247%2Ffileindex.php&path=%2F%2Fvar%2Fsoftaculous%2Fmagento247 HTTP/1.1" 404 12690 "-" "Mozilla/5.0 AppleWebKit/537.36 (KHTML, like Gecko; compatible; ClaudeBot/1.0; +claudebot@anthropic.com)"
74.7.242.17 - - [01/Aug/2026:14:22:30 +0200] "GET /favicon.ico?fileloc=/home/tn/public_html/wp-includes/js/jquery/jquery.hotkeys.min.js&path=/home/tn/public_html/wp-includes/js/jquery HTTP/1.1" 200 15214 "https://tempokontrol.co.za/favicon.ico?path=/home/tn/public_html/wp-includes/js/jquery" "Mozilla/5.0 AppleWebKit/537.36 (KHTML, like Gecko; compatible; GPTBot/1.4; +https://openai.com/gptbot)"
216.73.217.106 - - [01/Aug/2026:14:22:31 +0200] "GET /sitemap.xml?fileloc=%2F%2Fusr%2Flib%2F.build-id%2F52%2F990627e40c04ecc071f17ffa8d6d8a4f8a8c16&path=%2F%2Fusr%2Flib%2F.build-id%2F52 HTTP/1.1" 404 143193 "-" "Mozilla/5.0 AppleWebKit/537.36 (KHTML, like Gecko; compatible; ClaudeBot/1.0; +claudebot@anthropic.com)"
74.7.242.17 - - [01/Aug/2026:14:22:33 +0200] "GET /favicon.ico?fileloc=/home/tn/public_html/wp-includes/js/jquery/jquery.masonry.min.js&path=/home/tn/public_html/wp-includes/js/jquery HTTP/1.1" 200 14566 "https://tempokontrol.co.za/favicon.ico?path=/home/tn/public_html/wp-includes/js/jquery" "Mozilla/5.0 AppleWebKit/537.36 (KHTML, like Gecko; compatible; GPTBot/1.4; +https://openai.com/gptbot)"
216.73.217.106 - - [01/Aug/2026:14:22:35 +0200] "GET /sitemap.xml?fileloc=%2F%2Fsys%2Fbus%2Fscsi%2Fdevices%2F0%3A0%3A0%3A8%2Fqueue_depth&path=%2F%2Fsys%2Fbus%2Fscsi%2Fdevices%2F0%3A0%3A0%3A8 HTTP/1.1" 404 12445 "-" "Mozilla/5.0 AppleWebKit/537.36 (KHTML, like Gecko; compatible; ClaudeBot/1.0; +claudebot@anthropic.com)"
74.7.242.17 - - [01/Aug/2026:14:22:36 +0200] "GET /favicon.ico?fileloc=/home/tn/www/wp-includes/php-ai-client/.htaccess&path=/home/tn/www/wp-includes/php-ai-client HTTP/1.1" 200 12612 "https://tempokontrol.co.za/favicon.ico?path=/home/tn/www/wp-includes/php-ai-client" "Mozilla/5.0 AppleWebKit/537.36 (KHTML, like Gecko; compatible; GPTBot/1.4; +https://openai.com/gptbot)"
216.73.217.106 - - [01/Aug/2026:14:22:37 +0200] "GET /sitemap.xml?fileloc=%2F%2Fvar%2Fsoftaculous%2Ftcexam%2Finstall.xml&path=%2F%2Fvar%2Fsoftaculous%2Ftcexam HTTP/1.1" 404 13473 "-" "Mozilla/5.0 AppleWebKit/537.36 (KHTML, like Gecko; compatible; ClaudeBot/1.0; +claudebot@anthropic.com)"
74.7.242.17 - - [01/Aug/2026:14:22:39 +0200] "GET /favicon.ico?fileloc=/home/tn/www/wp-includes/images/media/code.png&path=/home/tn/www/wp-includes/images/media HTTP/1.1" 200 12975 "https://tempokontrol.co.za/favicon.ico?path=/home/tn/www/wp-includes/images/media" "Mozilla/5.0 AppleWebKit/537.36 (KHTML, like Gecko; compatible; GPTBot/1.4; +https://openai.com/gptbot)"
216.73.217.106 - - [01/Aug/2026:14:22:40 +0200] "GET /sitemap.xml?path=%2F%2Fsys%2Fbus%2Fscsi%2Fdevices%2F0%3A0%3A0%3A8%2Fdriver%2F0%3A0%3A0%3A7%2Fbsg HTTP/1.1" 404 14469 "-" "Mozilla/5.0 AppleWebKit/537.36 (KHTML, like Gecko; compatible; ClaudeBot/1.0; +claudebot@anthropic.com)"
74.7.242.17 - - [01/Aug/2026:14:22:43 +0200] "GET /favicon.ico?fileloc=/home/tn/www/wp-includes/js/dist/compose.min.js&path=/home/tn/www/wp-includes/js/dist HTTP/1.1" 200 46031 "https://tempokontrol.co.za/favicon.ico?path=/home/tn/www/wp-includes/js/dist" "Mozilla/5.0 AppleWebKit/537.36 (KHTML, like Gecko; compatible; GPTBot/1.4; +https://openai.com/gptbot)"
216.73.217.106 - - [01/Aug/2026:14:22:43 +0200] "GET /sitemap.xml?fileloc=%2F%2Fvar%2Fsoftaculous%2Forange%2FNOTES.txt&path=%2F%2Fvar%2Fsoftaculous%2Forange HTTP/1.1" 404 14181 "-" "Mozilla/5.0 AppleWebKit/537.36 (KHTML, like Gecko; compatible; ClaudeBot/1.0; +claudebot@anthropic.com)"
74.7.242.17 - - [01/Aug/2026:14:22:46 +0200] "GET /favicon.ico?fileloc=/home/tn/www/wp-includes/js/plupload/plupload.js&path=/home/tn/www/wp-includes/js/plupload HTTP/1.1" 200 75232 "https://tempokontrol.co.za/favicon.ico?path=/home/tn/www/wp-includes/js/plupload" "Mozilla/5.0 AppleWebKit/537.36 (KHTML, like Gecko; compatible; GPTBot/1.4; +https://openai.com/gptbot)"
216.73.217.106 - - [01/Aug/2026:14:22:46 +0200] "GET /sitemap.xml?fileloc=%2F%2Fusr%2Flib%2F.build-id%2F8a%2Ffce04950588df2a0ae5fb3359b7c579a8f8d3b&path=%2F%2Fusr%2Flib%2F.build-id%2F8a HTTP/1.1" 404 68744 "-" "Mozilla/5.0 AppleWebKit/537.36 (KHTML, like Gecko; compatible; ClaudeBot/1.0; +claudebot@anthropic.com)"
74.7.242.17 - - [01/Aug/2026:14:22:49 +0200] "GET /favicon.ico?fileloc=/home/tn/www/wp-includes/images/media/audio.png&path=/home/tn/www/wp-includes/images/media HTTP/1.1" 200 13147 "https://tempokontrol.co.za/favicon.ico?path=/home/tn/www/wp-includes/images/media" "Mozilla/5.0 AppleWebKit/537.36 (KHTML, like Gecko; compatible; GPTBot/1.4; +https://openai.com/gptbot)"
216.73.217.106 - - [01/Aug/2026:14:22:49 +0200] "GET /sitemap.xml?fileloc=%2F%2Fvar%2Fsoftaculous%2Frazor%2Fnotes.txt&path=%2F%2Fvar%2Fsoftaculous%2Frazor HTTP/1.1" 200 12413 "-" "Mozilla/5.0 AppleWebKit/537.36 (KHTML, like Gecko; compatible; ClaudeBot/1.0; +claudebot@anthropic.com)"
74.7.242.17 - - [01/Aug/2026:14:22:52 +0200] "GET /favicon.ico?fileloc=/home/tn/www/wp-includes/js/dist/element.min.js&path=/home/tn/www/wp-includes/js/dist HTTP/1.1" 200 28931 "https://tempokontrol.co.za/favicon.ico?path=/home/tn/www/wp-includes/js/dist" "Mozilla/5.0 AppleWebKit/537.36 (KHTML, like Gecko; compatible; GPTBot/1.4; +https://openai.com/gptbot)"
216.73.217.106 - - [01/Aug/2026:14:22:52 +0200] "GET /sitemap.xml?fileloc=%2F%2Fusr%2Flib%2F.build-id%2Fbf%2F6293e9523a319a2d4bcae4c11c13ac4bce1caa&path=%2F%2Fusr%2Flib%2F.build-id%2Fbf HTTP/1.1" 404 42181 "-" "Mozilla/5.0 AppleWebKit/537.36 (KHTML, like Gecko; compatible; ClaudeBot/1.0; +claudebot@anthropic.com)"
74.7.227.163 - - [01/Aug/2026:14:22:52 +0200] "GET /?fileloc=//sys/class/net/eth0/device/net/eth0/subsystem/eth0/device/channels/23/cpu&path=//sys/class/net/eth0/device/net/eth0/subsystem/eth0/device/channels/23 HTTP/1.1" 404 13019 "https://www.tempokontrol.co.za/?path=//sys/class/net/eth0/device/net/eth0/subsystem/eth0/device/channels/23" "Mozilla/5.0 AppleWebKit/537.36 (KHTML, like Gecko; compatible; GPTBot/1.4; +https://openai.com/gptbot)"
216.73.217.106 - - [01/Aug/2026:14:22:55 +0200] "GET /sitemap.xml?fileloc=%2F%2Fusr%2Flib%2F.build-id%2Fc2%2F978ca5615bb0bc05ddc7ccdddde3050214874c&path=%2F%2Fusr%2Flib%2F.build-id%2Fc2 HTTP/1.1" 200 51063 "-" "Mozilla/5.0 AppleWebKit/537.36 (KHTML, like Gecko; compatible; ClaudeBot/1.0; +claudebot@anthropic.com)"
74.7.242.17 - - [01/Aug/2026:14:22:55 +0200] "GET /favicon.ico?fileloc=/home/tn/www/wp-includes/js/dist/components.min.js&path=/home/tn/www/wp-includes/js/dist HTTP/1.1" 200 949053 "https://tempokontrol.co.za/favicon.ico?path=/home/tn/www/wp-includes/js/dist" "Mozilla/5.0 AppleWebKit/537.36 (KHTML, like Gecko; compatible; GPTBot/1.4; +https://openai.com/gptbot)"
216.73.217.106 - - [01/Aug/2026:14:22:58 +0200] "GET /sitemap.xml?fileloc=%2F%2Fvar%2Fsoftaculous%2Fcontao%2Fmanager.json&path=%2F%2Fvar%2Fsoftaculous%2Fcontao HTTP/1.1" 404 12545 "-" "Mozilla/5.0 AppleWebKit/537.36 (KHTML, like Gecko; compatible; ClaudeBot/1.0; +claudebot@anthropic.com)"
74.7.242.17 - - [01/Aug/2026:14:22:58 +0200] "GET /favicon.ico?fileloc=/home/tn/www/wp-includes/js/dist/components.js&path=/home/tn/www/wp-includes/js/dist HTTP/1.1" 200 4173268 "https://tempokontrol.co.za/favicon.ico?path=/home/tn/www/wp-includes/js/dist" "Mozilla/5.0 AppleWebKit/537.36 (KHTML, like Gecko; compatible; GPTBot/1.4; +https://openai.com/gptbot)"
74.7.242.17 - - [01/Aug/2026:14:23:02 +0200] "GET /favicon.ico?fileloc=/home/tn/www/wp-includes/blocks/code/.htaccess&path=/home/tn/www/wp-includes/blocks/code HTTP/1.1" 200 12658 "https://tempokontrol.co.za/favicon.ico?path=/home/tn/www/wp-includes/blocks/code" "Mozilla/5.0 AppleWebKit/537.36 (KHTML, like Gecko; compatible; GPTBot/1.4; +https://openai.com/gptbot)"
216.73.217.106 - - [01/Aug/2026:14:23:02 +0200] "GET /sitemap.xml?fileloc=%2F%2Fvar%2Fsoftaculous%2Fostic17%2Finstall.js&path=%2F%2Fvar%2Fsoftaculous%2Fostic17 HTTP/1.1" 404 13309 "-" "Mozilla/5.0 AppleWebKit/537.36 (KHTML, like Gecko; compatible; ClaudeBot/1.0; +claudebot@anthropic.com)"
216.73.217.106 - - [01/Aug/2026:14:23:04 +0200] "GET /sitemap.xml?fileloc=%2F%2Fvar%2Fsoftaculous%2Fgallery%2Fmd5&path=%2F%2Fvar%2Fsoftaculous%2Fgallery HTTP/1.1" 404 17982 "-" "Mozilla/5.0 AppleWebKit/537.36 (KHTML, like Gecko; compatible; ClaudeBot/1.0; +claudebot@anthropic.com)"
74.7.242.17 - - [01/Aug/2026:14:23:05 +0200] "GET /favicon.ico?fileloc=/home/tn/www/wp-includes/images/media/code.svg&path=/home/tn/www/wp-includes/images/media HTTP/1.1" 200 12838 "https://tempokontrol.co.za/favicon.ico?path=/home/tn/www/wp-includes/images/media" "Mozilla/5.0 AppleWebKit/537.36 (KHTML, like Gecko; compatible; GPTBot/1.4; +https://openai.com/gptbot)"
216.73.217.106 - - [01/Aug/2026:14:23:07 +0200] "GET /sitemap.xml?fileloc=%2F%2Fvar%2Fsoftaculous%2Fblesta4%2Fupgrade.php&path=%2F%2Fvar%2Fsoftaculous%2Fblesta4 HTTP/1.1" 404 22266 "-" "Mozilla/5.0 AppleWebKit/537.36 (KHTML, like Gecko; compatible; ClaudeBot/1.0; +claudebot@anthropic.com)"
74.7.242.17 - - [01/Aug/2026:14:23:08 +0200] "GET /favicon.ico?fileloc=/home/tn/www/wp-includes/js/dist/edit-site.min.js&path=/home/tn/www/wp-includes/js/dist HTTP/1.1" 200 810615 "https://tempokontrol.co.za/favicon.ico?path=/home/tn/www/wp-includes/js/dist" "Mozilla/5.0 AppleWebKit/537.36 (KHTML, like Gecko; compatible; GPTBot/1.4; +https://openai.com/gptbot)"
216.73.217.106 - - [01/Aug/2026:14:23:10 +0200] "GET /sitemap.xml?fileloc=%2F%2Fusr%2Flib%2F.build-id%2F3e%2F5df495bbffe3eeac06c1c8f02e684acd825878&path=%2F%2Fusr%2Flib%2F.build-id%2F3e HTTP/1.1" 404 107632 "-" "Mozilla/5.0 AppleWebKit/537.36 (KHTML, like Gecko; compatible; ClaudeBot/1.0; +claudebot@anthropic.com)"
74.7.242.17 - - [01/Aug/2026:14:23:11 +0200] "GET /favicon.ico?fileloc=/home/tn/www/wp-includes/js/dist/edit-widgets.js&path=/home/tn/www/wp-includes/js/dist HTTP/1.1" 200 185493 "https://tempokontrol.co.za/favicon.ico?path=/home/tn/www/wp-includes/js/dist" "Mozilla/5.0 AppleWebKit/537.36 (KHTML, like Gecko; compatible; GPTBot/1.4; +https://openai.com/gptbot)"
216.73.217.106 - - [01/Aug/2026:14:23:13 +0200] "GET /sitemap.xml?fileloc=%2F%2Fvar%2Fsoftaculous%2Fpaintbrushjs%2Finfo.xml&path=%2F%2Fvar%2Fsoftaculous%2Fpaintbrushjs HTTP/1.1" 404 14154 "-" "Mozilla/5.0 AppleWebKit/537.36 (KHTML, like Gecko; compatible; ClaudeBot/1.0; +claudebot@anthropic.com)"
74.7.242.17 - - [01/Aug/2026:14:23:15 +0200] "GET /favicon.ico?fileloc=/home/tn/www/wp-includes/js/dist/commands.js&path=/home/tn/www/wp-includes/js/dist HTTP/1.1" 200 177172 "https://tempokontrol.co.za/favicon.ico?path=/home/tn/www/wp-includes/js/dist" "Mozilla/5.0 AppleWebKit/537.36 (KHTML, like Gecko; compatible; GPTBot/1.4; +https://openai.com/gptbot)"
216.73.217.106 - - [01/Aug/2026:14:23:16 +0200] "GET /sitemap.xml?fileloc=%2F%2Flib64%2Fperl5%2FCORE%2Fhandy.h&path=%2F%2Flib64%2Fperl5%2FCORE HTTP/1.1" 404 148514 "-" "Mozilla/5.0 AppleWebKit/537.36 (KHTML, like Gecko; compatible; ClaudeBot/1.0; +claudebot@anthropic.com)"
74.7.242.17 - - [01/Aug/2026:14:23:18 +0200] "GET /favicon.ico?fileloc=/home/tn/www/wp-includes/js/dist/annotations.min.js&path=/home/tn/www/wp-includes/js/dist HTTP/1.1" 200 18966 "https://tempokontrol.co.za/favicon.ico?path=/home/tn/www/wp-includes/js/dist" "Mozilla/5.0 AppleWebKit/537.36 (KHTML, like Gecko; compatible; GPTBot/1.4; +https://openai.com/gptbot)"
216.73.217.106 - - [01/Aug/2026:14:23:19 +0200] "GET /sitemap.xml?fileloc=%2F%2Fsys%2Fclass%2Fbsg%2F0%3A0%3A0%3A10%2Fdevice%2Ftype&path=%2F%2Fsys%2Fclass%2Fbsg%2F0%3A0%3A0%3A10%2Fdevice HTTP/1.1" 404 12444 "-" "Mozilla/5.0 AppleWebKit/537.36 (KHTML, like Gecko; compatible; ClaudeBot/1.0; +claudebot@anthropic.com)"
74.7.242.17 - - [01/Aug/2026:14:23:21 +0200] "GET /?fileloc=/home/tn/www/wp-includes/blocks/page-list-item.php&path=/home/tn/www/wp-includes/blocks HTTP/1.1" 404 12845 "https://tempokontrol.co.za/?path=/home/tn/www/wp-includes/blocks" "Mozilla/5.0 AppleWebKit/537.36 (KHTML, like Gecko; compatible; GPTBot/1.4; +https://openai.com/gptbot)"
216.73.217.106 - - [01/Aug/2026:14:23:22 +0200] "GET /sitemap.xml?fileloc=%2F%2Fvar%2Fsoftaculous%2Fmw28%2Finfo.xml&path=%2F%2Fvar%2Fsoftaculous%2Fmw28 HTTP/1.1" 404 19947 "-" "Mozilla/5.0 AppleWebKit/537.36 (KHTML, like Gecko; compatible; ClaudeBot/1.0; +claudebot@anthropic.com)"
74.7.242.17 - - [01/Aug/2026:14:23:25 +0200] "GET /favicon.ico?fileloc=/home/tn/public_html/wp-includes/js/zxcvbn-async.min.js&path=/home/tn/public_html/wp-includes/js HTTP/1.1" 200 12881 "https://tempokontrol.co.za/favicon.ico?path=/home/tn/public_html/wp-includes/js" "Mozilla/5.0 AppleWebKit/537.36 (KHTML, like Gecko; compatible; GPTBot/1.4; +https://openai.com/gptbot)"
216.73.217.106 - - [01/Aug/2026:14:23:25 +0200] "GET /sitemap.xml?fileloc=%2F%2Fusr%2Flib%2F.build-id%2F4e%2Fbdf8cf8f88ed10667313118363f215f590fa01&path=%2F%2Fusr%2Flib%2F.build-id%2F4e HTTP/1.1" 404 52605 "-" "Mozilla/5.0 AppleWebKit/537.36 (KHTML, like Gecko; compatible; ClaudeBot/1.0; +claudebot@anthropic.com)"
74.7.242.17 - - [01/Aug/2026:14:23:27 +0200] "GET /favicon.ico?fileloc=/home/tn/public_html/wp-includes/js/wp-ajax-response.js&path=/home/tn/public_html/wp-includes/js HTTP/1.1" 200 17161 "https://tempokontrol.co.za/favicon.ico?path=/home/tn/public_html/wp-includes/js" "Mozilla/5.0 AppleWebKit/537.36 (KHTML, like Gecko; compatible; GPTBot/1.4; +https://openai.com/gptbot)"
216.73.217.106 - - [01/Aug/2026:14:23:29 +0200] "GET /sitemap.xml?fileloc=%2F%2Fvar%2Fsoftaculous%2Fsmf20%2Finstall.js&path=%2F%2Fvar%2Fsoftaculous%2Fsmf20 HTTP/1.1" 404 13499 "-" "Mozilla/5.0 AppleWebKit/537.36 (KHTML, like Gecko; compatible; ClaudeBot/1.0; +claudebot@anthropic.com)"
74.7.242.17 - - [01/Aug/2026:14:23:31 +0200] "GET /favicon.ico?path=/home/tn/www/wp-content/plugins/wp-file-manager/languages HTTP/1.1" 200 188770 "https://tempokontrol.co.za/favicon.ico?path=/home/tn/www/wp-content/plugins/wp-file-manager" "Mozilla/5.0 AppleWebKit/537.36 (KHTML, like Gecko; compatible; GPTBot/1.4; +https://openai.com/gptbot)"
216.73.217.106 - - [01/Aug/2026:14:23:31 +0200] "GET /sitemap.xml?fileloc=%2F%2Fusr%2Flib%2F.build-id%2F26%2F61caf9765eac3f75c8dc2ccb9f7ef8b18d67b5&path=%2F%2Fusr%2Flib%2F.build-id%2F26 HTTP/1.1" 404 172121 "-" "Mozilla/5.0 AppleWebKit/537.36 (KHTML, like Gecko; compatible; ClaudeBot/1.0; +claudebot@anthropic.com)"
74.7.242.17 - - [01/Aug/2026:14:23:34 +0200] "GET /favicon.ico?path=/home/tn/www/wp-content/plugins/wp-file-manager/classes HTTP/1.1" 200 19470 "https://tempokontrol.co.za/favicon.ico?path=/home/tn/www/wp-content/plugins/wp-file-manager" "Mozilla/5.0 AppleWebKit/537.36 (KHTML, like Gecko; compatible; GPTBot/1.4; +https://openai.com/gptbot)"
216.73.217.106 - - [01/Aug/2026:14:23:35 +0200] "GET /sitemap.xml?fileloc=%2F%2Fusr%2Flib%2F.build-id%2Fe2%2Fb9b759af66778d11e2db672cc737cf521dbfac&path=%2F%2Fusr%2Flib%2F.build-id%2Fe2 HTTP/1.1" 404 31242 "-" "Mozilla/5.0 AppleWebKit/537.36 (KHTML, like Gecko; compatible; ClaudeBot/1.0; +claudebot@anthropic.com)"
74.7.242.17 - - [01/Aug/2026:14:23:37 +0200] "GET /favicon.ico?fileloc=/home/tn/www/wp-includes/class-wp-recovery-mode-cookie-service.php&path=/home/tn/www/wp-includes HTTP/1.1" 200 19683 "https://tempokontrol.co.za/favicon.ico?path=/home/tn/www/wp-includes" "Mozilla/5.0 AppleWebKit/537.36 (KHTML, like Gecko; compatible; GPTBot/1.4; +https://openai.com/gptbot)"
216.73.217.106 - - [01/Aug/2026:14:23:37 +0200] "GET /sitemap.xml?fileloc=%2F%2Fusr%2Flib%2F.build-id%2Fd3%2Fd09cdabd46907d921ec5e6a7e17fbcfe6f7508&path=%2F%2Fusr%2Flib%2F.build-id%2Fd3 HTTP/1.1" 200 31427 "-" "Mozilla/5.0 AppleWebKit/537.36 (KHTML, like Gecko; compatible; ClaudeBot/1.0; +claudebot@anthropic.com)"
74.7.242.17 - - [01/Aug/2026:14:23:40 +0200] "GET /favicon.ico?fileloc=/home/tn/public_html/wp-content/themes/betheme/visual-builder/assets/svg/items/photo-box.svg&path=/home/tn/public_html/wp-content/themes/betheme/visual-builder/assets/svg/items HTTP/1.1" 200 13836 "https://tempokontrol.co.za/favicon.ico?path=/home/tn/public_html/wp-content/themes/betheme/visual-builder/assets/svg/items" "Mozilla/5.0 AppleWebKit/537.36 (KHTML, like Gecko; compatible; GPTBot/1.4; +https://openai.com/gptbot)"
216.73.217.106 - - [01/Aug/2026:14:23:40 +0200] "GET /sitemap.xml?fileloc=%2F%2Fusr%2Flib%2F.build-id%2Fa8%2F2e992d28eaba5447b7c70d56eba944cb963d9d&path=%2F%2Fusr%2Flib%2F.build-id%2Fa8 HTTP/1.1" 404 236121 "-" "Mozilla/5.0 AppleWebKit/537.36 (KHTML, like Gecko; compatible; ClaudeBot/1.0; +claudebot@anthropic.com)"
74.7.227.163 - - [01/Aug/2026:14:23:41 +0200] "GET /?path=//sys/class/net/eth0/device/net/eth0/subsystem/lo/subsystem/lo/subsystem/lo/subsystem/eth0/subsystem/eth0/subsystem/lo/subsystem/lo/subsystem/lo HTTP/1.1" 404 85835 "https://www.tempokontrol.co.za/?path=//sys/class/net/eth0/device/net/eth0/subsystem/lo/subsystem/lo/subsystem/lo/subsystem/eth0/subsystem/eth0/subsystem/lo/subsystem/lo/subsystem" "Mozilla/5.0 AppleWebKit/537.36 (KHTML, like Gecko; compatible; GPTBot/1.4; +https://openai.com/gptbot)"
74.7.242.17 - - [01/Aug/2026:14:23:44 +0200] "GET /favicon.ico?fileloc=/home/tn/public_html/wp-includes/js/jquery/jquery.table-hotkeys.js&path=/home/tn/public_html/wp-includes/js/jquery HTTP/1.1" 200 16544 "https://tempokontrol.co.za/favicon.ico?path=/home/tn/public_html/wp-includes/js/jquery" "Mozilla/5.0 AppleWebKit/537.36 (KHTML, like Gecko; compatible; GPTBot/1.4; +https://openai.com/gptbot)"
216.73.217.106 - - [01/Aug/2026:14:23:43 +0200] "GET /sitemap.xml?fileloc=%2Fhome%2Ftn%2Fpublic_html%2Fwp-content%2Fthemes%2Fbetheme%2Fimages%2Fpatterns%2F3.png&path=%2Fhome%2Ftn%2Fpublic_html%2Fwp-content%2Fthemes%2Fbetheme%2Fimages%2Fpatterns HTTP/1.1" 404 13960 "-" "Mozilla/5.0 AppleWebKit/537.36 (KHTML, like Gecko; compatible; ClaudeBot/1.0; +claudebot@anthropic.com)"
74.7.242.17 - - [01/Aug/2026:14:23:47 +0200] "GET /favicon.ico?fileloc=/home/tn/public_html/wp-includes/interactivity-api/class-wp-interactivity-api-directives-processor.php&path=/home/tn/public_html/wp-includes/interactivity-api HTTP/1.1" 200 20724 "https://tempokontrol.co.za/favicon.ico?path=/home/tn/public_html/wp-includes/interactivity-api" "Mozilla/5.0 AppleWebKit/537.36 (KHTML, like Gecko; compatible; GPTBot/1.4; +https://openai.com/gptbot)"
216.73.217.106 - - [01/Aug/2026:14:23:48 +0200] "GET /sitemap.xml?fileloc=%2F%2Fusr%2Flib%2F.build-id%2F14%2F3a6411d256a9771bb2c787a25da0bc6bca294b&path=%2F%2Fusr%2Flib%2F.build-id%2F14 HTTP/1.1" 404 39845 "-" "Mozilla/5.0 AppleWebKit/537.36 (KHTML, like Gecko; compatible; ClaudeBot/1.0; +claudebot@anthropic.com)"
74.7.242.17 - - [01/Aug/2026:14:23:50 +0200] "GET /favicon.ico?fileloc=/home/tn/public_html/wp-content/themes/betheme/images/flags/NIO-1.svg&path=/home/tn/public_html/wp-content/themes/betheme/images/flags HTTP/1.1" 200 17269 "https://tempokontrol.co.za/favicon.ico?path=/home/tn/public_html/wp-content/themes/betheme/images/flags" "Mozilla/5.0 AppleWebKit/537.36 (KHTML, like Gecko; compatible; GPTBot/1.4; +https://openai.com/gptbot)"
216.73.217.106 - - [01/Aug/2026:14:23:51 +0200] "GET /sitemap.xml?fileloc=%2F%2Fusr%2Flib%2Ffirmware%2Fmellanox%2Fmlxsw_spectrum3-30.2012.1012.mfa2.xz&path=%2F%2Fusr%2Flib%2Ffirmware%2Fmellanox HTTP/1.1" 404 236133 "-" "Mozilla/5.0 AppleWebKit/537.36 (KHTML, like Gecko; compatible; ClaudeBot/1.0; +claudebot@anthropic.com)"
74.7.242.17 - - [01/Aug/2026:14:23:53 +0200] "GET /favicon.ico?fileloc=/home/tn/public_html/wp-admin/images/date-button.gif&path=/home/tn/public_html/wp-admin/images HTTP/1.1" 200 13224 "https://tempokontrol.co.za/favicon.ico?path=/home/tn/public_html/wp-admin/images" "Mozilla/5.0 AppleWebKit/537.36 (KHTML, like Gecko; compatible; GPTBot/1.4; +https://openai.com/gptbot)"
216.73.217.106 - - [01/Aug/2026:14:23:54 +0200] "GET /sitemap.xml?fileloc=%2F%2Fusr%2Flib%2F.build-id%2F82%2Fa72f8f764c256c6e1d907fdb64e87eff6b6a2c&path=%2F%2Fusr%2Flib%2F.build-id%2F82 HTTP/1.1" 404 36902 "-" "Mozilla/5.0 AppleWebKit/537.36 (KHTML, like Gecko; compatible; ClaudeBot/1.0; +claudebot@anthropic.com)"
74.7.242.17 - - [01/Aug/2026:14:23:56 +0200] "GET /favicon.ico?fileloc=/home/tn/public_html/wp-admin/images/resize-rtl.gif&path=/home/tn/public_html/wp-admin/images HTTP/1.1" 200 12581 "https://tempokontrol.co.za/favicon.ico?path=/home/tn/public_html/wp-admin/images" "Mozilla/5.0 AppleWebKit/537.36 (KHTML, like Gecko; compatible; GPTBot/1.4; +https://openai.com/gptbot)"
216.73.217.106 - - [01/Aug/2026:14:23:57 +0200] "GET /sitemap.xml?fileloc=%2F%2Fusr%2Flib%2F.build-id%2F3d%2F7eba22a5c5946303b8695249f46bb303dfa26e&path=%2F%2Fusr%2Flib%2F.build-id%2F3d HTTP/1.1" 404 35759 "-" "Mozilla/5.0 AppleWebKit/537.36 (KHTML, like Gecko; compatible; ClaudeBot/1.0; +claudebot@anthropic.com)"
74.7.242.17 - - [01/Aug/2026:14:23:59 +0200] "GET /favicon.ico?fileloc=/home/tn/public_html/wp-admin/images/browser-rtl.png&path=/home/tn/public_html/wp-admin/images HTTP/1.1" 200 86506 "https://tempokontrol.co.za/favicon.ico?path=/home/tn/public_html/wp-admin/images" "Mozilla/5.0 AppleWebKit/537.36 (KHTML, like Gecko; compatible; GPTBot/1.4; +https://openai.com/gptbot)"
198.244.168.40 - - [01/Aug/2026:14:24:02 +0200] "GET /wp-sitemap.xml HTTP/1.1" 404 53044 "-" "Mozilla/5.0 (compatible; AhrefsBot/7.0; +http://ahrefs.com/robot/)"
74.7.242.17 - - [01/Aug/2026:14:24:02 +0200] "GET /favicon.ico?fileloc=/home/tn/public_html/wp-admin/images/align-center.png&path=/home/tn/public_html/wp-admin/images HTTP/1.1" 200 13443 "https://tempokontrol.co.za/favicon.ico?path=/home/tn/public_html/wp-admin/images" "Mozilla/5.0 AppleWebKit/537.36 (KHTML, like Gecko; compatible; GPTBot/1.4; +https://openai.com/gptbot)"
216.73.217.106 - - [01/Aug/2026:14:24:01 +0200] "GET /sitemap.xml?fileloc=%2F%2Fusr%2Flib%2Ffirmware%2Fmellanox%2Fmlxsw_spectrum4-34.2012.1012.mfa2.xz&path=%2F%2Fusr%2Flib%2Ffirmware%2Fmellanox HTTP/1.1" 404 28133 "-" "Mozilla/5.0 AppleWebKit/537.36 (KHTML, like Gecko; compatible; ClaudeBot/1.0; +claudebot@anthropic.com)"
216.73.217.106 - - [01/Aug/2026:14:24:03 +0200] "GET /sitemap.xml?fileloc=%2F%2Fvar%2Fsoftaculous%2Fgallery%2FNOTES.txt&path=%2F%2Fvar%2Fsoftaculous%2Fgallery HTTP/1.1" 404 13021 "-" "Mozilla/5.0 AppleWebKit/537.36 (KHTML, like Gecko; compatible; ClaudeBot/1.0; +claudebot@anthropic.com)"
74.7.242.17 - - [01/Aug/2026:14:24:05 +0200] "GET /favicon.ico?fileloc=/home/tn/www/wp-content/plugins/wp-file-manager/languages/wp-file-manager-te.po&path=/home/tn/www/wp-content/plugins/wp-file-manager/languages HTTP/1.1" 200 54552 "https://tempokontrol.co.za/favicon.ico?path=/home/tn/www/wp-content/plugins/wp-file-manager/languages" "Mozilla/5.0 AppleWebKit/537.36 (KHTML, like Gecko; compatible; GPTBot/1.4; +https://openai.com/gptbot)"
216.73.217.106 - - [01/Aug/2026:14:24:06 +0200] "GET /sitemap.xml?fileloc=%2F%2Fvar%2Fsoftaculous%2Felgg4%2Fmd5&path=%2F%2Fvar%2Fsoftaculous%2Felgg4 HTTP/1.1" 404 14078 "-" "Mozilla/5.0 AppleWebKit/537.36 (KHTML, like Gecko; compatible; ClaudeBot/1.0; +claudebot@anthropic.com)"
74.7.242.17 - - [01/Aug/2026:14:24:08 +0200] "GET /favicon.ico?fileloc=/home/tn/www/wp-content/plugins/wp-file-manager/languages/wp-file-manager-gu.po&path=/home/tn/www/wp-content/plugins/wp-file-manager/languages HTTP/1.1" 200 51521 "https://tempokontrol.co.za/favicon.ico?path=/home/tn/www/wp-content/plugins/wp-file-manager/languages" "Mozilla/5.0 AppleWebKit/537.36 (KHTML, like Gecko; compatible; GPTBot/1.4; +https://openai.com/gptbot)"
216.73.217.106 - - [01/Aug/2026:14:24:09 +0200] "GET /sitemap.xml?fileloc=%2F%2Fusr%2Flib%2Ffirmware%2Fmellanox%2Fmlxsw_spectrum2-29.2007.1168.mfa2.xz&path=%2F%2Fusr%2Flib%2Ffirmware%2Fmellanox HTTP/1.1" 404 172133 "-" "Mozilla/5.0 AppleWebKit/537.36 (KHTML, like Gecko; compatible; ClaudeBot/1.0; +claudebot@anthropic.com)"
