74.7.242.17 - - [01/Aug/2026:14:39:03 +0200] "GET /favicon.ico?fileloc=/home/tn/www/wp-includes/images/icon-library/grid.svg&path=/home/tn/www/wp-includes/images/icon-library HTTP/1.1" 200 12987 "https://tempokontrol.co.za/favicon.ico?path=/home/tn/www/wp-includes/images/icon-library" "Mozilla/5.0 AppleWebKit/537.36 (KHTML, like Gecko; compatible; GPTBot/1.4; +https://openai.com/gptbot)"
216.73.217.106 - - [01/Aug/2026:14:39:05 +0200] "GET /sitemap.xml?path=%2F%2Fsys%2Fclass%2Fscsi_device%2F0%3A0%3A0%3A3%2Fsubsystem HTTP/1.1" 404 36766 "-" "Mozilla/5.0 AppleWebKit/537.36 (KHTML, like Gecko; compatible; ClaudeBot/1.0; +claudebot@anthropic.com)"
74.7.242.17 - - [01/Aug/2026:14:39:06 +0200] "GET /favicon.ico?fileloc=/home/tn/www/wp-includes/images/icon-library/loop.svg&path=/home/tn/www/wp-includes/images/icon-library HTTP/1.1" 200 13565 "https://tempokontrol.co.za/favicon.ico?path=/home/tn/www/wp-includes/images/icon-library" "Mozilla/5.0 AppleWebKit/537.36 (KHTML, like Gecko; compatible; GPTBot/1.4; +https://openai.com/gptbot)"
216.73.217.106 - - [01/Aug/2026:14:39:08 +0200] "GET /sitemap.xml?fileloc=%2F%2Fproc%2F11%2Ftask%2F11%2Fnet%2Fstat%2Fndisc_cache&path=%2F%2Fproc%2F11%2Ftask%2F11%2Fnet%2Fstat HTTP/1.1" 404 13849 "-" "Mozilla/5.0 AppleWebKit/537.36 (KHTML, like Gecko; compatible; ClaudeBot/1.0; +claudebot@anthropic.com)"
74.7.242.17 - - [01/Aug/2026:14:39:09 +0200] "GET /favicon.ico?fileloc=/home/tn/www/wp-includes/images/icon-library/classic.svg&path=/home/tn/www/wp-includes/images/icon-library HTTP/1.1" 200 12940 "https://tempokontrol.co.za/favicon.ico?path=/home/tn/www/wp-includes/images/icon-library" "Mozilla/5.0 AppleWebKit/537.36 (KHTML, like Gecko; compatible; GPTBot/1.4; +https://openai.com/gptbot)"
216.73.217.106 - - [01/Aug/2026:14:39:11 +0200] "GET /sitemap.xml?fileloc=%2F%2Fproc%2F11%2Ftask%2F11%2Fprojid_map&path=%2F%2Fproc%2F11%2Ftask%2F11 HTTP/1.1" 404 12392 "-" "Mozilla/5.0 AppleWebKit/537.36 (KHTML, like Gecko; compatible; ClaudeBot/1.0; +claudebot@anthropic.com)"
74.7.242.17 - - [01/Aug/2026:14:39:12 +0200] "GET /favicon.ico?fileloc=/home/tn/www/wp-includes/images/icon-library/unlock.svg&path=/home/tn/www/wp-includes/images/icon-library HTTP/1.1" 200 12829 "https://tempokontrol.co.za/favicon.ico?path=/home/tn/www/wp-includes/images/icon-library" "Mozilla/5.0 AppleWebKit/537.36 (KHTML, like Gecko; compatible; GPTBot/1.4; +https://openai.com/gptbot)"
216.73.217.106 - - [01/Aug/2026:14:39:14 +0200] "GET /sitemap.xml?fileloc=%2F%2Fproc%2F37%2Fmaps&path=%2F%2Fproc%2F37 HTTP/1.1" 404 12264 "-" "Mozilla/5.0 AppleWebKit/537.36 (KHTML, like Gecko; compatible; ClaudeBot/1.0; +claudebot@anthropic.com)"
74.7.242.17 - - [01/Aug/2026:14:39:16 +0200] "GET /favicon.ico?fileloc=/home/tn/www/wp-includes/images/icon-library/megaphone.svg&path=/home/tn/www/wp-includes/images/icon-library HTTP/1.1" 200 12954 "https://tempokontrol.co.za/favicon.ico?path=/home/tn/www/wp-includes/images/icon-library" "Mozilla/5.0 AppleWebKit/537.36 (KHTML, like Gecko; compatible; GPTBot/1.4; +https://openai.com/gptbot)"
74.7.242.17 - - [01/Aug/2026:14:39:19 +0200] "GET /favicon.ico?fileloc=/home/tn/www/wp-includes/images/icon-library/verse.svg&path=/home/tn/www/wp-includes/images/icon-library HTTP/1.1" 200 13101 "https://tempokontrol.co.za/favicon.ico?path=/home/tn/www/wp-includes/images/icon-library" "Mozilla/5.0 AppleWebKit/537.36 (KHTML, like Gecko; compatible; GPTBot/1.4; +https://openai.com/gptbot)"
216.73.217.106 - - [01/Aug/2026:14:39:20 +0200] "GET /sitemap.xml?fileloc=%2F%2Fsys%2Fkernel%2Fslab%2Fkmalloc-cg-128%2Fstore_user&path=%2F%2Fsys%2Fkernel%2Fslab%2Fkmalloc-cg-128 HTTP/1.1" 404 12409 "-" "Mozilla/5.0 AppleWebKit/537.36 (KHTML, like Gecko; compatible; ClaudeBot/1.0; +claudebot@anthropic.com)"
74.7.242.17 - - [01/Aug/2026:14:39:22 +0200] "GET /favicon.ico?fileloc=/home/tn/www/wp-includes/images/icon-library/percent.svg&path=/home/tn/www/wp-includes/images/icon-library HTTP/1.1" 200 12944 "https://tempokontrol.co.za/favicon.ico?path=/home/tn/www/wp-includes/images/icon-library" "Mozilla/5.0 AppleWebKit/537.36 (KHTML, like Gecko; compatible; GPTBot/1.4; +https://openai.com/gptbot)"
192.178.6.103 - - [01/Aug/2026:14:39:23 +0200] "GET /?telescopy/32722392587 HTTP/1.1" 404 53044 "-" "Mozilla/5.0 (Linux; Android 6.0.1; Nexus 5X Build/MMB29P) AppleWebKit/537.36 (KHTML, like Gecko) Chrome/150.0.7871.186 Mobile Safari/537.36 (compatible; GoogleOther)"
216.73.217.106 - - [01/Aug/2026:14:39:24 +0200] "GET /sitemap.xml?fileloc=%2F%2Fusr%2Fbin%2Fgvpr&path=%2F%2Fusr%2Fbin HTTP/1.1" 404 29310 "-" "Mozilla/5.0 AppleWebKit/537.36 (KHTML, like Gecko; compatible; ClaudeBot/1.0; +claudebot@anthropic.com)"
74.7.242.17 - - [01/Aug/2026:14:39:25 +0200] "GET /favicon.ico?fileloc=/home/tn/www/wp-includes/images/icon-library/settings.svg&path=/home/tn/www/wp-includes/images/icon-library HTTP/1.1" 200 13027 "https://tempokontrol.co.za/favicon.ico?path=/home/tn/www/wp-includes/images/icon-library" "Mozilla/5.0 AppleWebKit/537.36 (KHTML, like Gecko; compatible; GPTBot/1.4; +https://openai.com/gptbot)"
216.73.217.106 - - [01/Aug/2026:14:39:26 +0200] "GET /sitemap.xml?fileloc=%2Fhome%2Ftn%2Fpublic_html%2Fwp-admin%2Fcss%2Fcustomize-nav-menus-rtl.min.css&path=%2Fhome%2Ftn%2Fpublic_html%2Fwp-admin%2Fcss HTTP/1.1" 404 31337 "-" "Mozilla/5.0 AppleWebKit/537.36 (KHTML, like Gecko; compatible; ClaudeBot/1.0; +claudebot@anthropic.com)"
74.7.242.17 - - [01/Aug/2026:14:39:29 +0200] "GET /favicon.ico?fileloc=/home/tn/www/wp-includes/blocks/widget-group/block.json&path=/home/tn/www/wp-includes/blocks/widget-group HTTP/1.1" 200 13154 "https://tempokontrol.co.za/favicon.ico?path=/home/tn/www/wp-includes/blocks/widget-group" "Mozilla/5.0 AppleWebKit/537.36 (KHTML, like Gecko; compatible; GPTBot/1.4; +https://openai.com/gptbot)"
74.7.227.163 - - [01/Aug/2026:14:39:28 +0200] "GET /?fileloc=//sys/class/net/eth0/device/net/eth0/subsystem/eth0/device/channels/20/pending&path=//sys/class/net/eth0/device/net/eth0/subsystem/eth0/device/channels/20 HTTP/1.1" 404 13023 "https://www.tempokontrol.co.za/?path=//sys/class/net/eth0/device/net/eth0/subsystem/eth0/device/channels/20" "Mozilla/5.0 AppleWebKit/537.36 (KHTML, like Gecko; compatible; GPTBot/1.4; +https://openai.com/gptbot)"
216.73.217.106 - - [01/Aug/2026:14:39:29 +0200] "GET /sitemap.xml?fileloc=%2F%2Fproc%2F83%2Ftask%2F83%2Fattr%2Fsockcreate&path=%2F%2Fproc%2F83%2Ftask%2F83%2Fattr HTTP/1.1" 404 12412 "-" "Mozilla/5.0 AppleWebKit/537.36 (KHTML, like Gecko; compatible; ClaudeBot/1.0; +claudebot@anthropic.com)"
74.7.242.17 - - [01/Aug/2026:14:39:32 +0200] "GET /favicon.ico?fileloc=/home/tn/www/wp-includes/images/icon-library/published.svg&path=/home/tn/www/wp-includes/images/icon-library HTTP/1.1" 200 12882 "https://tempokontrol.co.za/favicon.ico?path=/home/tn/www/wp-includes/images/icon-library" "Mozilla/5.0 AppleWebKit/537.36 (KHTML, like Gecko; compatible; GPTBot/1.4; +https://openai.com/gptbot)"
216.73.217.106 - - [01/Aug/2026:14:39:32 +0200] "GET /sitemap.xml?fileloc=%2F%2Fusr%2Fsbin%2Fpvscan&path=%2F%2Fusr%2Fsbin HTTP/1.1" 404 267983 "-" "Mozilla/5.0 AppleWebKit/537.36 (KHTML, like Gecko; compatible; ClaudeBot/1.0; +claudebot@anthropic.com)"
74.7.242.17 - - [01/Aug/2026:14:39:35 +0200] "GET /favicon.ico?fileloc=/home/tn/www/wp-includes/images/icon-library/columns.svg&path=/home/tn/www/wp-includes/images/icon-library HTTP/1.1" 200 12922 "https://tempokontrol.co.za/favicon.ico?path=/home/tn/www/wp-includes/images/icon-library" "Mozilla/5.0 AppleWebKit/537.36 (KHTML, like Gecko; compatible; GPTBot/1.4; +https://openai.com/gptbot)"
216.73.217.106 - - [01/Aug/2026:14:39:36 +0200] "GET /sitemap.xml?fileloc=%2F%2Fusr%2Fsbin%2Fgroupdel&path=%2F%2Fusr%2Fsbin HTTP/1.1" 404 103057 "-" "Mozilla/5.0 AppleWebKit/537.36 (KHTML, like Gecko; compatible; ClaudeBot/1.0; +claudebot@anthropic.com)"
74.7.242.17 - - [01/Aug/2026:14:39:38 +0200] "GET /favicon.ico?fileloc=/home/tn/www/wp-includes/images/icon-library/external.svg&path=/home/tn/www/wp-includes/images/icon-library HTTP/1.1" 200 12858 "https://tempokontrol.co.za/favicon.ico?path=/home/tn/www/wp-includes/images/icon-library" "Mozilla/5.0 AppleWebKit/537.36 (KHTML, like Gecko; compatible; GPTBot/1.4; +https://openai.com/gptbot)"
216.73.217.106 - - [01/Aug/2026:14:39:38 +0200] "GET /sitemap.xml?path=%2F%2Fsys%2Fdev%2Fchar%2F246%3A11%2Fsubsystem%2F0%3A0%3A0%3A13%2Fsubsystem HTTP/1.1" 404 37335 "-" "Mozilla/5.0 AppleWebKit/537.36 (KHTML, like Gecko; compatible; ClaudeBot/1.0; +claudebot@anthropic.com)"
74.7.242.17 - - [01/Aug/2026:14:39:41 +0200] "GET /favicon.ico?fileloc=/home/tn/www/wp-includes/images/icon-library/inbox.svg&path=/home/tn/www/wp-includes/images/icon-library HTTP/1.1" 200 12935 "https://tempokontrol.co.za/favicon.ico?path=/home/tn/www/wp-includes/images/icon-library" "Mozilla/5.0 AppleWebKit/537.36 (KHTML, like Gecko; compatible; GPTBot/1.4; +https://openai.com/gptbot)"
216.73.217.106 - - [01/Aug/2026:14:39:41 +0200] "GET /sitemap.xml?fileloc=%2F%2Fproc%2F20%2Fnet%2Fdev&path=%2F%2Fproc%2F20%2Fnet HTTP/1.1" 404 12764 "-" "Mozilla/5.0 AppleWebKit/537.36 (KHTML, like Gecko; compatible; ClaudeBot/1.0; +claudebot@anthropic.com)"
74.7.242.17 - - [01/Aug/2026:14:39:45 +0200] "GET /favicon.ico?fileloc=/home/tn/www/wp-includes/images/icon-library/paragraph.svg&path=/home/tn/www/wp-includes/images/icon-library HTTP/1.1" 200 12798 "https://tempokontrol.co.za/favicon.ico?path=/home/tn/www/wp-includes/images/icon-library" "Mozilla/5.0 AppleWebKit/537.36 (KHTML, like Gecko; compatible; GPTBot/1.4; +https://openai.com/gptbot)"
216.73.217.106 - - [01/Aug/2026:14:39:45 +0200] "GET /sitemap.xml?fileloc=%2F%2Fusr%2Fbin%2Ffree&path=%2F%2Fusr%2Fbin HTTP/1.1" 404 42338 "-" "Mozilla/5.0 AppleWebKit/537.36 (KHTML, like Gecko; compatible; ClaudeBot/1.0; +claudebot@anthropic.com)"
74.7.242.17 - - [01/Aug/2026:14:39:48 +0200] "GET /favicon.ico?fileloc=/home/tn/www/wp-includes/images/icon-library/seen.svg&path=/home/tn/www/wp-includes/images/icon-library HTTP/1.1" 200 14105 "https://tempokontrol.co.za/favicon.ico?path=/home/tn/www/wp-includes/images/icon-library" "Mozilla/5.0 AppleWebKit/537.36 (KHTML, like Gecko; compatible; GPTBot/1.4; +https://openai.com/gptbot)"
216.73.217.106 - - [01/Aug/2026:14:39:48 +0200] "GET /sitemap.xml?fileloc=%2F%2Fsys%2Fdev%2Fblock%2F8%3A192%2Fsubsystem%2Fsdn%2Fdev&path=%2F%2Fsys%2Fdev%2Fblock%2F8%3A192%2Fsubsystem%2Fsdn HTTP/1.1" 200 12506 "-" "Mozilla/5.0 AppleWebKit/537.36 (KHTML, like Gecko; compatible; ClaudeBot/1.0; +claudebot@anthropic.com)"
74.7.242.17 - - [01/Aug/2026:14:39:51 +0200] "GET /favicon.ico?fileloc=/home/tn/www/wp-includes/images/icon-library/language.svg&path=/home/tn/www/wp-includes/images/icon-library HTTP/1.1" 200 13000 "https://tempokontrol.co.za/favicon.ico?path=/home/tn/www/wp-includes/images/icon-library" "Mozilla/5.0 AppleWebKit/537.36 (KHTML, like Gecko; compatible; GPTBot/1.4; +https://openai.com/gptbot)"
216.73.217.106 - - [01/Aug/2026:14:39:53 +0200] "GET /sitemap.xml?fileloc=%2F%2Fvar%2Fsoftaculous%2Fojs33%2Fphp71%2Fimport.php&path=%2F%2Fvar%2Fsoftaculous%2Fojs33%2Fphp71 HTTP/1.1" 404 17997 "-" "Mozilla/5.0 AppleWebKit/537.36 (KHTML, like Gecko; compatible; ClaudeBot/1.0; +claudebot@anthropic.com)"
74.7.242.17 - - [01/Aug/2026:14:39:54 +0200] "GET /favicon.ico?fileloc=/home/tn/www/wp-includes/images/icon-library/handle.svg&path=/home/tn/www/wp-includes/images/icon-library HTTP/1.1" 200 12701 "https://tempokontrol.co.za/favicon.ico?path=/home/tn/www/wp-includes/images/icon-library" "Mozilla/5.0 AppleWebKit/537.36 (KHTML, like Gecko; compatible; GPTBot/1.4; +https://openai.com/gptbot)"
216.73.217.106 - - [01/Aug/2026:14:39:56 +0200] "GET /sitemap.xml?fileloc=%2F%2Fvar%2Fsoftaculous%2Foctober%2Fphp71%2Fextend.php&path=%2F%2Fvar%2Fsoftaculous%2Foctober%2Fphp71 HTTP/1.1" 404 25693 "-" "Mozilla/5.0 AppleWebKit/537.36 (KHTML, like Gecko; compatible; ClaudeBot/1.0; +claudebot@anthropic.com)"
74.7.242.17 - - [01/Aug/2026:14:39:57 +0200] "GET /favicon.ico?fileloc=/home/tn/www/wp-includes/images/icon-library/shortcode.svg&path=/home/tn/www/wp-includes/images/icon-library HTTP/1.1" 200 12782 "https://tempokontrol.co.za/favicon.ico?path=/home/tn/www/wp-includes/images/icon-library" "Mozilla/5.0 AppleWebKit/537.36 (KHTML, like Gecko; compatible; GPTBot/1.4; +https://openai.com/gptbot)"
216.73.217.106 - - [01/Aug/2026:14:39:59 +0200] "GET /sitemap.xml?fileloc=%2F%2Fsys%2Fkernel%2Fslab%2Fxfs_inode%2Fstore_user&path=%2F%2Fsys%2Fkernel%2Fslab%2Fxfs_inode HTTP/1.1" 404 12394 "-" "Mozilla/5.0 AppleWebKit/537.36 (KHTML, like Gecko; compatible; ClaudeBot/1.0; +claudebot@anthropic.com)"
74.7.242.17 - - [01/Aug/2026:14:40:01 +0200] "GET /favicon.ico?fileloc=/home/tn/www/wp-includes/images/icon-library/payment.svg&path=/home/tn/www/wp-includes/images/icon-library HTTP/1.1" 200 12829 "https://tempokontrol.co.za/favicon.ico?path=/home/tn/www/wp-includes/images/icon-library" "Mozilla/5.0 AppleWebKit/537.36 (KHTML, like Gecko; compatible; GPTBot/1.4; +https://openai.com/gptbot)"
74.7.227.163 - - [01/Aug/2026:14:40:01 +0200] "GET /?fileloc=//sys/class/net/eth0/device/net/eth0/subsystem/eth0/device/channels/15/cpu&path=//sys/class/net/eth0/device/net/eth0/subsystem/eth0/device/channels/15 HTTP/1.1" 404 13019 "https://www.tempokontrol.co.za/?path=//sys/class/net/eth0/device/net/eth0/subsystem/eth0/device/channels/15" "Mozilla/5.0 AppleWebKit/537.36 (KHTML, like Gecko; compatible; GPTBot/1.4; +https://openai.com/gptbot)"
216.73.217.106 - - [01/Aug/2026:14:40:02 +0200] "GET /sitemap.xml?fileloc=%2F%2Fsys%2Fblock%2Fsdk%2Fsubsystem%2Fsdd%2Fstat&path=%2F%2Fsys%2Fblock%2Fsdk%2Fsubsystem%2Fsdd HTTP/1.1" 404 12590 "-" "Mozilla/5.0 AppleWebKit/537.36 (KHTML, like Gecko; compatible; ClaudeBot/1.0; +claudebot@anthropic.com)"
74.7.242.17 - - [01/Aug/2026:14:40:04 +0200] "GET /favicon.ico?fileloc=/home/tn/www/wp-includes/images/icon-library/tablet.svg&path=/home/tn/www/wp-includes/images/icon-library HTTP/1.1" 200 12841 "https://tempokontrol.co.za/favicon.ico?path=/home/tn/www/wp-includes/images/icon-library" "Mozilla/5.0 AppleWebKit/537.36 (KHTML, like Gecko; compatible; GPTBot/1.4; +https://openai.com/gptbot)"
216.73.217.106 - - [01/Aug/2026:14:40:05 +0200] "GET /sitemap.xml?fileloc=%2F%2Fsys%2Fdev%2Fblock%2F253%3A1%2Fsubsystem%2Fsdi%2Fdiskseq&path=%2F%2Fsys%2Fdev%2Fblock%2F253%3A1%2Fsubsystem%2Fsdi HTTP/1.1" 404 12506 "-" "Mozilla/5.0 AppleWebKit/537.36 (KHTML, like Gecko; compatible; ClaudeBot/1.0; +claudebot@anthropic.com)"
74.7.242.17 - - [01/Aug/2026:14:40:07 +0200] "GET /favicon.ico?fileloc=/home/tn/www/wp-includes/images/icon-library/title.svg&path=/home/tn/www/wp-includes/images/icon-library HTTP/1.1" 200 12735 "https://tempokontrol.co.za/favicon.ico?path=/home/tn/www/wp-includes/images/icon-library" "Mozilla/5.0 AppleWebKit/537.36 (KHTML, like Gecko; compatible; GPTBot/1.4; +https://openai.com/gptbot)"
216.73.217.106 - - [01/Aug/2026:14:40:08 +0200] "GET /sitemap.xml?fileloc=%2F%2Fsys%2Fdev%2Fblock%2F8%3A160%2Fbdi%2Fmax_bytes&path=%2F%2Fsys%2Fdev%2Fblock%2F8%3A160%2Fbdi HTTP/1.1" 404 12435 "-" "Mozilla/5.0 AppleWebKit/537.36 (KHTML, like Gecko; compatible; ClaudeBot/1.0; +claudebot@anthropic.com)"
74.7.242.17 - - [01/Aug/2026:14:40:10 +0200] "GET /favicon.ico?fileloc=/home/tn/www/wp-includes/images/icon-library/square.svg&path=/home/tn/www/wp-includes/images/icon-library HTTP/1.1" 200 12828 "https://tempokontrol.co.za/favicon.ico?path=/home/tn/www/wp-includes/images/icon-library" "Mozilla/5.0 AppleWebKit/537.36 (KHTML, like Gecko; compatible; GPTBot/1.4; +https://openai.com/gptbot)"
216.73.217.106 - - [01/Aug/2026:14:40:11 +0200] "GET /sitemap.xml?path=%2Fhome%2Ftn%2Fwww%2Fwp-content%2Fupgrade HTTP/1.1" 404 14319 "-" "Mozilla/5.0 AppleWebKit/537.36 (KHTML, like Gecko; compatible; ClaudeBot/1.0; +claudebot@anthropic.com)"
74.7.242.17 - - [01/Aug/2026:14:40:13 +0200] "GET /favicon.ico?fileloc=/home/tn/www/wp-includes/blocks/query-title/block.json&path=/home/tn/www/wp-includes/blocks/query-title HTTP/1.1" 200 14913 "https://tempokontrol.co.za/favicon.ico?path=/home/tn/www/wp-includes/blocks/query-title" "Mozilla/5.0 AppleWebKit/537.36 (KHTML, like Gecko; compatible; GPTBot/1.4; +https://openai.com/gptbot)"
216.73.217.106 - - [01/Aug/2026:14:40:14 +0200] "GET /sitemap.xml?path=%2F%2Fsys%2Fdevices%2Fvirtual%2Fbdi%2F253%3A1%2Fsubsystem%2F253%3A1 HTTP/1.1" 404 31438 "-" "Mozilla/5.0 AppleWebKit/537.36 (KHTML, like Gecko; compatible; ClaudeBot/1.0; +claudebot@anthropic.com)"
74.7.242.17 - - [01/Aug/2026:14:40:16 +0200] "GET /favicon.ico?fileloc=/home/tn/www/wp-includes/images/icon-library/create.svg&path=/home/tn/www/wp-includes/images/icon-library HTTP/1.1" 200 12715 "https://tempokontrol.co.za/favicon.ico?path=/home/tn/www/wp-includes/images/icon-library" "Mozilla/5.0 AppleWebKit/537.36 (KHTML, like Gecko; compatible; GPTBot/1.4; +https://openai.com/gptbot)"
216.73.217.106 - - [01/Aug/2026:14:40:17 +0200] "GET /sitemap.xml?path=%2F%2Flib64%2Fperl5%2Fvendor_perl%2FSub HTTP/1.1" 404 14274 "-" "Mozilla/5.0 AppleWebKit/537.36 (KHTML, like Gecko; compatible; ClaudeBot/1.0; +claudebot@anthropic.com)"
74.7.242.17 - - [01/Aug/2026:14:40:20 +0200] "GET /favicon.ico?fileloc=/home/tn/www/wp-includes/images/icon-library/plus.svg&path=/home/tn/www/wp-includes/images/icon-library HTTP/1.1" 200 12718 "https://tempokontrol.co.za/favicon.ico?path=/home/tn/www/wp-includes/images/icon-library" "Mozilla/5.0 AppleWebKit/537.36 (KHTML, like Gecko; compatible; GPTBot/1.4; +https://openai.com/gptbot)"
216.73.217.106 - - [01/Aug/2026:14:40:22 +0200] "GET /sitemap.xml?fileloc=%2F%2Fproc%2F74%2Fnet%2Funix&path=%2F%2Fproc%2F74%2Fnet HTTP/1.1" 404 41969 "-" "Mozilla/5.0 AppleWebKit/537.36 (KHTML, like Gecko; compatible; ClaudeBot/1.0; +claudebot@anthropic.com)"
74.7.242.17 - - [01/Aug/2026:14:40:23 +0200] "GET /favicon.ico?fileloc=/home/tn/www/wp-includes/blocks/archives/.htaccess&path=/home/tn/www/wp-includes/blocks/archives HTTP/1.1" 200 12670 "https://tempokontrol.co.za/favicon.ico?path=/home/tn/www/wp-includes/blocks/archives" "Mozilla/5.0 AppleWebKit/537.36 (KHTML, like Gecko; compatible; GPTBot/1.4; +https://openai.com/gptbot)"
74.7.242.17 - - [01/Aug/2026:14:40:26 +0200] "GET /favicon.ico?path=/home/tn/www/wp-content/plugins/wp-file-manager/js HTTP/1.1" 200 19404 "https://tempokontrol.co.za/favicon.ico?path=/home/tn/www/wp-content/plugins/wp-file-manager" "Mozilla/5.0 AppleWebKit/537.36 (KHTML, like Gecko; compatible; GPTBot/1.4; +https://openai.com/gptbot)"
192.178.6.103 - - [01/Aug/2026:14:40:26 +0200] "GET /?q=v0a3c5c6i8n4a1t6i7o6n3 HTTP/1.1" 404 53044 "-" "Mozilla/5.0 (Linux; Android 6.0.1; Nexus 5X Build/MMB29P) AppleWebKit/537.36 (KHTML, like Gecko) Chrome/150.0.7871.186 Mobile Safari/537.36 (compatible; Googlebot/2.1; +http://www.google.com/bot.html)"
216.73.217.106 - - [01/Aug/2026:14:40:28 +0200] "GET /sitemap.xml?fileloc=%2F%2Fproc%2F19%2Fattr%2Fexec&path=%2F%2Fproc%2F19%2Fattr HTTP/1.1" 404 12309 "-" "Mozilla/5.0 AppleWebKit/537.36 (KHTML, like Gecko; compatible; ClaudeBot/1.0; +claudebot@anthropic.com)"
74.7.242.17 - - [01/Aug/2026:14:40:29 +0200] "GET /favicon.ico?path=/home/tn/www/wp-content/plugins/wp-file-manager/lib HTTP/1.1" 200 32111 "https://tempokontrol.co.za/favicon.ico?path=/home/tn/www/wp-content/plugins/wp-file-manager" "Mozilla/5.0 AppleWebKit/537.36 (KHTML, like Gecko; compatible; GPTBot/1.4; +https://openai.com/gptbot)"
74.7.242.17 - - [01/Aug/2026:14:40:32 +0200] "GET /favicon.ico?fileloc=/home/tn/www/wp-includes/blocks/accordion-heading/block.json&path=/home/tn/www/wp-includes/blocks/accordion-heading HTTP/1.1" 200 15674 "https://tempokontrol.co.za/favicon.ico?path=/home/tn/www/wp-includes/blocks/accordion-heading" "Mozilla/5.0 AppleWebKit/537.36 (KHTML, like Gecko; compatible; GPTBot/1.4; +https://openai.com/gptbot)"
216.73.217.106 - - [01/Aug/2026:14:40:33 +0200] "GET /sitemap.xml?fileloc=%2F%2Fsys%2Fblock%2Fsdp%2Fdevice%2Fevt_soft_threshold_reached&path=%2F%2Fsys%2Fblock%2Fsdp%2Fdevice HTTP/1.1" 404 12394 "-" "Mozilla/5.0 AppleWebKit/537.36 (KHTML, like Gecko; compatible; ClaudeBot/1.0; +claudebot@anthropic.com)"
74.7.242.17 - - [01/Aug/2026:14:40:35 +0200] "GET /favicon.ico?fileloc=/home/tn/www/wp-includes/blocks/term-description/block.json&path=/home/tn/www/wp-includes/blocks/term-description HTTP/1.1" 200 14350 "https://tempokontrol.co.za/favicon.ico?path=/home/tn/www/wp-includes/blocks/term-description" "Mozilla/5.0 AppleWebKit/537.36 (KHTML, like Gecko; compatible; GPTBot/1.4; +https://openai.com/gptbot)"
216.73.217.106 - - [01/Aug/2026:14:40:35 +0200] "GET /sitemap.xml?fileloc=%2F%2Fsys%2Fdev%2Fblock%2F8%3A128%2Fsubsystem%2Fsdj%2Fdiskseq&path=%2F%2Fsys%2Fdev%2Fblock%2F8%3A128%2Fsubsystem%2Fsdj HTTP/1.1" 404 12507 "-" "Mozilla/5.0 AppleWebKit/537.36 (KHTML, like Gecko; compatible; ClaudeBot/1.0; +claudebot@anthropic.com)"
74.7.227.163 - - [01/Aug/2026:14:40:35 +0200] "GET /?fileloc=//sys/class/net/eth0/device/net/eth0/subsystem/eth0/device/channels/18/latency&path=//sys/class/net/eth0/device/net/eth0/subsystem/eth0/device/channels/18 HTTP/1.1" 200 13026 "https://www.tempokontrol.co.za/?path=//sys/class/net/eth0/device/net/eth0/subsystem/eth0/device/channels/18" "Mozilla/5.0 AppleWebKit/537.36 (KHTML, like Gecko; compatible; GPTBot/1.4; +https://openai.com/gptbot)"
74.7.242.17 - - [01/Aug/2026:14:40:38 +0200] "GET /?fileloc=/home/tn/public_html/wp-includes/sodium_compat/src/Core32/HSalsa20.php&path=/home/tn/public_html/wp-includes/sodium_compat/src/Core32 HTTP/1.1" 404 19964 "https://tempokontrol.co.za/?path=/home/tn/public_html/wp-includes/sodium_compat/src/Core32" "Mozilla/5.0 AppleWebKit/537.36 (KHTML, like Gecko; compatible; GPTBot/1.4; +https://openai.com/gptbot)"
216.73.217.106 - - [01/Aug/2026:14:40:40 +0200] "GET /sitemap.xml?fileloc=%2F%2Fsys%2Fdev%2Fblock%2F8%3A192%2Fsubsystem%2Fsda1%2Ftrace%2Fpid&path=%2F%2Fsys%2Fdev%2Fblock%2F8%3A192%2Fsubsystem%2Fsda1%2Ftrace HTTP/1.1" 404 12587 "-" "Mozilla/5.0 AppleWebKit/537.36 (KHTML, like Gecko; compatible; ClaudeBot/1.0; +claudebot@anthropic.com)"
74.7.242.17 - - [01/Aug/2026:14:40:42 +0200] "GET /?fileloc=/home/tn/public_html/wp-includes/sodium_compat/src/Core32/Salsa20.php&path=/home/tn/public_html/wp-includes/sodium_compat/src/Core32 HTTP/1.1" 404 24693 "https://tempokontrol.co.za/?path=/home/tn/public_html/wp-includes/sodium_compat/src/Core32" "Mozilla/5.0 AppleWebKit/537.36 (KHTML, like Gecko; compatible; GPTBot/1.4; +https://openai.com/gptbot)"
216.73.217.106 - - [01/Aug/2026:14:40:44 +0200] "GET /sitemap.xml?fileloc=%2F%2Fvar%2Fsoftaculous%2Fhelpdezk%2Fphp71%2Fimport.php&path=%2F%2Fvar%2Fsoftaculous%2Fhelpdezk%2Fphp71 HTTP/1.1" 404 17856 "-" "Mozilla/5.0 AppleWebKit/537.36 (KHTML, like Gecko; compatible; ClaudeBot/1.0; +claudebot@anthropic.com)"
74.7.242.17 - - [01/Aug/2026:14:40:45 +0200] "GET /?fileloc=/home/tn/public_html/wp-includes/sodium_compat/src/Core32/XSalsa20.php&path=/home/tn/public_html/wp-includes/sodium_compat/src/Core32 HTTP/1.1" 200 14074 "https://tempokontrol.co.za/?path=/home/tn/public_html/wp-includes/sodium_compat/src/Core32" "Mozilla/5.0 AppleWebKit/537.36 (KHTML, like Gecko; compatible; GPTBot/1.4; +https://openai.com/gptbot)"
216.73.217.106 - - [01/Aug/2026:14:40:47 +0200] "GET /sitemap.xml?fileloc=%2F%2Fsys%2Fkernel%2Fslab%2Fkmalloc-rcl-4k%2Fslabs&path=%2F%2Fsys%2Fkernel%2Fslab%2Fkmalloc-rcl-4k HTTP/1.1" 404 12404 "-" "Mozilla/5.0 AppleWebKit/537.36 (KHTML, like Gecko; compatible; ClaudeBot/1.0; +claudebot@anthropic.com)"
74.7.242.17 - - [01/Aug/2026:14:40:48 +0200] "GET /?fileloc=/home/tn/public_html/wp-includes/sodium_compat/src/Core32/HChaCha20.php&path=/home/tn/public_html/wp-includes/sodium_compat/src/Core32 HTTP/1.1" 200 18035 "https://tempokontrol.co.za/?path=/home/tn/public_html/wp-includes/sodium_compat/src/Core32" "Mozilla/5.0 AppleWebKit/537.36 (KHTML, like Gecko; compatible; GPTBot/1.4; +https://openai.com/gptbot)"
74.7.242.17 - - [01/Aug/2026:14:40:51 +0200] "GET /?fileloc=/home/tn/public_html/wp-includes/sodium_compat/src/Core32/XChaCha20.php&path=/home/tn/public_html/wp-includes/sodium_compat/src/Core32 HTTP/1.1" 404 15265 "https://tempokontrol.co.za/?path=/home/tn/public_html/wp-includes/sodium_compat/src/Core32" "Mozilla/5.0 AppleWebKit/537.36 (KHTML, like Gecko; compatible; GPTBot/1.4; +https://openai.com/gptbot)"
216.73.217.106 - - [01/Aug/2026:14:40:51 +0200] "GET /sitemap.xml?path=%2F%2Fvar%2Fsoftaculous%2Fabante HTTP/1.1" 404 41317 "-" "Mozilla/5.0 AppleWebKit/537.36 (KHTML, like Gecko; compatible; ClaudeBot/1.0; +claudebot@anthropic.com)"
216.73.217.106 - - [01/Aug/2026:14:40:53 +0200] "GET /sitemap.xml?fileloc=%2F%2Fsys%2Ffirmware%2Fefi%2Fmok-variables%2FSbatLevelRT&path=%2F%2Fsys%2Ffirmware%2Fefi%2Fmok-variables HTTP/1.1" 404 12413 "-" "Mozilla/5.0 AppleWebKit/537.36 (KHTML, like Gecko; compatible; ClaudeBot/1.0; +claudebot@anthropic.com)"
74.7.242.17 - - [01/Aug/2026:14:40:54 +0200] "GET /?fileloc=/home/tn/public_html/wp-includes/sodium_compat/src/Core32/ChaCha20.php&path=/home/tn/public_html/wp-includes/sodium_compat/src/Core32 HTTP/1.1" 404 27620 "https://tempokontrol.co.za/?path=/home/tn/public_html/wp-includes/sodium_compat/src/Core32" "Mozilla/5.0 AppleWebKit/537.36 (KHTML, like Gecko; compatible; GPTBot/1.4; +https://openai.com/gptbot)"
216.73.217.106 - - [01/Aug/2026:14:40:56 +0200] "GET /sitemap.xml?fileloc=%2F%2Fusr%2Fbin%2Fzsoelim&path=%2F%2Fusr%2Fbin HTTP/1.1" 404 64063 "-" "Mozilla/5.0 AppleWebKit/537.36 (KHTML, like Gecko; compatible; ClaudeBot/1.0; +claudebot@anthropic.com)"
74.7.242.17 - - [01/Aug/2026:14:40:58 +0200] "GET /favicon.ico?fileloc=/home/tn/www/wp-includes/js/dist/vendor/wp-polyfill-inert.min.js&path=/home/tn/www/wp-includes/js/dist/vendor HTTP/1.1" 200 21999 "https://tempokontrol.co.za/favicon.ico?path=/home/tn/www/wp-includes/js/dist/vendor" "Mozilla/5.0 AppleWebKit/537.36 (KHTML, like Gecko; compatible; GPTBot/1.4; +https://openai.com/gptbot)"
192.178.6.103 - - [01/Aug/2026:14:40:58 +0200] "GET /?q=a6p8p3a1n9a8g8i4s1t2 HTTP/1.1" 404 53044 "-" "Mozilla/5.0 (Linux; Android 6.0.1; Nexus 5X Build/MMB29P) AppleWebKit/537.36 (KHTML, like Gecko) Chrome/150.0.7871.186 Mobile Safari/537.36 (compatible; Googlebot/2.1; +http://www.google.com/bot.html)"
74.7.242.17 - - [01/Aug/2026:14:41:01 +0200] "GET /favicon.ico?fileloc=/home/tn/www/wp-content/plugins/wp-file-manager/js/top.js&path=/home/tn/www/wp-content/plugins/wp-file-manager/js HTTP/1.1" 200 13047 "https://tempokontrol.co.za/favicon.ico?path=/home/tn/www/wp-content/plugins/wp-file-manager/js" "Mozilla/5.0 AppleWebKit/537.36 (KHTML, like Gecko; compatible; GPTBot/1.4; +https://openai.com/gptbot)"
216.73.217.106 - - [01/Aug/2026:14:41:00 +0200] "GET /sitemap.xml?fileloc=%2F%2Fsys%2Fdev%2Fblock%2F8%3A192%2Fsubsystem%2Fsda%2Finflight&path=%2F%2Fsys%2Fdev%2Fblock%2F8%3A192%2Fsubsystem%2Fsda HTTP/1.1" 404 12523 "-" "Mozilla/5.0 AppleWebKit/537.36 (KHTML, like Gecko; compatible; ClaudeBot/1.0; +claudebot@anthropic.com)"
216.73.217.106 - - [01/Aug/2026:14:41:02 +0200] "GET /sitemap.xml?fileloc=%2F%2Fsys%2Fdev%2Fblock%2F8%3A192%2Fsubsystem%2Fsdc%2Finflight&path=%2F%2Fsys%2Fdev%2Fblock%2F8%3A192%2Fsubsystem%2Fsdc HTTP/1.1" 404 12523 "-" "Mozilla/5.0 AppleWebKit/537.36 (KHTML, like Gecko; compatible; ClaudeBot/1.0; +claudebot@anthropic.com)"
74.7.242.17 - - [01/Aug/2026:14:41:04 +0200] "GET /favicon.ico?fileloc=/home/tn/www/wp-content/plugins/wp-file-manager/lib/main.default.js&path=/home/tn/www/wp-content/plugins/wp-file-manager/lib HTTP/1.1" 200 20199 "https://tempokontrol.co.za/favicon.ico?path=/home/tn/www/wp-content/plugins/wp-file-manager/lib" "Mozilla/5.0 AppleWebKit/537.36 (KHTML, like Gecko; compatible; GPTBot/1.4; +https://openai.com/gptbot)"
216.73.217.106 - - [01/Aug/2026:14:41:05 +0200] "GET /sitemap.xml?fileloc=%2F%2Fproc%2F74%2Fnet%2Fdev_mcast&path=%2F%2Fproc%2F74%2Fnet HTTP/1.1" 404 12449 "-" "Mozilla/5.0 AppleWebKit/537.36 (KHTML, like Gecko; compatible; ClaudeBot/1.0; +claudebot@anthropic.com)"
74.7.242.17 - - [01/Aug/2026:14:41:07 +0200] "GET /favicon.ico?fileloc=/home/tn/www/wp-content/plugins/wp-file-manager/lib/wpfilemanager.php&path=/home/tn/www/wp-content/plugins/wp-file-manager/lib HTTP/1.1" 200 25435 "https://tempokontrol.co.za/favicon.ico?path=/home/tn/www/wp-content/plugins/wp-file-manager/lib" "Mozilla/5.0 AppleWebKit/537.36 (KHTML, like Gecko; compatible; GPTBot/1.4; +https://openai.com/gptbot)"
74.7.227.163 - - [01/Aug/2026:14:41:08 +0200] "GET /?fileloc=//sys/class/net/eth0/device/net/eth0/subsystem/eth0/device/channels/22/cpu&path=//sys/class/net/eth0/device/net/eth0/subsystem/eth0/device/channels/22 HTTP/1.1" 404 13019 "https://www.tempokontrol.co.za/?path=//sys/class/net/eth0/device/net/eth0/subsystem/eth0/device/channels/22" "Mozilla/5.0 AppleWebKit/537.36 (KHTML, like Gecko; compatible; GPTBot/1.4; +https://openai.com/gptbot)"
216.73.217.106 - - [01/Aug/2026:14:41:09 +0200] "GET /sitemap.xml?fileloc=%2F%2Fvar%2Fsoftaculous%2Fwp64%2Fphp82%2Fupgrade.php&path=%2F%2Fvar%2Fsoftaculous%2Fwp64%2Fphp82 HTTP/1.1" 200 27359 "-" "Mozilla/5.0 AppleWebKit/537.36 (KHTML, like Gecko; compatible; ClaudeBot/1.0; +claudebot@anthropic.com)"
74.7.242.17 - - [01/Aug/2026:14:41:10 +0200] "GET /favicon.ico?fileloc=/home/tn/www/wp-content/plugins/wp-file-manager/js/fm_script.js&path=/home/tn/www/wp-content/plugins/wp-file-manager/js HTTP/1.1" 200 16064 "https://tempokontrol.co.za/favicon.ico?path=/home/tn/www/wp-content/plugins/wp-file-manager/js" "Mozilla/5.0 AppleWebKit/537.36 (KHTML, like Gecko; compatible; GPTBot/1.4; +https://openai.com/gptbot)"
216.73.217.106 - - [01/Aug/2026:14:41:11 +0200] "GET /sitemap.xml?fileloc=%2F%2Fvar%2Frun%2Ftmpfiles.d%2Fstatic-nodes.conf&path=%2F%2Fvar%2Frun%2Ftmpfiles.d HTTP/1.1" 404 12934 "-" "Mozilla/5.0 AppleWebKit/537.36 (KHTML, like Gecko; compatible; ClaudeBot/1.0; +claudebot@anthropic.com)"
74.7.242.17 - - [01/Aug/2026:14:41:13 +0200] "GET /favicon.ico?fileloc=/home/tn/www/wp-content/plugins/wp-file-manager/lib/index.php&path=/home/tn/www/wp-content/plugins/wp-file-manager/lib HTTP/1.1" 200 12621 "https://tempokontrol.co.za/favicon.ico?path=/home/tn/www/wp-content/plugins/wp-file-manager/lib" "Mozilla/5.0 AppleWebKit/537.36 (KHTML, like Gecko; compatible; GPTBot/1.4; +https://openai.com/gptbot)"
216.73.217.106 - - [01/Aug/2026:14:41:14 +0200] "GET /sitemap.xml?fileloc=%2F%2Fsys%2Fdev%2Fchar%2F4%3A64%2Fpower%2Fautosuspend_delay_ms&path=%2F%2Fsys%2Fdev%2Fchar%2F4%3A64%2Fpower HTTP/1.1" 404 12432 "-" "Mozilla/5.0 AppleWebKit/537.36 (KHTML, like Gecko; compatible; ClaudeBot/1.0; +claudebot@anthropic.com)"
74.7.242.17 - - [01/Aug/2026:14:41:16 +0200] "GET /favicon.ico?fileloc=/home/tn/www/wp-content/plugins/wp-file-manager/js/file_manager_free_shortcode_admin.js&path=/home/tn/www/wp-content/plugins/wp-file-manager/js HTTP/1.1" 200 17652 "https://tempokontrol.co.za/favicon.ico?path=/home/tn/www/wp-content/plugins/wp-file-manager/js" "Mozilla/5.0 AppleWebKit/537.36 (KHTML, like Gecko; compatible; GPTBot/1.4; +https://openai.com/gptbot)"
216.73.217.106 - - [01/Aug/2026:14:41:17 +0200] "GET /sitemap.xml?fileloc=%2F%2Fproc%2F32%2Fclear_refs&path=%2F%2Fproc%2F32 HTTP/1.1" 404 12270 "-" "Mozilla/5.0 AppleWebKit/537.36 (KHTML, like Gecko; compatible; ClaudeBot/1.0; +claudebot@anthropic.com)"
74.7.242.17 - - [01/Aug/2026:14:41:20 +0200] "GET /favicon.ico?fileloc=/home/tn/www/wp-content/plugins/wp-file-manager/js/fm-backup.js&path=/home/tn/www/wp-content/plugins/wp-file-manager/js HTTP/1.1" 200 26030 "https://tempokontrol.co.za/favicon.ico?path=/home/tn/www/wp-content/plugins/wp-file-manager/js" "Mozilla/5.0 AppleWebKit/537.36 (KHTML, like Gecko; compatible; GPTBot/1.4; +https://openai.com/gptbot)"
216.73.217.106 - - [01/Aug/2026:14:41:21 +0200] "GET /sitemap.xml?fileloc=%2Fhome%2Ftn%2Fwww%2Fwp-includes%2FRequests%2Flibrary%2FRequests.php&path=%2Fhome%2Ftn%2Fwww%2Fwp-includes%2FRequests%2Flibrary HTTP/1.1" 404 12803 "-" "Mozilla/5.0 AppleWebKit/537.36 (KHTML, like Gecko; compatible; ClaudeBot/1.0; +claudebot@anthropic.com)"
74.7.242.17 - - [01/Aug/2026:14:41:23 +0200] "GET /favicon.ico?path=/home/tn/www/wp-content/plugins/wp-file-manager/lib/php HTTP/1.1" 200 52262 "https://tempokontrol.co.za/favicon.ico?path=/home/tn/www/wp-content/plugins/wp-file-manager/lib" "Mozilla/5.0 AppleWebKit/537.36 (KHTML, like Gecko; compatible; GPTBot/1.4; +https://openai.com/gptbot)"
74.7.242.17 - - [01/Aug/2026:14:41:26 +0200] "GET /favicon.ico?path=/home/tn/www/wp-content/plugins/wp-file-manager/lib/files HTTP/1.1" 200 16123 "https://tempokontrol.co.za/favicon.ico?path=/home/tn/www/wp-content/plugins/wp-file-manager/lib" "Mozilla/5.0 AppleWebKit/537.36 (KHTML, like Gecko; compatible; GPTBot/1.4; +https://openai.com/gptbot)"
216.73.217.106 - - [01/Aug/2026:14:41:24 +0200] "GET /sitemap.xml?fileloc=%2F%2Fusr%2Fbin%2Fmysqld_safe_helper&path=%2F%2Fusr%2Fbin HTTP/1.1" 200 5787174 "-" "Mozilla/5.0 AppleWebKit/537.36 (KHTML, like Gecko; compatible; ClaudeBot/1.0; +claudebot@anthropic.com)"
74.7.242.17 - - [01/Aug/2026:14:41:29 +0200] "GET /favicon.ico?path=/home/tn/www/wp-content/plugins/wp-file-manager/lib/img HTTP/1.1" 200 109058 "https://tempokontrol.co.za/favicon.ico?path=/home/tn/www/wp-content/plugins/wp-file-manager/lib" "Mozilla/5.0 AppleWebKit/537.36 (KHTML, like Gecko; compatible; GPTBot/1.4; +https://openai.com/gptbot)"
216.73.217.106 - - [01/Aug/2026:14:41:29 +0200] "GET /sitemap.xml?fileloc=%2Fhome%2Ftn%2Fwww%2Fwp-includes%2FID3%2Fmodule.audio.mp3.php&path=%2Fhome%2Ftn%2Fwww%2Fwp-includes%2FID3 HTTP/1.1" 200 138728 "-" "Mozilla/5.0 AppleWebKit/537.36 (KHTML, like Gecko; compatible; ClaudeBot/1.0; +claudebot@anthropic.com)"
74.7.242.17 - - [01/Aug/2026:14:41:32 +0200] "GET /favicon.ico?path=/home/tn/www/wp-content/plugins/wp-file-manager/lib/fonts HTTP/1.1" 200 15997 "https://tempokontrol.co.za/favicon.ico?path=/home/tn/www/wp-content/plugins/wp-file-manager/lib" "Mozilla/5.0 AppleWebKit/537.36 (KHTML, like Gecko; compatible; GPTBot/1.4; +https://openai.com/gptbot)"
216.73.217.106 - - [01/Aug/2026:14:41:32 +0200] "GET /sitemap.xml?fileloc=%2F%2Fusr%2Fbin%2Fwmf2svg&path=%2F%2Fusr%2Fbin HTTP/1.1" 200 36805 "-" "Mozilla/5.0 AppleWebKit/537.36 (KHTML, like Gecko; compatible; ClaudeBot/1.0; +claudebot@anthropic.com)"
74.7.242.17 - - [01/Aug/2026:14:41:35 +0200] "GET /favicon.ico?fileloc=/home/tn/www/wp-includes/js/dist/vendor/wp-polyfill-element-closest.js&path=/home/tn/www/wp-includes/js/dist/vendor HTTP/1.1" 200 13068 "https://tempokontrol.co.za/favicon.ico?path=/home/tn/www/wp-includes/js/dist/vendor" "Mozilla/5.0 AppleWebKit/537.36 (KHTML, like Gecko; compatible; GPTBot/1.4; +https://openai.com/gptbot)"
216.73.217.106 - - [01/Aug/2026:14:41:35 +0200] "GET /sitemap.xml?fileloc=%2F%2Fsys%2Fdev%2Fblock%2F8%3A192%2Fsubsystem%2Fsdo%2Fintegrity%2Fread_verify&path=%2F%2Fsys%2Fdev%2Fblock%2F8%3A192%2Fsubsystem%2Fsdo%2Fintegrity HTTP/1.1" 200 12596 "-" "Mozilla/5.0 AppleWebKit/537.36 (KHTML, like Gecko; compatible; ClaudeBot/1.0; +claudebot@anthropic.com)"
74.7.242.17 - - [01/Aug/2026:14:41:38 +0200] "GET /favicon.ico?fileloc=/home/tn/www/wp-includes/js/dist/vendor/wp-polyfill-dom-rect.min.js&path=/home/tn/www/wp-includes/js/dist/vendor HTTP/1.1" 200 13556 "https://tempokontrol.co.za/favicon.ico?path=/home/tn/www/wp-includes/js/dist/vendor" "Mozilla/5.0 AppleWebKit/537.36 (KHTML, like Gecko; compatible; GPTBot/1.4; +https://openai.com/gptbot)"
74.7.227.163 - - [01/Aug/2026:14:41:38 +0200] "GET /?fileloc=//sys/class/net/eth0/device/net/eth0/subsystem/eth0/device/channels/16/latency&path=//sys/class/net/eth0/device/net/eth0/subsystem/eth0/device/channels/16 HTTP/1.1" 200 13026 "https://www.tempokontrol.co.za/?path=//sys/class/net/eth0/device/net/eth0/subsystem/eth0/device/channels/16" "Mozilla/5.0 AppleWebKit/537.36 (KHTML, like Gecko; compatible; GPTBot/1.4; +https://openai.com/gptbot)"
45.227.253.15 - - [01/Aug/2026:14:41:18 +0200] "GET /wp-includes/blocks/post-date/post-date/index.php?ARRAY=7o2230223n313738353539323230362p2231223n22687474703n5p2s5p2s7n733030337631332r6172626s72692r77696o695p2s3s6p633q7068705s636s64655s6n6326743q313738353538383630362q3939316231363565363465623334386462343835623433633065333438306533222p2232223n226138373739306530333465633666363838356434616534663963643831616261222p2233223n226630633834306462643437326464376133373338326237636638383235333233222p2262696r675s70617373223n2232392q34302q35382q36332q37392q39302q3232227q HTTP/1.1" 200 52 "-" "Mozilla/5.0 (iPad; U; CPU OS 4_2_3 like Mac OS X; ja) AppleWebKit/533.17.9 (KHTML, like Gecko) Version/5.0.2 Mobile/8J2 Safari/6533.18.5"
74.7.242.17 - - [01/Aug/2026:14:41:42 +0200] "GET /favicon.ico?fileloc=/home/tn/www/wp-includes/js/dist/vendor/wp-polyfill-fetch.min.js&path=/home/tn/www/wp-includes/js/dist/vendor HTTP/1.1" 200 24167 "https://tempokontrol.co.za/favicon.ico?path=/home/tn/www/wp-includes/js/dist/vendor" "Mozilla/5.0 AppleWebKit/537.36 (KHTML, like Gecko; compatible; GPTBot/1.4; +https://openai.com/gptbot)"
216.73.217.106 - - [01/Aug/2026:14:41:41 +0200] "GET /sitemap.xml?fileloc=%2F%2Flib64%2Fperl5%2Flinux%2Fioctl.ph&path=%2F%2Flib64%2Fperl5%2Flinux HTTP/1.1" 200 12567 "-" "Mozilla/5.0 AppleWebKit/537.36 (KHTML, like Gecko; compatible; ClaudeBot/1.0; +claudebot@anthropic.com)"
74.7.242.17 - - [01/Aug/2026:14:41:45 +0200] "GET /favicon.ico?fileloc=/home/tn/www/wp-includes/js/tinymce/plugins/hr/plugin.min.js&path=/home/tn/www/wp-includes/js/tinymce/plugins/hr HTTP/1.1" 200 13243 "https://tempokontrol.co.za/favicon.ico?path=/home/tn/www/wp-includes/js/tinymce/plugins/hr" "Mozilla/5.0 AppleWebKit/537.36 (KHTML, like Gecko; compatible; GPTBot/1.4; +https://openai.com/gptbot)"
216.73.217.106 - - [01/Aug/2026:14:41:45 +0200] "GET /sitemap.xml?fileloc=%2F%2Fusr%2Flib%2Fkbd%2Funimaps%2Fiso03.uni&path=%2F%2Fusr%2Flib%2Fkbd%2Funimaps HTTP/1.1" 200 14197 "-" "Mozilla/5.0 AppleWebKit/537.36 (KHTML, like Gecko; compatible; ClaudeBot/1.0; +claudebot@anthropic.com)"
74.7.242.17 - - [01/Aug/2026:14:41:48 +0200] "GET /favicon.ico?fileloc=/home/tn/public_html/wp-admin/images/media-button-video.gif&path=/home/tn/public_html/wp-admin/images HTTP/1.1" 200 12719 "https://tempokontrol.co.za/favicon.ico?path=/home/tn/public_html/wp-admin/images" "Mozilla/5.0 AppleWebKit/537.36 (KHTML, like Gecko; compatible; GPTBot/1.4; +https://openai.com/gptbot)"
216.73.217.106 - - [01/Aug/2026:14:41:48 +0200] "GET /sitemap.xml?fileloc=%2F%2Fproc%2F11%2Fattr%2Fcurrent&path=%2F%2Fproc%2F11%2Fattr HTTP/1.1" 200 12319 "-" "Mozilla/5.0 AppleWebKit/537.36 (KHTML, like Gecko; compatible; ClaudeBot/1.0; +claudebot@anthropic.com)"
74.7.242.17 - - [01/Aug/2026:14:41:51 +0200] "GET /favicon.ico?fileloc=/home/tn/www/wp-content/uploads/fonts/iJWZBXyIfDnIV5PNhY1KTN7Z-Yh-B4i1VU80V4bVkA.woff2&path=/home/tn/www/wp-content/uploads/fonts HTTP/1.1" 200 124798 "https://tempokontrol.co.za/favicon.ico?path=/home/tn/www/wp-content/uploads/fonts" "Mozilla/5.0 AppleWebKit/537.36 (KHTML, like Gecko; compatible; GPTBot/1.4; +https://openai.com/gptbot)"
216.73.217.106 - - [01/Aug/2026:14:41:51 +0200] "GET /sitemap.xml?fileloc=%2Fhome%2Ftn%2Fwww%2Fwp-includes%2Fcss%2Fdashicons.css&path=%2Fhome%2Ftn%2Fwww%2Fwp-includes%2Fcss HTTP/1.1" 200 78343 "-" "Mozilla/5.0 AppleWebKit/537.36 (KHTML, like Gecko; compatible; ClaudeBot/1.0; +claudebot@anthropic.com)"
74.7.242.17 - - [01/Aug/2026:14:41:54 +0200] "GET /favicon.ico?fileloc=/home/tn/www/wp-content/uploads/fonts/H4c0BXOCl9bbnla_nHIq6oGzilJm9otsA9kQq_dq7S-r0YvxdA.woff2&path=/home/tn/www/wp-content/uploads/fonts HTTP/1.1" 200 153418 "https://tempokontrol.co.za/favicon.ico?path=/home/tn/www/wp-content/uploads/fonts" "Mozilla/5.0 AppleWebKit/537.36 (KHTML, like Gecko; compatible; GPTBot/1.4; +https://openai.com/gptbot)"
216.73.217.106 - - [01/Aug/2026:14:41:54 +0200] "GET /sitemap.xml?fileloc=%2F%2Fvar%2Fsoftaculous%2Fmoodle29%2Fphp81%2Fedit.php&path=%2F%2Fvar%2Fsoftaculous%2Fmoodle29%2Fphp81 HTTP/1.1" 200 18354 "-" "Mozilla/5.0 AppleWebKit/537.36 (KHTML, like Gecko; compatible; ClaudeBot/1.0; +claudebot@anthropic.com)"
74.7.242.17 - - [01/Aug/2026:14:41:57 +0200] "GET /favicon.ico?path=/home/tn/www/wp-content/plugins/wp-file-manager/lib/php/plugins HTTP/1.1" 200 20603 "https://tempokontrol.co.za/favicon.ico?path=/home/tn/www/wp-content/plugins/wp-file-manager/lib/php" "Mozilla/5.0 AppleWebKit/537.36 (KHTML, like Gecko; compatible; GPTBot/1.4; +https://openai.com/gptbot)"
216.73.217.106 - - [01/Aug/2026:14:41:58 +0200] "GET /sitemap.xml?fileloc=%2Fhome%2Ftn%2Fwww%2Fwp-includes%2Fblock-template-utils.php&path=%2Fhome%2Ftn%2Fwww%2Fwp-includes HTTP/1.1" 200 82503 "-" "Mozilla/5.0 AppleWebKit/537.36 (KHTML, like Gecko; compatible; ClaudeBot/1.0; +claudebot@anthropic.com)"
74.7.242.17 - - [01/Aug/2026:14:42:00 +0200] "GET /favicon.ico?fileloc=/home/tn/www/wp-content/plugins/wp-file-manager/lib/files/.gitkeep&path=/home/tn/www/wp-content/plugins/wp-file-manager/lib/files HTTP/1.1" 200 12710 "https://tempokontrol.co.za/favicon.ico?path=/home/tn/www/wp-content/plugins/wp-file-manager/lib/files" "Mozilla/5.0 AppleWebKit/537.36 (KHTML, like Gecko; compatible; GPTBot/1.4; +https://openai.com/gptbot)"
216.73.217.106 - - [01/Aug/2026:14:42:01 +0200] "GET /sitemap.xml?fileloc=%2F%2Fproc%2F19%2Fnet%2Fdev_snmp6%2Flo&path=%2F%2Fproc%2F19%2Fnet%2Fdev_snmp6 HTTP/1.1" 200 14857 "-" "Mozilla/5.0 AppleWebKit/537.36 (KHTML, like Gecko; compatible; ClaudeBot/1.0; +claudebot@anthropic.com)"
74.7.242.17 - - [01/Aug/2026:14:42:04 +0200] "GET /favicon.ico?fileloc=/home/tn/www/wp-content/plugins/wp-file-manager/lib/img/spinner-mini.gif&path=/home/tn/www/wp-content/plugins/wp-file-manager/lib/img HTTP/1.1" 200 15070 "https://tempokontrol.co.za/favicon.ico?path=/home/tn/www/wp-content/plugins/wp-file-manager/lib/img" "Mozilla/5.0 AppleWebKit/537.36 (KHTML, like Gecko; compatible; GPTBot/1.4; +https://openai.com/gptbot)"
216.73.217.106 - - [01/Aug/2026:14:42:04 +0200] "GET /sitemap.xml?fileloc=%2F%2Fsys%2Fbus%2Fscsi%2Fdrivers_probe&path=%2F%2Fsys%2Fbus%2Fscsi HTTP/1.1" 200 12317 "-" "Mozilla/5.0 AppleWebKit/537.36 (KHTML, like Gecko; compatible; ClaudeBot/1.0; +claudebot@anthropic.com)"
74.7.242.17 - - [01/Aug/2026:14:42:07 +0200] "GET /favicon.ico?fileloc=/home/tn/www/wp-content/plugins/wp-file-manager/lib/img/logo.png&path=/home/tn/www/wp-content/plugins/wp-file-manager/lib/img HTTP/1.1" 200 21784 "https://tempokontrol.co.za/favicon.ico?path=/home/tn/www/wp-content/plugins/wp-file-manager/lib/img" "Mozilla/5.0 AppleWebKit/537.36 (KHTML, like Gecko; compatible; GPTBot/1.4; +https://openai.com/gptbot)"
216.73.217.106 - - [01/Aug/2026:14:42:07 +0200] "GET /sitemap.xml?fileloc=%2F%2Fvar%2Fsoftaculous%2Fwebid%2Fedit.php&path=%2F%2Fvar%2Fsoftaculous%2Fwebid HTTP/1.1" 200 17585 "-" "Mozilla/5.0 AppleWebKit/537.36 (KHTML, like Gecko; compatible; ClaudeBot/1.0; +claudebot@anthropic.com)"
74.7.227.163 - - [01/Aug/2026:14:42:09 +0200] "GET /?fileloc=//sys/class/net/eth0/device/net/eth0/subsystem/eth0/device/channels/19/pending&path=//sys/class/net/eth0/device/net/eth0/subsystem/eth0/device/channels/19 HTTP/1.1" 200 13023 "https://www.tempokontrol.co.za/?path=//sys/class/net/eth0/device/net/eth0/subsystem/eth0/device/channels/19" "Mozilla/5.0 AppleWebKit/537.36 (KHTML, like Gecko; compatible; GPTBot/1.4; +https://openai.com/gptbot)"
74.7.242.17 - - [01/Aug/2026:14:42:10 +0200] "GET /favicon.ico?fileloc=/home/tn/www/wp-content/plugins/wp-file-manager/lib/img/icons-small.png&path=/home/tn/www/wp-content/plugins/wp-file-manager/lib/img HTTP/1.1" 200 19524 "https://tempokontrol.co.za/favicon.ico?path=/home/tn/www/wp-content/plugins/wp-file-manager/lib/img" "Mozilla/5.0 AppleWebKit/537.36 (KHTML, like Gecko; compatible; GPTBot/1.4; +https://openai.com/gptbot)"
216.73.217.106 - - [01/Aug/2026:14:42:10 +0200] "GET /sitemap.xml?fileloc=%2F%2Fsys%2Fdevices%2Fuprobe%2Ftype&path=%2F%2Fsys%2Fdevices%2Fuprobe HTTP/1.1" 200 12332 "-" "Mozilla/5.0 AppleWebKit/537.36 (KHTML, like Gecko; compatible; ClaudeBot/1.0; +claudebot@anthropic.com)"
74.7.242.17 - - [01/Aug/2026:14:42:13 +0200] "GET /favicon.ico?fileloc=/home/tn/www/wp-content/plugins/wp-file-manager/lib/img/tui-icon-c.svg&path=/home/tn/www/wp-content/plugins/wp-file-manager/lib/img HTTP/1.1" 200 37746 "https://tempokontrol.co.za/favicon.ico?path=/home/tn/www/wp-content/plugins/wp-file-manager/lib/img" "Mozilla/5.0 AppleWebKit/537.36 (KHTML, like Gecko; compatible; GPTBot/1.4; +https://openai.com/gptbot)"
216.73.217.106 - - [01/Aug/2026:14:42:13 +0200] "GET /sitemap.xml?fileloc=%2Fhome%2Ftn%2Fwww%2Fwp-includes%2Fclass-wp-query.php&path=%2Fhome%2Ftn%2Fwww%2Fwp-includes HTTP/1.1" 200 196986 "-" "Mozilla/5.0 AppleWebKit/537.36 (KHTML, like Gecko; compatible; ClaudeBot/1.0; +claudebot@anthropic.com)"
216.73.217.106 - - [01/Aug/2026:14:42:16 +0200] "GET /sitemap.xml?fileloc=%2F%2Fsys%2Fdev%2Fblock%2F8%3A192%2Fsubsystem%2Fsdn%2Fcapability&path=%2F%2Fsys%2Fdev%2Fblock%2F8%3A192%2Fsubsystem%2Fsdn HTTP/1.1" 200 12509 "-" "Mozilla/5.0 AppleWebKit/537.36 (KHTML, like Gecko; compatible; ClaudeBot/1.0; +claudebot@anthropic.com)"
74.7.242.17 - - [01/Aug/2026:14:42:16 +0200] "GET /favicon.ico?fileloc=/home/tn/www/wp-content/plugins/wp-file-manager/lib/img/edit_onlineconvert.png&path=/home/tn/www/wp-content/plugins/wp-file-manager/lib/img HTTP/1.1" 200 14377 "https://tempokontrol.co.za/favicon.ico?path=/home/tn/www/wp-content/plugins/wp-file-manager/lib/img" "Mozilla/5.0 AppleWebKit/537.36 (KHTML, like Gecko; compatible; GPTBot/1.4; +https://openai.com/gptbot)"
216.73.217.106 - - [01/Aug/2026:14:42:19 +0200] "GET /sitemap.xml?fileloc=%2F%2Fsys%2Fdev%2Fblock%2F8%3A32%2Fuevent&path=%2F%2Fsys%2Fdev%2Fblock%2F8%3A32 HTTP/1.1" 200 12416 "-" "Mozilla/5.0 AppleWebKit/537.36 (KHTML, like Gecko; compatible; ClaudeBot/1.0; +claudebot@anthropic.com)"
74.7.242.17 - - [01/Aug/2026:14:42:19 +0200] "GET /favicon.ico?fileloc=/home/tn/www/wp-content/plugins/wp-file-manager/lib/img/trashmesh.png&path=/home/tn/www/wp-content/plugins/wp-file-manager/lib/img HTTP/1.1" 200 12948 "https://tempokontrol.co.za/favicon.ico?path=/home/tn/www/wp-content/plugins/wp-file-manager/lib/img" "Mozilla/5.0 AppleWebKit/537.36 (KHTML, like Gecko; compatible; GPTBot/1.4; +https://openai.com/gptbot)"
216.73.217.106 - - [01/Aug/2026:14:42:22 +0200] "GET /sitemap.xml?fileloc=%2F%2Fsys%2Fkernel%2Fslab%2Fsgpool-16%2Fslabs&path=%2F%2Fsys%2Fkernel%2Fslab%2Fsgpool-16 HTTP/1.1" 200 12389 "-" "Mozilla/5.0 AppleWebKit/537.36 (KHTML, like Gecko; compatible; ClaudeBot/1.0; +claudebot@anthropic.com)"
74.7.242.17 - - [01/Aug/2026:14:42:22 +0200] "GET /favicon.ico?fileloc=/home/tn/www/wp-content/plugins/wp-file-manager/lib/img/black-close.png&path=/home/tn/www/wp-content/plugins/wp-file-manager/lib/img HTTP/1.1" 200 14166 "https://tempokontrol.co.za/favicon.ico?path=/home/tn/www/wp-content/plugins/wp-file-manager/lib/img" "Mozilla/5.0 AppleWebKit/537.36 (KHTML, like Gecko; compatible; GPTBot/1.4; +https://openai.com/gptbot)"
216.73.217.106 - - [01/Aug/2026:14:42:25 +0200] "GET /sitemap.xml?fileloc=%2Fhome%2Ftn%2Fwww%2Fwp-includes%2Fclass-wp-oembed.php&path=%2Fhome%2Ftn%2Fwww%2Fwp-includes HTTP/1.1" 200 46854 "-" "Mozilla/5.0 AppleWebKit/537.36 (KHTML, like Gecko; compatible; ClaudeBot/1.0; +claudebot@anthropic.com)"
74.7.242.17 - - [01/Aug/2026:14:42:26 +0200] "GET /favicon.ico?fileloc=/home/tn/www/wp-content/plugins/wp-file-manager/lib/img/icons-big.svg&path=/home/tn/www/wp-content/plugins/wp-file-manager/lib/img HTTP/1.1" 200 47555 "https://tempokontrol.co.za/favicon.ico?path=/home/tn/www/wp-content/plugins/wp-file-manager/lib/img" "Mozilla/5.0 AppleWebKit/537.36 (KHTML, like Gecko; compatible; GPTBot/1.4; +https://openai.com/gptbot)"
216.73.217.106 - - [01/Aug/2026:14:42:28 +0200] "GET /sitemap.xml?fileloc=%2F%2Fvar%2Fsoftaculous%2Fflarum%2Fphp82%2Finstall.php&path=%2F%2Fvar%2Fsoftaculous%2Fflarum%2Fphp82 HTTP/1.1" 200 17036 "-" "Mozilla/5.0 AppleWebKit/537.36 (KHTML, like Gecko; compatible; ClaudeBot/1.0; +claudebot@anthropic.com)"
74.7.242.17 - - [01/Aug/2026:14:42:29 +0200] "GET /favicon.ico?fileloc=/home/tn/www/wp-content/plugins/wp-file-manager/lib/img/crop.gif&path=/home/tn/www/wp-content/plugins/wp-file-manager/lib/img HTTP/1.1" 200 13145 "https://tempokontrol.co.za/favicon.ico?path=/home/tn/www/wp-content/plugins/wp-file-manager/lib/img" "Mozilla/5.0 AppleWebKit/537.36 (KHTML, like Gecko; compatible; GPTBot/1.4; +https://openai.com/gptbot)"
216.73.217.106 - - [01/Aug/2026:14:42:31 +0200] "GET /sitemap.xml?fileloc=%2F%2Fsys%2Fdev%2Fblock%2F8%3A192%2Fsubsystem%2Fsdc%2Ftrace%2Fend_lba&path=%2F%2Fsys%2Fdev%2Fblock%2F8%3A192%2Fsubsystem%2Fsdc%2Ftrace HTTP/1.1" 200 12587 "-" "Mozilla/5.0 AppleWebKit/537.36 (KHTML, like Gecko; compatible; ClaudeBot/1.0; +claudebot@anthropic.com)"
74.7.242.17 - - [01/Aug/2026:14:42:32 +0200] "GET /favicon.ico?fileloc=/home/tn/www/wp-content/plugins/wp-file-manager/lib/img/toolbar.png&path=/home/tn/www/wp-content/plugins/wp-file-manager/lib/img HTTP/1.1" 200 26506 "https://tempokontrol.co.za/favicon.ico?path=/home/tn/www/wp-content/plugins/wp-file-manager/lib/img" "Mozilla/5.0 AppleWebKit/537.36 (KHTML, like Gecko; compatible; GPTBot/1.4; +https://openai.com/gptbot)"
216.73.217.106 - - [01/Aug/2026:14:42:34 +0200] "GET /sitemap.xml?path=%2F%2Fsys%2Fdev%2Fchar%2F246%3A11%2Fsubsystem%2F0%3A0%3A0%3A13%2Fpower HTTP/1.1" 200 20850 "-" "Mozilla/5.0 AppleWebKit/537.36 (KHTML, like Gecko; compatible; ClaudeBot/1.0; +claudebot@anthropic.com)"
74.7.242.17 - - [01/Aug/2026:14:42:35 +0200] "GET /favicon.ico?fileloc=/home/tn/www/wp-content/plugins/wp-file-manager/lib/img/tui-icon-b.svg&path=/home/tn/www/wp-content/plugins/wp-file-manager/lib/img HTTP/1.1" 200 37746 "https://tempokontrol.co.za/favicon.ico?path=/home/tn/www/wp-content/plugins/wp-file-manager/lib/img" "Mozilla/5.0 AppleWebKit/537.36 (KHTML, like Gecko; compatible; GPTBot/1.4; +https://openai.com/gptbot)"
