74.7.227.163 - - [01/Aug/2026:15:05:28 +0200] "GET /?fileloc=//sys/class/net/eth0/subsystem/lo/subsystem/lo/ifalias&path=//sys/class/net/eth0/subsystem/lo/subsystem/lo HTTP/1.1" 200 12655 "https://www.tempokontrol.co.za/?path=//sys/class/net/eth0/subsystem/lo/subsystem/lo" "Mozilla/5.0 AppleWebKit/537.36 (KHTML, like Gecko; compatible; GPTBot/1.4; +https://openai.com/gptbot)"
74.7.242.17 - - [01/Aug/2026:15:05:29 +0200] "GET /?path=//lib64/security HTTP/1.1" 200 101021 "https://tempokontrol.co.za/?path=//lib64" "Mozilla/5.0 AppleWebKit/537.36 (KHTML, like Gecko; compatible; GPTBot/1.4; +https://openai.com/gptbot)"
74.7.227.163 - - [01/Aug/2026:15:05:31 +0200] "GET /?fileloc=//sys/class/net/eth0/subsystem/lo/subsystem/lo/testing&path=//sys/class/net/eth0/subsystem/lo/subsystem/lo HTTP/1.1" 200 12657 "https://www.tempokontrol.co.za/?path=//sys/class/net/eth0/subsystem/lo/subsystem/lo" "Mozilla/5.0 AppleWebKit/537.36 (KHTML, like Gecko; compatible; GPTBot/1.4; +https://openai.com/gptbot)"
74.7.242.17 - - [01/Aug/2026:15:05:32 +0200] "GET /?fileloc=//scripts/convert_accesshash_to_token&path=//scripts HTTP/1.1" 200 16804 "https://tempokontrol.co.za/?path=//scripts" "Mozilla/5.0 AppleWebKit/537.36 (KHTML, like Gecko; compatible; GPTBot/1.4; +https://openai.com/gptbot)"
74.7.227.163 - - [01/Aug/2026:15:05:34 +0200] "GET /?fileloc=//sys/class/net/eth0/subsystem/lo/subsystem/lo/dormant&path=//sys/class/net/eth0/subsystem/lo/subsystem/lo HTTP/1.1" 200 12657 "https://www.tempokontrol.co.za/?path=//sys/class/net/eth0/subsystem/lo/subsystem/lo" "Mozilla/5.0 AppleWebKit/537.36 (KHTML, like Gecko; compatible; GPTBot/1.4; +https://openai.com/gptbot)"
74.7.242.17 - - [01/Aug/2026:15:05:35 +0200] "GET /?fileloc=//scripts/spamassassin_dbm_cleaner&path=//scripts HTTP/1.1" 200 18744 "https://tempokontrol.co.za/?path=//scripts" "Mozilla/5.0 AppleWebKit/537.36 (KHTML, like Gecko; compatible; GPTBot/1.4; +https://openai.com/gptbot)"
74.7.227.163 - - [01/Aug/2026:15:05:37 +0200] "GET /?fileloc=//sys/class/net/eth0/subsystem/lo/subsystem/lo/address&path=//sys/class/net/eth0/subsystem/lo/subsystem/lo HTTP/1.1" 200 12673 "https://www.tempokontrol.co.za/?path=//sys/class/net/eth0/subsystem/lo/subsystem/lo" "Mozilla/5.0 AppleWebKit/537.36 (KHTML, like Gecko; compatible; GPTBot/1.4; +https://openai.com/gptbot)"
74.7.242.17 - - [01/Aug/2026:15:05:38 +0200] "GET /?fileloc=//scripts/archive_sync_zones&path=//scripts HTTP/1.1" 200 15696 "https://tempokontrol.co.za/?path=//scripts" "Mozilla/5.0 AppleWebKit/537.36 (KHTML, like Gecko; compatible; GPTBot/1.4; +https://openai.com/gptbot)"
74.7.227.163 - - [01/Aug/2026:15:05:40 +0200] "GET /?fileloc=//sys/class/net/eth0/subsystem/lo/subsystem/lo/uevent&path=//sys/class/net/eth0/subsystem/lo/subsystem/lo HTTP/1.1" 200 12677 "https://www.tempokontrol.co.za/?path=//sys/class/net/eth0/subsystem/lo/subsystem/lo" "Mozilla/5.0 AppleWebKit/537.36 (KHTML, like Gecko; compatible; GPTBot/1.4; +https://openai.com/gptbot)"
74.7.242.17 - - [01/Aug/2026:15:05:41 +0200] "GET /?fileloc=//scripts/check_mount_procfs&path=//scripts HTTP/1.1" 200 14507 "https://tempokontrol.co.za/?path=//scripts" "Mozilla/5.0 AppleWebKit/537.36 (KHTML, like Gecko; compatible; GPTBot/1.4; +https://openai.com/gptbot)"
74.7.227.163 - - [01/Aug/2026:15:05:44 +0200] "GET /?fileloc=//sys/class/net/eth0/subsystem/lo/subsystem/lo/iflink&path=//sys/class/net/eth0/subsystem/lo/subsystem/lo HTTP/1.1" 200 12656 "https://www.tempokontrol.co.za/?path=//sys/class/net/eth0/subsystem/lo/subsystem/lo" "Mozilla/5.0 AppleWebKit/537.36 (KHTML, like Gecko; compatible; GPTBot/1.4; +https://openai.com/gptbot)"
74.7.242.17 - - [01/Aug/2026:15:05:45 +0200] "GET /?path=//lib64/glib-2.0 HTTP/1.1" 200 14023 "https://tempokontrol.co.za/?path=//lib64" "Mozilla/5.0 AppleWebKit/537.36 (KHTML, like Gecko; compatible; GPTBot/1.4; +https://openai.com/gptbot)"
74.7.227.163 - - [01/Aug/2026:15:05:47 +0200] "GET /?fileloc=//sys/class/net/eth0/subsystem/lo/subsystem/lo/mtu&path=//sys/class/net/eth0/subsystem/lo/subsystem/lo HTTP/1.1" 200 12657 "https://www.tempokontrol.co.za/?path=//sys/class/net/eth0/subsystem/lo/subsystem/lo" "Mozilla/5.0 AppleWebKit/537.36 (KHTML, like Gecko; compatible; GPTBot/1.4; +https://openai.com/gptbot)"
74.7.242.17 - - [01/Aug/2026:15:05:48 +0200] "GET /?fileloc=//lib64/libhwloc.so.15&path=//lib64 HTTP/1.1" 200 586364 "https://tempokontrol.co.za/?path=//lib64" "Mozilla/5.0 AppleWebKit/537.36 (KHTML, like Gecko; compatible; GPTBot/1.4; +https://openai.com/gptbot)"
74.7.227.163 - - [01/Aug/2026:15:05:50 +0200] "GET /?fileloc=//sys/class/net/eth0/subsystem/lo/subsystem/lo/carrier&path=//sys/class/net/eth0/subsystem/lo/subsystem/lo HTTP/1.1" 200 12657 "https://www.tempokontrol.co.za/?path=//sys/class/net/eth0/subsystem/lo/subsystem/lo" "Mozilla/5.0 AppleWebKit/537.36 (KHTML, like Gecko; compatible; GPTBot/1.4; +https://openai.com/gptbot)"
74.7.242.17 - - [01/Aug/2026:15:05:51 +0200] "GET /?fileloc=//lib64/libext2fs.so.2&path=//lib64 HTTP/1.1" 200 698027 "https://tempokontrol.co.za/?path=//lib64" "Mozilla/5.0 AppleWebKit/537.36 (KHTML, like Gecko; compatible; GPTBot/1.4; +https://openai.com/gptbot)"
74.7.227.163 - - [01/Aug/2026:15:05:53 +0200] "GET /?fileloc=//sys/class/net/eth0/subsystem/lo/subsystem/lo/flags&path=//sys/class/net/eth0/subsystem/lo/subsystem/lo HTTP/1.1" 200 12657 "https://www.tempokontrol.co.za/?path=//sys/class/net/eth0/subsystem/lo/subsystem/lo" "Mozilla/5.0 AppleWebKit/537.36 (KHTML, like Gecko; compatible; GPTBot/1.4; +https://openai.com/gptbot)"
74.7.242.17 - - [01/Aug/2026:15:05:54 +0200] "GET /?fileloc=//lib64/libprotoc.so.25&path=//lib64 HTTP/1.1" 200 4570089 "https://tempokontrol.co.za/?path=//lib64" "Mozilla/5.0 AppleWebKit/537.36 (KHTML, like Gecko; compatible; GPTBot/1.4; +https://openai.com/gptbot)"
74.7.227.163 - - [01/Aug/2026:15:05:56 +0200] "GET /?fileloc=//sys/class/net/eth0/subsystem/lo/subsystem/lo/duplex&path=//sys/class/net/eth0/subsystem/lo/subsystem/lo HTTP/1.1" 200 12654 "https://www.tempokontrol.co.za/?path=//sys/class/net/eth0/subsystem/lo/subsystem/lo" "Mozilla/5.0 AppleWebKit/537.36 (KHTML, like Gecko; compatible; GPTBot/1.4; +https://openai.com/gptbot)"
74.7.242.17 - - [01/Aug/2026:15:05:57 +0200] "GET /?fileloc=//scripts/fix_innodb_tables&path=//scripts HTTP/1.1" 200 16699 "https://tempokontrol.co.za/?path=//scripts" "Mozilla/5.0 AppleWebKit/537.36 (KHTML, like Gecko; compatible; GPTBot/1.4; +https://openai.com/gptbot)"
74.7.227.163 - - [01/Aug/2026:15:05:59 +0200] "GET /?fileloc=//sys/class/net/eth0/subsystem/lo/subsystem/lo/gro_flush_timeout&path=//sys/class/net/eth0/subsystem/lo/subsystem/lo HTTP/1.1" 200 12667 "https://www.tempokontrol.co.za/?path=//sys/class/net/eth0/subsystem/lo/subsystem/lo" "Mozilla/5.0 AppleWebKit/537.36 (KHTML, like Gecko; compatible; GPTBot/1.4; +https://openai.com/gptbot)"
74.7.242.17 - - [01/Aug/2026:15:06:01 +0200] "GET /?fileloc=//scripts/killdns-dnsadmin&path=//scripts HTTP/1.1" 200 13631 "https://tempokontrol.co.za/?path=//scripts" "Mozilla/5.0 AppleWebKit/537.36 (KHTML, like Gecko; compatible; GPTBot/1.4; +https://openai.com/gptbot)"
74.7.227.163 - - [01/Aug/2026:15:06:02 +0200] "GET /?fileloc=//sys/class/net/eth0/subsystem/lo/subsystem/lo/carrier_down_count&path=//sys/class/net/eth0/subsystem/lo/subsystem/lo HTTP/1.1" 200 12668 "https://www.tempokontrol.co.za/?path=//sys/class/net/eth0/subsystem/lo/subsystem/lo" "Mozilla/5.0 AppleWebKit/537.36 (KHTML, like Gecko; compatible; GPTBot/1.4; +https://openai.com/gptbot)"
74.7.242.17 - - [01/Aug/2026:15:06:04 +0200] "GET /?fileloc=//lib64/security/pam_postgresok.so&path=//lib64/security HTTP/1.1" 200 29061 "https://tempokontrol.co.za/?path=//lib64/security" "Mozilla/5.0 AppleWebKit/537.36 (KHTML, like Gecko; compatible; GPTBot/1.4; +https://openai.com/gptbot)"
74.7.227.163 - - [01/Aug/2026:15:06:06 +0200] "GET /?fileloc=//sys/class/net/eth0/subsystem/lo/subsystem/lo/napi_defer_hard_irqs&path=//sys/class/net/eth0/subsystem/lo/subsystem/lo HTTP/1.1" 200 12670 "https://www.tempokontrol.co.za/?path=//sys/class/net/eth0/subsystem/lo/subsystem/lo" "Mozilla/5.0 AppleWebKit/537.36 (KHTML, like Gecko; compatible; GPTBot/1.4; +https://openai.com/gptbot)"
74.7.242.17 - - [01/Aug/2026:15:06:07 +0200] "GET /?fileloc=//lib64/security/pam_hulk.so&path=//lib64/security HTTP/1.1" 200 75374 "https://tempokontrol.co.za/?path=//lib64/security" "Mozilla/5.0 AppleWebKit/537.36 (KHTML, like Gecko; compatible; GPTBot/1.4; +https://openai.com/gptbot)"
74.7.227.163 - - [01/Aug/2026:15:06:09 +0200] "GET /?fileloc=//sys/class/net/eth0/subsystem/eth0/queues/tx-9/byte_queue_limits/inflight&path=//sys/class/net/eth0/subsystem/eth0/queues/tx-9/byte_queue_limits HTTP/1.1" 200 12784 "https://www.tempokontrol.co.za/?path=//sys/class/net/eth0/subsystem/eth0/queues/tx-9/byte_queue_limits" "Mozilla/5.0 AppleWebKit/537.36 (KHTML, like Gecko; compatible; GPTBot/1.4; +https://openai.com/gptbot)"
74.7.242.17 - - [01/Aug/2026:15:06:10 +0200] "GET /?fileloc=//lib64/security/pam_mail.so&path=//lib64/security HTTP/1.1" 200 35653 "https://tempokontrol.co.za/?path=//lib64/security" "Mozilla/5.0 AppleWebKit/537.36 (KHTML, like Gecko; compatible; GPTBot/1.4; +https://openai.com/gptbot)"
74.7.227.163 - - [01/Aug/2026:15:06:12 +0200] "GET /?fileloc=//sys/class/net/eth0/subsystem/eth0/queues/tx-9/byte_queue_limits/hold_time&path=//sys/class/net/eth0/subsystem/eth0/queues/tx-9/byte_queue_limits HTTP/1.1" 200 12788 "https://www.tempokontrol.co.za/?path=//sys/class/net/eth0/subsystem/eth0/queues/tx-9/byte_queue_limits" "Mozilla/5.0 AppleWebKit/537.36 (KHTML, like Gecko; compatible; GPTBot/1.4; +https://openai.com/gptbot)"
74.7.242.17 - - [01/Aug/2026:15:06:13 +0200] "GET /?fileloc=//scripts/disable_prelink&path=//scripts HTTP/1.1" 200 15178 "https://tempokontrol.co.za/?path=//scripts" "Mozilla/5.0 AppleWebKit/537.36 (KHTML, like Gecko; compatible; GPTBot/1.4; +https://openai.com/gptbot)"
74.7.227.163 - - [01/Aug/2026:15:06:15 +0200] "GET /?fileloc=//sys/class/net/eth0/subsystem/eth0/queues/tx-1/byte_queue_limits/inflight&path=//sys/class/net/eth0/subsystem/eth0/queues/tx-1/byte_queue_limits HTTP/1.1" 200 12784 "https://www.tempokontrol.co.za/?path=//sys/class/net/eth0/subsystem/eth0/queues/tx-1/byte_queue_limits" "Mozilla/5.0 AppleWebKit/537.36 (KHTML, like Gecko; compatible; GPTBot/1.4; +https://openai.com/gptbot)"
74.7.242.17 - - [01/Aug/2026:15:06:16 +0200] "GET /?fileloc=//scripts/purge_modsec_log&path=//scripts HTTP/1.1" 200 13860 "https://tempokontrol.co.za/?path=//scripts" "Mozilla/5.0 AppleWebKit/537.36 (KHTML, like Gecko; compatible; GPTBot/1.4; +https://openai.com/gptbot)"
74.7.227.163 - - [01/Aug/2026:15:06:18 +0200] "GET /?fileloc=//sys/class/net/eth0/subsystem/eth0/queues/tx-3/byte_queue_limits/inflight&path=//sys/class/net/eth0/subsystem/eth0/queues/tx-3/byte_queue_limits HTTP/1.1" 200 12784 "https://www.tempokontrol.co.za/?path=//sys/class/net/eth0/subsystem/eth0/queues/tx-3/byte_queue_limits" "Mozilla/5.0 AppleWebKit/537.36 (KHTML, like Gecko; compatible; GPTBot/1.4; +https://openai.com/gptbot)"
74.7.242.17 - - [01/Aug/2026:15:06:19 +0200] "GET /?path=//lib64/glib-2.0/include HTTP/1.1" 200 14221 "https://tempokontrol.co.za/?path=//lib64/glib-2.0" "Mozilla/5.0 AppleWebKit/537.36 (KHTML, like Gecko; compatible; GPTBot/1.4; +https://openai.com/gptbot)"
74.7.227.163 - - [01/Aug/2026:15:06:21 +0200] "GET /?fileloc=//sys/class/net/eth0/subsystem/eth0/queues/tx-7/byte_queue_limits/inflight&path=//sys/class/net/eth0/subsystem/eth0/queues/tx-7/byte_queue_limits HTTP/1.1" 200 12784 "https://www.tempokontrol.co.za/?path=//sys/class/net/eth0/subsystem/eth0/queues/tx-7/byte_queue_limits" "Mozilla/5.0 AppleWebKit/537.36 (KHTML, like Gecko; compatible; GPTBot/1.4; +https://openai.com/gptbot)"
74.7.242.17 - - [01/Aug/2026:15:06:22 +0200] "GET /?fileloc=//lib64/libgpgme.so.11&path=//lib64 HTTP/1.1" 200 562681 "https://tempokontrol.co.za/?path=//lib64" "Mozilla/5.0 AppleWebKit/537.36 (KHTML, like Gecko; compatible; GPTBot/1.4; +https://openai.com/gptbot)"
74.7.227.163 - - [01/Aug/2026:15:06:24 +0200] "GET /?fileloc=//sys/class/net/eth0/subsystem/eth0/queues/tx-6/byte_queue_limits/hold_time&path=//sys/class/net/eth0/subsystem/eth0/queues/tx-6/byte_queue_limits HTTP/1.1" 200 12788 "https://www.tempokontrol.co.za/?path=//sys/class/net/eth0/subsystem/eth0/queues/tx-6/byte_queue_limits" "Mozilla/5.0 AppleWebKit/537.36 (KHTML, like Gecko; compatible; GPTBot/1.4; +https://openai.com/gptbot)"
74.7.242.17 - - [01/Aug/2026:15:06:26 +0200] "GET /?fileloc=//lib64/libpython3.9.so&path=//lib64 HTTP/1.1" 200 5726785 "https://tempokontrol.co.za/?path=//lib64" "Mozilla/5.0 AppleWebKit/537.36 (KHTML, like Gecko; compatible; GPTBot/1.4; +https://openai.com/gptbot)"
74.7.227.163 - - [01/Aug/2026:15:06:28 +0200] "GET /?fileloc=//sys/class/net/eth0/subsystem/eth0/queues/tx-5/byte_queue_limits/hold_time&path=//sys/class/net/eth0/subsystem/eth0/queues/tx-5/byte_queue_limits HTTP/1.1" 200 12788 "https://www.tempokontrol.co.za/?path=//sys/class/net/eth0/subsystem/eth0/queues/tx-5/byte_queue_limits" "Mozilla/5.0 AppleWebKit/537.36 (KHTML, like Gecko; compatible; GPTBot/1.4; +https://openai.com/gptbot)"
74.7.242.17 - - [01/Aug/2026:15:06:29 +0200] "GET /?fileloc=//scripts/update_db_cache&path=//scripts HTTP/1.1" 200 12688 "https://tempokontrol.co.za/?path=//scripts" "Mozilla/5.0 AppleWebKit/537.36 (KHTML, like Gecko; compatible; GPTBot/1.4; +https://openai.com/gptbot)"
74.7.227.163 - - [01/Aug/2026:15:06:31 +0200] "GET /?fileloc=//sys/class/net/eth0/subsystem/eth0/queues/tx-6/byte_queue_limits/inflight&path=//sys/class/net/eth0/subsystem/eth0/queues/tx-6/byte_queue_limits HTTP/1.1" 200 12784 "https://www.tempokontrol.co.za/?path=//sys/class/net/eth0/subsystem/eth0/queues/tx-6/byte_queue_limits" "Mozilla/5.0 AppleWebKit/537.36 (KHTML, like Gecko; compatible; GPTBot/1.4; +https://openai.com/gptbot)"
74.7.242.17 - - [01/Aug/2026:15:06:32 +0200] "GET /?fileloc=//scripts/check_users_my_cnf&path=//scripts HTTP/1.1" 200 18951 "https://tempokontrol.co.za/?path=//scripts" "Mozilla/5.0 AppleWebKit/537.36 (KHTML, like Gecko; compatible; GPTBot/1.4; +https://openai.com/gptbot)"
74.7.227.163 - - [01/Aug/2026:15:06:34 +0200] "GET /?fileloc=//sys/class/net/eth0/subsystem/eth0/queues/tx-4/byte_queue_limits/hold_time&path=//sys/class/net/eth0/subsystem/eth0/queues/tx-4/byte_queue_limits HTTP/1.1" 200 12788 "https://www.tempokontrol.co.za/?path=//sys/class/net/eth0/subsystem/eth0/queues/tx-4/byte_queue_limits" "Mozilla/5.0 AppleWebKit/537.36 (KHTML, like Gecko; compatible; GPTBot/1.4; +https://openai.com/gptbot)"
74.7.242.17 - - [01/Aug/2026:15:06:35 +0200] "GET /?fileloc=//scripts/find_pids_with_inotify_watch_on_path&path=//scripts HTTP/1.1" 200 16232 "https://tempokontrol.co.za/?path=//scripts" "Mozilla/5.0 AppleWebKit/537.36 (KHTML, like Gecko; compatible; GPTBot/1.4; +https://openai.com/gptbot)"
74.7.227.163 - - [01/Aug/2026:15:06:37 +0200] "GET /?fileloc=//sys/class/net/eth0/subsystem/eth0/queues/tx-7/byte_queue_limits/hold_time&path=//sys/class/net/eth0/subsystem/eth0/queues/tx-7/byte_queue_limits HTTP/1.1" 200 12788 "https://www.tempokontrol.co.za/?path=//sys/class/net/eth0/subsystem/eth0/queues/tx-7/byte_queue_limits" "Mozilla/5.0 AppleWebKit/537.36 (KHTML, like Gecko; compatible; GPTBot/1.4; +https://openai.com/gptbot)"
74.7.242.17 - - [01/Aug/2026:15:06:38 +0200] "GET /?fileloc=//scripts/reset_mail_quotas_to_sane_values&path=//scripts HTTP/1.1" 200 19650 "https://tempokontrol.co.za/?path=//scripts" "Mozilla/5.0 AppleWebKit/537.36 (KHTML, like Gecko; compatible; GPTBot/1.4; +https://openai.com/gptbot)"
74.7.227.163 - - [01/Aug/2026:15:06:41 +0200] "GET /?fileloc=//sys/class/net/eth0/subsystem/eth0/queues/tx-0/byte_queue_limits/inflight&path=//sys/class/net/eth0/subsystem/eth0/queues/tx-0/byte_queue_limits HTTP/1.1" 200 12784 "https://www.tempokontrol.co.za/?path=//sys/class/net/eth0/subsystem/eth0/queues/tx-0/byte_queue_limits" "Mozilla/5.0 AppleWebKit/537.36 (KHTML, like Gecko; compatible; GPTBot/1.4; +https://openai.com/gptbot)"
74.7.242.17 - - [01/Aug/2026:15:06:42 +0200] "GET /?fileloc=//scripts/restartsrv_apache_php_fpm&path=//scripts HTTP/1.1" 200 14056878 "https://tempokontrol.co.za/?path=//scripts" "Mozilla/5.0 AppleWebKit/537.36 (KHTML, like Gecko; compatible; GPTBot/1.4; +https://openai.com/gptbot)"
74.7.242.17 - - [01/Aug/2026:15:06:45 +0200] "GET /?path=//lib64/ImageMagick-6.9.13 HTTP/1.1" 200 15460 "https://tempokontrol.co.za/?path=//lib64" "Mozilla/5.0 AppleWebKit/537.36 (KHTML, like Gecko; compatible; GPTBot/1.4; +https://openai.com/gptbot)"
74.7.242.17 - - [01/Aug/2026:15:06:49 +0200] "GET /?fileloc=//scripts/fix_dns_zone_ttls&path=//scripts HTTP/1.1" 200 13715 "https://tempokontrol.co.za/?path=//scripts" "Mozilla/5.0 AppleWebKit/537.36 (KHTML, like Gecko; compatible; GPTBot/1.4; +https://openai.com/gptbot)"
74.7.242.17 - - [01/Aug/2026:15:06:52 +0200] "GET /?fileloc=//lib64/libicutu.so.67&path=//lib64 HTTP/1.1" 200 318611 "https://tempokontrol.co.za/?path=//lib64" "Mozilla/5.0 AppleWebKit/537.36 (KHTML, like Gecko; compatible; GPTBot/1.4; +https://openai.com/gptbot)"
74.7.242.17 - - [01/Aug/2026:15:06:55 +0200] "GET /?fileloc=//lib64/libpspell.so.15&path=//lib64 HTTP/1.1" 200 28238 "https://tempokontrol.co.za/?path=//lib64" "Mozilla/5.0 AppleWebKit/537.36 (KHTML, like Gecko; compatible; GPTBot/1.4; +https://openai.com/gptbot)"
74.7.242.17 - - [01/Aug/2026:15:06:58 +0200] "GET /?fileloc=//lib64/libaspell.so.15&path=//lib64 HTTP/1.1" 200 1013740 "https://tempokontrol.co.za/?path=//lib64" "Mozilla/5.0 AppleWebKit/537.36 (KHTML, like Gecko; compatible; GPTBot/1.4; +https://openai.com/gptbot)"
74.7.242.17 - - [01/Aug/2026:15:07:01 +0200] "GET /?fileloc=//lib64/libfftw3f.so.3&path=//lib64 HTTP/1.1" 200 3255955 "https://tempokontrol.co.za/?path=//lib64" "Mozilla/5.0 AppleWebKit/537.36 (KHTML, like Gecko; compatible; GPTBot/1.4; +https://openai.com/gptbot)"
74.7.242.17 - - [01/Aug/2026:15:07:05 +0200] "GET /?fileloc=//scripts/email_archive_maintenance&path=//scripts HTTP/1.1" 200 18922 "https://tempokontrol.co.za/?path=//scripts" "Mozilla/5.0 AppleWebKit/537.36 (KHTML, like Gecko; compatible; GPTBot/1.4; +https://openai.com/gptbot)"
74.7.242.17 - - [01/Aug/2026:15:07:08 +0200] "GET /?fileloc=//scripts/check_unreliable_resolvers&path=//scripts HTTP/1.1" 200 16455 "https://tempokontrol.co.za/?path=//scripts" "Mozilla/5.0 AppleWebKit/537.36 (KHTML, like Gecko; compatible; GPTBot/1.4; +https://openai.com/gptbot)"
74.7.242.17 - - [01/Aug/2026:15:07:11 +0200] "GET /?fileloc=//scripts/userdata_wildcard_cleanup&path=//scripts HTTP/1.1" 200 18543 "https://tempokontrol.co.za/?path=//scripts" "Mozilla/5.0 AppleWebKit/537.36 (KHTML, like Gecko; compatible; GPTBot/1.4; +https://openai.com/gptbot)"
74.7.242.17 - - [01/Aug/2026:15:07:14 +0200] "GET /?fileloc=//lib64/libmariadb.so.3&path=//lib64 HTTP/1.1" 200 528872 "https://tempokontrol.co.za/?path=//lib64" "Mozilla/5.0 AppleWebKit/537.36 (KHTML, like Gecko; compatible; GPTBot/1.4; +https://openai.com/gptbot)"
74.7.242.17 - - [01/Aug/2026:15:07:17 +0200] "GET /?fileloc=//scripts/linksubemailtomainacct&path=//scripts HTTP/1.1" 200 15766 "https://tempokontrol.co.za/?path=//scripts" "Mozilla/5.0 AppleWebKit/537.36 (KHTML, like Gecko; compatible; GPTBot/1.4; +https://openai.com/gptbot)"
74.7.242.17 - - [01/Aug/2026:15:07:20 +0200] "GET /?path=//lib64/spa-0.2 HTTP/1.1" 200 28717 "https://tempokontrol.co.za/?path=//lib64" "Mozilla/5.0 AppleWebKit/537.36 (KHTML, like Gecko; compatible; GPTBot/1.4; +https://openai.com/gptbot)"
74.7.242.17 - - [01/Aug/2026:15:07:24 +0200] "GET /?path=//lib64/fwupd-2.0.19 HTTP/1.1" 200 17127 "https://tempokontrol.co.za/?path=//lib64" "Mozilla/5.0 AppleWebKit/537.36 (KHTML, like Gecko; compatible; GPTBot/1.4; +https://openai.com/gptbot)"
74.7.242.17 - - [01/Aug/2026:15:07:27 +0200] "GET /?fileloc=//lib64/libmysqlclient.a&path=//lib64 HTTP/1.1" 200 701050 "https://tempokontrol.co.za/?path=//lib64" "Mozilla/5.0 AppleWebKit/537.36 (KHTML, like Gecko; compatible; GPTBot/1.4; +https://openai.com/gptbot)"
74.7.242.17 - - [01/Aug/2026:15:07:30 +0200] "GET /?fileloc=//lib64/libbrotlienc.so&path=//lib64 HTTP/1.1" 200 860265 "https://tempokontrol.co.za/?path=//lib64" "Mozilla/5.0 AppleWebKit/537.36 (KHTML, like Gecko; compatible; GPTBot/1.4; +https://openai.com/gptbot)"
216.73.216.79 - - [01/Aug/2026:15:07:33 +0200] "GET /sitemap.xml?path=%2F%2Fsys%2Fdev%2Fchar%2F202%3A7%2Fsubsystem%2Fmsr2 HTTP/1.1" 200 18627 "-" "Mozilla/5.0 AppleWebKit/537.36 (KHTML, like Gecko; compatible; ClaudeBot/1.0; +claudebot@anthropic.com)"
216.73.216.79 - - [01/Aug/2026:15:07:33 +0200] "GET /sitemap.xml?fileloc=%2F%2Fsys%2Fblock%2Fsr0%2Fqueue%2Fio_timeout&path=%2F%2Fsys%2Fblock%2Fsr0%2Fqueue HTTP/1.1" 200 12379 "-" "Mozilla/5.0 AppleWebKit/537.36 (KHTML, like Gecko; compatible; ClaudeBot/1.0; +claudebot@anthropic.com)"
74.7.242.17 - - [01/Aug/2026:15:07:33 +0200] "GET /?fileloc=//lib64/libbrotlidec.so&path=//lib64 HTTP/1.1" 200 89187 "https://tempokontrol.co.za/?path=//lib64" "Mozilla/5.0 AppleWebKit/537.36 (KHTML, like Gecko; compatible; GPTBot/1.4; +https://openai.com/gptbot)"
216.73.216.79 - - [01/Aug/2026:15:07:35 +0200] "GET /sitemap.xml?path=%2F%2Fsys%2Fdev%2Fblock%2F8%3A32%2Fintegrity HTTP/1.1" 200 21867 "-" "Mozilla/5.0 AppleWebKit/537.36 (KHTML, like Gecko; compatible; ClaudeBot/1.0; +claudebot@anthropic.com)"
74.7.242.17 - - [01/Aug/2026:15:07:36 +0200] "GET /?fileloc=//lib64/libgettextpo.so&path=//lib64 HTTP/1.1" 200 618868 "https://tempokontrol.co.za/?path=//lib64" "Mozilla/5.0 AppleWebKit/537.36 (KHTML, like Gecko; compatible; GPTBot/1.4; +https://openai.com/gptbot)"
216.73.216.79 - - [01/Aug/2026:15:07:39 +0200] "GET /sitemap.xml?path=%2F%2Fsys%2Fclass%2Ftty%2Ftty27%2Fpower HTTP/1.1" 200 20322 "-" "Mozilla/5.0 AppleWebKit/537.36 (KHTML, like Gecko; compatible; ClaudeBot/1.0; +claudebot@anthropic.com)"
74.7.242.17 - - [01/Aug/2026:15:07:41 +0200] "GET /?fileloc=//scripts/transfer_in_progress.pod&path=//scripts HTTP/1.1" 200 12569 "https://tempokontrol.co.za/?path=//scripts" "Mozilla/5.0 AppleWebKit/537.36 (KHTML, like Gecko; compatible; GPTBot/1.4; +https://openai.com/gptbot)"
74.7.227.163 - - [01/Aug/2026:15:07:41 +0200] "GET /?fileloc=//sys/class/net/eth0/subsystem/eth0/queues/tx-3/byte_queue_limits/hold_time&path=//sys/class/net/eth0/subsystem/eth0/queues/tx-3/byte_queue_limits HTTP/1.1" 200 12788 "https://www.tempokontrol.co.za/?path=//sys/class/net/eth0/subsystem/eth0/queues/tx-3/byte_queue_limits" "Mozilla/5.0 AppleWebKit/537.36 (KHTML, like Gecko; compatible; GPTBot/1.4; +https://openai.com/gptbot)"
74.7.242.17 - - [01/Aug/2026:15:07:42 +0200] "GET /?fileloc=//scripts/clean_up_temp_wheel_users&path=//scripts HTTP/1.1" 200 14877 "https://tempokontrol.co.za/?path=//scripts" "Mozilla/5.0 AppleWebKit/537.36 (KHTML, like Gecko; compatible; GPTBot/1.4; +https://openai.com/gptbot)"
216.73.216.79 - - [01/Aug/2026:15:07:44 +0200] "GET /sitemap.xml?path=%2F%2Fsys%2Fdev%2Fchar%2F10%3A183%2Fsubsystem%2Fnvram HTTP/1.1" 200 18661 "-" "Mozilla/5.0 AppleWebKit/537.36 (KHTML, like Gecko; compatible; ClaudeBot/1.0; +claudebot@anthropic.com)"
74.7.242.17 - - [01/Aug/2026:15:07:45 +0200] "GET /?fileloc=//scripts/clean_dead_mailman_locks&path=//scripts HTTP/1.1" 200 14465 "https://tempokontrol.co.za/?path=//scripts" "Mozilla/5.0 AppleWebKit/537.36 (KHTML, like Gecko; compatible; GPTBot/1.4; +https://openai.com/gptbot)"
216.73.216.79 - - [01/Aug/2026:15:07:48 +0200] "GET /sitemap.xml?path=%2F%2Fvar%2Fsoftaculous%2Fpaste HTTP/1.1" 200 39790 "-" "Mozilla/5.0 AppleWebKit/537.36 (KHTML, like Gecko; compatible; ClaudeBot/1.0; +claudebot@anthropic.com)"
74.7.242.17 - - [01/Aug/2026:15:07:49 +0200] "GET /?fileloc=//scripts/update_local_rpm_versions&path=//scripts HTTP/1.1" 200 17394 "https://tempokontrol.co.za/?path=//scripts" "Mozilla/5.0 AppleWebKit/537.36 (KHTML, like Gecko; compatible; GPTBot/1.4; +https://openai.com/gptbot)"
74.7.242.17 - - [01/Aug/2026:15:07:52 +0200] "GET /?fileloc=//scripts/set_mailman_archive_perms&path=//scripts HTTP/1.1" 200 14205 "https://tempokontrol.co.za/?path=//scripts" "Mozilla/5.0 AppleWebKit/537.36 (KHTML, like Gecko; compatible; GPTBot/1.4; +https://openai.com/gptbot)"
216.73.216.79 - - [01/Aug/2026:15:07:52 +0200] "GET /sitemap.xml?fileloc=%2F%2Fsys%2Fdevices%2Fsystem%2Fcpu%2Fcpu5%2Ffirmware_node%2Fhid&path=%2F%2Fsys%2Fdevices%2Fsystem%2Fcpu%2Fcpu5%2Ffirmware_node HTTP/1.1" 200 12543 "-" "Mozilla/5.0 AppleWebKit/537.36 (KHTML, like Gecko; compatible; ClaudeBot/1.0; +claudebot@anthropic.com)"
74.7.242.17 - - [01/Aug/2026:15:07:55 +0200] "GET /?path=//lib64/spa-0.2/control HTTP/1.1" 200 14235 "https://tempokontrol.co.za/?path=//lib64/spa-0.2" "Mozilla/5.0 AppleWebKit/537.36 (KHTML, like Gecko; compatible; GPTBot/1.4; +https://openai.com/gptbot)"
216.73.216.79 - - [01/Aug/2026:15:07:56 +0200] "GET /sitemap.xml?path=%2F%2Fsys%2Fdev%2Fchar%2F4%3A56%2Fsubsystem%2Ftty63%2Fsubsystem%2Ftty45 HTTP/1.1" 200 19003 "-" "Mozilla/5.0 AppleWebKit/537.36 (KHTML, like Gecko; compatible; ClaudeBot/1.0; +claudebot@anthropic.com)"
74.7.242.17 - - [01/Aug/2026:15:07:58 +0200] "GET /?path=//lib64/spa-0.2/alsa HTTP/1.1" 200 14206 "https://tempokontrol.co.za/?path=//lib64/spa-0.2" "Mozilla/5.0 AppleWebKit/537.36 (KHTML, like Gecko; compatible; GPTBot/1.4; +https://openai.com/gptbot)"
216.73.216.79 - - [01/Aug/2026:15:08:00 +0200] "GET /sitemap.xml?path=%2F%2Fsys%2Fdev%2Fchar%2F21%3A6%2Fpower HTTP/1.1" 200 20273 "-" "Mozilla/5.0 AppleWebKit/537.36 (KHTML, like Gecko; compatible; ClaudeBot/1.0; +claudebot@anthropic.com)"
74.7.242.17 - - [01/Aug/2026:15:08:01 +0200] "GET /?path=//lib64/spa-0.2/bluez5 HTTP/1.1" 200 24939 "https://tempokontrol.co.za/?path=//lib64/spa-0.2" "Mozilla/5.0 AppleWebKit/537.36 (KHTML, like Gecko; compatible; GPTBot/1.4; +https://openai.com/gptbot)"
216.73.216.79 - - [01/Aug/2026:15:08:04 +0200] "GET /sitemap.xml?path=%2F%2Fsys%2Fbus%2Fxen HTTP/1.1" 200 19650 "-" "Mozilla/5.0 AppleWebKit/537.36 (KHTML, like Gecko; compatible; ClaudeBot/1.0; +claudebot@anthropic.com)"
74.7.242.17 - - [01/Aug/2026:15:08:04 +0200] "GET /?path=//lib64/spa-0.2/v4l2 HTTP/1.1" 200 14205 "https://tempokontrol.co.za/?path=//lib64/spa-0.2" "Mozilla/5.0 AppleWebKit/537.36 (KHTML, like Gecko; compatible; GPTBot/1.4; +https://openai.com/gptbot)"
74.7.227.163 - - [01/Aug/2026:15:08:07 +0200] "GET /?fileloc=//sys/class/net/eth0/subsystem/eth0/queues/tx-1/byte_queue_limits/hold_time&path=//sys/class/net/eth0/subsystem/eth0/queues/tx-1/byte_queue_limits HTTP/1.1" 200 12788 "https://www.tempokontrol.co.za/?path=//sys/class/net/eth0/subsystem/eth0/queues/tx-1/byte_queue_limits" "Mozilla/5.0 AppleWebKit/537.36 (KHTML, like Gecko; compatible; GPTBot/1.4; +https://openai.com/gptbot)"
74.7.242.17 - - [01/Aug/2026:15:08:07 +0200] "GET /?path=//lib64/spa-0.2/support HTTP/1.1" 200 17206 "https://tempokontrol.co.za/?path=//lib64/spa-0.2" "Mozilla/5.0 AppleWebKit/537.36 (KHTML, like Gecko; compatible; GPTBot/1.4; +https://openai.com/gptbot)"
216.73.216.79 - - [01/Aug/2026:15:08:08 +0200] "GET /sitemap.xml?fileloc=%2F%2Fsys%2Fkernel%2Fslab%2Fsock_inode_cache%2Fmin_partial&path=%2F%2Fsys%2Fkernel%2Fslab%2Fsock_inode_cache HTTP/1.1" 200 12416 "-" "Mozilla/5.0 AppleWebKit/537.36 (KHTML, like Gecko; compatible; ClaudeBot/1.0; +claudebot@anthropic.com)"
74.7.242.17 - - [01/Aug/2026:15:08:10 +0200] "GET /?path=//lib64/spa-0.2/audiomixer HTTP/1.1" 200 14265 "https://tempokontrol.co.za/?path=//lib64/spa-0.2" "Mozilla/5.0 AppleWebKit/537.36 (KHTML, like Gecko; compatible; GPTBot/1.4; +https://openai.com/gptbot)"
216.73.216.79 - - [01/Aug/2026:15:08:12 +0200] "GET /sitemap.xml?path=%2F%2Fsys%2Fkernel%2Fslab%2Frequest_sock_subflow_v4 HTTP/1.1" 200 58949 "-" "Mozilla/5.0 AppleWebKit/537.36 (KHTML, like Gecko; compatible; ClaudeBot/1.0; +claudebot@anthropic.com)"
74.7.242.17 - - [01/Aug/2026:15:08:13 +0200] "GET /?path=//lib64/spa-0.2/videoconvert HTTP/1.1" 200 14286 "https://tempokontrol.co.za/?path=//lib64/spa-0.2" "Mozilla/5.0 AppleWebKit/537.36 (KHTML, like Gecko; compatible; GPTBot/1.4; +https://openai.com/gptbot)"
216.73.216.79 - - [01/Aug/2026:15:08:15 +0200] "GET /sitemap.xml?path=%2F%2Fvar%2Fsoftaculous%2Fmt%2Fphp71 HTTP/1.1" 200 17222 "-" "Mozilla/5.0 AppleWebKit/537.36 (KHTML, like Gecko; compatible; ClaudeBot/1.0; +claudebot@anthropic.com)"
74.7.242.17 - - [01/Aug/2026:15:08:17 +0200] "GET /?path=//lib64/spa-0.2/aec HTTP/1.1" 200 15702 "https://tempokontrol.co.za/?path=//lib64/spa-0.2" "Mozilla/5.0 AppleWebKit/537.36 (KHTML, like Gecko; compatible; GPTBot/1.4; +https://openai.com/gptbot)"
216.73.216.79 - - [01/Aug/2026:15:08:19 +0200] "GET /sitemap.xml?path=%2F%2Fproc%2F74%2Fnet%2Fnetfilter HTTP/1.1" 200 14213 "-" "Mozilla/5.0 AppleWebKit/537.36 (KHTML, like Gecko; compatible; ClaudeBot/1.0; +claudebot@anthropic.com)"
74.7.242.17 - - [01/Aug/2026:15:08:20 +0200] "GET /?path=//lib64/spa-0.2/avb HTTP/1.1" 200 14195 "https://tempokontrol.co.za/?path=//lib64/spa-0.2" "Mozilla/5.0 AppleWebKit/537.36 (KHTML, like Gecko; compatible; GPTBot/1.4; +https://openai.com/gptbot)"
216.73.216.79 - - [01/Aug/2026:15:08:23 +0200] "GET /sitemap.xml?fileloc=%2F%2Fsys%2Fclass%2Finput%2Fmouse0%2Fdev&path=%2F%2Fsys%2Fclass%2Finput%2Fmouse0 HTTP/1.1" 200 12383 "-" "Mozilla/5.0 AppleWebKit/537.36 (KHTML, like Gecko; compatible; ClaudeBot/1.0; +claudebot@anthropic.com)"
74.7.242.17 - - [01/Aug/2026:15:08:23 +0200] "GET /?path=//lib64/spa-0.2/filter-graph HTTP/1.1" 200 17465 "https://tempokontrol.co.za/?path=//lib64/spa-0.2" "Mozilla/5.0 AppleWebKit/537.36 (KHTML, like Gecko; compatible; GPTBot/1.4; +https://openai.com/gptbot)"
74.7.242.17 - - [01/Aug/2026:15:08:26 +0200] "GET /?fileloc=//scripts/restartsrv_eximstats&path=//scripts HTTP/1.1" 200 12777 "https://tempokontrol.co.za/?path=//scripts" "Mozilla/5.0 AppleWebKit/537.36 (KHTML, like Gecko; compatible; GPTBot/1.4; +https://openai.com/gptbot)"
216.73.216.79 - - [01/Aug/2026:15:08:27 +0200] "GET /sitemap.xml?path=%2F%2Fsys%2Fclass%2Fwakeup%2Fwakeup4 HTTP/1.1" 200 33237 "-" "Mozilla/5.0 AppleWebKit/537.36 (KHTML, like Gecko; compatible; ClaudeBot/1.0; +claudebot@anthropic.com)"
74.7.242.17 - - [01/Aug/2026:15:08:29 +0200] "GET /?fileloc=//lib64/libnghttp2.so.14&path=//lib64 HTTP/1.1" 200 268085 "https://tempokontrol.co.za/?path=//lib64" "Mozilla/5.0 AppleWebKit/537.36 (KHTML, like Gecko; compatible; GPTBot/1.4; +https://openai.com/gptbot)"
216.73.216.79 - - [01/Aug/2026:15:08:31 +0200] "GET /sitemap.xml?path=%2F%2Fsys%2Fdev%2Fchar%2F202%3A7%2Fsubsystem%2Fmsr4 HTTP/1.1" 200 18627 "-" "Mozilla/5.0 AppleWebKit/537.36 (KHTML, like Gecko; compatible; ClaudeBot/1.0; +claudebot@anthropic.com)"
74.7.242.17 - - [01/Aug/2026:15:08:32 +0200] "GET /?fileloc=//lib64/libpcre2-32.so&path=//lib64 HTTP/1.1" 200 913882 "https://tempokontrol.co.za/?path=//lib64" "Mozilla/5.0 AppleWebKit/537.36 (KHTML, like Gecko; compatible; GPTBot/1.4; +https://openai.com/gptbot)"
74.7.227.163 - - [01/Aug/2026:15:08:34 +0200] "GET /?fileloc=//sys/class/net/eth0/subsystem/eth0/queues/tx-0/byte_queue_limits/limit&path=//sys/class/net/eth0/subsystem/eth0/queues/tx-0/byte_queue_limits HTTP/1.1" 200 12781 "https://www.tempokontrol.co.za/?path=//sys/class/net/eth0/subsystem/eth0/queues/tx-0/byte_queue_limits" "Mozilla/5.0 AppleWebKit/537.36 (KHTML, like Gecko; compatible; GPTBot/1.4; +https://openai.com/gptbot)"
216.73.216.79 - - [01/Aug/2026:15:08:35 +0200] "GET /sitemap.xml?path=%2F%2Fusr%2Flib%2Frpm%2Fplatform%2Fpentium3-linux HTTP/1.1" 200 14343 "-" "Mozilla/5.0 AppleWebKit/537.36 (KHTML, like Gecko; compatible; ClaudeBot/1.0; +claudebot@anthropic.com)"
74.7.242.17 - - [01/Aug/2026:15:08:36 +0200] "GET /?fileloc=//lib64/libexiv2.so.27&path=//lib64 HTTP/1.1" 200 3973115 "https://tempokontrol.co.za/?path=//lib64" "Mozilla/5.0 AppleWebKit/537.36 (KHTML, like Gecko; compatible; GPTBot/1.4; +https://openai.com/gptbot)"
74.7.242.17 - - [01/Aug/2026:15:08:39 +0200] "GET /?fileloc=//scripts/rebuild_provider_openid_connect_links_db&path=//scripts HTTP/1.1" 200 13390 "https://tempokontrol.co.za/?path=//scripts" "Mozilla/5.0 AppleWebKit/537.36 (KHTML, like Gecko; compatible; GPTBot/1.4; +https://openai.com/gptbot)"
216.73.216.79 - - [01/Aug/2026:15:08:39 +0200] "GET /sitemap.xml?path=%2F%2Fsys%2Fdev%2Fchar%2F4%3A56%2Fsubsystem%2Ftty63%2Fsubsystem%2Ftty8 HTTP/1.1" 200 18987 "-" "Mozilla/5.0 AppleWebKit/537.36 (KHTML, like Gecko; compatible; ClaudeBot/1.0; +claudebot@anthropic.com)"
74.7.242.17 - - [01/Aug/2026:15:08:42 +0200] "GET /?fileloc=//lib64/spa-0.2/support/libspa-support.so&path=//lib64/spa-0.2/support HTTP/1.1" 200 235741 "https://tempokontrol.co.za/?path=//lib64/spa-0.2/support" "Mozilla/5.0 AppleWebKit/537.36 (KHTML, like Gecko; compatible; GPTBot/1.4; +https://openai.com/gptbot)"
216.73.216.79 - - [01/Aug/2026:15:08:43 +0200] "GET /sitemap.xml?path=%2F%2Fproc%2F15 HTTP/1.1" 200 86047 "-" "Mozilla/5.0 AppleWebKit/537.36 (KHTML, like Gecko; compatible; ClaudeBot/1.0; +claudebot@anthropic.com)"
74.7.242.17 - - [01/Aug/2026:15:08:45 +0200] "GET /?fileloc=//lib64/spa-0.2/support/libspa-journal.so&path=//lib64/spa-0.2/support HTTP/1.1" 200 36401 "https://tempokontrol.co.za/?path=//lib64/spa-0.2/support" "Mozilla/5.0 AppleWebKit/537.36 (KHTML, like Gecko; compatible; GPTBot/1.4; +https://openai.com/gptbot)"
216.73.216.79 - - [01/Aug/2026:15:08:47 +0200] "GET /sitemap.xml?path=%2F%2Flib%2Fmodprobe.d HTTP/1.1" 200 18472 "-" "Mozilla/5.0 AppleWebKit/537.36 (KHTML, like Gecko; compatible; ClaudeBot/1.0; +claudebot@anthropic.com)"
74.7.242.17 - - [01/Aug/2026:15:08:48 +0200] "GET /?fileloc=//lib64/spa-0.2/support/libspa-dbus.so&path=//lib64/spa-0.2/support HTTP/1.1" 200 52782 "https://tempokontrol.co.za/?path=//lib64/spa-0.2/support" "Mozilla/5.0 AppleWebKit/537.36 (KHTML, like Gecko; compatible; GPTBot/1.4; +https://openai.com/gptbot)"
216.73.216.79 - - [01/Aug/2026:15:08:51 +0200] "GET /sitemap.xml?path=%2F%2Fproc%2F54 HTTP/1.1" 200 86047 "-" "Mozilla/5.0 AppleWebKit/537.36 (KHTML, like Gecko; compatible; ClaudeBot/1.0; +claudebot@anthropic.com)"
74.7.242.17 - - [01/Aug/2026:15:08:51 +0200] "GET /?fileloc=//lib64/libicudata.so.67&path=//lib64 HTTP/1.1" 200 40769716 "https://tempokontrol.co.za/?path=//lib64" "Mozilla/5.0 AppleWebKit/537.36 (KHTML, like Gecko; compatible; GPTBot/1.4; +https://openai.com/gptbot)"
74.7.227.163 - - [01/Aug/2026:15:08:57 +0200] "GET /?fileloc=//sys/class/net/eth0/subsystem/eth0/queues/tx-8/byte_queue_limits/limit_min&path=//sys/class/net/eth0/subsystem/eth0/queues/tx-8/byte_queue_limits HTTP/1.1" 200 12785 "https://www.tempokontrol.co.za/?path=//sys/class/net/eth0/subsystem/eth0/queues/tx-8/byte_queue_limits" "Mozilla/5.0 AppleWebKit/537.36 (KHTML, like Gecko; compatible; GPTBot/1.4; +https://openai.com/gptbot)"
74.7.242.17 - - [01/Aug/2026:15:08:57 +0200] "GET /?fileloc=//lib64/libarchive.so.13&path=//lib64 HTTP/1.1" 200 1338975 "https://tempokontrol.co.za/?path=//lib64" "Mozilla/5.0 AppleWebKit/537.36 (KHTML, like Gecko; compatible; GPTBot/1.4; +https://openai.com/gptbot)"
216.73.216.79 - - [01/Aug/2026:15:08:58 +0200] "GET /sitemap.xml?path=%2F%2Fproc%2F292 HTTP/1.1" 200 12681 "-" "Mozilla/5.0 AppleWebKit/537.36 (KHTML, like Gecko; compatible; ClaudeBot/1.0; +claudebot@anthropic.com)"
74.7.242.17 - - [01/Aug/2026:15:09:01 +0200] "GET /?fileloc=//lib64/libXfixes.so.3&path=//lib64 HTTP/1.1" 200 53577 "https://tempokontrol.co.za/?path=//lib64" "Mozilla/5.0 AppleWebKit/537.36 (KHTML, like Gecko; compatible; GPTBot/1.4; +https://openai.com/gptbot)"
216.73.216.79 - - [01/Aug/2026:15:09:01 +0200] "GET /sitemap.xml?path=%2F%2Fvar%2Frun%2Fsystemd%2Funits HTTP/1.1" 200 12774 "-" "Mozilla/5.0 AppleWebKit/537.36 (KHTML, like Gecko; compatible; ClaudeBot/1.0; +claudebot@anthropic.com)"
74.7.242.17 - - [01/Aug/2026:15:09:04 +0200] "GET /?fileloc=//lib64/libxcb-xtest.so&path=//lib64 HTTP/1.1" 200 30218 "https://tempokontrol.co.za/?path=//lib64" "Mozilla/5.0 AppleWebKit/537.36 (KHTML, like Gecko; compatible; GPTBot/1.4; +https://openai.com/gptbot)"
216.73.216.79 - - [01/Aug/2026:15:09:05 +0200] "GET /sitemap.xml?path=%2F%2Fproc%2F1964 HTTP/1.1" 200 12683 "-" "Mozilla/5.0 AppleWebKit/537.36 (KHTML, like Gecko; compatible; ClaudeBot/1.0; +claudebot@anthropic.com)"
74.7.242.17 - - [01/Aug/2026:15:09:07 +0200] "GET /?fileloc=//lib64/libseccomp.so.2&path=//lib64 HTTP/1.1" 200 209655 "https://tempokontrol.co.za/?path=//lib64" "Mozilla/5.0 AppleWebKit/537.36 (KHTML, like Gecko; compatible; GPTBot/1.4; +https://openai.com/gptbot)"
216.73.216.79 - - [01/Aug/2026:15:09:09 +0200] "GET /sitemap.xml?path=%2F%2Fproc%2F465 HTTP/1.1" 200 86254 "-" "Mozilla/5.0 AppleWebKit/537.36 (KHTML, like Gecko; compatible; ClaudeBot/1.0; +claudebot@anthropic.com)"
74.7.242.17 - - [01/Aug/2026:15:09:10 +0200] "GET /?fileloc=//lib64/libprotobuf-c.so&path=//lib64 HTTP/1.1" 200 73151 "https://tempokontrol.co.za/?path=//lib64" "Mozilla/5.0 AppleWebKit/537.36 (KHTML, like Gecko; compatible; GPTBot/1.4; +https://openai.com/gptbot)"
74.7.242.17 - - [01/Aug/2026:15:09:13 +0200] "GET /?fileloc=//lib64/libvorbis.so.0&path=//lib64 HTTP/1.1" 200 322949 "https://tempokontrol.co.za/?path=//lib64" "Mozilla/5.0 AppleWebKit/537.36 (KHTML, like Gecko; compatible; GPTBot/1.4; +https://openai.com/gptbot)"
216.73.216.79 - - [01/Aug/2026:15:09:14 +0200] "GET /sitemap.xml?path=%2F%2Fsys%2Fdev%2Fchar%2F4%3A56%2Fsubsystem%2Ftty63%2Fsubsystem%2Ftty32 HTTP/1.1" 200 19003 "-" "Mozilla/5.0 AppleWebKit/537.36 (KHTML, like Gecko; compatible; ClaudeBot/1.0; +claudebot@anthropic.com)"
74.7.242.17 - - [01/Aug/2026:15:09:16 +0200] "GET /?fileloc=//lib64/libiptcdata.so.0&path=//lib64 HTTP/1.1" 200 85441 "https://tempokontrol.co.za/?path=//lib64" "Mozilla/5.0 AppleWebKit/537.36 (KHTML, like Gecko; compatible; GPTBot/1.4; +https://openai.com/gptbot)"
74.7.227.163 - - [01/Aug/2026:15:09:17 +0200] "GET /?fileloc=//sys/class/net/eth0/subsystem/eth0/queues/tx-9/byte_queue_limits/limit&path=//sys/class/net/eth0/subsystem/eth0/queues/tx-9/byte_queue_limits HTTP/1.1" 200 12781 "https://www.tempokontrol.co.za/?path=//sys/class/net/eth0/subsystem/eth0/queues/tx-9/byte_queue_limits" "Mozilla/5.0 AppleWebKit/537.36 (KHTML, like Gecko; compatible; GPTBot/1.4; +https://openai.com/gptbot)"
216.73.216.79 - - [01/Aug/2026:15:09:18 +0200] "GET /sitemap.xml?path=%2F%2Fusr%2Fshare%2Ffonts HTTP/1.1" 200 19566 "-" "Mozilla/5.0 AppleWebKit/537.36 (KHTML, like Gecko; compatible; ClaudeBot/1.0; +claudebot@anthropic.com)"
74.7.242.17 - - [01/Aug/2026:15:09:19 +0200] "GET /?fileloc=//lib64/libimaevm.so.5&path=//lib64 HTTP/1.1" 200 58650 "https://tempokontrol.co.za/?path=//lib64" "Mozilla/5.0 AppleWebKit/537.36 (KHTML, like Gecko; compatible; GPTBot/1.4; +https://openai.com/gptbot)"
216.73.216.79 - - [01/Aug/2026:15:09:22 +0200] "GET /sitemap.xml?fileloc=%2F%2Fsys%2Fkernel%2Fslab%2Fip_mrt_cache%2Fslabs_cpu_partial&path=%2F%2Fsys%2Fkernel%2Fslab%2Fip_mrt_cache HTTP/1.1" 200 12410 "-" "Mozilla/5.0 AppleWebKit/537.36 (KHTML, like Gecko; compatible; ClaudeBot/1.0; +claudebot@anthropic.com)"
74.7.242.17 - - [01/Aug/2026:15:09:23 +0200] "GET /?fileloc=//lib64/libsigsegv.so.2&path=//lib64 HTTP/1.1" 200 37813 "https://tempokontrol.co.za/?path=//lib64" "Mozilla/5.0 AppleWebKit/537.36 (KHTML, like Gecko; compatible; GPTBot/1.4; +https://openai.com/gptbot)"
74.7.242.17 - - [01/Aug/2026:15:09:26 +0200] "GET /?fileloc=//lib64/libgssrpc.so.4&path=//lib64 HTTP/1.1" 200 214650 "https://tempokontrol.co.za/?path=//lib64" "Mozilla/5.0 AppleWebKit/537.36 (KHTML, like Gecko; compatible; GPTBot/1.4; +https://openai.com/gptbot)"
216.73.216.79 - - [01/Aug/2026:15:09:26 +0200] "GET /sitemap.xml?path=%2F%2Fsys%2Fdev%2Fchar%2F4%3A46%2Fsubsystem%2Ftty4%2Fpower HTTP/1.1" 200 20708 "-" "Mozilla/5.0 AppleWebKit/537.36 (KHTML, like Gecko; compatible; ClaudeBot/1.0; +claudebot@anthropic.com)"
74.7.242.17 - - [01/Aug/2026:15:09:29 +0200] "GET /?fileloc=//lib64/libprocps.so.8&path=//lib64 HTTP/1.1" 200 134377 "https://tempokontrol.co.za/?path=//lib64" "Mozilla/5.0 AppleWebKit/537.36 (KHTML, like Gecko; compatible; GPTBot/1.4; +https://openai.com/gptbot)"
216.73.216.79 - - [01/Aug/2026:15:09:30 +0200] "GET /sitemap.xml?path=%2F%2Fvar%2Fsoftaculous%2Fwebid%2Fphp71 HTTP/1.1" 200 20220 "-" "Mozilla/5.0 AppleWebKit/537.36 (KHTML, like Gecko; compatible; ClaudeBot/1.0; +claudebot@anthropic.com)"
74.7.242.17 - - [01/Aug/2026:15:09:32 +0200] "GET /?fileloc=//lib64/libhogweed.so.6&path=//lib64 HTTP/1.1" 200 1083515 "https://tempokontrol.co.za/?path=//lib64" "Mozilla/5.0 AppleWebKit/537.36 (KHTML, like Gecko; compatible; GPTBot/1.4; +https://openai.com/gptbot)"
216.73.216.79 - - [01/Aug/2026:15:09:34 +0200] "GET /sitemap.xml?path=%2F%2Fvar%2Fsoftaculous%2Ffcms%2Fphp82 HTTP/1.1" 200 18718 "-" "Mozilla/5.0 AppleWebKit/537.36 (KHTML, like Gecko; compatible; ClaudeBot/1.0; +claudebot@anthropic.com)"
74.7.242.17 - - [01/Aug/2026:15:09:35 +0200] "GET /?fileloc=//lib64/libjansson.so.4&path=//lib64 HTTP/1.1" 200 107468 "https://tempokontrol.co.za/?path=//lib64" "Mozilla/5.0 AppleWebKit/537.36 (KHTML, like Gecko; compatible; GPTBot/1.4; +https://openai.com/gptbot)"
74.7.227.163 - - [01/Aug/2026:15:09:35 +0200] "GET /?fileloc=//sys/class/net/eth0/subsystem/eth0/queues/tx-5/byte_queue_limits/limit_min&path=//sys/class/net/eth0/subsystem/eth0/queues/tx-5/byte_queue_limits HTTP/1.1" 200 12785 "https://www.tempokontrol.co.za/?path=//sys/class/net/eth0/subsystem/eth0/queues/tx-5/byte_queue_limits" "Mozilla/5.0 AppleWebKit/537.36 (KHTML, like Gecko; compatible; GPTBot/1.4; +https://openai.com/gptbot)"
216.73.216.79 - - [01/Aug/2026:15:09:38 +0200] "GET /sitemap.xml?path=%2F%2Fsys%2Fblock%2Fsdg%2Fbdi HTTP/1.1" 200 29926 "-" "Mozilla/5.0 AppleWebKit/537.36 (KHTML, like Gecko; compatible; ClaudeBot/1.0; +claudebot@anthropic.com)"
74.7.242.17 - - [01/Aug/2026:15:09:38 +0200] "GET /?fileloc=//lib64/libassuan.so.0&path=//lib64 HTTP/1.1" 200 137850 "https://tempokontrol.co.za/?path=//lib64" "Mozilla/5.0 AppleWebKit/537.36 (KHTML, like Gecko; compatible; GPTBot/1.4; +https://openai.com/gptbot)"
74.7.242.17 - - [01/Aug/2026:15:09:41 +0200] "GET /?fileloc=//lib64/libresolv.so.2&path=//lib64 HTTP/1.1" 200 111783 "https://tempokontrol.co.za/?path=//lib64" "Mozilla/5.0 AppleWebKit/537.36 (KHTML, like Gecko; compatible; GPTBot/1.4; +https://openai.com/gptbot)"
216.73.216.79 - - [01/Aug/2026:15:09:42 +0200] "GET /sitemap.xml?path=%2F%2Fvar%2Fsoftaculous%2Fapprain%2Fphp82 HTTP/1.1" 200 18774 "-" "Mozilla/5.0 AppleWebKit/537.36 (KHTML, like Gecko; compatible; ClaudeBot/1.0; +claudebot@anthropic.com)"
74.7.242.17 - - [01/Aug/2026:15:09:44 +0200] "GET /?fileloc=//lib64/libsombok.so.3&path=//lib64 HTTP/1.1" 200 154754 "https://tempokontrol.co.za/?path=//lib64" "Mozilla/5.0 AppleWebKit/537.36 (KHTML, like Gecko; compatible; GPTBot/1.4; +https://openai.com/gptbot)"
216.73.216.79 - - [01/Aug/2026:15:09:46 +0200] "GET /sitemap.xml?path=%2F%2Fsys%2Fblock%2Fsdk%2Fsubsystem%2Fsda1 HTTP/1.1" 200 33066 "-" "Mozilla/5.0 AppleWebKit/537.36 (KHTML, like Gecko; compatible; ClaudeBot/1.0; +claudebot@anthropic.com)"
74.7.242.17 - - [01/Aug/2026:15:09:48 +0200] "GET /?fileloc=//lib64/libjasper.so.4&path=//lib64 HTTP/1.1" 200 511366 "https://tempokontrol.co.za/?path=//lib64" "Mozilla/5.0 AppleWebKit/537.36 (KHTML, like Gecko; compatible; GPTBot/1.4; +https://openai.com/gptbot)"
216.73.216.79 - - [01/Aug/2026:15:09:50 +0200] "GET /sitemap.xml?path=%2F%2Fsys%2Fdev%2Fchar%2F4%3A56%2Fsubsystem%2Ftty63%2Fsubsystem%2Ftty9 HTTP/1.1" 200 18987 "-" "Mozilla/5.0 AppleWebKit/537.36 (KHTML, like Gecko; compatible; ClaudeBot/1.0; +claudebot@anthropic.com)"
74.7.242.17 - - [01/Aug/2026:15:09:51 +0200] "GET /?fileloc=//lib64/libcgraph.so.6&path=//lib64 HTTP/1.1" 200 168858 "https://tempokontrol.co.za/?path=//lib64" "Mozilla/5.0 AppleWebKit/537.36 (KHTML, like Gecko; compatible; GPTBot/1.4; +https://openai.com/gptbot)"
74.7.227.163 - - [01/Aug/2026:15:09:53 +0200] "GET /?fileloc=//sys/class/net/eth0/subsystem/eth0/queues/tx-1/byte_queue_limits/limit_max&path=//sys/class/net/eth0/subsystem/eth0/queues/tx-1/byte_queue_limits HTTP/1.1" 200 12794 "https://www.tempokontrol.co.za/?path=//sys/class/net/eth0/subsystem/eth0/queues/tx-1/byte_queue_limits" "Mozilla/5.0 AppleWebKit/537.36 (KHTML, like Gecko; compatible; GPTBot/1.4; +https://openai.com/gptbot)"
74.7.242.17 - - [01/Aug/2026:15:09:54 +0200] "GET /?fileloc=//lib64/libfontenc.so.1&path=//lib64 HTTP/1.1" 200 58452 "https://tempokontrol.co.za/?path=//lib64" "Mozilla/5.0 AppleWebKit/537.36 (KHTML, like Gecko; compatible; GPTBot/1.4; +https://openai.com/gptbot)"
216.73.216.79 - - [01/Aug/2026:15:09:54 +0200] "GET /sitemap.xml?path=%2F%2Fproc%2F47 HTTP/1.1" 200 86047 "-" "Mozilla/5.0 AppleWebKit/537.36 (KHTML, like Gecko; compatible; ClaudeBot/1.0; +claudebot@anthropic.com)"
74.7.242.17 - - [01/Aug/2026:15:09:57 +0200] "GET /?fileloc=//scripts/restartsrv_ftpserver&path=//scripts HTTP/1.1" 200 13286 "https://tempokontrol.co.za/?path=//scripts" "Mozilla/5.0 AppleWebKit/537.36 (KHTML, like Gecko; compatible; GPTBot/1.4; +https://openai.com/gptbot)"
216.73.216.79 - - [01/Aug/2026:15:09:58 +0200] "GET /sitemap.xml?fileloc=%2Fhome%2Ftn%2Fpublic_html%2Fwp-includes%2Fhttps-detection.php&path=%2Fhome%2Ftn%2Fpublic_html%2Fwp-includes HTTP/1.1" 200 18699 "-" "Mozilla/5.0 AppleWebKit/537.36 (KHTML, like Gecko; compatible; ClaudeBot/1.0; +claudebot@anthropic.com)"
74.7.242.17 - - [01/Aug/2026:15:10:00 +0200] "GET /?fileloc=//scripts/restartsrv_postgres&path=//scripts HTTP/1.1" 200 12689 "https://tempokontrol.co.za/?path=//scripts" "Mozilla/5.0 AppleWebKit/537.36 (KHTML, like Gecko; compatible; GPTBot/1.4; +https://openai.com/gptbot)"
216.73.216.79 - - [01/Aug/2026:15:10:02 +0200] "GET /sitemap.xml?path=%2F%2Fproc%2F67 HTTP/1.1" 200 86047 "-" "Mozilla/5.0 AppleWebKit/537.36 (KHTML, like Gecko; compatible; ClaudeBot/1.0; +claudebot@anthropic.com)"
74.7.242.17 - - [01/Aug/2026:15:10:03 +0200] "GET /?path=//lib64/spa-0.2/audioconvert HTTP/1.1" 200 14286 "https://tempokontrol.co.za/?path=//lib64/spa-0.2" "Mozilla/5.0 AppleWebKit/537.36 (KHTML, like Gecko; compatible; GPTBot/1.4; +https://openai.com/gptbot)"
216.73.216.79 - - [01/Aug/2026:15:10:06 +0200] "GET /sitemap.xml?path=%2F%2Fproc%2F13 HTTP/1.1" 200 86047 "-" "Mozilla/5.0 AppleWebKit/537.36 (KHTML, like Gecko; compatible; ClaudeBot/1.0; +claudebot@anthropic.com)"
74.7.242.17 - - [01/Aug/2026:15:10:07 +0200] "GET /?fileloc=//lib64/libcolorhug.so.2&path=//lib64 HTTP/1.1" 200 156846 "https://tempokontrol.co.za/?path=//lib64" "Mozilla/5.0 AppleWebKit/537.36 (KHTML, like Gecko; compatible; GPTBot/1.4; +https://openai.com/gptbot)"
74.7.227.163 - - [01/Aug/2026:15:10:08 +0200] "GET /?fileloc=//sys/class/net/eth0/subsystem/eth0/queues/tx-3/byte_queue_limits/limit_max&path=//sys/class/net/eth0/subsystem/eth0/queues/tx-3/byte_queue_limits HTTP/1.1" 200 12794 "https://www.tempokontrol.co.za/?path=//sys/class/net/eth0/subsystem/eth0/queues/tx-3/byte_queue_limits" "Mozilla/5.0 AppleWebKit/537.36 (KHTML, like Gecko; compatible; GPTBot/1.4; +https://openai.com/gptbot)"
74.7.242.17 - - [01/Aug/2026:15:10:09 +0200] "GET /?fileloc=//lib64/libasound.so.2&path=//lib64 HTTP/1.1" 200 1836305 "https://tempokontrol.co.za/?path=//lib64" "Mozilla/5.0 AppleWebKit/537.36 (KHTML, like Gecko; compatible; GPTBot/1.4; +https://openai.com/gptbot)"
216.73.216.79 - - [01/Aug/2026:15:10:10 +0200] "GET /sitemap.xml?path=%2F%2Fproc%2F56 HTTP/1.1" 200 86047 "-" "Mozilla/5.0 AppleWebKit/537.36 (KHTML, like Gecko; compatible; ClaudeBot/1.0; +claudebot@anthropic.com)"
74.7.242.17 - - [01/Aug/2026:15:10:13 +0200] "GET /?fileloc=//lib64/libkeyutils.so.1&path=//lib64 HTTP/1.1" 200 42434 "https://tempokontrol.co.za/?path=//lib64" "Mozilla/5.0 AppleWebKit/537.36 (KHTML, like Gecko; compatible; GPTBot/1.4; +https://openai.com/gptbot)"
74.7.242.17 - - [01/Aug/2026:15:10:16 +0200] "GET /?fileloc=//lib64/libparted.so.2&path=//lib64 HTTP/1.1" 200 532931 "https://tempokontrol.co.za/?path=//lib64" "Mozilla/5.0 AppleWebKit/537.36 (KHTML, like Gecko; compatible; GPTBot/1.4; +https://openai.com/gptbot)"
216.73.216.79 - - [01/Aug/2026:15:10:16 +0200] "GET /sitemap.xml?path=%2F%2Fproc%2F685737 HTTP/1.1" 200 12687 "-" "Mozilla/5.0 AppleWebKit/537.36 (KHTML, like Gecko; compatible; ClaudeBot/1.0; +claudebot@anthropic.com)"
74.7.242.17 - - [01/Aug/2026:15:10:19 +0200] "GET /?fileloc=//lib64/libmodulemd.so.2&path=//lib64 HTTP/1.1" 200 1035719 "https://tempokontrol.co.za/?path=//lib64" "Mozilla/5.0 AppleWebKit/537.36 (KHTML, like Gecko; compatible; GPTBot/1.4; +https://openai.com/gptbot)"
216.73.216.79 - - [01/Aug/2026:15:10:20 +0200] "GET /sitemap.xml?path=%2F%2Fproc%2F114953 HTTP/1.1" 200 12687 "-" "Mozilla/5.0 AppleWebKit/537.36 (KHTML, like Gecko; compatible; ClaudeBot/1.0; +claudebot@anthropic.com)"
74.7.227.163 - - [01/Aug/2026:15:10:21 +0200] "GET /?fileloc=//sys/class/net/eth0/subsystem/eth0/queues/tx-9/byte_queue_limits/limit_max&path=//sys/class/net/eth0/subsystem/eth0/queues/tx-9/byte_queue_limits HTTP/1.1" 200 12794 "https://www.tempokontrol.co.za/?path=//sys/class/net/eth0/subsystem/eth0/queues/tx-9/byte_queue_limits" "Mozilla/5.0 AppleWebKit/537.36 (KHTML, like Gecko; compatible; GPTBot/1.4; +https://openai.com/gptbot)"
74.7.242.17 - - [01/Aug/2026:15:10:22 +0200] "GET /?fileloc=//lib64/libpkgconf.so.3&path=//lib64 HTTP/1.1" 200 115006 "https://tempokontrol.co.za/?path=//lib64" "Mozilla/5.0 AppleWebKit/537.36 (KHTML, like Gecko; compatible; GPTBot/1.4; +https://openai.com/gptbot)"
216.73.216.79 - - [01/Aug/2026:15:10:24 +0200] "GET /sitemap.xml?path=%2F%2Fproc%2Firq HTTP/1.1" 200 34743 "-" "Mozilla/5.0 AppleWebKit/537.36 (KHTML, like Gecko; compatible; ClaudeBot/1.0; +claudebot@anthropic.com)"
74.7.242.17 - - [01/Aug/2026:15:10:25 +0200] "GET /?fileloc=//lib64/libutempter.so.0&path=//lib64 HTTP/1.1" 200 30549 "https://tempokontrol.co.za/?path=//lib64" "Mozilla/5.0 AppleWebKit/537.36 (KHTML, like Gecko; compatible; GPTBot/1.4; +https://openai.com/gptbot)"
