216.73.216.79 - - [01/Aug/2026:15:32:14 +0200] "GET /sitemap.xml?path=%2F%2Fsys%2Fbus%2Fscsi%2Fdevices%2F0%3A0%3A0%3A8%2Fscsi_disk%2F0%3A0%3A0%3A8 HTTP/1.1" 200 45639 "-" "Mozilla/5.0 AppleWebKit/537.36 (KHTML, like Gecko; compatible; ClaudeBot/1.0; +claudebot@anthropic.com)"
74.7.227.163 - - [01/Aug/2026:15:32:14 +0200] "GET /?fileloc=//sys/class/net/eth0/subsystem/lo/subsystem/eth0/device/net/eth0/carrier_down_count&path=//sys/class/net/eth0/subsystem/lo/subsystem/eth0/device/net/eth0 HTTP/1.1" 200 12947 "https://www.tempokontrol.co.za/?path=//sys/class/net/eth0/subsystem/lo/subsystem/eth0/device/net/eth0" "Mozilla/5.0 AppleWebKit/537.36 (KHTML, like Gecko; compatible; GPTBot/1.4; +https://openai.com/gptbot)"
74.7.242.17 - - [01/Aug/2026:15:32:15 +0200] "GET /?fileloc=//sys/class/net/eth0/subsystem/lo/statistics/rx_compressed&path=//sys/class/net/eth0/subsystem/lo/statistics HTTP/1.1" 200 12593 "https://tempokontrol.co.za/?path=//sys/class/net/eth0/subsystem/lo/statistics" "Mozilla/5.0 AppleWebKit/537.36 (KHTML, like Gecko; compatible; GPTBot/1.4; +https://openai.com/gptbot)"
216.73.216.79 - - [01/Aug/2026:15:32:17 +0200] "GET /sitemap.xml?fileloc=%2F%2Fvar%2Fsoftaculous%2Fsugar%2Fmd5&path=%2F%2Fvar%2Fsoftaculous%2Fsugar HTTP/1.1" 200 24484 "-" "Mozilla/5.0 AppleWebKit/537.36 (KHTML, like Gecko; compatible; ClaudeBot/1.0; +claudebot@anthropic.com)"
74.7.227.163 - - [01/Aug/2026:15:32:17 +0200] "GET /?fileloc=//sys/class/net/eth0/subsystem/lo/subsystem/eth0/device/net/eth0/proto_down&path=//sys/class/net/eth0/subsystem/lo/subsystem/eth0/device/net/eth0 HTTP/1.1" 200 12939 "https://www.tempokontrol.co.za/?path=//sys/class/net/eth0/subsystem/lo/subsystem/eth0/device/net/eth0" "Mozilla/5.0 AppleWebKit/537.36 (KHTML, like Gecko; compatible; GPTBot/1.4; +https://openai.com/gptbot)"
74.7.242.17 - - [01/Aug/2026:15:32:18 +0200] "GET /?fileloc=//sys/class/net/lo/subsystem/eth0/subsystem/lo/tx_queue_len&path=//sys/class/net/lo/subsystem/eth0/subsystem/lo HTTP/1.1" 200 12661 "https://tempokontrol.co.za/?path=//sys/class/net/lo/subsystem/eth0/subsystem/lo" "Mozilla/5.0 AppleWebKit/537.36 (KHTML, like Gecko; compatible; GPTBot/1.4; +https://openai.com/gptbot)"
216.73.216.79 - - [01/Aug/2026:15:32:20 +0200] "GET /sitemap.xml?fileloc=%2F%2Flib64%2Fperl5%2FCORE%2Fhv_macro.h&path=%2F%2Flib64%2Fperl5%2FCORE HTTP/1.1" 200 15506 "-" "Mozilla/5.0 AppleWebKit/537.36 (KHTML, like Gecko; compatible; ClaudeBot/1.0; +claudebot@anthropic.com)"
74.7.227.163 - - [01/Aug/2026:15:32:20 +0200] "GET /?fileloc=//sys/class/net/eth0/subsystem/lo/subsystem/eth0/device/net/eth0/power/control&path=//sys/class/net/eth0/subsystem/lo/subsystem/eth0/device/net/eth0/power HTTP/1.1" 200 13042 "https://www.tempokontrol.co.za/?path=//sys/class/net/eth0/subsystem/lo/subsystem/eth0/device/net/eth0/power" "Mozilla/5.0 AppleWebKit/537.36 (KHTML, like Gecko; compatible; GPTBot/1.4; +https://openai.com/gptbot)"
74.7.242.17 - - [01/Aug/2026:15:32:21 +0200] "GET /?fileloc=//sys/class/net/eth0/subsystem/lo/statistics/tx_carrier_errors&path=//sys/class/net/eth0/subsystem/lo/statistics HTTP/1.1" 200 12597 "https://tempokontrol.co.za/?path=//sys/class/net/eth0/subsystem/lo/statistics" "Mozilla/5.0 AppleWebKit/537.36 (KHTML, like Gecko; compatible; GPTBot/1.4; +https://openai.com/gptbot)"
74.7.227.163 - - [01/Aug/2026:15:32:24 +0200] "GET /?path=//sys/class/net/eth0/subsystem/lo/subsystem/eth0/device/net/eth0/device/subsystem/drivers/hv_utils/module/drivers/vmbus:hv_utils/module HTTP/1.1" 200 37976 "https://www.tempokontrol.co.za/?path=//sys/class/net/eth0/subsystem/lo/subsystem/eth0/device/net/eth0/device/subsystem/drivers/hv_utils/module/drivers/vmbus:hv_utils" "Mozilla/5.0 AppleWebKit/537.36 (KHTML, like Gecko; compatible; GPTBot/1.4; +https://openai.com/gptbot)"
74.7.242.17 - - [01/Aug/2026:15:32:24 +0200] "GET /?fileloc=//sys/class/net/lo/subsystem/eth0/subsystem/lo/proto_down&path=//sys/class/net/lo/subsystem/eth0/subsystem/lo HTTP/1.1" 200 12656 "https://tempokontrol.co.za/?path=//sys/class/net/lo/subsystem/eth0/subsystem/lo" "Mozilla/5.0 AppleWebKit/537.36 (KHTML, like Gecko; compatible; GPTBot/1.4; +https://openai.com/gptbot)"
40.77.167.33 - - [01/Aug/2026:15:32:24 +0200] "GET /?q=v9a1p3o0r1i6m6e8t6e4r8 HTTP/1.1" 200 816521 "-" "Mozilla/5.0 AppleWebKit/537.36 (KHTML, like Gecko; compatible; bingbot/2.0; +http://www.bing.com/bingbot.htm) Chrome/116.0.1938.76 Safari/537.36"
74.7.227.163 - - [01/Aug/2026:15:32:27 +0200] "GET /?path=//sys/class/net/eth0/subsystem/lo/subsystem/eth0/device/net/eth0/device/subsystem/drivers/hv_netvsc/module/drivers/vmbus:hv_netvsc/module HTTP/1.1" 200 38079 "https://www.tempokontrol.co.za/?path=//sys/class/net/eth0/subsystem/lo/subsystem/eth0/device/net/eth0/device/subsystem/drivers/hv_netvsc/module/drivers/vmbus:hv_netvsc" "Mozilla/5.0 AppleWebKit/537.36 (KHTML, like Gecko; compatible; GPTBot/1.4; +https://openai.com/gptbot)"
74.7.242.17 - - [01/Aug/2026:15:32:27 +0200] "GET /?fileloc=//sys/class/net/eth0/subsystem/lo/statistics/rx_errors&path=//sys/class/net/eth0/subsystem/lo/statistics HTTP/1.1" 200 12589 "https://tempokontrol.co.za/?path=//sys/class/net/eth0/subsystem/lo/statistics" "Mozilla/5.0 AppleWebKit/537.36 (KHTML, like Gecko; compatible; GPTBot/1.4; +https://openai.com/gptbot)"
216.73.216.79 - - [01/Aug/2026:15:32:28 +0200] "GET /sitemap.xml?fileloc=%2F%2Fusr%2Flib%2F.build-id%2F19%2Ffb59661fc48ea04ab58a92fb81c2ba913e948a&path=%2F%2Fusr%2Flib%2F.build-id%2F19 HTTP/1.1" 200 36372 "-" "Mozilla/5.0 AppleWebKit/537.36 (KHTML, like Gecko; compatible; ClaudeBot/1.0; +claudebot@anthropic.com)"
74.7.227.163 - - [01/Aug/2026:15:32:30 +0200] "GET /?path=//sys/class/net/eth0/subsystem/lo/subsystem/eth0/device/net/eth0/device/subsystem/drivers/hyperv_keyboard/module/drivers/vmbus:hyperv_keyboard HTTP/1.1" 200 27396 "https://www.tempokontrol.co.za/?path=//sys/class/net/eth0/subsystem/lo/subsystem/eth0/device/net/eth0/device/subsystem/drivers/hyperv_keyboard/module/drivers" "Mozilla/5.0 AppleWebKit/537.36 (KHTML, like Gecko; compatible; GPTBot/1.4; +https://openai.com/gptbot)"
74.7.242.17 - - [01/Aug/2026:15:32:30 +0200] "GET /?fileloc=//sys/class/net/eth0/subsystem/lo/statistics/rx_over_errors&path=//sys/class/net/eth0/subsystem/lo/statistics HTTP/1.1" 200 12594 "https://tempokontrol.co.za/?path=//sys/class/net/eth0/subsystem/lo/statistics" "Mozilla/5.0 AppleWebKit/537.36 (KHTML, like Gecko; compatible; GPTBot/1.4; +https://openai.com/gptbot)"
40.77.167.23 - - [01/Aug/2026:15:32:29 +0200] "GET /shops/postscapular/f9e9o8f6o5r02219 HTTP/1.1" 200 791270 "-" "Mozilla/5.0 AppleWebKit/537.36 (KHTML, like Gecko; compatible; bingbot/2.0; +http://www.bing.com/bingbot.htm) Chrome/116.0.1938.76 Safari/537.36"
216.73.216.79 - - [01/Aug/2026:15:32:31 +0200] "GET /sitemap.xml?path=%2F%2Fsys%2Fbus%2Fscsi%2Fdevices%2F0%3A0%3A0%3A9%2Fdriver%2F0%3A0%3A0%3A3%2Fdriver%2F0%3A0%3A0%3A6 HTTP/1.1" 200 92387 "-" "Mozilla/5.0 AppleWebKit/537.36 (KHTML, like Gecko; compatible; ClaudeBot/1.0; +claudebot@anthropic.com)"
74.7.227.163 - - [01/Aug/2026:15:32:33 +0200] "GET /?path=//sys/class/net/eth0/subsystem/lo/subsystem/eth0/device/net/eth0/device/net/eth0 HTTP/1.1" 200 76827 "https://www.tempokontrol.co.za/?path=//sys/class/net/eth0/subsystem/lo/subsystem/eth0/device/net/eth0/device/net" "Mozilla/5.0 AppleWebKit/537.36 (KHTML, like Gecko; compatible; GPTBot/1.4; +https://openai.com/gptbot)"
74.7.242.17 - - [01/Aug/2026:15:32:34 +0200] "GET /?fileloc=//sys/class/net/eth0/subsystem/lo/statistics/rx_fifo_errors&path=//sys/class/net/eth0/subsystem/lo/statistics HTTP/1.1" 200 12594 "https://tempokontrol.co.za/?path=//sys/class/net/eth0/subsystem/lo/statistics" "Mozilla/5.0 AppleWebKit/537.36 (KHTML, like Gecko; compatible; GPTBot/1.4; +https://openai.com/gptbot)"
216.73.216.79 - - [01/Aug/2026:15:32:34 +0200] "GET /sitemap.xml?fileloc=%2F%2Fsys%2Fbus%2Fscsi%2Fdevices%2F0%3A0%3A0%3A6%2Fcdl_enable&path=%2F%2Fsys%2Fbus%2Fscsi%2Fdevices%2F0%3A0%3A0%3A6 HTTP/1.1" 200 12442 "-" "Mozilla/5.0 AppleWebKit/537.36 (KHTML, like Gecko; compatible; ClaudeBot/1.0; +claudebot@anthropic.com)"
74.7.227.163 - - [01/Aug/2026:15:32:36 +0200] "GET /?path=//sys/class/net/eth0/subsystem/lo/subsystem/eth0/device/net/eth0/device/channels/18 HTTP/1.1" 200 39061 "https://www.tempokontrol.co.za/?path=//sys/class/net/eth0/subsystem/lo/subsystem/eth0/device/net/eth0/device/channels" "Mozilla/5.0 AppleWebKit/537.36 (KHTML, like Gecko; compatible; GPTBot/1.4; +https://openai.com/gptbot)"
74.7.242.17 - - [01/Aug/2026:15:32:37 +0200] "GET /?fileloc=//sys/class/net/eth0/subsystem/lo/statistics/tx_aborted_errors&path=//sys/class/net/eth0/subsystem/lo/statistics HTTP/1.1" 200 12597 "https://tempokontrol.co.za/?path=//sys/class/net/eth0/subsystem/lo/statistics" "Mozilla/5.0 AppleWebKit/537.36 (KHTML, like Gecko; compatible; GPTBot/1.4; +https://openai.com/gptbot)"
216.73.216.79 - - [01/Aug/2026:15:32:37 +0200] "GET /sitemap.xml?fileloc=%2F%2Fusr%2Flib%2F.build-id%2Fb6%2Fecedfe7ba672aaf6450a3c173806977c091bad&path=%2F%2Fusr%2Flib%2F.build-id%2Fb6 HTTP/1.1" 200 55405 "-" "Mozilla/5.0 AppleWebKit/537.36 (KHTML, like Gecko; compatible; ClaudeBot/1.0; +claudebot@anthropic.com)"
74.7.227.163 - - [01/Aug/2026:15:32:39 +0200] "GET /?path=//sys/class/net/eth0/subsystem/lo/subsystem/eth0/device/net/eth0/device/channels/19 HTTP/1.1" 200 39061 "https://www.tempokontrol.co.za/?path=//sys/class/net/eth0/subsystem/lo/subsystem/eth0/device/net/eth0/device/channels" "Mozilla/5.0 AppleWebKit/537.36 (KHTML, like Gecko; compatible; GPTBot/1.4; +https://openai.com/gptbot)"
74.7.242.17 - - [01/Aug/2026:15:32:40 +0200] "GET /?fileloc=//sys/class/net/eth0/subsystem/lo/statistics/rx_length_errors&path=//sys/class/net/eth0/subsystem/lo/statistics HTTP/1.1" 200 12596 "https://tempokontrol.co.za/?path=//sys/class/net/eth0/subsystem/lo/statistics" "Mozilla/5.0 AppleWebKit/537.36 (KHTML, like Gecko; compatible; GPTBot/1.4; +https://openai.com/gptbot)"
74.7.227.163 - - [01/Aug/2026:15:32:42 +0200] "GET /?path=//sys/class/net/eth0/subsystem/lo/subsystem/eth0/device/net/eth0/device/channels/16 HTTP/1.1" 200 39061 "https://www.tempokontrol.co.za/?path=//sys/class/net/eth0/subsystem/lo/subsystem/eth0/device/net/eth0/device/channels" "Mozilla/5.0 AppleWebKit/537.36 (KHTML, like Gecko; compatible; GPTBot/1.4; +https://openai.com/gptbot)"
74.7.242.17 - - [01/Aug/2026:15:32:43 +0200] "GET /?fileloc=//sys/class/net/lo/subsystem/eth0/subsystem/lo/broadcast&path=//sys/class/net/lo/subsystem/eth0/subsystem/lo HTTP/1.1" 200 12671 "https://tempokontrol.co.za/?path=//sys/class/net/lo/subsystem/eth0/subsystem/lo" "Mozilla/5.0 AppleWebKit/537.36 (KHTML, like Gecko; compatible; GPTBot/1.4; +https://openai.com/gptbot)"
216.73.216.79 - - [01/Aug/2026:15:32:40 +0200] "GET /sitemap.xml?fileloc=%2F%2Fusr%2Flib%2F.build-id%2F8d%2F96bc3a532328b1896eaa5747e0e34af4992021&path=%2F%2Fusr%2Flib%2F.build-id%2F8d HTTP/1.1" 200 14620329 "-" "Mozilla/5.0 AppleWebKit/537.36 (KHTML, like Gecko; compatible; ClaudeBot/1.0; +claudebot@anthropic.com)"
74.7.227.163 - - [01/Aug/2026:15:32:46 +0200] "GET /?path=//sys/class/net/eth0/subsystem/lo/subsystem/eth0/device/net/eth0/device/channels/17 HTTP/1.1" 200 39061 "https://www.tempokontrol.co.za/?path=//sys/class/net/eth0/subsystem/lo/subsystem/eth0/device/net/eth0/device/channels" "Mozilla/5.0 AppleWebKit/537.36 (KHTML, like Gecko; compatible; GPTBot/1.4; +https://openai.com/gptbot)"
216.73.216.79 - - [01/Aug/2026:15:32:46 +0200] "GET /sitemap.xml?fileloc=%2F%2Fusr%2Flib%2F.build-id%2F20%2F2fd42c1df02a4211f50b35ca6222c0451876c0&path=%2F%2Fusr%2Flib%2F.build-id%2F20 HTTP/1.1" 200 111073 "-" "Mozilla/5.0 AppleWebKit/537.36 (KHTML, like Gecko; compatible; ClaudeBot/1.0; +claudebot@anthropic.com)"
74.7.242.17 - - [01/Aug/2026:15:32:46 +0200] "GET /?fileloc=//sys/class/net/lo/subsystem/eth0/subsystem/lo/carrier&path=//sys/class/net/lo/subsystem/eth0/subsystem/lo HTTP/1.1" 200 12653 "https://tempokontrol.co.za/?path=//sys/class/net/lo/subsystem/eth0/subsystem/lo" "Mozilla/5.0 AppleWebKit/537.36 (KHTML, like Gecko; compatible; GPTBot/1.4; +https://openai.com/gptbot)"
74.7.227.163 - - [01/Aug/2026:15:32:48 +0200] "GET /?path=//sys/class/net/eth0/subsystem/lo/subsystem/eth0/device/net/eth0/device/channels/15 HTTP/1.1" 200 39061 "https://www.tempokontrol.co.za/?path=//sys/class/net/eth0/subsystem/lo/subsystem/eth0/device/net/eth0/device/channels" "Mozilla/5.0 AppleWebKit/537.36 (KHTML, like Gecko; compatible; GPTBot/1.4; +https://openai.com/gptbot)"
216.73.216.79 - - [01/Aug/2026:15:32:49 +0200] "GET /sitemap.xml?fileloc=%2Fhome%2Ftn%2Fpublic_html%2Fwp-content%2Fthemes%2Fbetheme%2Fimages%2Fheaders%2Fgalaxy.jpg&path=%2Fhome%2Ftn%2Fpublic_html%2Fwp-content%2Fthemes%2Fbetheme%2Fimages%2Fheaders HTTP/1.1" 200 119548 "-" "Mozilla/5.0 AppleWebKit/537.36 (KHTML, like Gecko; compatible; ClaudeBot/1.0; +claudebot@anthropic.com)"
74.7.242.17 - - [01/Aug/2026:15:32:49 +0200] "GET /?fileloc=//sys/class/net/eth0/subsystem/lo/statistics/tx_bytes&path=//sys/class/net/eth0/subsystem/lo/statistics HTTP/1.1" 200 12597 "https://tempokontrol.co.za/?path=//sys/class/net/eth0/subsystem/lo/statistics" "Mozilla/5.0 AppleWebKit/537.36 (KHTML, like Gecko; compatible; GPTBot/1.4; +https://openai.com/gptbot)"
74.7.227.163 - - [01/Aug/2026:15:32:52 +0200] "GET /?path=//sys/class/net/eth0/subsystem/lo/subsystem/eth0/device/net/eth0/device/subsystem/drivers/hid_hyperv/module/drivers/hid:hid-hyperv/module/drivers HTTP/1.1" 200 18032 "https://www.tempokontrol.co.za/?path=//sys/class/net/eth0/subsystem/lo/subsystem/eth0/device/net/eth0/device/subsystem/drivers/hid_hyperv/module/drivers/hid:hid-hyperv/module" "Mozilla/5.0 AppleWebKit/537.36 (KHTML, like Gecko; compatible; GPTBot/1.4; +https://openai.com/gptbot)"
216.73.216.79 - - [01/Aug/2026:15:32:52 +0200] "GET /sitemap.xml?fileloc=%2F%2Flib%2F.build-id%2Faa%2F8e5c735cc04dca069a81e51df93c039b2d175a&path=%2F%2Flib%2F.build-id%2Faa HTTP/1.1" 200 217710 "-" "Mozilla/5.0 AppleWebKit/537.36 (KHTML, like Gecko; compatible; ClaudeBot/1.0; +claudebot@anthropic.com)"
74.7.242.17 - - [01/Aug/2026:15:32:52 +0200] "GET /?fileloc=//sys/class/net/eth0/subsystem/lo/statistics/tx_packets&path=//sys/class/net/eth0/subsystem/lo/statistics HTTP/1.1" 200 12596 "https://tempokontrol.co.za/?path=//sys/class/net/eth0/subsystem/lo/statistics" "Mozilla/5.0 AppleWebKit/537.36 (KHTML, like Gecko; compatible; GPTBot/1.4; +https://openai.com/gptbot)"
74.7.227.163 - - [01/Aug/2026:15:32:55 +0200] "GET /?fileloc=//sys/class/net/eth0/subsystem/lo/subsystem/eth0/device/net/eth0/device/subsystem/drivers/hv_balloon/module/sections/.ref.data&path=//sys/class/net/eth0/subsystem/lo/subsystem/eth0/device/net/eth0/device/subsystem/drivers/hv_balloon/module/sections HTTP/1.1" 200 13730 "https://www.tempokontrol.co.za/?path=//sys/class/net/eth0/subsystem/lo/subsystem/eth0/device/net/eth0/device/subsystem/drivers/hv_balloon/module/sections" "Mozilla/5.0 AppleWebKit/537.36 (KHTML, like Gecko; compatible; GPTBot/1.4; +https://openai.com/gptbot)"
216.73.216.79 - - [01/Aug/2026:15:32:55 +0200] "GET /sitemap.xml?path=%2F%2Fsys%2Fbus%2Fscsi%2Fdevices%2F0%3A0%3A0%3A8%2Fdriver%2F0%3A0%3A0%3A4%2Fdriver%2F0%3A0%3A0%3A6 HTTP/1.1" 200 92387 "-" "Mozilla/5.0 AppleWebKit/537.36 (KHTML, like Gecko; compatible; ClaudeBot/1.0; +claudebot@anthropic.com)"
74.7.242.17 - - [01/Aug/2026:15:32:55 +0200] "GET /?fileloc=//sys/class/net/lo/subsystem/eth0/subsystem/lo/uevent&path=//sys/class/net/lo/subsystem/eth0/subsystem/lo HTTP/1.1" 200 12673 "https://tempokontrol.co.za/?path=//sys/class/net/lo/subsystem/eth0/subsystem/lo" "Mozilla/5.0 AppleWebKit/537.36 (KHTML, like Gecko; compatible; GPTBot/1.4; +https://openai.com/gptbot)"
216.73.216.79 - - [01/Aug/2026:15:32:58 +0200] "GET /sitemap.xml?path=%2F%2Fsys%2Fbus%2Fscsi%2Fdevices%2F0%3A0%3A0%3A6%2Fdriver%2F0%3A0%3A0%3A3%2Fdriver%2F0%3A0%3A0%3A9 HTTP/1.1" 200 92387 "-" "Mozilla/5.0 AppleWebKit/537.36 (KHTML, like Gecko; compatible; ClaudeBot/1.0; +claudebot@anthropic.com)"
74.7.227.163 - - [01/Aug/2026:15:32:58 +0200] "GET /?path=//sys/class/net/eth0/subsystem/lo/subsystem/eth0/device/net/eth0/device/subsystem/drivers/hv_utils/module/drivers/vmbus:hv_utils/module/sections HTTP/1.1" 200 71394 "https://www.tempokontrol.co.za/?path=//sys/class/net/eth0/subsystem/lo/subsystem/eth0/device/net/eth0/device/subsystem/drivers/hv_utils/module/drivers/vmbus:hv_utils/module" "Mozilla/5.0 AppleWebKit/537.36 (KHTML, like Gecko; compatible; GPTBot/1.4; +https://openai.com/gptbot)"
74.7.242.17 - - [01/Aug/2026:15:32:58 +0200] "GET /?fileloc=//sys/class/net/lo/subsystem/eth0/subsystem/lo/iflink&path=//sys/class/net/lo/subsystem/eth0/subsystem/lo HTTP/1.1" 200 12652 "https://tempokontrol.co.za/?path=//sys/class/net/lo/subsystem/eth0/subsystem/lo" "Mozilla/5.0 AppleWebKit/537.36 (KHTML, like Gecko; compatible; GPTBot/1.4; +https://openai.com/gptbot)"
216.73.216.79 - - [01/Aug/2026:15:33:01 +0200] "GET /sitemap.xml?path=%2F%2Fsys%2Fbus%2Fscsi%2Fdevices%2F0%3A0%3A0%3A9%2Fdriver%2F0%3A0%3A0%3A7%2Fdriver%2F0%3A0%3A0%3A3 HTTP/1.1" 200 92387 "-" "Mozilla/5.0 AppleWebKit/537.36 (KHTML, like Gecko; compatible; ClaudeBot/1.0; +claudebot@anthropic.com)"
74.7.227.163 - - [01/Aug/2026:15:33:01 +0200] "GET /?path=//sys/class/net/eth0/subsystem/lo/subsystem/eth0/device/net/eth0/device/subsystem/drivers/hv_utils/module/drivers/vmbus:hv_utils/module/notes HTTP/1.1" 200 18422 "https://www.tempokontrol.co.za/?path=//sys/class/net/eth0/subsystem/lo/subsystem/eth0/device/net/eth0/device/subsystem/drivers/hv_utils/module/drivers/vmbus:hv_utils/module" "Mozilla/5.0 AppleWebKit/537.36 (KHTML, like Gecko; compatible; GPTBot/1.4; +https://openai.com/gptbot)"
74.7.242.17 - - [01/Aug/2026:15:33:01 +0200] "GET /?fileloc=//sys/class/net/lo/subsystem/eth0/subsystem/lo/testing&path=//sys/class/net/lo/subsystem/eth0/subsystem/lo HTTP/1.1" 200 12653 "https://tempokontrol.co.za/?path=//sys/class/net/lo/subsystem/eth0/subsystem/lo" "Mozilla/5.0 AppleWebKit/537.36 (KHTML, like Gecko; compatible; GPTBot/1.4; +https://openai.com/gptbot)"
74.7.227.163 - - [01/Aug/2026:15:33:04 +0200] "GET /?path=//sys/class/net/eth0/subsystem/lo/subsystem/eth0/device/net/eth0/device/subsystem/drivers/hv_utils/module/drivers/vmbus:hv_utils/module/holders HTTP/1.1" 200 14522 "https://www.tempokontrol.co.za/?path=//sys/class/net/eth0/subsystem/lo/subsystem/eth0/device/net/eth0/device/subsystem/drivers/hv_utils/module/drivers/vmbus:hv_utils/module" "Mozilla/5.0 AppleWebKit/537.36 (KHTML, like Gecko; compatible; GPTBot/1.4; +https://openai.com/gptbot)"
74.7.242.17 - - [01/Aug/2026:15:33:05 +0200] "GET /?fileloc=//sys/class/net/lo/subsystem/eth0/subsystem/lo/speed&path=//sys/class/net/lo/subsystem/eth0/subsystem/lo HTTP/1.1" 200 12649 "https://tempokontrol.co.za/?path=//sys/class/net/lo/subsystem/eth0/subsystem/lo" "Mozilla/5.0 AppleWebKit/537.36 (KHTML, like Gecko; compatible; GPTBot/1.4; +https://openai.com/gptbot)"
216.73.216.79 - - [01/Aug/2026:15:33:07 +0200] "GET /sitemap.xml?fileloc=%2F%2Fvar%2Fsoftaculous%2Fpiwik%2Ffavicon.ico&path=%2F%2Fvar%2Fsoftaculous%2Fpiwik HTTP/1.1" 200 12350 "-" "Mozilla/5.0 AppleWebKit/537.36 (KHTML, like Gecko; compatible; ClaudeBot/1.0; +claudebot@anthropic.com)"
74.7.227.163 - - [01/Aug/2026:15:33:07 +0200] "GET /?path=//sys/class/net/eth0/subsystem/lo/subsystem/eth0/device/net/eth0/device/subsystem/drivers/hv_utils/module/drivers/vmbus:hv_utils/module/parameters HTTP/1.1" 200 16506 "https://www.tempokontrol.co.za/?path=//sys/class/net/eth0/subsystem/lo/subsystem/eth0/device/net/eth0/device/subsystem/drivers/hv_utils/module/drivers/vmbus:hv_utils/module" "Mozilla/5.0 AppleWebKit/537.36 (KHTML, like Gecko; compatible; GPTBot/1.4; +https://openai.com/gptbot)"
74.7.242.17 - - [01/Aug/2026:15:33:08 +0200] "GET /?fileloc=//sys/class/net/lo/subsystem/eth0/subsystem/lo/threaded&path=//sys/class/net/lo/subsystem/eth0/subsystem/lo HTTP/1.1" 200 12654 "https://tempokontrol.co.za/?path=//sys/class/net/lo/subsystem/eth0/subsystem/lo" "Mozilla/5.0 AppleWebKit/537.36 (KHTML, like Gecko; compatible; GPTBot/1.4; +https://openai.com/gptbot)"
216.73.216.79 - - [01/Aug/2026:15:33:10 +0200] "GET /sitemap.xml?fileloc=%2F%2Fvar%2Fsoftaculous%2Ffcms%2Fchangelog.txt&path=%2F%2Fvar%2Fsoftaculous%2Ffcms HTTP/1.1" 200 13926 "-" "Mozilla/5.0 AppleWebKit/537.36 (KHTML, like Gecko; compatible; ClaudeBot/1.0; +claudebot@anthropic.com)"
74.7.227.163 - - [01/Aug/2026:15:33:10 +0200] "GET /?path=//sys/class/net/eth0/subsystem/lo/subsystem/eth0/device/net/eth0/device/net/eth0/statistics HTTP/1.1" 200 55487 "https://www.tempokontrol.co.za/?path=//sys/class/net/eth0/subsystem/lo/subsystem/eth0/device/net/eth0/device/net/eth0" "Mozilla/5.0 AppleWebKit/537.36 (KHTML, like Gecko; compatible; GPTBot/1.4; +https://openai.com/gptbot)"
74.7.242.17 - - [01/Aug/2026:15:33:11 +0200] "GET /?fileloc=//sys/class/net/lo/subsystem/eth0/subsystem/lo/duplex&path=//sys/class/net/lo/subsystem/eth0/subsystem/lo HTTP/1.1" 200 12650 "https://tempokontrol.co.za/?path=//sys/class/net/lo/subsystem/eth0/subsystem/lo" "Mozilla/5.0 AppleWebKit/537.36 (KHTML, like Gecko; compatible; GPTBot/1.4; +https://openai.com/gptbot)"
216.73.216.79 - - [01/Aug/2026:15:33:13 +0200] "GET /sitemap.xml?fileloc=%2F%2Fvar%2Fsoftaculous%2Fgoffice6%2FNOTES.txt&path=%2F%2Fvar%2Fsoftaculous%2Fgoffice6 HTTP/1.1" 200 13025 "-" "Mozilla/5.0 AppleWebKit/537.36 (KHTML, like Gecko; compatible; ClaudeBot/1.0; +claudebot@anthropic.com)"
74.7.227.163 - - [01/Aug/2026:15:33:14 +0200] "GET /?path=//sys/class/net/eth0/subsystem/lo/subsystem/eth0/device/net/eth0/device/net/eth0/subsystem HTTP/1.1" 200 16787 "https://www.tempokontrol.co.za/?path=//sys/class/net/eth0/subsystem/lo/subsystem/eth0/device/net/eth0/device/net/eth0" "Mozilla/5.0 AppleWebKit/537.36 (KHTML, like Gecko; compatible; GPTBot/1.4; +https://openai.com/gptbot)"
74.7.242.17 - - [01/Aug/2026:15:33:14 +0200] "GET /?fileloc=//sys/class/net/eth0/subsystem/lo/statistics/tx_errors&path=//sys/class/net/eth0/subsystem/lo/statistics HTTP/1.1" 200 12589 "https://tempokontrol.co.za/?path=//sys/class/net/eth0/subsystem/lo/statistics" "Mozilla/5.0 AppleWebKit/537.36 (KHTML, like Gecko; compatible; GPTBot/1.4; +https://openai.com/gptbot)"
216.73.216.79 - - [01/Aug/2026:15:33:16 +0200] "GET /sitemap.xml?path=%2F%2Fsys%2Fbus%2Fscsi%2Fdevices%2F0%3A0%3A0%3A9%2Fdriver%2F0%3A0%3A0%3A3%2Fdriver%2F0%3A0%3A0%3A9 HTTP/1.1" 200 92387 "-" "Mozilla/5.0 AppleWebKit/537.36 (KHTML, like Gecko; compatible; ClaudeBot/1.0; +claudebot@anthropic.com)"
74.7.227.163 - - [01/Aug/2026:15:33:17 +0200] "GET /?path=//sys/class/net/eth0/subsystem/lo/subsystem/eth0/device/net/eth0/device/net/eth0/power HTTP/1.1" 200 22387 "https://www.tempokontrol.co.za/?path=//sys/class/net/eth0/subsystem/lo/subsystem/eth0/device/net/eth0/device/net/eth0" "Mozilla/5.0 AppleWebKit/537.36 (KHTML, like Gecko; compatible; GPTBot/1.4; +https://openai.com/gptbot)"
74.7.242.17 - - [01/Aug/2026:15:33:17 +0200] "GET /?fileloc=//sys/class/net/lo/subsystem/eth0/subsystem/lo/operstate&path=//sys/class/net/lo/subsystem/eth0/subsystem/lo HTTP/1.1" 200 12661 "https://tempokontrol.co.za/?path=//sys/class/net/lo/subsystem/eth0/subsystem/lo" "Mozilla/5.0 AppleWebKit/537.36 (KHTML, like Gecko; compatible; GPTBot/1.4; +https://openai.com/gptbot)"
216.73.216.79 - - [01/Aug/2026:15:33:19 +0200] "GET /sitemap.xml?path=%2F%2Fsys%2Fbus%2Fscsi%2Fdevices%2F0%3A0%3A0%3A6%2Fdriver%2F0%3A0%3A0%3A3%2Fdriver%2F0%3A0%3A0%3A0 HTTP/1.1" 200 92387 "-" "Mozilla/5.0 AppleWebKit/537.36 (KHTML, like Gecko; compatible; ClaudeBot/1.0; +claudebot@anthropic.com)"
74.7.227.163 - - [01/Aug/2026:15:33:20 +0200] "GET /?path=//sys/class/net/eth0/subsystem/lo/subsystem/eth0/device/net/eth0/device/net/eth0/queues HTTP/1.1" 200 44311 "https://www.tempokontrol.co.za/?path=//sys/class/net/eth0/subsystem/lo/subsystem/eth0/device/net/eth0/device/net/eth0" "Mozilla/5.0 AppleWebKit/537.36 (KHTML, like Gecko; compatible; GPTBot/1.4; +https://openai.com/gptbot)"
74.7.242.17 - - [01/Aug/2026:15:33:20 +0200] "GET /?fileloc=//sys/class/net/lo/subsystem/eth0/subsystem/lo/ifindex&path=//sys/class/net/lo/subsystem/eth0/subsystem/lo HTTP/1.1" 200 12653 "https://tempokontrol.co.za/?path=//sys/class/net/lo/subsystem/eth0/subsystem/lo" "Mozilla/5.0 AppleWebKit/537.36 (KHTML, like Gecko; compatible; GPTBot/1.4; +https://openai.com/gptbot)"
216.73.216.79 - - [01/Aug/2026:15:33:22 +0200] "GET /sitemap.xml?fileloc=%2F%2Fvar%2Fsoftaculous%2Fmoodle29%2FNOTES.txt&path=%2F%2Fvar%2Fsoftaculous%2Fmoodle29 HTTP/1.1" 200 14118 "-" "Mozilla/5.0 AppleWebKit/537.36 (KHTML, like Gecko; compatible; ClaudeBot/1.0; +claudebot@anthropic.com)"
74.7.227.163 - - [01/Aug/2026:15:33:23 +0200] "GET /?path=//sys/class/net/eth0/subsystem/lo/subsystem/eth0/device/net/eth0/device/subsystem/drivers/hv_utils/module/drivers/vmbus:hv_utils/module/drivers HTTP/1.1" 200 16260 "https://www.tempokontrol.co.za/?path=//sys/class/net/eth0/subsystem/lo/subsystem/eth0/device/net/eth0/device/subsystem/drivers/hv_utils/module/drivers/vmbus:hv_utils/module" "Mozilla/5.0 AppleWebKit/537.36 (KHTML, like Gecko; compatible; GPTBot/1.4; +https://openai.com/gptbot)"
74.7.242.17 - - [01/Aug/2026:15:33:24 +0200] "GET /?fileloc=//sys/class/net/lo/subsystem/eth0/subsystem/lo/flags&path=//sys/class/net/lo/subsystem/eth0/subsystem/lo HTTP/1.1" 200 12653 "https://tempokontrol.co.za/?path=//sys/class/net/lo/subsystem/eth0/subsystem/lo" "Mozilla/5.0 AppleWebKit/537.36 (KHTML, like Gecko; compatible; GPTBot/1.4; +https://openai.com/gptbot)"
216.73.216.79 - - [01/Aug/2026:15:33:25 +0200] "GET /sitemap.xml?fileloc=%2F%2Flib%2F.build-id%2Fa5%2F074b59e65d23b8e29b78e511e4144a8e412a94&path=%2F%2Flib%2F.build-id%2Fa5 HTTP/1.1" 200 420803 "-" "Mozilla/5.0 AppleWebKit/537.36 (KHTML, like Gecko; compatible; ClaudeBot/1.0; +claudebot@anthropic.com)"
74.7.227.163 - - [01/Aug/2026:15:33:26 +0200] "GET /?path=//sys/class/net/eth0/subsystem/lo/subsystem/eth0/device/net/eth0/device/subsystem/drivers/hid_hyperv/module/drivers/hid:hid-hyperv/module/drivers/vmbus:hid_hyperv HTTP/1.1" 200 28416 "https://www.tempokontrol.co.za/?path=//sys/class/net/eth0/subsystem/lo/subsystem/eth0/device/net/eth0/device/subsystem/drivers/hid_hyperv/module/drivers/hid:hid-hyperv/module/drivers" "Mozilla/5.0 AppleWebKit/537.36 (KHTML, like Gecko; compatible; GPTBot/1.4; +https://openai.com/gptbot)"
74.7.242.17 - - [01/Aug/2026:15:33:27 +0200] "GET /?fileloc=//sys/class/net/lo/subsystem/eth0/subsystem/lo/mtu&path=//sys/class/net/lo/subsystem/eth0/subsystem/lo HTTP/1.1" 200 12653 "https://tempokontrol.co.za/?path=//sys/class/net/lo/subsystem/eth0/subsystem/lo" "Mozilla/5.0 AppleWebKit/537.36 (KHTML, like Gecko; compatible; GPTBot/1.4; +https://openai.com/gptbot)"
216.73.216.79 - - [01/Aug/2026:15:33:28 +0200] "GET /sitemap.xml?path=%2F%2Fsys%2Fbus%2Fscsi%2Fdevices%2F0%3A0%3A0%3A9%2Fdriver%2F0%3A0%3A0%3A7%2Fdriver%2F0%3A0%3A0%3A7 HTTP/1.1" 200 92387 "-" "Mozilla/5.0 AppleWebKit/537.36 (KHTML, like Gecko; compatible; ClaudeBot/1.0; +claudebot@anthropic.com)"
74.7.227.163 - - [01/Aug/2026:15:33:29 +0200] "GET /?path=//sys/class/net/eth0/subsystem/lo/subsystem/eth0/device/net/eth0/device/subsystem/drivers/hv_netvsc/module/drivers/vmbus:hv_netvsc/module/drivers HTTP/1.1" 200 16281 "https://www.tempokontrol.co.za/?path=//sys/class/net/eth0/subsystem/lo/subsystem/eth0/device/net/eth0/device/subsystem/drivers/hv_netvsc/module/drivers/vmbus:hv_netvsc/module" "Mozilla/5.0 AppleWebKit/537.36 (KHTML, like Gecko; compatible; GPTBot/1.4; +https://openai.com/gptbot)"
74.7.242.17 - - [01/Aug/2026:15:33:30 +0200] "GET /?fileloc=//sys/class/net/lo/subsystem/eth0/subsystem/lo/address&path=//sys/class/net/lo/subsystem/eth0/subsystem/lo HTTP/1.1" 200 12669 "https://tempokontrol.co.za/?path=//sys/class/net/lo/subsystem/eth0/subsystem/lo" "Mozilla/5.0 AppleWebKit/537.36 (KHTML, like Gecko; compatible; GPTBot/1.4; +https://openai.com/gptbot)"
216.73.216.79 - - [01/Aug/2026:15:33:31 +0200] "GET /sitemap.xml?path=%2F%2Fsys%2Fbus%2Fscsi%2Fdevices%2F0%3A0%3A0%3A8%2Fdriver%2F0%3A0%3A0%3A4%2Fdriver%2F0%3A0%3A0%3A9 HTTP/1.1" 200 92387 "-" "Mozilla/5.0 AppleWebKit/537.36 (KHTML, like Gecko; compatible; ClaudeBot/1.0; +claudebot@anthropic.com)"
74.7.227.163 - - [01/Aug/2026:15:33:33 +0200] "GET /?fileloc=//sys/class/net/eth0/subsystem/lo/subsystem/eth0/device/net/eth0/device/driver/module/drivers/vmbus:hv_netvsc/module/sections/.ref.data&path=//sys/class/net/eth0/subsystem/lo/subsystem/eth0/device/net/eth0/device/driver/module/drivers/vmbus:hv_netvsc/module/sections HTTP/1.1" 200 13882 "https://www.tempokontrol.co.za/?path=//sys/class/net/eth0/subsystem/lo/subsystem/eth0/device/net/eth0/device/driver/module/drivers/vmbus:hv_netvsc/module/sections" "Mozilla/5.0 AppleWebKit/537.36 (KHTML, like Gecko; compatible; GPTBot/1.4; +https://openai.com/gptbot)"
74.7.242.17 - - [01/Aug/2026:15:33:33 +0200] "GET /?fileloc=//sys/class/net/eth0/subsystem/lo/statistics/rx_bytes&path=//sys/class/net/eth0/subsystem/lo/statistics HTTP/1.1" 200 12597 "https://tempokontrol.co.za/?path=//sys/class/net/eth0/subsystem/lo/statistics" "Mozilla/5.0 AppleWebKit/537.36 (KHTML, like Gecko; compatible; GPTBot/1.4; +https://openai.com/gptbot)"
216.73.216.79 - - [01/Aug/2026:15:33:34 +0200] "GET /sitemap.xml?fileloc=%2F%2Fusr%2Flib%2F.build-id%2F8e%2Fdebb6da78df9f312484700b132542172b4f1f0&path=%2F%2Fusr%2Flib%2F.build-id%2F8e HTTP/1.1" 200 68387 "-" "Mozilla/5.0 AppleWebKit/537.36 (KHTML, like Gecko; compatible; ClaudeBot/1.0; +claudebot@anthropic.com)"
74.7.227.163 - - [01/Aug/2026:15:33:36 +0200] "GET /?fileloc=//sys/class/net/eth0/subsystem/lo/subsystem/eth0/device/net/eth0/device/subsystem/drivers/hv_netvsc/module/sections/.ref.data&path=//sys/class/net/eth0/subsystem/lo/subsystem/eth0/device/net/eth0/device/subsystem/drivers/hv_netvsc/module/sections HTTP/1.1" 200 13725 "https://www.tempokontrol.co.za/?path=//sys/class/net/eth0/subsystem/lo/subsystem/eth0/device/net/eth0/device/subsystem/drivers/hv_netvsc/module/sections" "Mozilla/5.0 AppleWebKit/537.36 (KHTML, like Gecko; compatible; GPTBot/1.4; +https://openai.com/gptbot)"
74.7.242.17 - - [01/Aug/2026:15:33:36 +0200] "GET /?fileloc=//sys/class/net/lo/subsystem/eth0/subsystem/lo/dormant&path=//sys/class/net/lo/subsystem/eth0/subsystem/lo HTTP/1.1" 200 12653 "https://tempokontrol.co.za/?path=//sys/class/net/lo/subsystem/eth0/subsystem/lo" "Mozilla/5.0 AppleWebKit/537.36 (KHTML, like Gecko; compatible; GPTBot/1.4; +https://openai.com/gptbot)"
216.73.216.79 - - [01/Aug/2026:15:33:37 +0200] "GET /sitemap.xml?fileloc=%2F%2Fusr%2Flib%2F.build-id%2Fec%2F8bde656661a439029d82cc034748a1771c0a7e&path=%2F%2Fusr%2Flib%2F.build-id%2Fec HTTP/1.1" 200 31572 "-" "Mozilla/5.0 AppleWebKit/537.36 (KHTML, like Gecko; compatible; ClaudeBot/1.0; +claudebot@anthropic.com)"
74.7.227.163 - - [01/Aug/2026:15:33:39 +0200] "GET /?path=//sys/class/net/eth0/subsystem/lo/subsystem/eth0/device/net/eth0/device/net/eth0/device HTTP/1.1" 200 69857 "https://www.tempokontrol.co.za/?path=//sys/class/net/eth0/subsystem/lo/subsystem/eth0/device/net/eth0/device/net/eth0" "Mozilla/5.0 AppleWebKit/537.36 (KHTML, like Gecko; compatible; GPTBot/1.4; +https://openai.com/gptbot)"
74.7.242.17 - - [01/Aug/2026:15:33:39 +0200] "GET /?fileloc=//sys/class/net/eth0/subsystem/lo/statistics/multicast&path=//sys/class/net/eth0/subsystem/lo/statistics HTTP/1.1" 200 12589 "https://tempokontrol.co.za/?path=//sys/class/net/eth0/subsystem/lo/statistics" "Mozilla/5.0 AppleWebKit/537.36 (KHTML, like Gecko; compatible; GPTBot/1.4; +https://openai.com/gptbot)"
216.73.216.79 - - [01/Aug/2026:15:33:40 +0200] "GET /sitemap.xml?fileloc=%2F%2Flib%2F.build-id%2Fbd%2F2b21e88b3d0bc1c20890baaa931d776207c20a&path=%2F%2Flib%2F.build-id%2Fbd HTTP/1.1" 200 38265 "-" "Mozilla/5.0 AppleWebKit/537.36 (KHTML, like Gecko; compatible; ClaudeBot/1.0; +claudebot@anthropic.com)"
216.73.216.79 - - [01/Aug/2026:15:33:42 +0200] "GET /robots.txt HTTP/1.1" 200 102 "-" "Mozilla/5.0 AppleWebKit/537.36 (KHTML, like Gecko; compatible; ClaudeBot/1.0; +claudebot@anthropic.com)"
74.7.227.163 - - [01/Aug/2026:15:33:42 +0200] "GET /?path=//sys/class/net/eth0/subsystem/lo/subsystem/eth0/device/net/eth0/subsystem HTTP/1.1" 200 16370 "https://www.tempokontrol.co.za/?path=//sys/class/net/eth0/subsystem/lo/subsystem/eth0/device/net/eth0" "Mozilla/5.0 AppleWebKit/537.36 (KHTML, like Gecko; compatible; GPTBot/1.4; +https://openai.com/gptbot)"
74.7.242.17 - - [01/Aug/2026:15:33:42 +0200] "GET /?fileloc=//sys/class/net/lo/subsystem/eth0/subsystem/lo/ifalias&path=//sys/class/net/lo/subsystem/eth0/subsystem/lo HTTP/1.1" 200 12651 "https://tempokontrol.co.za/?path=//sys/class/net/lo/subsystem/eth0/subsystem/lo" "Mozilla/5.0 AppleWebKit/537.36 (KHTML, like Gecko; compatible; GPTBot/1.4; +https://openai.com/gptbot)"
216.73.216.79 - - [01/Aug/2026:15:33:43 +0200] "GET /sitemap.xml?fileloc=%2F%2Fvar%2Fsoftaculous%2Fblesta4%2Fnotes.txt&path=%2F%2Fvar%2Fsoftaculous%2Fblesta4 HTTP/1.1" 200 13663 "-" "Mozilla/5.0 AppleWebKit/537.36 (KHTML, like Gecko; compatible; ClaudeBot/1.0; +claudebot@anthropic.com)"
74.7.227.163 - - [01/Aug/2026:15:33:45 +0200] "GET /?path=//sys/class/net/eth0/subsystem/lo/subsystem/eth0/device/net/eth0/device/channels/20 HTTP/1.1" 200 39061 "https://www.tempokontrol.co.za/?path=//sys/class/net/eth0/subsystem/lo/subsystem/eth0/device/net/eth0/device/channels" "Mozilla/5.0 AppleWebKit/537.36 (KHTML, like Gecko; compatible; GPTBot/1.4; +https://openai.com/gptbot)"
74.7.242.17 - - [01/Aug/2026:15:33:46 +0200] "GET /?fileloc=//sys/class/net/eth0/subsystem/lo/statistics/tx_window_errors&path=//sys/class/net/eth0/subsystem/lo/statistics HTTP/1.1" 200 12596 "https://tempokontrol.co.za/?path=//sys/class/net/eth0/subsystem/lo/statistics" "Mozilla/5.0 AppleWebKit/537.36 (KHTML, like Gecko; compatible; GPTBot/1.4; +https://openai.com/gptbot)"
216.73.216.79 - - [01/Aug/2026:15:33:46 +0200] "GET /sitemap.xml?path=%2F%2Fsys%2Fbus%2Fscsi%2Fdevices%2F0%3A0%3A0%3A9%2Fdriver%2F0%3A0%3A0%3A3%2Fdriver%2F0%3A0%3A0%3A0 HTTP/1.1" 200 92387 "-" "Mozilla/5.0 AppleWebKit/537.36 (KHTML, like Gecko; compatible; ClaudeBot/1.0; +claudebot@anthropic.com)"
74.7.242.17 - - [01/Aug/2026:15:33:49 +0200] "GET /?fileloc=//sys/class/net/eth0/subsystem/eth0/statistics/tx_carrier_errors&path=//sys/class/net/eth0/subsystem/eth0/statistics HTTP/1.1" 200 12605 "https://tempokontrol.co.za/?path=//sys/class/net/eth0/subsystem/eth0/statistics" "Mozilla/5.0 AppleWebKit/537.36 (KHTML, like Gecko; compatible; GPTBot/1.4; +https://openai.com/gptbot)"
74.7.227.163 - - [01/Aug/2026:15:33:49 +0200] "GET /?path=//sys/class/net/eth0/subsystem/lo/subsystem/eth0/device/net/eth0/device/net/eth0/subsystem/lo HTTP/1.1" 200 77420 "https://www.tempokontrol.co.za/?path=//sys/class/net/eth0/subsystem/lo/subsystem/eth0/device/net/eth0/device/net/eth0/subsystem" "Mozilla/5.0 AppleWebKit/537.36 (KHTML, like Gecko; compatible; GPTBot/1.4; +https://openai.com/gptbot)"
216.73.216.79 - - [01/Aug/2026:15:33:49 +0200] "GET /sitemap.xml?path=%2F%2Fsys%2Fbus%2Fscsi%2Fdevices%2F0%3A0%3A0%3A6%2Fdriver%2F0%3A0%3A0%3A3%2Fdriver%2F0%3A0%3A0%3A8 HTTP/1.1" 200 92387 "-" "Mozilla/5.0 AppleWebKit/537.36 (KHTML, like Gecko; compatible; ClaudeBot/1.0; +claudebot@anthropic.com)"
74.7.242.17 - - [01/Aug/2026:15:33:52 +0200] "GET /?fileloc=//sys/class/net/eth0/subsystem/eth0/statistics/tx_aborted_errors&path=//sys/class/net/eth0/subsystem/eth0/statistics HTTP/1.1" 200 12605 "https://tempokontrol.co.za/?path=//sys/class/net/eth0/subsystem/eth0/statistics" "Mozilla/5.0 AppleWebKit/537.36 (KHTML, like Gecko; compatible; GPTBot/1.4; +https://openai.com/gptbot)"
74.7.227.163 - - [01/Aug/2026:15:33:52 +0200] "GET /?path=//sys/class/net/eth0/subsystem/lo/subsystem/eth0/device/net/eth0/device/channels/23 HTTP/1.1" 200 39061 "https://www.tempokontrol.co.za/?path=//sys/class/net/eth0/subsystem/lo/subsystem/eth0/device/net/eth0/device/channels" "Mozilla/5.0 AppleWebKit/537.36 (KHTML, like Gecko; compatible; GPTBot/1.4; +https://openai.com/gptbot)"
216.73.216.79 - - [01/Aug/2026:15:33:52 +0200] "GET /sitemap.xml?fileloc=%2F%2Fusr%2Flib%2F.build-id%2F87%2Fdeb70d183f49e72283bb6e63b958abdc3451ab&path=%2F%2Fusr%2Flib%2F.build-id%2F87 HTTP/1.1" 200 1535693 "-" "Mozilla/5.0 AppleWebKit/537.36 (KHTML, like Gecko; compatible; ClaudeBot/1.0; +claudebot@anthropic.com)"
74.7.242.17 - - [01/Aug/2026:15:33:55 +0200] "GET /?fileloc=//sys/class/net/eth0/subsystem/eth0/statistics/rx_over_errors&path=//sys/class/net/eth0/subsystem/eth0/statistics HTTP/1.1" 200 12602 "https://tempokontrol.co.za/?path=//sys/class/net/eth0/subsystem/eth0/statistics" "Mozilla/5.0 AppleWebKit/537.36 (KHTML, like Gecko; compatible; GPTBot/1.4; +https://openai.com/gptbot)"
216.73.216.79 - - [01/Aug/2026:15:33:55 +0200] "GET /sitemap.xml?fileloc=%2F%2Fusr%2Flib%2F.build-id%2F99%2F6232bc7934cdf050164815c5e490de92d41670&path=%2F%2Fusr%2Flib%2F.build-id%2F99 HTTP/1.1" 200 30367 "-" "Mozilla/5.0 AppleWebKit/537.36 (KHTML, like Gecko; compatible; ClaudeBot/1.0; +claudebot@anthropic.com)"
74.7.227.163 - - [01/Aug/2026:15:33:55 +0200] "GET /?path=//sys/class/net/eth0/subsystem/lo/subsystem/eth0/device/net/eth0/device/channels/22 HTTP/1.1" 200 39061 "https://www.tempokontrol.co.za/?path=//sys/class/net/eth0/subsystem/lo/subsystem/eth0/device/net/eth0/device/channels" "Mozilla/5.0 AppleWebKit/537.36 (KHTML, like Gecko; compatible; GPTBot/1.4; +https://openai.com/gptbot)"
74.7.242.17 - - [01/Aug/2026:15:33:58 +0200] "GET /?fileloc=//sys/class/net/eth0/subsystem/eth0/statistics/tx_packets&path=//sys/class/net/eth0/subsystem/eth0/statistics HTTP/1.1" 200 12605 "https://tempokontrol.co.za/?path=//sys/class/net/eth0/subsystem/eth0/statistics" "Mozilla/5.0 AppleWebKit/537.36 (KHTML, like Gecko; compatible; GPTBot/1.4; +https://openai.com/gptbot)"
216.73.216.79 - - [01/Aug/2026:15:33:58 +0200] "GET /sitemap.xml?fileloc=%2F%2Fusr%2Flib%2F.build-id%2F6b%2Fe0e91f104756fb3880cb325fa412e2773eb2a0&path=%2F%2Fusr%2Flib%2F.build-id%2F6b HTTP/1.1" 200 31208 "-" "Mozilla/5.0 AppleWebKit/537.36 (KHTML, like Gecko; compatible; ClaudeBot/1.0; +claudebot@anthropic.com)"
74.7.227.163 - - [01/Aug/2026:15:33:58 +0200] "GET /?path=//sys/class/net/eth0/subsystem/lo/subsystem/eth0/device/net/eth0/device/channels/14 HTTP/1.1" 200 39061 "https://www.tempokontrol.co.za/?path=//sys/class/net/eth0/subsystem/lo/subsystem/eth0/device/net/eth0/device/channels" "Mozilla/5.0 AppleWebKit/537.36 (KHTML, like Gecko; compatible; GPTBot/1.4; +https://openai.com/gptbot)"
216.73.216.79 - - [01/Aug/2026:15:34:01 +0200] "GET /sitemap.xml?fileloc=%2F%2Flib%2F.build-id%2F5b%2F45d5eeb51fa4ac6d25949f1c3d37e8f341e5aa&path=%2F%2Flib%2F.build-id%2F5b HTTP/1.1" 200 31854 "-" "Mozilla/5.0 AppleWebKit/537.36 (KHTML, like Gecko; compatible; ClaudeBot/1.0; +claudebot@anthropic.com)"
74.7.242.17 - - [01/Aug/2026:15:34:01 +0200] "GET /?fileloc=//sys/class/net/eth0/subsystem/eth0/statistics/rx_dropped&path=//sys/class/net/eth0/subsystem/eth0/statistics HTTP/1.1" 200 12598 "https://tempokontrol.co.za/?path=//sys/class/net/eth0/subsystem/eth0/statistics" "Mozilla/5.0 AppleWebKit/537.36 (KHTML, like Gecko; compatible; GPTBot/1.4; +https://openai.com/gptbot)"
74.7.227.163 - - [01/Aug/2026:15:34:02 +0200] "GET /?fileloc=//sys/class/net/eth0/subsystem/lo/subsystem/eth0/device/net/eth0/device/driver/module/sections/.note.gnu.build-id&path=//sys/class/net/eth0/subsystem/lo/subsystem/eth0/device/net/eth0/device/driver/module/sections HTTP/1.1" 200 13417 "https://www.tempokontrol.co.za/?path=//sys/class/net/eth0/subsystem/lo/subsystem/eth0/device/net/eth0/device/driver/module/sections" "Mozilla/5.0 AppleWebKit/537.36 (KHTML, like Gecko; compatible; GPTBot/1.4; +https://openai.com/gptbot)"
216.73.216.79 - - [01/Aug/2026:15:34:04 +0200] "GET /sitemap.xml?fileloc=%2F%2Fsys%2Fdevices%2FLNXSYSTM%3A00%2FACPI0007%3A07%2Fsubsystem%2Fdevices%2FACPI0004%3A00%2Fuid&path=%2F%2Fsys%2Fdevices%2FLNXSYSTM%3A00%2FACPI0007%3A07%2Fsubsystem%2Fdevices%2FACPI0004%3A00 HTTP/1.1" 200 12720 "-" "Mozilla/5.0 AppleWebKit/537.36 (KHTML, like Gecko; compatible; ClaudeBot/1.0; +claudebot@anthropic.com)"
74.7.242.17 - - [01/Aug/2026:15:34:04 +0200] "GET /?fileloc=//sys/class/net/eth0/subsystem/eth0/statistics/tx_bytes&path=//sys/class/net/eth0/subsystem/eth0/statistics HTTP/1.1" 200 12606 "https://tempokontrol.co.za/?path=//sys/class/net/eth0/subsystem/eth0/statistics" "Mozilla/5.0 AppleWebKit/537.36 (KHTML, like Gecko; compatible; GPTBot/1.4; +https://openai.com/gptbot)"
74.7.227.163 - - [01/Aug/2026:15:34:05 +0200] "GET /?fileloc=//sys/class/net/eth0/subsystem/lo/subsystem/eth0/device/net/eth0/device/subsystem/drivers/hv_netvsc/module/uevent&path=//sys/class/net/eth0/subsystem/lo/subsystem/eth0/device/net/eth0/device/subsystem/drivers/hv_netvsc/module HTTP/1.1" 200 13568 "https://www.tempokontrol.co.za/?path=//sys/class/net/eth0/subsystem/lo/subsystem/eth0/device/net/eth0/device/subsystem/drivers/hv_netvsc/module" "Mozilla/5.0 AppleWebKit/537.36 (KHTML, like Gecko; compatible; GPTBot/1.4; +https://openai.com/gptbot)"
216.73.216.79 - - [01/Aug/2026:15:34:07 +0200] "GET /sitemap.xml?fileloc=%2F%2Fusr%2Flib%2F.build-id%2F67%2F456e1dff3843c2967d8fdaad0406fc0a15ac60&path=%2F%2Fusr%2Flib%2F.build-id%2F67 HTTP/1.1" 200 507491 "-" "Mozilla/5.0 AppleWebKit/537.36 (KHTML, like Gecko; compatible; ClaudeBot/1.0; +claudebot@anthropic.com)"
74.7.242.17 - - [01/Aug/2026:15:34:07 +0200] "GET /?fileloc=//sys/class/net/eth0/subsystem/eth0/statistics/rx_frame_errors&path=//sys/class/net/eth0/subsystem/eth0/statistics HTTP/1.1" 200 12603 "https://tempokontrol.co.za/?path=//sys/class/net/eth0/subsystem/eth0/statistics" "Mozilla/5.0 AppleWebKit/537.36 (KHTML, like Gecko; compatible; GPTBot/1.4; +https://openai.com/gptbot)"
74.7.227.163 - - [01/Aug/2026:15:34:08 +0200] "GET /?fileloc=//sys/class/net/eth0/subsystem/lo/subsystem/eth0/device/net/eth0/device/subsystem/drivers/hv_netvsc/bind&path=//sys/class/net/eth0/subsystem/lo/subsystem/eth0/device/net/eth0/device/subsystem/drivers/hv_netvsc HTTP/1.1" 200 13425 "https://www.tempokontrol.co.za/?path=//sys/class/net/eth0/subsystem/lo/subsystem/eth0/device/net/eth0/device/subsystem/drivers/hv_netvsc" "Mozilla/5.0 AppleWebKit/537.36 (KHTML, like Gecko; compatible; GPTBot/1.4; +https://openai.com/gptbot)"
216.73.216.79 - - [01/Aug/2026:15:34:10 +0200] "GET /sitemap.xml?fileloc=%2F%2Fusr%2Flib%2F.build-id%2Fe2%2F877e184aae8e0cc5f8cddf9151caf95905e56c&path=%2F%2Fusr%2Flib%2F.build-id%2Fe2 HTTP/1.1" 200 31325 "-" "Mozilla/5.0 AppleWebKit/537.36 (KHTML, like Gecko; compatible; ClaudeBot/1.0; +claudebot@anthropic.com)"
74.7.242.17 - - [01/Aug/2026:15:34:10 +0200] "GET /?fileloc=//sys/class/net/eth0/subsystem/eth0/statistics/rx_errors&path=//sys/class/net/eth0/subsystem/eth0/statistics HTTP/1.1" 200 12597 "https://tempokontrol.co.za/?path=//sys/class/net/eth0/subsystem/eth0/statistics" "Mozilla/5.0 AppleWebKit/537.36 (KHTML, like Gecko; compatible; GPTBot/1.4; +https://openai.com/gptbot)"
74.7.227.163 - - [01/Aug/2026:15:34:11 +0200] "GET /?fileloc=//sys/class/net/eth0/subsystem/lo/subsystem/eth0/device/net/eth0/device/driver/module/sections/.bss&path=//sys/class/net/eth0/subsystem/lo/subsystem/eth0/device/net/eth0/device/driver/module/sections HTTP/1.1" 200 13403 "https://www.tempokontrol.co.za/?path=//sys/class/net/eth0/subsystem/lo/subsystem/eth0/device/net/eth0/device/driver/module/sections" "Mozilla/5.0 AppleWebKit/537.36 (KHTML, like Gecko; compatible; GPTBot/1.4; +https://openai.com/gptbot)"
216.73.216.79 - - [01/Aug/2026:15:34:13 +0200] "GET /sitemap.xml?fileloc=%2F%2Fsys%2Fbus%2Fscsi%2Fdevices%2F0%3A0%3A0%3A15%2Fmodalias&path=%2F%2Fsys%2Fbus%2Fscsi%2Fdevices%2F0%3A0%3A0%3A15 HTTP/1.1" 200 12453 "-" "Mozilla/5.0 AppleWebKit/537.36 (KHTML, like Gecko; compatible; ClaudeBot/1.0; +claudebot@anthropic.com)"
74.7.242.17 - - [01/Aug/2026:15:34:13 +0200] "GET /?fileloc=//sys/class/net/eth0/subsystem/eth0/statistics/rx_crc_errors&path=//sys/class/net/eth0/subsystem/eth0/statistics HTTP/1.1" 200 12601 "https://tempokontrol.co.za/?path=//sys/class/net/eth0/subsystem/eth0/statistics" "Mozilla/5.0 AppleWebKit/537.36 (KHTML, like Gecko; compatible; GPTBot/1.4; +https://openai.com/gptbot)"
74.7.227.163 - - [01/Aug/2026:15:34:14 +0200] "GET /?path=//sys/class/net/eth0/subsystem/lo/subsystem/eth0/device/net/eth0/device/net/eth0/device/channels HTTP/1.1" 200 29327 "https://www.tempokontrol.co.za/?path=//sys/class/net/eth0/subsystem/lo/subsystem/eth0/device/net/eth0/device/net/eth0/device" "Mozilla/5.0 AppleWebKit/537.36 (KHTML, like Gecko; compatible; GPTBot/1.4; +https://openai.com/gptbot)"
216.73.216.79 - - [01/Aug/2026:15:34:16 +0200] "GET /sitemap.xml?fileloc=%2F%2Fusr%2Flib%2F.build-id%2Ff4%2F496de8427ecdc655619ee3077857b0946beca6&path=%2F%2Fusr%2Flib%2F.build-id%2Ff4 HTTP/1.1" 200 37016 "-" "Mozilla/5.0 AppleWebKit/537.36 (KHTML, like Gecko; compatible; ClaudeBot/1.0; +claudebot@anthropic.com)"
74.7.242.17 - - [01/Aug/2026:15:34:17 +0200] "GET /?fileloc=//sys/class/net/eth0/subsystem/eth0/statistics/tx_dropped&path=//sys/class/net/eth0/subsystem/eth0/statistics HTTP/1.1" 200 12598 "https://tempokontrol.co.za/?path=//sys/class/net/eth0/subsystem/eth0/statistics" "Mozilla/5.0 AppleWebKit/537.36 (KHTML, like Gecko; compatible; GPTBot/1.4; +https://openai.com/gptbot)"
74.7.227.163 - - [01/Aug/2026:15:34:17 +0200] "GET /?path=//sys/class/net/eth0/subsystem/lo/subsystem/eth0/device/net/eth0/subsystem/eth0 HTTP/1.1" 200 76585 "https://www.tempokontrol.co.za/?path=//sys/class/net/eth0/subsystem/lo/subsystem/eth0/device/net/eth0/subsystem" "Mozilla/5.0 AppleWebKit/537.36 (KHTML, like Gecko; compatible; GPTBot/1.4; +https://openai.com/gptbot)"
216.73.216.79 - - [01/Aug/2026:15:34:19 +0200] "GET /sitemap.xml?fileloc=%2F%2Flib%2Flocale%2Fen_ZA.utf8%2FLC_NUMERIC&path=%2F%2Flib%2Flocale%2Fen_ZA.utf8 HTTP/1.1" 200 12403 "-" "Mozilla/5.0 AppleWebKit/537.36 (KHTML, like Gecko; compatible; ClaudeBot/1.0; +claudebot@anthropic.com)"
74.7.242.17 - - [01/Aug/2026:15:34:20 +0200] "GET /?fileloc=//sys/class/net/eth0/subsystem/eth0/statistics/rx_fifo_errors&path=//sys/class/net/eth0/subsystem/eth0/statistics HTTP/1.1" 200 12602 "https://tempokontrol.co.za/?path=//sys/class/net/eth0/subsystem/eth0/statistics" "Mozilla/5.0 AppleWebKit/537.36 (KHTML, like Gecko; compatible; GPTBot/1.4; +https://openai.com/gptbot)"
74.7.227.163 - - [01/Aug/2026:15:34:20 +0200] "GET /?path=//sys/class/net/eth0/subsystem/lo/subsystem/eth0/device/net/eth0/device/net/eth0/device/subsystem HTTP/1.1" 200 24043 "https://www.tempokontrol.co.za/?path=//sys/class/net/eth0/subsystem/lo/subsystem/eth0/device/net/eth0/device/net/eth0/device" "Mozilla/5.0 AppleWebKit/537.36 (KHTML, like Gecko; compatible; GPTBot/1.4; +https://openai.com/gptbot)"
216.73.216.79 - - [01/Aug/2026:15:34:22 +0200] "GET /sitemap.xml?fileloc=%2F%2Fusr%2Flib%2F.build-id%2F82%2F69a28526bb0239ce43198ebfe376601ffb8650&path=%2F%2Fusr%2Flib%2F.build-id%2F82 HTTP/1.1" 200 61011 "-" "Mozilla/5.0 AppleWebKit/537.36 (KHTML, like Gecko; compatible; ClaudeBot/1.0; +claudebot@anthropic.com)"
74.7.242.17 - - [01/Aug/2026:15:34:23 +0200] "GET /?fileloc=//sys/class/net/eth0/subsystem/eth0/power/control&path=//sys/class/net/eth0/subsystem/eth0/power HTTP/1.1" 200 12583 "https://tempokontrol.co.za/?path=//sys/class/net/eth0/subsystem/eth0/power" "Mozilla/5.0 AppleWebKit/537.36 (KHTML, like Gecko; compatible; GPTBot/1.4; +https://openai.com/gptbot)"
74.7.227.163 - - [01/Aug/2026:15:34:24 +0200] "GET /?fileloc=//sys/class/net/eth0/subsystem/lo/subsystem/eth0/device/net/eth0/device/net/eth0/subsystem/lo/phys_switch_id&path=//sys/class/net/eth0/subsystem/lo/subsystem/eth0/device/net/eth0/device/net/eth0/subsystem/lo HTTP/1.1" 200 13513 "https://www.tempokontrol.co.za/?path=//sys/class/net/eth0/subsystem/lo/subsystem/eth0/device/net/eth0/device/net/eth0/subsystem/lo" "Mozilla/5.0 AppleWebKit/537.36 (KHTML, like Gecko; compatible; GPTBot/1.4; +https://openai.com/gptbot)"
74.7.242.17 - - [01/Aug/2026:15:34:26 +0200] "GET /?fileloc=//sys/class/net/eth0/subsystem/eth0/statistics/tx_errors&path=//sys/class/net/eth0/subsystem/eth0/statistics HTTP/1.1" 200 12597 "https://tempokontrol.co.za/?path=//sys/class/net/eth0/subsystem/eth0/statistics" "Mozilla/5.0 AppleWebKit/537.36 (KHTML, like Gecko; compatible; GPTBot/1.4; +https://openai.com/gptbot)"
74.7.227.163 - - [01/Aug/2026:15:34:27 +0200] "GET /?fileloc=//sys/class/net/eth0/subsystem/lo/subsystem/eth0/device/net/eth0/device/channels/23/monitor_id&path=//sys/class/net/eth0/subsystem/lo/subsystem/eth0/device/net/eth0/device/channels/23 HTTP/1.1" 200 13275 "https://www.tempokontrol.co.za/?path=//sys/class/net/eth0/subsystem/lo/subsystem/eth0/device/net/eth0/device/channels/23" "Mozilla/5.0 AppleWebKit/537.36 (KHTML, like Gecko; compatible; GPTBot/1.4; +https://openai.com/gptbot)"
216.73.216.79 - - [01/Aug/2026:15:34:27 +0200] "GET /sitemap.xml?path=%2F%2Fsys%2Fdev%2Fblock%2F8%3A192%2Fsubsystem%2Fsdb%2Fsubsystem%2Fsdp HTTP/1.1" 200 55260 "-" "Mozilla/5.0 AppleWebKit/537.36 (KHTML, like Gecko; compatible; ClaudeBot/1.0; +claudebot@anthropic.com)"
74.7.242.17 - - [01/Aug/2026:15:34:29 +0200] "GET /?fileloc=//sys/class/net/eth0/subsystem/eth0/statistics/tx_fifo_errors&path=//sys/class/net/eth0/subsystem/eth0/statistics HTTP/1.1" 200 12602 "https://tempokontrol.co.za/?path=//sys/class/net/eth0/subsystem/eth0/statistics" "Mozilla/5.0 AppleWebKit/537.36 (KHTML, like Gecko; compatible; GPTBot/1.4; +https://openai.com/gptbot)"
216.73.216.79 - - [01/Aug/2026:15:34:29 +0200] "GET /sitemap.xml?fileloc=%2F%2Fusr%2Fbin%2Fkernel-install&path=%2F%2Fusr%2Fbin HTTP/1.1" 200 28953 "-" "Mozilla/5.0 AppleWebKit/537.36 (KHTML, like Gecko; compatible; ClaudeBot/1.0; +claudebot@anthropic.com)"
