74.7.242.17 - - [01/Aug/2026:14:31:34 +0200] "GET /favicon.ico?fileloc=/home/tn/www/wp-includes/js/dist/compose.js&path=/home/tn/www/wp-includes/js/dist HTTP/1.1" 200 99425 "https://tempokontrol.co.za/favicon.ico?path=/home/tn/www/wp-includes/js/dist" "Mozilla/5.0 AppleWebKit/537.36 (KHTML, like Gecko; compatible; GPTBot/1.4; +https://openai.com/gptbot)"
216.73.217.106 - - [01/Aug/2026:14:31:35 +0200] "GET /sitemap.xml?path=%2F%2Fusr%2Flib%2Frpm%2Fplatform%2Fi386-linux HTTP/1.1" 404 14319 "-" "Mozilla/5.0 AppleWebKit/537.36 (KHTML, like Gecko; compatible; ClaudeBot/1.0; +claudebot@anthropic.com)"
74.7.242.17 - - [01/Aug/2026:14:31:37 +0200] "GET /favicon.ico?fileloc=/home/tn/public_html/wp-includes/js/dist/block-serialization-default-parser.js&path=/home/tn/public_html/wp-includes/js/dist HTTP/1.1" 200 19494 "https://tempokontrol.co.za/favicon.ico?path=/home/tn/public_html/wp-includes/js/dist" "Mozilla/5.0 AppleWebKit/537.36 (KHTML, like Gecko; compatible; GPTBot/1.4; +https://openai.com/gptbot)"
216.73.217.106 - - [01/Aug/2026:14:31:38 +0200] "GET /sitemap.xml?fileloc=%2F%2Fsys%2Fmodule%2Fiptable_mangle%2Fuevent&path=%2F%2Fsys%2Fmodule%2Fiptable_mangle HTTP/1.1" 404 12352 "-" "Mozilla/5.0 AppleWebKit/537.36 (KHTML, like Gecko; compatible; ClaudeBot/1.0; +claudebot@anthropic.com)"
74.7.242.17 - - [01/Aug/2026:14:31:40 +0200] "GET /favicon.ico?fileloc=/home/tn/www/wp-includes/SimplePie/src/XML/Declaration/Parser.php&path=/home/tn/www/wp-includes/SimplePie/src/XML/Declaration HTTP/1.1" 200 21032 "https://tempokontrol.co.za/favicon.ico?path=/home/tn/www/wp-includes/SimplePie/src/XML/Declaration" "Mozilla/5.0 AppleWebKit/537.36 (KHTML, like Gecko; compatible; GPTBot/1.4; +https://openai.com/gptbot)"
216.73.217.106 - - [01/Aug/2026:14:31:41 +0200] "GET /sitemap.xml?path=%2F%2Fsys%2Fclass%2Ftty%2Ftty61%2Fpower HTTP/1.1" 404 20322 "-" "Mozilla/5.0 AppleWebKit/537.36 (KHTML, like Gecko; compatible; ClaudeBot/1.0; +claudebot@anthropic.com)"
74.7.242.17 - - [01/Aug/2026:14:31:44 +0200] "GET /favicon.ico?fileloc=/home/tn/www/wp-includes/blocks/query-total/.htaccess&path=/home/tn/www/wp-includes/blocks/query-total HTTP/1.1" 200 12679 "https://tempokontrol.co.za/favicon.ico?path=/home/tn/www/wp-includes/blocks/query-total" "Mozilla/5.0 AppleWebKit/537.36 (KHTML, like Gecko; compatible; GPTBot/1.4; +https://openai.com/gptbot)"
216.73.217.106 - - [01/Aug/2026:14:31:44 +0200] "GET /sitemap.xml?path=%2F%2Fvar%2Fsoftaculous%2Favactis%2Fphp56 HTTP/1.1" 404 17284 "-" "Mozilla/5.0 AppleWebKit/537.36 (KHTML, like Gecko; compatible; ClaudeBot/1.0; +claudebot@anthropic.com)"
74.7.242.17 - - [01/Aug/2026:14:31:47 +0200] "GET /favicon.ico?fileloc=/home/tn/www/wp-includes/images/icon-library/level-up.svg&path=/home/tn/www/wp-includes/images/icon-library HTTP/1.1" 200 12945 "https://tempokontrol.co.za/favicon.ico?path=/home/tn/www/wp-includes/images/icon-library" "Mozilla/5.0 AppleWebKit/537.36 (KHTML, like Gecko; compatible; GPTBot/1.4; +https://openai.com/gptbot)"
216.73.217.106 - - [01/Aug/2026:14:31:47 +0200] "GET /sitemap.xml?path=%2F%2Fsys%2Fclass%2Fvc%2Fvcsu3%2Fsubsystem HTTP/1.1" 404 41411 "-" "Mozilla/5.0 AppleWebKit/537.36 (KHTML, like Gecko; compatible; ClaudeBot/1.0; +claudebot@anthropic.com)"
74.7.242.17 - - [01/Aug/2026:14:31:50 +0200] "GET /favicon.ico?fileloc=/home/tn/www/wp-includes/images/icon-library/tip.svg&path=/home/tn/www/wp-includes/images/icon-library HTTP/1.1" 200 12857 "https://tempokontrol.co.za/favicon.ico?path=/home/tn/www/wp-includes/images/icon-library" "Mozilla/5.0 AppleWebKit/537.36 (KHTML, like Gecko; compatible; GPTBot/1.4; +https://openai.com/gptbot)"
216.73.217.106 - - [01/Aug/2026:14:31:50 +0200] "GET /sitemap.xml?path=%2F%2Fvar%2Fsoftaculous%2Ftestlink%2Fphp56 HTTP/1.1" 200 18792 "-" "Mozilla/5.0 AppleWebKit/537.36 (KHTML, like Gecko; compatible; ClaudeBot/1.0; +claudebot@anthropic.com)"
74.7.242.17 - - [01/Aug/2026:14:31:53 +0200] "GET /favicon.ico?fileloc=/home/tn/www/wp-includes/images/icon-library/box.svg&path=/home/tn/www/wp-includes/images/icon-library HTTP/1.1" 200 12962 "https://tempokontrol.co.za/favicon.ico?path=/home/tn/www/wp-includes/images/icon-library" "Mozilla/5.0 AppleWebKit/537.36 (KHTML, like Gecko; compatible; GPTBot/1.4; +https://openai.com/gptbot)"
216.73.217.106 - - [01/Aug/2026:14:31:52 +0200] "GET /sitemap.xml?path=%2F%2Fvar%2Fsoftaculous%2Fconc8%2Fphp81 HTTP/1.1" 404 21711 "-" "Mozilla/5.0 AppleWebKit/537.36 (KHTML, like Gecko; compatible; ClaudeBot/1.0; +claudebot@anthropic.com)"
74.7.242.17 - - [01/Aug/2026:14:31:56 +0200] "GET /favicon.ico?fileloc=/home/tn/www/wp-includes/images/icon-library/move-to.svg&path=/home/tn/www/wp-includes/images/icon-library HTTP/1.1" 200 13453 "https://tempokontrol.co.za/favicon.ico?path=/home/tn/www/wp-includes/images/icon-library" "Mozilla/5.0 AppleWebKit/537.36 (KHTML, like Gecko; compatible; GPTBot/1.4; +https://openai.com/gptbot)"
74.7.242.17 - - [01/Aug/2026:14:31:59 +0200] "GET /favicon.ico?fileloc=/home/tn/www/wp-includes/blocks/media-text/block.json&path=/home/tn/www/wp-includes/blocks/media-text HTTP/1.1" 200 17220 "https://tempokontrol.co.za/favicon.ico?path=/home/tn/www/wp-includes/blocks/media-text" "Mozilla/5.0 AppleWebKit/537.36 (KHTML, like Gecko; compatible; GPTBot/1.4; +https://openai.com/gptbot)"
216.73.217.106 - - [01/Aug/2026:14:31:59 +0200] "GET /sitemap.xml?path=%2F%2Fsys%2Fdevices%2FLNXSYSTM%3A00%2FACPI0007%3A07%2Fphysical_node%2Fnode0%2Fmemory69%2Fnode0%2Fmemory59 HTTP/1.1" 404 29636 "-" "Mozilla/5.0 AppleWebKit/537.36 (KHTML, like Gecko; compatible; ClaudeBot/1.0; +claudebot@anthropic.com)"
74.7.242.17 - - [01/Aug/2026:14:32:03 +0200] "GET /favicon.ico?fileloc=/home/tn/www/wp-includes/blocks/query-title/.htaccess&path=/home/tn/www/wp-includes/blocks/query-title HTTP/1.1" 200 12679 "https://tempokontrol.co.za/favicon.ico?path=/home/tn/www/wp-includes/blocks/query-title" "Mozilla/5.0 AppleWebKit/537.36 (KHTML, like Gecko; compatible; GPTBot/1.4; +https://openai.com/gptbot)"
216.73.217.106 - - [01/Aug/2026:14:32:02 +0200] "GET /sitemap.xml?path=%2F%2Fsys%2Fdevices%2FLNXSYSTM%3A00%2FACPI0007%3A07%2Fphysical_node%2Fnode0%2Fmemory87%2Fnode0%2Fmemory112 HTTP/1.1" 404 29675 "-" "Mozilla/5.0 AppleWebKit/537.36 (KHTML, like Gecko; compatible; ClaudeBot/1.0; +claudebot@anthropic.com)"
74.7.242.17 - - [01/Aug/2026:14:32:06 +0200] "GET /favicon.ico?fileloc=/home/tn/www/wp-includes/images/icon-library/key.svg&path=/home/tn/www/wp-includes/images/icon-library HTTP/1.1" 200 12855 "https://tempokontrol.co.za/favicon.ico?path=/home/tn/www/wp-includes/images/icon-library" "Mozilla/5.0 AppleWebKit/537.36 (KHTML, like Gecko; compatible; GPTBot/1.4; +https://openai.com/gptbot)"
216.73.217.106 - - [01/Aug/2026:14:32:06 +0200] "GET /sitemap.xml?path=%2F%2Fsys%2Fdevices%2FLNXSYSTM%3A00%2FACPI0007%3A07%2Fphysical_node%2Fnode0%2Fmemory29%2Fnode0%2Fmemory142 HTTP/1.1" 200 29675 "-" "Mozilla/5.0 AppleWebKit/537.36 (KHTML, like Gecko; compatible; ClaudeBot/1.0; +claudebot@anthropic.com)"
74.7.227.163 - - [01/Aug/2026:14:32:07 +0200] "GET /?fileloc=//sys/class/net/eth0/device/net/eth0/subsystem/eth0/device/channels/20/latency&path=//sys/class/net/eth0/device/net/eth0/subsystem/eth0/device/channels/20 HTTP/1.1" 404 13026 "https://www.tempokontrol.co.za/?path=//sys/class/net/eth0/device/net/eth0/subsystem/eth0/device/channels/20" "Mozilla/5.0 AppleWebKit/537.36 (KHTML, like Gecko; compatible; GPTBot/1.4; +https://openai.com/gptbot)"
216.73.217.106 - - [01/Aug/2026:14:32:08 +0200] "GET /sitemap.xml?path=%2F%2Fsys%2Fdevices%2FLNXSYSTM%3A00%2FACPI0007%3A07%2Fphysical_node%2Fnode0%2Fmemory29%2Fnode0%2Fmemory112 HTTP/1.1" 404 29675 "-" "Mozilla/5.0 AppleWebKit/537.36 (KHTML, like Gecko; compatible; ClaudeBot/1.0; +claudebot@anthropic.com)"
74.7.242.17 - - [01/Aug/2026:14:32:09 +0200] "GET /favicon.ico?fileloc=/home/tn/www/wp-includes/images/icon-library/cog.svg&path=/home/tn/www/wp-includes/images/icon-library HTTP/1.1" 200 13349 "https://tempokontrol.co.za/favicon.ico?path=/home/tn/www/wp-includes/images/icon-library" "Mozilla/5.0 AppleWebKit/537.36 (KHTML, like Gecko; compatible; GPTBot/1.4; +https://openai.com/gptbot)"
216.73.217.106 - - [01/Aug/2026:14:32:11 +0200] "GET /sitemap.xml?path=%2F%2Fsys%2Fdevices%2FLNXSYSTM%3A00%2FACPI0007%3A07%2Fphysical_node%2Fnode0%2Fmemory87%2Fnode0%2Fmemory59 HTTP/1.1" 404 29636 "-" "Mozilla/5.0 AppleWebKit/537.36 (KHTML, like Gecko; compatible; ClaudeBot/1.0; +claudebot@anthropic.com)"
74.7.242.17 - - [01/Aug/2026:14:32:12 +0200] "GET /favicon.ico?fileloc=/home/tn/www/wp-includes/images/icon-library/bug.svg&path=/home/tn/www/wp-includes/images/icon-library HTTP/1.1" 200 13015 "https://tempokontrol.co.za/favicon.ico?path=/home/tn/www/wp-includes/images/icon-library" "Mozilla/5.0 AppleWebKit/537.36 (KHTML, like Gecko; compatible; GPTBot/1.4; +https://openai.com/gptbot)"
216.73.217.106 - - [01/Aug/2026:14:32:14 +0200] "GET /sitemap.xml?path=%2F%2Fsys%2Fdevices%2FLNXSYSTM%3A00%2FACPI0007%3A07%2Fphysical_node%2Fnode0%2Fmemory29%2Fnode0%2Fmemory59 HTTP/1.1" 404 29636 "-" "Mozilla/5.0 AppleWebKit/537.36 (KHTML, like Gecko; compatible; ClaudeBot/1.0; +claudebot@anthropic.com)"
74.7.242.17 - - [01/Aug/2026:14:32:15 +0200] "GET /favicon.ico?fileloc=/home/tn/www/wp-includes/images/icon-library/link-off.svg&path=/home/tn/www/wp-includes/images/icon-library HTTP/1.1" 200 12932 "https://tempokontrol.co.za/favicon.ico?path=/home/tn/www/wp-includes/images/icon-library" "Mozilla/5.0 AppleWebKit/537.36 (KHTML, like Gecko; compatible; GPTBot/1.4; +https://openai.com/gptbot)"
216.73.217.106 - - [01/Aug/2026:14:32:17 +0200] "GET /sitemap.xml?path=%2F%2Fsys%2Fdevices%2FLNXSYSTM%3A00%2FACPI0007%3A07%2Fphysical_node%2Fnode0%2Fmemory75%2Fnode0%2Fmemory92 HTTP/1.1" 404 29636 "-" "Mozilla/5.0 AppleWebKit/537.36 (KHTML, like Gecko; compatible; ClaudeBot/1.0; +claudebot@anthropic.com)"
74.7.242.17 - - [01/Aug/2026:14:32:18 +0200] "GET /favicon.ico?fileloc=/home/tn/www/wp-includes/images/icon-library/pin.svg&path=/home/tn/www/wp-includes/images/icon-library HTTP/1.1" 200 12922 "https://tempokontrol.co.za/favicon.ico?path=/home/tn/www/wp-includes/images/icon-library" "Mozilla/5.0 AppleWebKit/537.36 (KHTML, like Gecko; compatible; GPTBot/1.4; +https://openai.com/gptbot)"
216.73.217.106 - - [01/Aug/2026:14:32:20 +0200] "GET /sitemap.xml?path=%2F%2Fsys%2Fdevices%2FLNXSYSTM%3A00%2FACPI0007%3A07%2Fphysical_node%2Fnode0%2Fmemory75%2Fnode0%2Fmemory43 HTTP/1.1" 404 29636 "-" "Mozilla/5.0 AppleWebKit/537.36 (KHTML, like Gecko; compatible; ClaudeBot/1.0; +claudebot@anthropic.com)"
74.7.242.17 - - [01/Aug/2026:14:32:21 +0200] "GET /favicon.ico?fileloc=/home/tn/www/wp-includes/images/icon-library/rss.svg&path=/home/tn/www/wp-includes/images/icon-library HTTP/1.1" 200 12908 "https://tempokontrol.co.za/favicon.ico?path=/home/tn/www/wp-includes/images/icon-library" "Mozilla/5.0 AppleWebKit/537.36 (KHTML, like Gecko; compatible; GPTBot/1.4; +https://openai.com/gptbot)"
216.73.217.106 - - [01/Aug/2026:14:32:23 +0200] "GET /sitemap.xml?path=%2F%2Fsys%2Fdevices%2FLNXSYSTM%3A00%2FACPI0007%3A07%2Fphysical_node%2Fnode0%2Fmemory75%2Fnode0%2Fmemory142 HTTP/1.1" 404 29675 "-" "Mozilla/5.0 AppleWebKit/537.36 (KHTML, like Gecko; compatible; ClaudeBot/1.0; +claudebot@anthropic.com)"
74.7.242.17 - - [01/Aug/2026:14:32:24 +0200] "GET /favicon.ico?fileloc=/home/tn/www/wp-includes/images/icon-library/add-card.svg&path=/home/tn/www/wp-includes/images/icon-library HTTP/1.1" 200 12832 "https://tempokontrol.co.za/favicon.ico?path=/home/tn/www/wp-includes/images/icon-library" "Mozilla/5.0 AppleWebKit/537.36 (KHTML, like Gecko; compatible; GPTBot/1.4; +https://openai.com/gptbot)"
216.73.217.106 - - [01/Aug/2026:14:32:26 +0200] "GET /sitemap.xml?path=%2F%2Fsys%2Fdevices%2FLNXSYSTM%3A00%2FACPI0007%3A07%2Fphysical_node%2Fnode0%2Fmemory75%2Fnode0%2Fmemory112 HTTP/1.1" 404 29675 "-" "Mozilla/5.0 AppleWebKit/537.36 (KHTML, like Gecko; compatible; ClaudeBot/1.0; +claudebot@anthropic.com)"
74.7.242.17 - - [01/Aug/2026:14:32:28 +0200] "GET /favicon.ico?fileloc=/home/tn/www/wp-includes/images/icon-library/arrow-up.svg&path=/home/tn/www/wp-includes/images/icon-library HTTP/1.1" 200 12718 "https://tempokontrol.co.za/favicon.ico?path=/home/tn/www/wp-includes/images/icon-library" "Mozilla/5.0 AppleWebKit/537.36 (KHTML, like Gecko; compatible; GPTBot/1.4; +https://openai.com/gptbot)"
216.73.217.106 - - [01/Aug/2026:14:32:29 +0200] "GET /sitemap.xml?path=%2F%2Fsys%2Fdevices%2FLNXSYSTM%3A00%2FACPI0007%3A07%2Fphysical_node%2Fnode0%2Fmemory87%2Fnode0%2Fmemory113 HTTP/1.1" 404 29675 "-" "Mozilla/5.0 AppleWebKit/537.36 (KHTML, like Gecko; compatible; ClaudeBot/1.0; +claudebot@anthropic.com)"
74.7.242.17 - - [01/Aug/2026:14:32:31 +0200] "GET /favicon.ico?fileloc=/home/tn/www/wp-includes/images/icon-library/row.svg&path=/home/tn/www/wp-includes/images/icon-library HTTP/1.1" 200 12838 "https://tempokontrol.co.za/favicon.ico?path=/home/tn/www/wp-includes/images/icon-library" "Mozilla/5.0 AppleWebKit/537.36 (KHTML, like Gecko; compatible; GPTBot/1.4; +https://openai.com/gptbot)"
216.73.217.106 - - [01/Aug/2026:14:32:32 +0200] "GET /sitemap.xml?path=%2F%2Fsys%2Fdevices%2FLNXSYSTM%3A00%2FACPI0007%3A07%2Fphysical_node%2Fnode0%2Fmemory43%2Fnode0%2Fmemory128 HTTP/1.1" 404 29675 "-" "Mozilla/5.0 AppleWebKit/537.36 (KHTML, like Gecko; compatible; ClaudeBot/1.0; +claudebot@anthropic.com)"
74.7.242.17 - - [01/Aug/2026:14:32:34 +0200] "GET /favicon.ico?fileloc=/home/tn/public_html/wp-content/plugins/fileorganizer/manager/php/plugins/Watermark/plugin.php&path=/home/tn/public_html/wp-content/plugins/fileorganizer/manager/php/plugins/Watermark HTTP/1.1" 200 33156 "https://tempokontrol.co.za/favicon.ico?path=/home/tn/public_html/wp-content/plugins/fileorganizer/manager/php/plugins/Watermark" "Mozilla/5.0 AppleWebKit/537.36 (KHTML, like Gecko; compatible; GPTBot/1.4; +https://openai.com/gptbot)"
216.73.217.106 - - [01/Aug/2026:14:32:35 +0200] "GET /sitemap.xml?path=%2F%2Fsys%2Fdevices%2FLNXSYSTM%3A00%2FACPI0007%3A07%2Fphysical_node%2Fnode0%2Fmemory74%2Fnode0%2Fmemory128 HTTP/1.1" 404 29675 "-" "Mozilla/5.0 AppleWebKit/537.36 (KHTML, like Gecko; compatible; ClaudeBot/1.0; +claudebot@anthropic.com)"
74.7.242.17 - - [01/Aug/2026:14:32:37 +0200] "GET /favicon.ico?fileloc=/home/tn/public_html/wp-includes/block-bindings/pattern-overrides.php&path=/home/tn/public_html/wp-includes/block-bindings HTTP/1.1" 200 14235 "https://tempokontrol.co.za/favicon.ico?path=/home/tn/public_html/wp-includes/block-bindings" "Mozilla/5.0 AppleWebKit/537.36 (KHTML, like Gecko; compatible; GPTBot/1.4; +https://openai.com/gptbot)"
74.7.242.17 - - [01/Aug/2026:14:32:40 +0200] "GET /favicon.ico?fileloc=/home/tn/public_html/wp-includes/block-supports/generated-classname.php&path=/home/tn/public_html/wp-includes/block-supports HTTP/1.1" 200 14417 "https://tempokontrol.co.za/favicon.ico?path=/home/tn/public_html/wp-includes/block-supports" "Mozilla/5.0 AppleWebKit/537.36 (KHTML, like Gecko; compatible; GPTBot/1.4; +https://openai.com/gptbot)"
216.73.217.106 - - [01/Aug/2026:14:32:42 +0200] "GET /sitemap.xml?path=%2F%2Fusr%2Flib%2Frpm%2Fplatform%2Fmipsel-linux HTTP/1.1" 404 14331 "-" "Mozilla/5.0 AppleWebKit/537.36 (KHTML, like Gecko; compatible; ClaudeBot/1.0; +claudebot@anthropic.com)"
74.7.242.17 - - [01/Aug/2026:14:32:43 +0200] "GET /favicon.ico?fileloc=/home/tn/public_html/wp-includes/class-wp-image-editor-gd.php&path=/home/tn/public_html/wp-includes HTTP/1.1" 200 34998 "https://tempokontrol.co.za/favicon.ico?path=/home/tn/public_html/wp-includes" "Mozilla/5.0 AppleWebKit/537.36 (KHTML, like Gecko; compatible; GPTBot/1.4; +https://openai.com/gptbot)"
216.73.217.106 - - [01/Aug/2026:14:32:45 +0200] "GET /sitemap.xml?path=%2F%2Fvar%2Fsoftaculous%2Fmootools%2Fphp82 HTTP/1.1" 404 14311 "-" "Mozilla/5.0 AppleWebKit/537.36 (KHTML, like Gecko; compatible; ClaudeBot/1.0; +claudebot@anthropic.com)"
74.7.242.17 - - [01/Aug/2026:14:32:46 +0200] "GET /favicon.ico?fileloc=/home/tn/public_html/wp-includes/class-wp-http-ixr-client.php&path=/home/tn/public_html/wp-includes HTTP/1.1" 200 16480 "https://tempokontrol.co.za/favicon.ico?path=/home/tn/public_html/wp-includes" "Mozilla/5.0 AppleWebKit/537.36 (KHTML, like Gecko; compatible; GPTBot/1.4; +https://openai.com/gptbot)"
216.73.217.106 - - [01/Aug/2026:14:32:48 +0200] "GET /sitemap.xml?path=%2F%2Fsys%2Fdev%2Fchar%2F21%3A12%2Fpower HTTP/1.1" 404 20296 "-" "Mozilla/5.0 AppleWebKit/537.36 (KHTML, like Gecko; compatible; ClaudeBot/1.0; +claudebot@anthropic.com)"
74.7.242.17 - - [01/Aug/2026:14:32:49 +0200] "GET /favicon.ico?fileloc=/home/tn/public_html/wp-includes/class-wp-theme-json-data.php&path=/home/tn/public_html/wp-includes HTTP/1.1" 200 14299 "https://tempokontrol.co.za/favicon.ico?path=/home/tn/public_html/wp-includes" "Mozilla/5.0 AppleWebKit/537.36 (KHTML, like Gecko; compatible; GPTBot/1.4; +https://openai.com/gptbot)"
74.7.227.163 - - [01/Aug/2026:14:32:50 +0200] "GET /?fileloc=//sys/class/net/eth0/device/net/eth0/subsystem/eth0/device/channels/16/cpu&path=//sys/class/net/eth0/device/net/eth0/subsystem/eth0/device/channels/16 HTTP/1.1" 200 13019 "https://www.tempokontrol.co.za/?path=//sys/class/net/eth0/device/net/eth0/subsystem/eth0/device/channels/16" "Mozilla/5.0 AppleWebKit/537.36 (KHTML, like Gecko; compatible; GPTBot/1.4; +https://openai.com/gptbot)"
74.7.242.17 - - [01/Aug/2026:14:32:53 +0200] "GET /favicon.ico?fileloc=/home/tn/public_html/wp-admin/images/w-logo-white.png&path=/home/tn/public_html/wp-admin/images HTTP/1.1" 200 23429 "https://tempokontrol.co.za/favicon.ico?path=/home/tn/public_html/wp-admin/images" "Mozilla/5.0 AppleWebKit/537.36 (KHTML, like Gecko; compatible; GPTBot/1.4; +https://openai.com/gptbot)"
216.73.217.106 - - [01/Aug/2026:14:32:52 +0200] "GET /sitemap.xml?path=%2F%2Fsys%2Fdev%2Fchar%2F4%3A39%2Fsubsystem%2Ftty34%2Fpower HTTP/1.1" 404 20731 "-" "Mozilla/5.0 AppleWebKit/537.36 (KHTML, like Gecko; compatible; ClaudeBot/1.0; +claudebot@anthropic.com)"
192.178.6.104 - - [01/Aug/2026:14:32:53 +0200] "GET /?q=i5n3c0o2m9p5a0r5e1d89 HTTP/1.1" 404 53044 "-" "Mozilla/5.0 (Linux; Android 6.0.1; Nexus 5X Build/MMB29P) AppleWebKit/537.36 (KHTML, like Gecko) Chrome/150.0.7871.186 Mobile Safari/537.36 (compatible; Googlebot/2.1; +http://www.google.com/bot.html)"
216.73.217.106 - - [01/Aug/2026:14:32:54 +0200] "GET /sitemap.xml?path=%2F%2Fsys%2Fclass%2Fmdio_bus%2Ffixed-0 HTTP/1.1" 404 18358 "-" "Mozilla/5.0 AppleWebKit/537.36 (KHTML, like Gecko; compatible; ClaudeBot/1.0; +claudebot@anthropic.com)"
74.7.242.17 - - [01/Aug/2026:14:32:56 +0200] "GET /favicon.ico?fileloc=/home/tn/public_html/wp-admin/images/w-logo-blue.png&path=/home/tn/public_html/wp-admin/images HTTP/1.1" 200 18074 "https://tempokontrol.co.za/favicon.ico?path=/home/tn/public_html/wp-admin/images" "Mozilla/5.0 AppleWebKit/537.36 (KHTML, like Gecko; compatible; GPTBot/1.4; +https://openai.com/gptbot)"
74.7.242.17 - - [01/Aug/2026:14:32:59 +0200] "GET /favicon.ico?fileloc=/home/tn/public_html/wp-admin/images/w-logo-gray.png&path=/home/tn/public_html/wp-admin/images HTTP/1.1" 200 20673 "https://tempokontrol.co.za/favicon.ico?path=/home/tn/public_html/wp-admin/images" "Mozilla/5.0 AppleWebKit/537.36 (KHTML, like Gecko; compatible; GPTBot/1.4; +https://openai.com/gptbot)"
216.73.217.106 - - [01/Aug/2026:14:32:58 +0200] "GET /sitemap.xml?path=%2F%2Fsys%2Fdevices%2FLNXSYSTM%3A00%2FACPI0007%3A07%2Fphysical_node%2Fnode0%2Fmemory75%2Fnode0%2Fmemory160 HTTP/1.1" 404 29675 "-" "Mozilla/5.0 AppleWebKit/537.36 (KHTML, like Gecko; compatible; ClaudeBot/1.0; +claudebot@anthropic.com)"
216.73.217.106 - - [01/Aug/2026:14:33:01 +0200] "GET /sitemap.xml?path=%2F%2Fsys%2Fdevices%2FLNXSYSTM%3A00%2FACPI0007%3A07%2Fphysical_node%2Fnode0%2Fmemory75%2Fnode0%2Fmemory143 HTTP/1.1" 404 29675 "-" "Mozilla/5.0 AppleWebKit/537.36 (KHTML, like Gecko; compatible; ClaudeBot/1.0; +claudebot@anthropic.com)"
74.7.242.17 - - [01/Aug/2026:14:33:02 +0200] "GET /favicon.ico?fileloc=/home/tn/public_html/wp-admin/js/customize-nav-menus.min.js&path=/home/tn/public_html/wp-admin/js HTTP/1.1" 200 69514 "https://tempokontrol.co.za/favicon.ico?path=/home/tn/public_html/wp-admin/js" "Mozilla/5.0 AppleWebKit/537.36 (KHTML, like Gecko; compatible; GPTBot/1.4; +https://openai.com/gptbot)"
216.73.217.106 - - [01/Aug/2026:14:33:04 +0200] "GET /sitemap.xml?path=%2F%2Fsys%2Fdevices%2FLNXSYSTM%3A00%2FACPI0007%3A07%2Fphysical_node%2Fnode0%2Fmemory69%2Fnode0%2Fmemory21 HTTP/1.1" 404 29636 "-" "Mozilla/5.0 AppleWebKit/537.36 (KHTML, like Gecko; compatible; ClaudeBot/1.0; +claudebot@anthropic.com)"
74.7.242.17 - - [01/Aug/2026:14:33:05 +0200] "GET /favicon.ico?fileloc=/home/tn/public_html/wp-admin/js/customize-controls.min.js&path=/home/tn/public_html/wp-admin/js HTTP/1.1" 200 144499 "https://tempokontrol.co.za/favicon.ico?path=/home/tn/public_html/wp-admin/js" "Mozilla/5.0 AppleWebKit/537.36 (KHTML, like Gecko; compatible; GPTBot/1.4; +https://openai.com/gptbot)"
216.73.217.106 - - [01/Aug/2026:14:33:07 +0200] "GET /sitemap.xml?path=%2F%2Fsys%2Fdevices%2FLNXSYSTM%3A00%2FACPI0007%3A07%2Fphysical_node%2Fnode0%2Fmemory87%2Fnode0%2Fmemory21 HTTP/1.1" 404 29636 "-" "Mozilla/5.0 AppleWebKit/537.36 (KHTML, like Gecko; compatible; ClaudeBot/1.0; +claudebot@anthropic.com)"
74.7.242.17 - - [01/Aug/2026:14:33:09 +0200] "GET /favicon.ico?fileloc=/home/tn/public_html/wp-admin/js/theme-plugin-editor.min.js&path=/home/tn/public_html/wp-admin/js HTTP/1.1" 200 26408 "https://tempokontrol.co.za/favicon.ico?path=/home/tn/public_html/wp-admin/js" "Mozilla/5.0 AppleWebKit/537.36 (KHTML, like Gecko; compatible; GPTBot/1.4; +https://openai.com/gptbot)"
216.73.217.106 - - [01/Aug/2026:14:33:10 +0200] "GET /sitemap.xml?path=%2F%2Fsys%2Fdevices%2FLNXSYSTM%3A00%2FACPI0007%3A07%2Fphysical_node%2Fnode0%2Fmemory43%2Fnode0%2Fmemory146 HTTP/1.1" 404 29675 "-" "Mozilla/5.0 AppleWebKit/537.36 (KHTML, like Gecko; compatible; ClaudeBot/1.0; +claudebot@anthropic.com)"
74.7.242.17 - - [01/Aug/2026:14:33:12 +0200] "GET /favicon.ico?fileloc=/home/tn/public_html/wp-admin/includes/continents-cities.php&path=/home/tn/public_html/wp-admin/includes HTTP/1.1" 200 43591 "https://tempokontrol.co.za/favicon.ico?path=/home/tn/public_html/wp-admin/includes" "Mozilla/5.0 AppleWebKit/537.36 (KHTML, like Gecko; compatible; GPTBot/1.4; +https://openai.com/gptbot)"
216.73.217.106 - - [01/Aug/2026:14:33:14 +0200] "GET /sitemap.xml?path=%2F%2Fsys%2Fdevices%2FLNXSYSTM%3A00%2FACPI0007%3A07%2Fphysical_node%2Fnode0%2Fmemory74%2Fnode0%2Fmemory146 HTTP/1.1" 404 29675 "-" "Mozilla/5.0 AppleWebKit/537.36 (KHTML, like Gecko; compatible; ClaudeBot/1.0; +claudebot@anthropic.com)"
74.7.242.17 - - [01/Aug/2026:14:33:15 +0200] "GET /favicon.ico?fileloc=/home/tn/www/wp-includes/blocks/accordion-panel/.htaccess&path=/home/tn/www/wp-includes/blocks/accordion-panel HTTP/1.1" 200 12691 "https://tempokontrol.co.za/favicon.ico?path=/home/tn/www/wp-includes/blocks/accordion-panel" "Mozilla/5.0 AppleWebKit/537.36 (KHTML, like Gecko; compatible; GPTBot/1.4; +https://openai.com/gptbot)"
74.7.242.17 - - [01/Aug/2026:14:33:18 +0200] "GET /?path=/home/tn/www/wp-includes/blocks/list HTTP/1.1" 404 22060 "https://tempokontrol.co.za/?path=/home/tn/www/wp-includes/blocks" "Mozilla/5.0 AppleWebKit/537.36 (KHTML, like Gecko; compatible; GPTBot/1.4; +https://openai.com/gptbot)"
216.73.217.106 - - [01/Aug/2026:14:33:19 +0200] "GET /sitemap.xml?path=%2F%2Fsys%2Fdevices%2FLNXSYSTM%3A00%2FACPI0007%3A07%2Fphysical_node%2Fnode0%2Fmemory75%2Fnode0%2Fmemory138 HTTP/1.1" 200 29675 "-" "Mozilla/5.0 AppleWebKit/537.36 (KHTML, like Gecko; compatible; ClaudeBot/1.0; +claudebot@anthropic.com)"
216.73.217.106 - - [01/Aug/2026:14:33:21 +0200] "GET /sitemap.xml?path=%2F%2Fsys%2Fdevices%2FLNXSYSTM%3A00%2FACPI0007%3A07%2Fphysical_node%2Fnode0%2Fmemory74%2Fnode0%2Fmemory134 HTTP/1.1" 404 29675 "-" "Mozilla/5.0 AppleWebKit/537.36 (KHTML, like Gecko; compatible; ClaudeBot/1.0; +claudebot@anthropic.com)"
74.7.242.17 - - [01/Aug/2026:14:33:22 +0200] "GET /favicon.ico?fileloc=/home/tn/www/wp-content/themes/betheme/404.php&path=/home/tn/www/wp-content/themes/betheme HTTP/1.1" 200 15192 "https://tempokontrol.co.za/favicon.ico?path=/home/tn/www/wp-content/themes/betheme" "Mozilla/5.0 AppleWebKit/537.36 (KHTML, like Gecko; compatible; GPTBot/1.4; +https://openai.com/gptbot)"
74.7.242.17 - - [01/Aug/2026:14:33:24 +0200] "GET /favicon.ico?fileloc=/home/tn/www/wp-includes/images/icon-library/shipping.svg&path=/home/tn/www/wp-includes/images/icon-library HTTP/1.1" 200 13130 "https://tempokontrol.co.za/favicon.ico?path=/home/tn/www/wp-includes/images/icon-library" "Mozilla/5.0 AppleWebKit/537.36 (KHTML, like Gecko; compatible; GPTBot/1.4; +https://openai.com/gptbot)"
216.73.217.106 - - [01/Aug/2026:14:33:25 +0200] "GET /sitemap.xml?path=%2F%2Fsys%2Fdevices%2FLNXSYSTM%3A00%2FACPI0007%3A07%2Fphysical_node%2Fnode0%2Fmemory43%2Fnode0%2Fmemory134 HTTP/1.1" 404 29675 "-" "Mozilla/5.0 AppleWebKit/537.36 (KHTML, like Gecko; compatible; ClaudeBot/1.0; +claudebot@anthropic.com)"
74.7.242.17 - - [01/Aug/2026:14:33:27 +0200] "GET /favicon.ico?fileloc=/home/tn/www/wp-includes/images/icon-library/group.svg&path=/home/tn/www/wp-includes/images/icon-library HTTP/1.1" 200 13002 "https://tempokontrol.co.za/favicon.ico?path=/home/tn/www/wp-includes/images/icon-library" "Mozilla/5.0 AppleWebKit/537.36 (KHTML, like Gecko; compatible; GPTBot/1.4; +https://openai.com/gptbot)"
216.73.217.106 - - [01/Aug/2026:14:33:28 +0200] "GET /sitemap.xml?path=%2F%2Fsys%2Fdevices%2FLNXSYSTM%3A00%2FACPI0007%3A07%2Fphysical_node%2Fnode0%2Fmemory75%2Fnode0%2Fmemory51 HTTP/1.1" 404 29636 "-" "Mozilla/5.0 AppleWebKit/537.36 (KHTML, like Gecko; compatible; ClaudeBot/1.0; +claudebot@anthropic.com)"
74.7.242.17 - - [01/Aug/2026:14:33:31 +0200] "GET /favicon.ico?fileloc=/home/tn/www/wp-includes/images/icon-library/button.svg&path=/home/tn/www/wp-includes/images/icon-library HTTP/1.1" 200 12842 "https://tempokontrol.co.za/favicon.ico?path=/home/tn/www/wp-includes/images/icon-library" "Mozilla/5.0 AppleWebKit/537.36 (KHTML, like Gecko; compatible; GPTBot/1.4; +https://openai.com/gptbot)"
216.73.217.106 - - [01/Aug/2026:14:33:31 +0200] "GET /sitemap.xml?path=%2F%2Fsys%2Fdevices%2FLNXSYSTM%3A00%2FACPI0007%3A07%2Fphysical_node%2Fnode0%2Fmemory75%2Fnode0%2Fmemory21 HTTP/1.1" 404 29636 "-" "Mozilla/5.0 AppleWebKit/537.36 (KHTML, like Gecko; compatible; ClaudeBot/1.0; +claudebot@anthropic.com)"
74.7.227.163 - - [01/Aug/2026:14:33:32 +0200] "GET /?fileloc=//sys/class/net/eth0/device/net/eth0/subsystem/eth0/device/channels/18/cpu&path=//sys/class/net/eth0/device/net/eth0/subsystem/eth0/device/channels/18 HTTP/1.1" 404 13019 "https://www.tempokontrol.co.za/?path=//sys/class/net/eth0/device/net/eth0/subsystem/eth0/device/channels/18" "Mozilla/5.0 AppleWebKit/537.36 (KHTML, like Gecko; compatible; GPTBot/1.4; +https://openai.com/gptbot)"
74.7.242.17 - - [01/Aug/2026:14:33:34 +0200] "GET /favicon.ico?fileloc=/home/tn/www/wp-includes/images/icon-library/layout.svg&path=/home/tn/www/wp-includes/images/icon-library HTTP/1.1" 200 12845 "https://tempokontrol.co.za/favicon.ico?path=/home/tn/www/wp-includes/images/icon-library" "Mozilla/5.0 AppleWebKit/537.36 (KHTML, like Gecko; compatible; GPTBot/1.4; +https://openai.com/gptbot)"
216.73.217.106 - - [01/Aug/2026:14:33:34 +0200] "GET /sitemap.xml?path=%2F%2Fsys%2Fdevices%2FLNXSYSTM%3A00%2FACPI0007%3A07%2Fphysical_node%2Fnode0%2Fmemory75%2Fnode0%2Fmemory104 HTTP/1.1" 404 29675 "-" "Mozilla/5.0 AppleWebKit/537.36 (KHTML, like Gecko; compatible; ClaudeBot/1.0; +claudebot@anthropic.com)"
74.7.242.17 - - [01/Aug/2026:14:33:37 +0200] "GET /favicon.ico?fileloc=/home/tn/www/wp-includes/images/icon-library/symbol.svg&path=/home/tn/www/wp-includes/images/icon-library HTTP/1.1" 200 12995 "https://tempokontrol.co.za/favicon.ico?path=/home/tn/www/wp-includes/images/icon-library" "Mozilla/5.0 AppleWebKit/537.36 (KHTML, like Gecko; compatible; GPTBot/1.4; +https://openai.com/gptbot)"
216.73.217.106 - - [01/Aug/2026:14:33:37 +0200] "GET /sitemap.xml?path=%2F%2Fsys%2Fdevices%2FLNXSYSTM%3A00%2FACPI0007%3A07%2Fphysical_node%2Fnode0%2Fmemory69%2Fnode0%2Fmemory146 HTTP/1.1" 404 29675 "-" "Mozilla/5.0 AppleWebKit/537.36 (KHTML, like Gecko; compatible; ClaudeBot/1.0; +claudebot@anthropic.com)"
216.73.217.106 - - [01/Aug/2026:14:33:39 +0200] "GET /robots.txt HTTP/1.1" 200 102 "-" "Mozilla/5.0 AppleWebKit/537.36 (KHTML, like Gecko; compatible; ClaudeBot/1.0; +claudebot@anthropic.com)"
216.73.217.106 - - [01/Aug/2026:14:33:40 +0200] "GET /sitemap.xml?path=%2F%2Fsys%2Fdevices%2FLNXSYSTM%3A00%2FACPI0007%3A07%2Fphysical_node%2Fnode0%2Fmemory29%2Fnode0%2Fmemory146 HTTP/1.1" 404 29675 "-" "Mozilla/5.0 AppleWebKit/537.36 (KHTML, like Gecko; compatible; ClaudeBot/1.0; +claudebot@anthropic.com)"
74.7.242.17 - - [01/Aug/2026:14:33:40 +0200] "GET /favicon.ico?fileloc=/home/tn/www/wp-includes/images/icon-library/quote.svg&path=/home/tn/www/wp-includes/images/icon-library HTTP/1.1" 200 12865 "https://tempokontrol.co.za/favicon.ico?path=/home/tn/www/wp-includes/images/icon-library" "Mozilla/5.0 AppleWebKit/537.36 (KHTML, like Gecko; compatible; GPTBot/1.4; +https://openai.com/gptbot)"
216.73.217.106 - - [01/Aug/2026:14:33:43 +0200] "GET /sitemap.xml?path=%2F%2Fsys%2Fdevices%2FLNXSYSTM%3A00%2FACPI0007%3A07%2Fphysical_node%2Fnode0%2Fmemory43%2Fnode0%2Fmemory165 HTTP/1.1" 404 29675 "-" "Mozilla/5.0 AppleWebKit/537.36 (KHTML, like Gecko; compatible; ClaudeBot/1.0; +claudebot@anthropic.com)"
74.7.242.17 - - [01/Aug/2026:14:33:43 +0200] "GET /favicon.ico?fileloc=/home/tn/www/wp-includes/blocks/legacy-widget/block.json&path=/home/tn/www/wp-includes/blocks/legacy-widget HTTP/1.1" 200 13413 "https://tempokontrol.co.za/favicon.ico?path=/home/tn/www/wp-includes/blocks/legacy-widget" "Mozilla/5.0 AppleWebKit/537.36 (KHTML, like Gecko; compatible; GPTBot/1.4; +https://openai.com/gptbot)"
216.73.217.106 - - [01/Aug/2026:14:33:46 +0200] "GET /sitemap.xml?path=%2F%2Fsys%2Fdevices%2FLNXSYSTM%3A00%2FACPI0007%3A07%2Fphysical_node%2Fnode0%2Fmemory69%2Fnode0%2Fmemory134 HTTP/1.1" 404 29675 "-" "Mozilla/5.0 AppleWebKit/537.36 (KHTML, like Gecko; compatible; ClaudeBot/1.0; +claudebot@anthropic.com)"
74.7.242.17 - - [01/Aug/2026:14:33:47 +0200] "GET /favicon.ico?fileloc=/home/tn/www/wp-includes/images/icon-library/menu.svg&path=/home/tn/www/wp-includes/images/icon-library HTTP/1.1" 200 12719 "https://tempokontrol.co.za/favicon.ico?path=/home/tn/www/wp-includes/images/icon-library" "Mozilla/5.0 AppleWebKit/537.36 (KHTML, like Gecko; compatible; GPTBot/1.4; +https://openai.com/gptbot)"
216.73.217.106 - - [01/Aug/2026:14:33:49 +0200] "GET /sitemap.xml?path=%2F%2Fsys%2Fdevices%2FLNXSYSTM%3A00%2FACPI0007%3A07%2Fphysical_node%2Fnode0%2Fmemory74%2Fnode0%2Fmemory165 HTTP/1.1" 404 29675 "-" "Mozilla/5.0 AppleWebKit/537.36 (KHTML, like Gecko; compatible; ClaudeBot/1.0; +claudebot@anthropic.com)"
74.7.242.17 - - [01/Aug/2026:14:33:50 +0200] "GET /favicon.ico?fileloc=/home/tn/www/wp-includes/images/icon-library/pullquote.svg&path=/home/tn/www/wp-includes/images/icon-library HTTP/1.1" 200 12857 "https://tempokontrol.co.za/favicon.ico?path=/home/tn/www/wp-includes/images/icon-library" "Mozilla/5.0 AppleWebKit/537.36 (KHTML, like Gecko; compatible; GPTBot/1.4; +https://openai.com/gptbot)"
216.73.217.106 - - [01/Aug/2026:14:33:52 +0200] "GET /sitemap.xml?path=%2F%2Fsys%2Fdevices%2FLNXSYSTM%3A00%2FACPI0007%3A07%2Fphysical_node%2Fnode0%2Fmemory87%2Fnode0%2Fmemory146 HTTP/1.1" 404 29675 "-" "Mozilla/5.0 AppleWebKit/537.36 (KHTML, like Gecko; compatible; ClaudeBot/1.0; +claudebot@anthropic.com)"
74.7.242.17 - - [01/Aug/2026:14:33:53 +0200] "GET /favicon.ico?fileloc=/home/tn/www/wp-includes/images/icon-library/audio.svg&path=/home/tn/www/wp-includes/images/icon-library HTTP/1.1" 200 12858 "https://tempokontrol.co.za/favicon.ico?path=/home/tn/www/wp-includes/images/icon-library" "Mozilla/5.0 AppleWebKit/537.36 (KHTML, like Gecko; compatible; GPTBot/1.4; +https://openai.com/gptbot)"
216.73.217.106 - - [01/Aug/2026:14:33:55 +0200] "GET /sitemap.xml?path=%2F%2Fvar%2Fsoftaculous%2Fwhmcs89%2Fphp71 HTTP/1.1" 404 20272 "-" "Mozilla/5.0 AppleWebKit/537.36 (KHTML, like Gecko; compatible; ClaudeBot/1.0; +claudebot@anthropic.com)"
74.7.242.17 - - [01/Aug/2026:14:33:56 +0200] "GET /favicon.ico?fileloc=/home/tn/www/wp-includes/blocks/archives/block.json&path=/home/tn/www/wp-includes/blocks/archives HTTP/1.1" 200 14593 "https://tempokontrol.co.za/favicon.ico?path=/home/tn/www/wp-includes/blocks/archives" "Mozilla/5.0 AppleWebKit/537.36 (KHTML, like Gecko; compatible; GPTBot/1.4; +https://openai.com/gptbot)"
216.73.217.106 - - [01/Aug/2026:14:33:58 +0200] "GET /sitemap.xml?path=%2F%2Fsys%2Fdevices%2FLNXSYSTM%3A00%2FACPI0007%3A07%2Fphysical_node%2Fnode0%2Fmemory87%2Fnode0%2Fmemory134 HTTP/1.1" 404 29675 "-" "Mozilla/5.0 AppleWebKit/537.36 (KHTML, like Gecko; compatible; ClaudeBot/1.0; +claudebot@anthropic.com)"
74.7.242.17 - - [01/Aug/2026:14:33:59 +0200] "GET /favicon.ico?fileloc=/home/tn/www/wp-includes/images/icon-library/shadow.svg&path=/home/tn/www/wp-includes/images/icon-library HTTP/1.1" 200 13050 "https://tempokontrol.co.za/favicon.ico?path=/home/tn/www/wp-includes/images/icon-library" "Mozilla/5.0 AppleWebKit/537.36 (KHTML, like Gecko; compatible; GPTBot/1.4; +https://openai.com/gptbot)"
192.178.6.103 - - [01/Aug/2026:14:33:59 +0200] "GET /?q=f0o2r6g2i0v1a8b9l6e61 HTTP/1.1" 404 53044 "-" "Mozilla/5.0 (Linux; Android 6.0.1; Nexus 5X Build/MMB29P) AppleWebKit/537.36 (KHTML, like Gecko) Chrome/150.0.7871.186 Mobile Safari/537.36 (compatible; Googlebot/2.1; +http://www.google.com/bot.html)"
216.73.217.106 - - [01/Aug/2026:14:34:01 +0200] "GET /sitemap.xml?path=%2F%2Fsys%2Fdevices%2FLNXSYSTM%3A00%2FACPI0007%3A07%2Fphysical_node%2Fnode0%2Fmemory29%2Fnode0%2Fmemory134 HTTP/1.1" 404 29675 "-" "Mozilla/5.0 AppleWebKit/537.36 (KHTML, like Gecko; compatible; ClaudeBot/1.0; +claudebot@anthropic.com)"
74.7.242.17 - - [01/Aug/2026:14:34:02 +0200] "GET /favicon.ico?fileloc=/home/tn/www/wp-includes/images/icon-library/not-found.svg&path=/home/tn/www/wp-includes/images/icon-library HTTP/1.1" 200 13407 "https://tempokontrol.co.za/favicon.ico?path=/home/tn/www/wp-includes/images/icon-library" "Mozilla/5.0 AppleWebKit/537.36 (KHTML, like Gecko; compatible; GPTBot/1.4; +https://openai.com/gptbot)"
74.7.242.17 - - [01/Aug/2026:14:34:06 +0200] "GET /favicon.ico?fileloc=/home/tn/www/wp-includes/images/icon-library/undo.svg&path=/home/tn/www/wp-includes/images/icon-library HTTP/1.1" 200 12804 "https://tempokontrol.co.za/favicon.ico?path=/home/tn/www/wp-includes/images/icon-library" "Mozilla/5.0 AppleWebKit/537.36 (KHTML, like Gecko; compatible; GPTBot/1.4; +https://openai.com/gptbot)"
216.73.217.106 - - [01/Aug/2026:14:34:06 +0200] "GET /sitemap.xml?path=%2F%2Fsys%2Fdevices%2FLNXSYSTM%3A00%2FACPI0007%3A07%2Fphysical_node%2Fnode0%2Fmemory43%2Fnode0%2Fmemory169 HTTP/1.1" 200 29675 "-" "Mozilla/5.0 AppleWebKit/537.36 (KHTML, like Gecko; compatible; ClaudeBot/1.0; +claudebot@anthropic.com)"
74.7.242.17 - - [01/Aug/2026:14:34:09 +0200] "GET /favicon.ico?fileloc=/home/tn/www/wp-includes/images/icon-library/chart-bar.svg&path=/home/tn/www/wp-includes/images/icon-library HTTP/1.1" 200 12788 "https://tempokontrol.co.za/favicon.ico?path=/home/tn/www/wp-includes/images/icon-library" "Mozilla/5.0 AppleWebKit/537.36 (KHTML, like Gecko; compatible; GPTBot/1.4; +https://openai.com/gptbot)"
74.7.227.163 - - [01/Aug/2026:14:34:08 +0200] "GET /?fileloc=//sys/class/net/eth0/device/net/eth0/subsystem/eth0/device/channels/17/events&path=//sys/class/net/eth0/device/net/eth0/subsystem/eth0/device/channels/17 HTTP/1.1" 404 13022 "https://www.tempokontrol.co.za/?path=//sys/class/net/eth0/device/net/eth0/subsystem/eth0/device/channels/17" "Mozilla/5.0 AppleWebKit/537.36 (KHTML, like Gecko; compatible; GPTBot/1.4; +https://openai.com/gptbot)"
216.73.217.106 - - [01/Aug/2026:14:34:09 +0200] "GET /sitemap.xml?path=%2F%2Fsys%2Fdevices%2FLNXSYSTM%3A00%2FACPI0007%3A07%2Fphysical_node%2Fnode0%2Fmemory74%2Fnode0%2Fmemory169 HTTP/1.1" 404 29675 "-" "Mozilla/5.0 AppleWebKit/537.36 (KHTML, like Gecko; compatible; ClaudeBot/1.0; +claudebot@anthropic.com)"
74.7.242.17 - - [01/Aug/2026:14:34:12 +0200] "GET /favicon.ico?fileloc=/home/tn/www/wp-includes/images/icon-library/plugins.svg&path=/home/tn/www/wp-includes/images/icon-library HTTP/1.1" 200 12800 "https://tempokontrol.co.za/favicon.ico?path=/home/tn/www/wp-includes/images/icon-library" "Mozilla/5.0 AppleWebKit/537.36 (KHTML, like Gecko; compatible; GPTBot/1.4; +https://openai.com/gptbot)"
216.73.217.106 - - [01/Aug/2026:14:34:13 +0200] "GET /sitemap.xml?path=%2F%2Flib%2F.build-id%2Fa2 HTTP/1.1" 404 37617 "-" "Mozilla/5.0 AppleWebKit/537.36 (KHTML, like Gecko; compatible; ClaudeBot/1.0; +claudebot@anthropic.com)"
74.7.242.17 - - [01/Aug/2026:14:34:15 +0200] "GET /favicon.ico?fileloc=/home/tn/www/wp-includes/images/icon-library/shuffle.svg&path=/home/tn/www/wp-includes/images/icon-library HTTP/1.1" 200 13461 "https://tempokontrol.co.za/favicon.ico?path=/home/tn/www/wp-includes/images/icon-library" "Mozilla/5.0 AppleWebKit/537.36 (KHTML, like Gecko; compatible; GPTBot/1.4; +https://openai.com/gptbot)"
216.73.217.106 - - [01/Aug/2026:14:34:16 +0200] "GET /sitemap.xml?path=%2Fhome%2Ftn%2Fpublic_html%2Fwp-includes%2Fblocks%2Fpost-content HTTP/1.1" 404 22498 "-" "Mozilla/5.0 AppleWebKit/537.36 (KHTML, like Gecko; compatible; ClaudeBot/1.0; +claudebot@anthropic.com)"
74.7.242.17 - - [01/Aug/2026:14:34:18 +0200] "GET /favicon.ico?fileloc=/home/tn/www/wp-includes/js/imgareaselect/border-anim-v.gif&path=/home/tn/www/wp-includes/js/imgareaselect HTTP/1.1" 200 12732 "https://tempokontrol.co.za/favicon.ico?path=/home/tn/www/wp-includes/js/imgareaselect" "Mozilla/5.0 AppleWebKit/537.36 (KHTML, like Gecko; compatible; GPTBot/1.4; +https://openai.com/gptbot)"
216.73.217.106 - - [01/Aug/2026:14:34:21 +0200] "GET /sitemap.xml?path=%2F%2Fproc%2F639681 HTTP/1.1" 404 12687 "-" "Mozilla/5.0 AppleWebKit/537.36 (KHTML, like Gecko; compatible; ClaudeBot/1.0; +claudebot@anthropic.com)"
74.7.242.17 - - [01/Aug/2026:14:34:21 +0200] "GET /favicon.ico?fileloc=/home/tn/www/wp-includes/images/icon-library/contents.svg&path=/home/tn/www/wp-includes/images/icon-library HTTP/1.1" 200 13359 "https://tempokontrol.co.za/favicon.ico?path=/home/tn/www/wp-includes/images/icon-library" "Mozilla/5.0 AppleWebKit/537.36 (KHTML, like Gecko; compatible; GPTBot/1.4; +https://openai.com/gptbot)"
74.7.242.17 - - [01/Aug/2026:14:34:25 +0200] "GET /favicon.ico?fileloc=/home/tn/www/wp-includes/blocks/breadcrumbs/.htaccess&path=/home/tn/www/wp-includes/blocks/breadcrumbs HTTP/1.1" 200 12679 "https://tempokontrol.co.za/favicon.ico?path=/home/tn/www/wp-includes/blocks/breadcrumbs" "Mozilla/5.0 AppleWebKit/537.36 (KHTML, like Gecko; compatible; GPTBot/1.4; +https://openai.com/gptbot)"
216.73.217.106 - - [01/Aug/2026:14:34:25 +0200] "GET /sitemap.xml?fileloc=%2F%2Fproc%2F19%2Fcpu_resctrl_groups&path=%2F%2Fproc%2F19 HTTP/1.1" 404 12288 "-" "Mozilla/5.0 AppleWebKit/537.36 (KHTML, like Gecko; compatible; ClaudeBot/1.0; +claudebot@anthropic.com)"
74.7.242.17 - - [01/Aug/2026:14:34:28 +0200] "GET /favicon.ico?fileloc=/home/tn/www/wp-includes/images/icon-library/check.svg&path=/home/tn/www/wp-includes/images/icon-library HTTP/1.1" 200 12711 "https://tempokontrol.co.za/favicon.ico?path=/home/tn/www/wp-includes/images/icon-library" "Mozilla/5.0 AppleWebKit/537.36 (KHTML, like Gecko; compatible; GPTBot/1.4; +https://openai.com/gptbot)"
216.73.217.106 - - [01/Aug/2026:14:34:28 +0200] "GET /sitemap.xml?path=%2F%2Flib%2F.build-id%2Fce HTTP/1.1" 404 34503 "-" "Mozilla/5.0 AppleWebKit/537.36 (KHTML, like Gecko; compatible; ClaudeBot/1.0; +claudebot@anthropic.com)"
74.7.242.17 - - [01/Aug/2026:14:34:31 +0200] "GET /favicon.ico?fileloc=/home/tn/www/wp-includes/images/icon-library/at-symbol.svg&path=/home/tn/www/wp-includes/images/icon-library HTTP/1.1" 200 13615 "https://tempokontrol.co.za/favicon.ico?path=/home/tn/www/wp-includes/images/icon-library" "Mozilla/5.0 AppleWebKit/537.36 (KHTML, like Gecko; compatible; GPTBot/1.4; +https://openai.com/gptbot)"
216.73.217.106 - - [01/Aug/2026:14:34:31 +0200] "GET /sitemap.xml?fileloc=%2F%2Fproc%2F20%2Fcpu_resctrl_groups&path=%2F%2Fproc%2F20 HTTP/1.1" 200 12288 "-" "Mozilla/5.0 AppleWebKit/537.36 (KHTML, like Gecko; compatible; ClaudeBot/1.0; +claudebot@anthropic.com)"
192.178.6.103 - - [01/Aug/2026:14:34:32 +0200] "GET /category/0/1/016/016003/?SPC=0&SGC=0&STA=0&FPC=0&FGC=0&FTA=0&SFL_DF=0&CPPR=1 HTTP/1.1" 404 53044 "-" "Mozilla/5.0 (Linux; Android 6.0.1; Nexus 5X Build/MMB29P) AppleWebKit/537.36 (KHTML, like Gecko) Chrome/150.0.7871.186 Mobile Safari/537.36 (compatible; GoogleOther)"
216.73.217.106 - - [01/Aug/2026:14:34:34 +0200] "GET /sitemap.xml?fileloc=%2F%2Fproc%2F90%2Fcpu_resctrl_groups&path=%2F%2Fproc%2F90 HTTP/1.1" 404 12288 "-" "Mozilla/5.0 AppleWebKit/537.36 (KHTML, like Gecko; compatible; ClaudeBot/1.0; +claudebot@anthropic.com)"
74.7.242.17 - - [01/Aug/2026:14:34:34 +0200] "GET /favicon.ico?fileloc=/home/tn/www/wp-includes/images/icon-library/sides-all.svg&path=/home/tn/www/wp-includes/images/icon-library HTTP/1.1" 200 12738 "https://tempokontrol.co.za/favicon.ico?path=/home/tn/www/wp-includes/images/icon-library" "Mozilla/5.0 AppleWebKit/537.36 (KHTML, like Gecko; compatible; GPTBot/1.4; +https://openai.com/gptbot)"
74.7.242.17 - - [01/Aug/2026:14:34:37 +0200] "GET /favicon.ico?fileloc=/home/tn/www/wp-includes/images/icon-library/pin-small.svg&path=/home/tn/www/wp-includes/images/icon-library HTTP/1.1" 200 12853 "https://tempokontrol.co.za/favicon.ico?path=/home/tn/www/wp-includes/images/icon-library" "Mozilla/5.0 AppleWebKit/537.36 (KHTML, like Gecko; compatible; GPTBot/1.4; +https://openai.com/gptbot)"
216.73.217.106 - - [01/Aug/2026:14:34:37 +0200] "GET /sitemap.xml?fileloc=%2F%2Fproc%2F20%2Fstack&path=%2F%2Fproc%2F20 HTTP/1.1" 404 12265 "-" "Mozilla/5.0 AppleWebKit/537.36 (KHTML, like Gecko; compatible; ClaudeBot/1.0; +claudebot@anthropic.com)"
74.7.242.17 - - [01/Aug/2026:14:34:40 +0200] "GET /favicon.ico?fileloc=/home/tn/www/wp-includes/images/icon-library/home.svg&path=/home/tn/www/wp-includes/images/icon-library HTTP/1.1" 200 12740 "https://tempokontrol.co.za/favicon.ico?path=/home/tn/www/wp-includes/images/icon-library" "Mozilla/5.0 AppleWebKit/537.36 (KHTML, like Gecko; compatible; GPTBot/1.4; +https://openai.com/gptbot)"
216.73.217.106 - - [01/Aug/2026:14:34:40 +0200] "GET /sitemap.xml?path=%2Fhome%2Ftn%2F.softaculous%2Ftmp HTTP/1.1" 404 12782 "-" "Mozilla/5.0 AppleWebKit/537.36 (KHTML, like Gecko; compatible; ClaudeBot/1.0; +claudebot@anthropic.com)"
74.7.242.17 - - [01/Aug/2026:14:34:44 +0200] "GET /favicon.ico?fileloc=/home/tn/www/wp-includes/blocks/paragraph/block.json&path=/home/tn/www/wp-includes/blocks/paragraph HTTP/1.1" 200 15342 "https://tempokontrol.co.za/favicon.ico?path=/home/tn/www/wp-includes/blocks/paragraph" "Mozilla/5.0 AppleWebKit/537.36 (KHTML, like Gecko; compatible; GPTBot/1.4; +https://openai.com/gptbot)"
216.73.217.106 - - [01/Aug/2026:14:34:45 +0200] "GET /sitemap.xml?path=%2F%2Flib%2F.build-id%2Fb2 HTTP/1.1" 404 26697 "-" "Mozilla/5.0 AppleWebKit/537.36 (KHTML, like Gecko; compatible; ClaudeBot/1.0; +claudebot@anthropic.com)"
74.7.227.163 - - [01/Aug/2026:14:34:45 +0200] "GET /?fileloc=//sys/class/net/eth0/device/net/eth0/subsystem/eth0/device/channels/17/latency&path=//sys/class/net/eth0/device/net/eth0/subsystem/eth0/device/channels/17 HTTP/1.1" 404 13026 "https://www.tempokontrol.co.za/?path=//sys/class/net/eth0/device/net/eth0/subsystem/eth0/device/channels/17" "Mozilla/5.0 AppleWebKit/537.36 (KHTML, like Gecko; compatible; GPTBot/1.4; +https://openai.com/gptbot)"
74.7.242.17 - - [01/Aug/2026:14:34:47 +0200] "GET /favicon.ico?fileloc=/home/tn/www/wp-includes/images/icon-library/column.svg&path=/home/tn/www/wp-includes/images/icon-library HTTP/1.1" 200 12839 "https://tempokontrol.co.za/favicon.ico?path=/home/tn/www/wp-includes/images/icon-library" "Mozilla/5.0 AppleWebKit/537.36 (KHTML, like Gecko; compatible; GPTBot/1.4; +https://openai.com/gptbot)"
74.7.242.17 - - [01/Aug/2026:14:34:50 +0200] "GET /favicon.ico?fileloc=/home/tn/www/wp-includes/images/icon-library/globe.svg&path=/home/tn/www/wp-includes/images/icon-library HTTP/1.1" 200 13397 "https://tempokontrol.co.za/favicon.ico?path=/home/tn/www/wp-includes/images/icon-library" "Mozilla/5.0 AppleWebKit/537.36 (KHTML, like Gecko; compatible; GPTBot/1.4; +https://openai.com/gptbot)"
216.73.217.106 - - [01/Aug/2026:14:34:50 +0200] "GET /sitemap.xml?path=%2F%2Fhome%2Fye3 HTTP/1.1" 404 12681 "-" "Mozilla/5.0 AppleWebKit/537.36 (KHTML, like Gecko; compatible; ClaudeBot/1.0; +claudebot@anthropic.com)"
74.7.242.17 - - [01/Aug/2026:14:34:53 +0200] "GET /favicon.ico?fileloc=/home/tn/www/wp-includes/images/icon-library/envelope.svg&path=/home/tn/www/wp-includes/images/icon-library HTTP/1.1" 200 12920 "https://tempokontrol.co.za/favicon.ico?path=/home/tn/www/wp-includes/images/icon-library" "Mozilla/5.0 AppleWebKit/537.36 (KHTML, like Gecko; compatible; GPTBot/1.4; +https://openai.com/gptbot)"
216.73.217.106 - - [01/Aug/2026:14:34:53 +0200] "GET /sitemap.xml?fileloc=%2F%2Fproc%2F90%2Fstack&path=%2F%2Fproc%2F90 HTTP/1.1" 404 12265 "-" "Mozilla/5.0 AppleWebKit/537.36 (KHTML, like Gecko; compatible; ClaudeBot/1.0; +claudebot@anthropic.com)"
216.73.217.106 - - [01/Aug/2026:14:34:55 +0200] "GET /sitemap.xml?path=%2Fhome%2Ftn%2Fpublic_html%2Fwp-includes%2Fblocks%2Flist HTTP/1.1" 404 22292 "-" "Mozilla/5.0 AppleWebKit/537.36 (KHTML, like Gecko; compatible; ClaudeBot/1.0; +claudebot@anthropic.com)"
74.7.242.17 - - [01/Aug/2026:14:34:56 +0200] "GET /favicon.ico?fileloc=/home/tn/www/wp-includes/images/icon-library/header.svg&path=/home/tn/www/wp-includes/images/icon-library HTTP/1.1" 200 12802 "https://tempokontrol.co.za/favicon.ico?path=/home/tn/www/wp-includes/images/icon-library" "Mozilla/5.0 AppleWebKit/537.36 (KHTML, like Gecko; compatible; GPTBot/1.4; +https://openai.com/gptbot)"
74.7.242.17 - - [01/Aug/2026:14:35:00 +0200] "GET /favicon.ico?fileloc=/home/tn/www/wp-includes/images/icon-library/swatch.svg&path=/home/tn/www/wp-includes/images/icon-library HTTP/1.1" 200 13274 "https://tempokontrol.co.za/favicon.ico?path=/home/tn/www/wp-includes/images/icon-library" "Mozilla/5.0 AppleWebKit/537.36 (KHTML, like Gecko; compatible; GPTBot/1.4; +https://openai.com/gptbot)"
216.73.217.106 - - [01/Aug/2026:14:35:00 +0200] "GET /sitemap.xml?fileloc=%2F%2Fproc%2F19%2Fstack&path=%2F%2Fproc%2F19 HTTP/1.1" 404 12265 "-" "Mozilla/5.0 AppleWebKit/537.36 (KHTML, like Gecko; compatible; ClaudeBot/1.0; +claudebot@anthropic.com)"
74.7.242.17 - - [01/Aug/2026:14:35:03 +0200] "GET /favicon.ico?fileloc=/home/tn/www/wp-includes/images/icon-library/pending.svg&path=/home/tn/www/wp-includes/images/icon-library HTTP/1.1" 200 12846 "https://tempokontrol.co.za/favicon.ico?path=/home/tn/www/wp-includes/images/icon-library" "Mozilla/5.0 AppleWebKit/537.36 (KHTML, like Gecko; compatible; GPTBot/1.4; +https://openai.com/gptbot)"
192.178.6.104 - - [01/Aug/2026:14:35:04 +0200] "GET /?q=w5a2i1t3r0e0s7s4517 HTTP/1.1" 404 53044 "-" "Mozilla/5.0 (Linux; Android 6.0.1; Nexus 5X Build/MMB29P) AppleWebKit/537.36 (KHTML, like Gecko) Chrome/150.0.7871.186 Mobile Safari/537.36 (compatible; Googlebot/2.1; +http://www.google.com/bot.html)"
216.73.217.106 - - [01/Aug/2026:14:35:04 +0200] "GET /sitemap.xml?fileloc=%2F%2Fetc%2Fkernel%2Fcmdline&path=%2F%2Fetc%2Fkernel HTTP/1.1" 404 12432 "-" "Mozilla/5.0 AppleWebKit/537.36 (KHTML, like Gecko; compatible; ClaudeBot/1.0; +claudebot@anthropic.com)"
74.7.242.17 - - [01/Aug/2026:14:35:06 +0200] "GET /favicon.ico?fileloc=/home/tn/www/wp-includes/images/icon-library/subscript.svg&path=/home/tn/www/wp-includes/images/icon-library HTTP/1.1" 200 12992 "https://tempokontrol.co.za/favicon.ico?path=/home/tn/www/wp-includes/images/icon-library" "Mozilla/5.0 AppleWebKit/537.36 (KHTML, like Gecko; compatible; GPTBot/1.4; +https://openai.com/gptbot)"
216.73.217.106 - - [01/Aug/2026:14:35:07 +0200] "GET /sitemap.xml?path=%2F%2Flib64%2Flibnl HTTP/1.1" 404 13992 "-" "Mozilla/5.0 AppleWebKit/537.36 (KHTML, like Gecko; compatible; ClaudeBot/1.0; +claudebot@anthropic.com)"
74.7.242.17 - - [01/Aug/2026:14:35:09 +0200] "GET /favicon.ico?fileloc=/home/tn/www/wp-includes/images/icon-library/term-name.svg&path=/home/tn/www/wp-includes/images/icon-library HTTP/1.1" 200 13072 "https://tempokontrol.co.za/favicon.ico?path=/home/tn/www/wp-includes/images/icon-library" "Mozilla/5.0 AppleWebKit/537.36 (KHTML, like Gecko; compatible; GPTBot/1.4; +https://openai.com/gptbot)"
216.73.217.106 - - [01/Aug/2026:14:35:10 +0200] "GET /sitemap.xml?path=%2F%2Fproc%2F658533 HTTP/1.1" 404 12687 "-" "Mozilla/5.0 AppleWebKit/537.36 (KHTML, like Gecko; compatible; ClaudeBot/1.0; +claudebot@anthropic.com)"
74.7.242.17 - - [01/Aug/2026:14:35:12 +0200] "GET /favicon.ico?fileloc=/home/tn/www/wp-includes/images/icon-library/color.svg&path=/home/tn/www/wp-includes/images/icon-library HTTP/1.1" 200 13011 "https://tempokontrol.co.za/favicon.ico?path=/home/tn/www/wp-includes/images/icon-library" "Mozilla/5.0 AppleWebKit/537.36 (KHTML, like Gecko; compatible; GPTBot/1.4; +https://openai.com/gptbot)"
216.73.217.106 - - [01/Aug/2026:14:35:13 +0200] "GET /sitemap.xml?path=%2F%2Fetc%2Frc.d%2Frc6.d HTTP/1.1" 404 12723 "-" "Mozilla/5.0 AppleWebKit/537.36 (KHTML, like Gecko; compatible; ClaudeBot/1.0; +claudebot@anthropic.com)"
74.7.242.17 - - [01/Aug/2026:14:35:15 +0200] "GET /favicon.ico?fileloc=/home/tn/www/wp-includes/images/icon-library/widget.svg&path=/home/tn/www/wp-includes/images/icon-library HTTP/1.1" 200 13022 "https://tempokontrol.co.za/favicon.ico?path=/home/tn/www/wp-includes/images/icon-library" "Mozilla/5.0 AppleWebKit/537.36 (KHTML, like Gecko; compatible; GPTBot/1.4; +https://openai.com/gptbot)"
