74.7.227.163 - - [01/Aug/2026:15:01:51 +0200] "GET /?fileloc=//sys/class/net/eth0/subsystem/eth0/queues/tx-6/traffic_class&path=//sys/class/net/eth0/subsystem/eth0/queues/tx-6 HTTP/1.1" 200 12667 "https://www.tempokontrol.co.za/?path=//sys/class/net/eth0/subsystem/eth0/queues/tx-6" "Mozilla/5.0 AppleWebKit/537.36 (KHTML, like Gecko; compatible; GPTBot/1.4; +https://openai.com/gptbot)"
216.73.216.79 - - [01/Aug/2026:15:01:51 +0200] "GET /sitemap.xml?path=%2F%2Fsys%2Fclass%2Ftty%2Ftty32%2Fsubsystem%2Ftty0 HTTP/1.1" 200 20142 "-" "Mozilla/5.0 AppleWebKit/537.36 (KHTML, like Gecko; compatible; ClaudeBot/1.0; +claudebot@anthropic.com)"
74.7.242.17 - - [01/Aug/2026:15:01:54 +0200] "GET /?fileloc=//scripts/smartcheck&path=//scripts HTTP/1.1" 200 29446 "https://tempokontrol.co.za/?path=//scripts" "Mozilla/5.0 AppleWebKit/537.36 (KHTML, like Gecko; compatible; GPTBot/1.4; +https://openai.com/gptbot)"
74.7.227.163 - - [01/Aug/2026:15:01:54 +0200] "GET /?fileloc=//sys/class/net/eth0/subsystem/eth0/queues/tx-1/tx_maxrate&path=//sys/class/net/eth0/subsystem/eth0/queues/tx-1 HTTP/1.1" 200 12664 "https://www.tempokontrol.co.za/?path=//sys/class/net/eth0/subsystem/eth0/queues/tx-1" "Mozilla/5.0 AppleWebKit/537.36 (KHTML, like Gecko; compatible; GPTBot/1.4; +https://openai.com/gptbot)"
216.73.216.79 - - [01/Aug/2026:15:01:55 +0200] "GET /sitemap.xml?path=%2F%2Fsys%2Fdev%2Fchar%2F4%3A15%2Fsubsystem%2Ftty22 HTTP/1.1" 200 18625 "-" "Mozilla/5.0 AppleWebKit/537.36 (KHTML, like Gecko; compatible; ClaudeBot/1.0; +claudebot@anthropic.com)"
74.7.242.17 - - [01/Aug/2026:15:01:57 +0200] "GET /?fileloc=//scripts/restorepkg&path=//scripts HTTP/1.1" 200 12243 "https://tempokontrol.co.za/?path=//scripts" "Mozilla/5.0 AppleWebKit/537.36 (KHTML, like Gecko; compatible; GPTBot/1.4; +https://openai.com/gptbot)"
74.7.227.163 - - [01/Aug/2026:15:01:57 +0200] "GET /?fileloc=//sys/class/net/eth0/subsystem/eth0/queues/rx-7/rps_cpus&path=//sys/class/net/eth0/subsystem/eth0/queues/rx-7 HTTP/1.1" 200 12664 "https://www.tempokontrol.co.za/?path=//sys/class/net/eth0/subsystem/eth0/queues/rx-7" "Mozilla/5.0 AppleWebKit/537.36 (KHTML, like Gecko; compatible; GPTBot/1.4; +https://openai.com/gptbot)"
216.73.216.79 - - [01/Aug/2026:15:01:59 +0200] "GET /sitemap.xml?path=%2F%2Fsys%2Fdev%2Fchar%2F4%3A54%2Fsubsystem%2Ftty32 HTTP/1.1" 200 18625 "-" "Mozilla/5.0 AppleWebKit/537.36 (KHTML, like Gecko; compatible; ClaudeBot/1.0; +claudebot@anthropic.com)"
74.7.242.17 - - [01/Aug/2026:15:02:00 +0200] "GET /?path=//lib64/pipewire-0.3/jack HTTP/1.1" 200 21783 "https://tempokontrol.co.za/?path=//lib64/pipewire-0.3" "Mozilla/5.0 AppleWebKit/537.36 (KHTML, like Gecko; compatible; GPTBot/1.4; +https://openai.com/gptbot)"
74.7.227.163 - - [01/Aug/2026:15:02:00 +0200] "GET /?fileloc=//sys/class/net/eth0/subsystem/eth0/queues/rx-4/rps_cpus&path=//sys/class/net/eth0/subsystem/eth0/queues/rx-4 HTTP/1.1" 200 12664 "https://www.tempokontrol.co.za/?path=//sys/class/net/eth0/subsystem/eth0/queues/rx-4" "Mozilla/5.0 AppleWebKit/537.36 (KHTML, like Gecko; compatible; GPTBot/1.4; +https://openai.com/gptbot)"
216.73.216.79 - - [01/Aug/2026:15:02:03 +0200] "GET /sitemap.xml?fileloc=%2F%2Fsys%2Fblock%2Floop0%2Fqueue%2Fnr_zones&path=%2F%2Fsys%2Fblock%2Floop0%2Fqueue HTTP/1.1" 200 12381 "-" "Mozilla/5.0 AppleWebKit/537.36 (KHTML, like Gecko; compatible; ClaudeBot/1.0; +claudebot@anthropic.com)"
74.7.242.17 - - [01/Aug/2026:15:02:03 +0200] "GET /?fileloc=//scripts/restartsrv_ftpd&path=//scripts HTTP/1.1" 200 12684 "https://tempokontrol.co.za/?path=//scripts" "Mozilla/5.0 AppleWebKit/537.36 (KHTML, like Gecko; compatible; GPTBot/1.4; +https://openai.com/gptbot)"
74.7.227.163 - - [01/Aug/2026:15:02:04 +0200] "GET /?fileloc=//sys/class/net/eth0/subsystem/eth0/queues/rx-3/rps_cpus&path=//sys/class/net/eth0/subsystem/eth0/queues/rx-3 HTTP/1.1" 200 12664 "https://www.tempokontrol.co.za/?path=//sys/class/net/eth0/subsystem/eth0/queues/rx-3" "Mozilla/5.0 AppleWebKit/537.36 (KHTML, like Gecko; compatible; GPTBot/1.4; +https://openai.com/gptbot)"
74.7.242.17 - - [01/Aug/2026:15:02:06 +0200] "GET /?fileloc=//scripts/call_pkgacct&path=//scripts HTTP/1.1" 200 14739 "https://tempokontrol.co.za/?path=//scripts" "Mozilla/5.0 AppleWebKit/537.36 (KHTML, like Gecko; compatible; GPTBot/1.4; +https://openai.com/gptbot)"
74.7.227.163 - - [01/Aug/2026:15:02:07 +0200] "GET /?fileloc=//sys/class/net/eth0/subsystem/eth0/queues/rx-5/rps_cpus&path=//sys/class/net/eth0/subsystem/eth0/queues/rx-5 HTTP/1.1" 200 12664 "https://www.tempokontrol.co.za/?path=//sys/class/net/eth0/subsystem/eth0/queues/rx-5" "Mozilla/5.0 AppleWebKit/537.36 (KHTML, like Gecko; compatible; GPTBot/1.4; +https://openai.com/gptbot)"
216.73.216.79 - - [01/Aug/2026:15:02:07 +0200] "GET /sitemap.xml?path=%2F%2Fsys%2Fkernel%2Fmm%2Fnuma HTTP/1.1" 200 14239 "-" "Mozilla/5.0 AppleWebKit/537.36 (KHTML, like Gecko; compatible; ClaudeBot/1.0; +claudebot@anthropic.com)"
57.141.0.71 - - [01/Aug/2026:15:02:09 +0200] "GET /wp-sitemap-posts-post-1.xml HTTP/1.1" 200 53044 "-" "Mozilla/5.0 (Macintosh; Intel Mac OS X 10_15_7) AppleWebKit/537.36 (KHTML, like Gecko) Chrome/145.0.0.0 Safari/537.36 (compatible; meta-externalagent/1.1 (+https://developers.facebook.com/docs/sharing/webmasters/crawler))"
74.7.242.17 - - [01/Aug/2026:15:02:09 +0200] "GET /?fileloc=//scripts/cpanelsync&path=//scripts HTTP/1.1" 200 44580 "https://tempokontrol.co.za/?path=//scripts" "Mozilla/5.0 AppleWebKit/537.36 (KHTML, like Gecko; compatible; GPTBot/1.4; +https://openai.com/gptbot)"
74.7.227.163 - - [01/Aug/2026:15:02:10 +0200] "GET /?fileloc=//sys/class/net/eth0/subsystem/eth0/queues/rx-6/rps_cpus&path=//sys/class/net/eth0/subsystem/eth0/queues/rx-6 HTTP/1.1" 200 12664 "https://www.tempokontrol.co.za/?path=//sys/class/net/eth0/subsystem/eth0/queues/rx-6" "Mozilla/5.0 AppleWebKit/537.36 (KHTML, like Gecko; compatible; GPTBot/1.4; +https://openai.com/gptbot)"
216.73.216.79 - - [01/Aug/2026:15:02:11 +0200] "GET /sitemap.xml?path=%2F%2Fsys%2Fclass%2Ftty%2Ftty32%2Fsubsystem%2Ftty45 HTTP/1.1" 200 18664 "-" "Mozilla/5.0 AppleWebKit/537.36 (KHTML, like Gecko; compatible; ClaudeBot/1.0; +claudebot@anthropic.com)"
74.7.227.163 - - [01/Aug/2026:15:02:13 +0200] "GET /?fileloc=//sys/class/net/eth0/subsystem/eth0/queues/tx-9/xps_cpus&path=//sys/class/net/eth0/subsystem/eth0/queues/tx-9 HTTP/1.1" 200 12664 "https://www.tempokontrol.co.za/?path=//sys/class/net/eth0/subsystem/eth0/queues/tx-9" "Mozilla/5.0 AppleWebKit/537.36 (KHTML, like Gecko; compatible; GPTBot/1.4; +https://openai.com/gptbot)"
74.7.242.17 - - [01/Aug/2026:15:02:13 +0200] "GET /?fileloc=//scripts/restartsrv_httpd&path=//scripts HTTP/1.1" 200 14056869 "https://tempokontrol.co.za/?path=//scripts" "Mozilla/5.0 AppleWebKit/537.36 (KHTML, like Gecko; compatible; GPTBot/1.4; +https://openai.com/gptbot)"
216.73.216.79 - - [01/Aug/2026:15:02:15 +0200] "GET /sitemap.xml?path=%2F%2Fsys%2Fdev%2Fchar%2F4%3A25%2Fsubsystem%2Ftty4%2Fsubsystem HTTP/1.1" 200 112669 "-" "Mozilla/5.0 AppleWebKit/537.36 (KHTML, like Gecko; compatible; ClaudeBot/1.0; +claudebot@anthropic.com)"
74.7.227.163 - - [01/Aug/2026:15:02:16 +0200] "GET /?fileloc=//sys/class/net/eth0/subsystem/eth0/queues/tx-1/tx_timeout&path=//sys/class/net/eth0/subsystem/eth0/queues/tx-1 HTTP/1.1" 200 12664 "https://www.tempokontrol.co.za/?path=//sys/class/net/eth0/subsystem/eth0/queues/tx-1" "Mozilla/5.0 AppleWebKit/537.36 (KHTML, like Gecko; compatible; GPTBot/1.4; +https://openai.com/gptbot)"
74.7.242.17 - - [01/Aug/2026:15:02:17 +0200] "GET /?fileloc=//scripts/fix_reseller_acls&path=//scripts HTTP/1.1" 200 24445 "https://tempokontrol.co.za/?path=//scripts" "Mozilla/5.0 AppleWebKit/537.36 (KHTML, like Gecko; compatible; GPTBot/1.4; +https://openai.com/gptbot)"
216.73.216.79 - - [01/Aug/2026:15:02:19 +0200] "GET /sitemap.xml?path=%2F%2Fvar%2Flib%2Fbluetooth HTTP/1.1" 200 14054 "-" "Mozilla/5.0 AppleWebKit/537.36 (KHTML, like Gecko; compatible; ClaudeBot/1.0; +claudebot@anthropic.com)"
74.7.242.17 - - [01/Aug/2026:15:02:19 +0200] "GET /?fileloc=//scripts/restartsrv_lmtp&path=//scripts HTTP/1.1" 200 12695 "https://tempokontrol.co.za/?path=//scripts" "Mozilla/5.0 AppleWebKit/537.36 (KHTML, like Gecko; compatible; GPTBot/1.4; +https://openai.com/gptbot)"
74.7.227.163 - - [01/Aug/2026:15:02:20 +0200] "GET /?fileloc=//sys/class/net/eth0/subsystem/eth0/queues/tx-1/xps_cpus&path=//sys/class/net/eth0/subsystem/eth0/queues/tx-1 HTTP/1.1" 200 12664 "https://www.tempokontrol.co.za/?path=//sys/class/net/eth0/subsystem/eth0/queues/tx-1" "Mozilla/5.0 AppleWebKit/537.36 (KHTML, like Gecko; compatible; GPTBot/1.4; +https://openai.com/gptbot)"
74.7.242.17 - - [01/Aug/2026:15:02:23 +0200] "GET /?fileloc=//scripts/killpvhost&path=//scripts HTTP/1.1" 200 13109 "https://tempokontrol.co.za/?path=//scripts" "Mozilla/5.0 AppleWebKit/537.36 (KHTML, like Gecko; compatible; GPTBot/1.4; +https://openai.com/gptbot)"
74.7.227.163 - - [01/Aug/2026:15:02:23 +0200] "GET /?fileloc=//sys/class/net/eth0/subsystem/eth0/queues/tx-9/xps_rxqs&path=//sys/class/net/eth0/subsystem/eth0/queues/tx-9 HTTP/1.1" 200 12678 "https://www.tempokontrol.co.za/?path=//sys/class/net/eth0/subsystem/eth0/queues/tx-9" "Mozilla/5.0 AppleWebKit/537.36 (KHTML, like Gecko; compatible; GPTBot/1.4; +https://openai.com/gptbot)"
216.73.216.79 - - [01/Aug/2026:15:02:23 +0200] "GET /sitemap.xml?path=%2F%2Fsys%2Fdev%2Fchar%2F4%3A25%2Fsubsystem%2Ftty35 HTTP/1.1" 200 18625 "-" "Mozilla/5.0 AppleWebKit/537.36 (KHTML, like Gecko; compatible; ClaudeBot/1.0; +claudebot@anthropic.com)"
74.7.242.17 - - [01/Aug/2026:15:02:26 +0200] "GET /?fileloc=//scripts/autorepair&path=//scripts HTTP/1.1" 200 13706 "https://tempokontrol.co.za/?path=//scripts" "Mozilla/5.0 AppleWebKit/537.36 (KHTML, like Gecko; compatible; GPTBot/1.4; +https://openai.com/gptbot)"
74.7.227.163 - - [01/Aug/2026:15:02:26 +0200] "GET /?fileloc=//sys/class/net/eth0/subsystem/eth0/queues/tx-1/traffic_class&path=//sys/class/net/eth0/subsystem/eth0/queues/tx-1 HTTP/1.1" 200 12667 "https://www.tempokontrol.co.za/?path=//sys/class/net/eth0/subsystem/eth0/queues/tx-1" "Mozilla/5.0 AppleWebKit/537.36 (KHTML, like Gecko; compatible; GPTBot/1.4; +https://openai.com/gptbot)"
74.7.227.163 - - [01/Aug/2026:15:02:29 +0200] "GET /?fileloc=//sys/class/net/eth0/subsystem/eth0/queues/tx-2/xps_cpus&path=//sys/class/net/eth0/subsystem/eth0/queues/tx-2 HTTP/1.1" 200 12664 "https://www.tempokontrol.co.za/?path=//sys/class/net/eth0/subsystem/eth0/queues/tx-2" "Mozilla/5.0 AppleWebKit/537.36 (KHTML, like Gecko; compatible; GPTBot/1.4; +https://openai.com/gptbot)"
74.7.242.17 - - [01/Aug/2026:15:02:29 +0200] "GET /?fileloc=//scripts/checkusers&path=//scripts HTTP/1.1" 200 13259 "https://tempokontrol.co.za/?path=//scripts" "Mozilla/5.0 AppleWebKit/537.36 (KHTML, like Gecko; compatible; GPTBot/1.4; +https://openai.com/gptbot)"
74.7.227.163 - - [01/Aug/2026:15:02:32 +0200] "GET /?fileloc=//sys/class/net/eth0/subsystem/eth0/queues/tx-6/xps_cpus&path=//sys/class/net/eth0/subsystem/eth0/queues/tx-6 HTTP/1.1" 200 12664 "https://www.tempokontrol.co.za/?path=//sys/class/net/eth0/subsystem/eth0/queues/tx-6" "Mozilla/5.0 AppleWebKit/537.36 (KHTML, like Gecko; compatible; GPTBot/1.4; +https://openai.com/gptbot)"
74.7.242.17 - - [01/Aug/2026:15:02:32 +0200] "GET /?fileloc=//scripts/restartsrv_mailman&path=//scripts HTTP/1.1" 200 14056871 "https://tempokontrol.co.za/?path=//scripts" "Mozilla/5.0 AppleWebKit/537.36 (KHTML, like Gecko; compatible; GPTBot/1.4; +https://openai.com/gptbot)"
74.7.227.163 - - [01/Aug/2026:15:02:35 +0200] "GET /?fileloc=//sys/class/net/eth0/subsystem/eth0/queues/tx-9/traffic_class&path=//sys/class/net/eth0/subsystem/eth0/queues/tx-9 HTTP/1.1" 200 12667 "https://www.tempokontrol.co.za/?path=//sys/class/net/eth0/subsystem/eth0/queues/tx-9" "Mozilla/5.0 AppleWebKit/537.36 (KHTML, like Gecko; compatible; GPTBot/1.4; +https://openai.com/gptbot)"
74.7.242.17 - - [01/Aug/2026:15:02:36 +0200] "GET /?fileloc=//scripts/restartsrv_dovecot&path=//scripts HTTP/1.1" 200 14056871 "https://tempokontrol.co.za/?path=//scripts" "Mozilla/5.0 AppleWebKit/537.36 (KHTML, like Gecko; compatible; GPTBot/1.4; +https://openai.com/gptbot)"
74.7.227.163 - - [01/Aug/2026:15:02:38 +0200] "GET /?fileloc=//sys/class/net/eth0/subsystem/eth0/queues/tx-6/xps_rxqs&path=//sys/class/net/eth0/subsystem/eth0/queues/tx-6 HTTP/1.1" 200 12678 "https://www.tempokontrol.co.za/?path=//sys/class/net/eth0/subsystem/eth0/queues/tx-6" "Mozilla/5.0 AppleWebKit/537.36 (KHTML, like Gecko; compatible; GPTBot/1.4; +https://openai.com/gptbot)"
74.7.242.17 - - [01/Aug/2026:15:02:39 +0200] "GET /?fileloc=//scripts/restartsrv_pop3&path=//scripts HTTP/1.1" 200 12695 "https://tempokontrol.co.za/?path=//scripts" "Mozilla/5.0 AppleWebKit/537.36 (KHTML, like Gecko; compatible; GPTBot/1.4; +https://openai.com/gptbot)"
74.7.227.163 - - [01/Aug/2026:15:02:42 +0200] "GET /?fileloc=//sys/class/net/eth0/subsystem/eth0/queues/tx-9/tx_maxrate&path=//sys/class/net/eth0/subsystem/eth0/queues/tx-9 HTTP/1.1" 200 12664 "https://www.tempokontrol.co.za/?path=//sys/class/net/eth0/subsystem/eth0/queues/tx-9" "Mozilla/5.0 AppleWebKit/537.36 (KHTML, like Gecko; compatible; GPTBot/1.4; +https://openai.com/gptbot)"
74.7.242.17 - - [01/Aug/2026:15:02:42 +0200] "GET /?fileloc=//scripts/snapshot_prep&path=//scripts HTTP/1.1" 200 18646 "https://tempokontrol.co.za/?path=//scripts" "Mozilla/5.0 AppleWebKit/537.36 (KHTML, like Gecko; compatible; GPTBot/1.4; +https://openai.com/gptbot)"
74.7.227.163 - - [01/Aug/2026:15:02:45 +0200] "GET /?fileloc=//sys/class/net/eth0/subsystem/eth0/queues/tx-2/tx_maxrate&path=//sys/class/net/eth0/subsystem/eth0/queues/tx-2 HTTP/1.1" 200 12664 "https://www.tempokontrol.co.za/?path=//sys/class/net/eth0/subsystem/eth0/queues/tx-2" "Mozilla/5.0 AppleWebKit/537.36 (KHTML, like Gecko; compatible; GPTBot/1.4; +https://openai.com/gptbot)"
74.7.242.17 - - [01/Aug/2026:15:02:45 +0200] "GET /?fileloc=//scripts/restartsrv_cphulkd&path=//scripts HTTP/1.1" 200 14056871 "https://tempokontrol.co.za/?path=//scripts" "Mozilla/5.0 AppleWebKit/537.36 (KHTML, like Gecko; compatible; GPTBot/1.4; +https://openai.com/gptbot)"
74.7.227.163 - - [01/Aug/2026:15:02:48 +0200] "GET /?fileloc=//sys/class/net/eth0/subsystem/eth0/queues/tx-6/tx_maxrate&path=//sys/class/net/eth0/subsystem/eth0/queues/tx-6 HTTP/1.1" 200 12664 "https://www.tempokontrol.co.za/?path=//sys/class/net/eth0/subsystem/eth0/queues/tx-6" "Mozilla/5.0 AppleWebKit/537.36 (KHTML, like Gecko; compatible; GPTBot/1.4; +https://openai.com/gptbot)"
74.7.242.17 - - [01/Aug/2026:15:02:49 +0200] "GET /?fileloc=//lib64/libicui18n.so.67&path=//lib64 HTTP/1.1" 200 4800883 "https://tempokontrol.co.za/?path=//lib64" "Mozilla/5.0 AppleWebKit/537.36 (KHTML, like Gecko; compatible; GPTBot/1.4; +https://openai.com/gptbot)"
74.7.227.163 - - [01/Aug/2026:15:02:51 +0200] "GET /?fileloc=//sys/class/net/eth0/subsystem/eth0/queues/tx-1/xps_rxqs&path=//sys/class/net/eth0/subsystem/eth0/queues/tx-1 HTTP/1.1" 200 12678 "https://www.tempokontrol.co.za/?path=//sys/class/net/eth0/subsystem/eth0/queues/tx-1" "Mozilla/5.0 AppleWebKit/537.36 (KHTML, like Gecko; compatible; GPTBot/1.4; +https://openai.com/gptbot)"
74.7.242.17 - - [01/Aug/2026:15:02:52 +0200] "GET /?fileloc=//scripts/ea4_fresh_install&path=//scripts HTTP/1.1" 200 15123 "https://tempokontrol.co.za/?path=//scripts" "Mozilla/5.0 AppleWebKit/537.36 (KHTML, like Gecko; compatible; GPTBot/1.4; +https://openai.com/gptbot)"
74.7.227.163 - - [01/Aug/2026:15:02:54 +0200] "GET /?fileloc=//sys/class/net/eth0/subsystem/eth0/queues/tx-2/traffic_class&path=//sys/class/net/eth0/subsystem/eth0/queues/tx-2 HTTP/1.1" 200 12667 "https://www.tempokontrol.co.za/?path=//sys/class/net/eth0/subsystem/eth0/queues/tx-2" "Mozilla/5.0 AppleWebKit/537.36 (KHTML, like Gecko; compatible; GPTBot/1.4; +https://openai.com/gptbot)"
74.7.242.17 - - [01/Aug/2026:15:02:55 +0200] "GET /?path=/home/tn/www/.tmb HTTP/1.1" 200 14191 "https://tempokontrol.co.za/?path=/home/tn/www" "Mozilla/5.0 AppleWebKit/537.36 (KHTML, like Gecko; compatible; GPTBot/1.4; +https://openai.com/gptbot)"
74.7.227.163 - - [01/Aug/2026:15:02:57 +0200] "GET /?fileloc=//sys/class/net/eth0/subsystem/eth0/queues/rx-5/rps_flow_cnt&path=//sys/class/net/eth0/subsystem/eth0/queues/rx-5 HTTP/1.1" 200 12666 "https://www.tempokontrol.co.za/?path=//sys/class/net/eth0/subsystem/eth0/queues/rx-5" "Mozilla/5.0 AppleWebKit/537.36 (KHTML, like Gecko; compatible; GPTBot/1.4; +https://openai.com/gptbot)"
192.178.6.104 - - [01/Aug/2026:15:02:56 +0200] "GET /?q=i8n4d3u6l9g2e2n9t0i3al HTTP/1.1" 200 809384 "-" "Mozilla/5.0 (Linux; Android 6.0.1; Nexus 5X Build/MMB29P) AppleWebKit/537.36 (KHTML, like Gecko) Chrome/150.0.7871.186 Mobile Safari/537.36 (compatible; Googlebot/2.1; +http://www.google.com/bot.html)"
74.7.242.17 - - [01/Aug/2026:15:02:59 +0200] "GET /?fileloc=//scripts/cleanupinterchange&path=//scripts HTTP/1.1" 200 15092 "https://tempokontrol.co.za/?path=//scripts" "Mozilla/5.0 AppleWebKit/537.36 (KHTML, like Gecko; compatible; GPTBot/1.4; +https://openai.com/gptbot)"
216.73.216.79 - - [01/Aug/2026:15:02:59 +0200] "GET /sitemap.xml?path=%2F%2Fsys%2Ffirmware%2Fmemmap%2F179 HTTP/1.1" 200 17113 "-" "Mozilla/5.0 AppleWebKit/537.36 (KHTML, like Gecko; compatible; ClaudeBot/1.0; +claudebot@anthropic.com)"
74.7.227.163 - - [01/Aug/2026:15:03:01 +0200] "GET /?fileloc=//sys/class/net/eth0/subsystem/eth0/queues/rx-4/rps_flow_cnt&path=//sys/class/net/eth0/subsystem/eth0/queues/rx-4 HTTP/1.1" 200 12666 "https://www.tempokontrol.co.za/?path=//sys/class/net/eth0/subsystem/eth0/queues/rx-4" "Mozilla/5.0 AppleWebKit/537.36 (KHTML, like Gecko; compatible; GPTBot/1.4; +https://openai.com/gptbot)"
74.7.242.17 - - [01/Aug/2026:15:03:02 +0200] "GET /?fileloc=//scripts/mainipcheck&path=//scripts HTTP/1.1" 200 23275 "https://tempokontrol.co.za/?path=//scripts" "Mozilla/5.0 AppleWebKit/537.36 (KHTML, like Gecko; compatible; GPTBot/1.4; +https://openai.com/gptbot)"
74.7.227.163 - - [01/Aug/2026:15:03:04 +0200] "GET /?fileloc=//sys/class/net/eth0/subsystem/eth0/queues/rx-6/rps_flow_cnt&path=//sys/class/net/eth0/subsystem/eth0/queues/rx-6 HTTP/1.1" 200 12666 "https://www.tempokontrol.co.za/?path=//sys/class/net/eth0/subsystem/eth0/queues/rx-6" "Mozilla/5.0 AppleWebKit/537.36 (KHTML, like Gecko; compatible; GPTBot/1.4; +https://openai.com/gptbot)"
216.73.216.79 - - [01/Aug/2026:15:03:04 +0200] "GET /sitemap.xml?path=%2F%2Fsys%2Fclass%2Ftty%2Ftty32%2Fsubsystem%2Ftty36 HTTP/1.1" 200 18664 "-" "Mozilla/5.0 AppleWebKit/537.36 (KHTML, like Gecko; compatible; ClaudeBot/1.0; +claudebot@anthropic.com)"
74.7.242.17 - - [01/Aug/2026:15:03:05 +0200] "GET /?fileloc=//scripts/phpini_tidy&path=//scripts HTTP/1.1" 200 12947 "https://tempokontrol.co.za/?path=//scripts" "Mozilla/5.0 AppleWebKit/537.36 (KHTML, like Gecko; compatible; GPTBot/1.4; +https://openai.com/gptbot)"
74.7.227.163 - - [01/Aug/2026:15:03:07 +0200] "GET /?fileloc=//sys/class/net/eth0/subsystem/eth0/queues/rx-3/rps_flow_cnt&path=//sys/class/net/eth0/subsystem/eth0/queues/rx-3 HTTP/1.1" 200 12666 "https://www.tempokontrol.co.za/?path=//sys/class/net/eth0/subsystem/eth0/queues/rx-3" "Mozilla/5.0 AppleWebKit/537.36 (KHTML, like Gecko; compatible; GPTBot/1.4; +https://openai.com/gptbot)"
74.7.242.17 - - [01/Aug/2026:15:03:08 +0200] "GET /?fileloc=//scripts/uninstall_plugin&path=//scripts HTTP/1.1" 200 15314 "https://tempokontrol.co.za/?path=//scripts" "Mozilla/5.0 AppleWebKit/537.36 (KHTML, like Gecko; compatible; GPTBot/1.4; +https://openai.com/gptbot)"
74.7.227.163 - - [01/Aug/2026:15:03:10 +0200] "GET /?fileloc=//sys/class/net/eth0/subsystem/eth0/queues/rx-7/rps_flow_cnt&path=//sys/class/net/eth0/subsystem/eth0/queues/rx-7 HTTP/1.1" 200 12666 "https://www.tempokontrol.co.za/?path=//sys/class/net/eth0/subsystem/eth0/queues/rx-7" "Mozilla/5.0 AppleWebKit/537.36 (KHTML, like Gecko; compatible; GPTBot/1.4; +https://openai.com/gptbot)"
216.73.216.79 - - [01/Aug/2026:15:03:10 +0200] "GET /sitemap.xml?path=%2F%2Fsys%2Fclass%2Ftty%2Ftty32%2Fsubsystem%2Ftty22 HTTP/1.1" 200 18664 "-" "Mozilla/5.0 AppleWebKit/537.36 (KHTML, like Gecko; compatible; ClaudeBot/1.0; +claudebot@anthropic.com)"
74.7.227.163 - - [01/Aug/2026:15:03:13 +0200] "GET /?path=//sys/class/net/eth0/device/net/eth0/subsystem/eth0/subsystem/lo/subsystem/lo/subsystem/eth0/device/net/eth0/device/subsystem/drivers/hv_storvsc/module/notes HTTP/1.1" 200 19138 "https://www.tempokontrol.co.za/?path=//sys/class/net/eth0/device/net/eth0/subsystem/eth0/subsystem/lo/subsystem/lo/subsystem/eth0/device/net/eth0/device/subsystem/drivers/hv_storvsc/module" "Mozilla/5.0 AppleWebKit/537.36 (KHTML, like Gecko; compatible; GPTBot/1.4; +https://openai.com/gptbot)"
74.7.242.17 - - [01/Aug/2026:15:03:11 +0200] "GET /?fileloc=//scripts/restartsrv_clamd&path=//scripts HTTP/1.1" 200 14056869 "https://tempokontrol.co.za/?path=//scripts" "Mozilla/5.0 AppleWebKit/537.36 (KHTML, like Gecko; compatible; GPTBot/1.4; +https://openai.com/gptbot)"
74.7.242.17 - - [01/Aug/2026:15:03:15 +0200] "GET /?fileloc=//scripts/locale_info&path=//scripts HTTP/1.1" 200 16849 "https://tempokontrol.co.za/?path=//scripts" "Mozilla/5.0 AppleWebKit/537.36 (KHTML, like Gecko; compatible; GPTBot/1.4; +https://openai.com/gptbot)"
74.7.227.163 - - [01/Aug/2026:15:03:16 +0200] "GET /?path=//sys/class/net/eth0/device/net/eth0/subsystem/lo/subsystem/lo/subsystem/eth0/subsystem/eth0/device/net/eth0/device/subsystem/drivers/hv_utils/module/sections HTTP/1.1" 200 73590 "https://www.tempokontrol.co.za/?path=//sys/class/net/eth0/device/net/eth0/subsystem/lo/subsystem/lo/subsystem/eth0/subsystem/eth0/device/net/eth0/device/subsystem/drivers/hv_utils/module" "Mozilla/5.0 AppleWebKit/537.36 (KHTML, like Gecko; compatible; GPTBot/1.4; +https://openai.com/gptbot)"
74.7.242.17 - - [01/Aug/2026:15:03:18 +0200] "GET /?fileloc=//scripts/process_cpmove&path=//scripts HTTP/1.1" 200 16969 "https://tempokontrol.co.za/?path=//scripts" "Mozilla/5.0 AppleWebKit/537.36 (KHTML, like Gecko; compatible; GPTBot/1.4; +https://openai.com/gptbot)"
74.7.227.163 - - [01/Aug/2026:15:03:19 +0200] "GET /?path=//sys/class/net/eth0/subsystem/lo/subsystem HTTP/1.1" 200 15748 "https://www.tempokontrol.co.za/?path=//sys/class/net/eth0/subsystem/lo" "Mozilla/5.0 AppleWebKit/537.36 (KHTML, like Gecko; compatible; GPTBot/1.4; +https://openai.com/gptbot)"
216.73.216.79 - - [01/Aug/2026:15:03:20 +0200] "GET /sitemap.xml?path=%2F%2Fsys%2Fdev%2Fchar%2F4%3A54%2Fsubsystem%2FttyS0 HTTP/1.1" 200 40999 "-" "Mozilla/5.0 AppleWebKit/537.36 (KHTML, like Gecko; compatible; ClaudeBot/1.0; +claudebot@anthropic.com)"
74.7.242.17 - - [01/Aug/2026:15:03:21 +0200] "GET /?fileloc=//scripts/install_plugin&path=//scripts HTTP/1.1" 200 15274 "https://tempokontrol.co.za/?path=//scripts" "Mozilla/5.0 AppleWebKit/537.36 (KHTML, like Gecko; compatible; GPTBot/1.4; +https://openai.com/gptbot)"
74.7.227.163 - - [01/Aug/2026:15:03:23 +0200] "GET /?path=//sys/class/net/eth0/device/net/eth0/subsystem/lo/subsystem/lo/subsystem/eth0/subsystem/eth0/device/net/eth0/device/subsystem/drivers/hv_storvsc/module/sections HTTP/1.1" 200 71812 "https://www.tempokontrol.co.za/?path=//sys/class/net/eth0/device/net/eth0/subsystem/lo/subsystem/lo/subsystem/eth0/subsystem/eth0/device/net/eth0/device/subsystem/drivers/hv_storvsc/module" "Mozilla/5.0 AppleWebKit/537.36 (KHTML, like Gecko; compatible; GPTBot/1.4; +https://openai.com/gptbot)"
74.7.242.17 - - [01/Aug/2026:15:03:24 +0200] "GET /?fileloc=//scripts/test_sa_compiled&path=//scripts HTTP/1.1" 200 13392 "https://tempokontrol.co.za/?path=//scripts" "Mozilla/5.0 AppleWebKit/537.36 (KHTML, like Gecko; compatible; GPTBot/1.4; +https://openai.com/gptbot)"
74.7.227.163 - - [01/Aug/2026:15:03:26 +0200] "GET /?path=//sys/class/net/eth0/device/net/eth0/subsystem/lo/subsystem/lo/subsystem/eth0/subsystem/eth0/device/net/eth0/device/subsystem/drivers/hv_utils/module/parameters HTTP/1.1" 200 17134 "https://www.tempokontrol.co.za/?path=//sys/class/net/eth0/device/net/eth0/subsystem/lo/subsystem/lo/subsystem/eth0/subsystem/eth0/device/net/eth0/device/subsystem/drivers/hv_utils/module" "Mozilla/5.0 AppleWebKit/537.36 (KHTML, like Gecko; compatible; GPTBot/1.4; +https://openai.com/gptbot)"
74.7.227.163 - - [01/Aug/2026:15:03:29 +0200] "GET /?path=//sys/class/net/eth0/device/net/eth0/subsystem/eth0/subsystem/lo/subsystem/lo/subsystem/eth0/device/net/eth0/device/subsystem/drivers/hv_storvsc/module/holders HTTP/1.1" 200 15110 "https://www.tempokontrol.co.za/?path=//sys/class/net/eth0/device/net/eth0/subsystem/eth0/subsystem/lo/subsystem/lo/subsystem/eth0/device/net/eth0/device/subsystem/drivers/hv_storvsc/module" "Mozilla/5.0 AppleWebKit/537.36 (KHTML, like Gecko; compatible; GPTBot/1.4; +https://openai.com/gptbot)"
216.73.216.79 - - [01/Aug/2026:15:03:30 +0200] "GET /sitemap.xml?path=%2F%2Fsys%2Fclass%2Ftty%2Ftty32%2Fsubsystem%2Ftty38 HTTP/1.1" 200 18664 "-" "Mozilla/5.0 AppleWebKit/537.36 (KHTML, like Gecko; compatible; ClaudeBot/1.0; +claudebot@anthropic.com)"
74.7.242.17 - - [01/Aug/2026:15:03:28 +0200] "GET /?fileloc=//scripts/restartsrv_exim&path=//scripts HTTP/1.1" 200 14056868 "https://tempokontrol.co.za/?path=//scripts" "Mozilla/5.0 AppleWebKit/537.36 (KHTML, like Gecko; compatible; GPTBot/1.4; +https://openai.com/gptbot)"
74.7.242.17 - - [01/Aug/2026:15:03:32 +0200] "GET /?fileloc=//scripts/fixmailman&path=//scripts HTTP/1.1" 200 14517 "https://tempokontrol.co.za/?path=//scripts" "Mozilla/5.0 AppleWebKit/537.36 (KHTML, like Gecko; compatible; GPTBot/1.4; +https://openai.com/gptbot)"
74.7.227.163 - - [01/Aug/2026:15:03:32 +0200] "GET /?path=//sys/class/net/eth0/device/net/eth0/subsystem/lo/subsystem/lo/subsystem/eth0/subsystem/eth0/device/net/eth0/device/subsystem/drivers/hv_storvsc/module/holders HTTP/1.1" 200 15102 "https://www.tempokontrol.co.za/?path=//sys/class/net/eth0/device/net/eth0/subsystem/lo/subsystem/lo/subsystem/eth0/subsystem/eth0/device/net/eth0/device/subsystem/drivers/hv_storvsc/module" "Mozilla/5.0 AppleWebKit/537.36 (KHTML, like Gecko; compatible; GPTBot/1.4; +https://openai.com/gptbot)"
74.7.242.17 - - [01/Aug/2026:15:03:35 +0200] "GET /?fileloc=//scripts/cleanquotas&path=//scripts HTTP/1.1" 200 13985 "https://tempokontrol.co.za/?path=//scripts" "Mozilla/5.0 AppleWebKit/537.36 (KHTML, like Gecko; compatible; GPTBot/1.4; +https://openai.com/gptbot)"
74.7.227.163 - - [01/Aug/2026:15:03:35 +0200] "GET /?path=//sys/class/net/eth0/device/net/eth0/subsystem/eth0/subsystem/lo/subsystem/lo/subsystem/eth0/device/net/eth0/device/subsystem/drivers/hv_utils/module/parameters HTTP/1.1" 200 17142 "https://www.tempokontrol.co.za/?path=//sys/class/net/eth0/device/net/eth0/subsystem/eth0/subsystem/lo/subsystem/lo/subsystem/eth0/device/net/eth0/device/subsystem/drivers/hv_utils/module" "Mozilla/5.0 AppleWebKit/537.36 (KHTML, like Gecko; compatible; GPTBot/1.4; +https://openai.com/gptbot)"
74.7.242.17 - - [01/Aug/2026:15:03:38 +0200] "GET /?fileloc=//scripts/quotacheck&path=//scripts HTTP/1.1" 200 37952 "https://tempokontrol.co.za/?path=//scripts" "Mozilla/5.0 AppleWebKit/537.36 (KHTML, like Gecko; compatible; GPTBot/1.4; +https://openai.com/gptbot)"
74.7.227.163 - - [01/Aug/2026:15:03:38 +0200] "GET /?path=//sys/class/net/eth0/device/net/eth0/subsystem/lo/subsystem/lo/subsystem/eth0/subsystem/eth0/device/net/eth0/device/subsystem/drivers/hv_storvsc/module/drivers HTTP/1.1" 200 16896 "https://www.tempokontrol.co.za/?path=//sys/class/net/eth0/device/net/eth0/subsystem/lo/subsystem/lo/subsystem/eth0/subsystem/eth0/device/net/eth0/device/subsystem/drivers/hv_storvsc/module" "Mozilla/5.0 AppleWebKit/537.36 (KHTML, like Gecko; compatible; GPTBot/1.4; +https://openai.com/gptbot)"
74.7.227.163 - - [01/Aug/2026:15:03:42 +0200] "GET /?path=//sys/class/net/eth0/device/net/eth0/subsystem/eth0/subsystem/lo/subsystem/lo/subsystem/eth0/device/net/eth0/device/subsystem/drivers/hv_storvsc/module/drivers HTTP/1.1" 200 16904 "https://www.tempokontrol.co.za/?path=//sys/class/net/eth0/device/net/eth0/subsystem/eth0/subsystem/lo/subsystem/lo/subsystem/eth0/device/net/eth0/device/subsystem/drivers/hv_storvsc/module" "Mozilla/5.0 AppleWebKit/537.36 (KHTML, like Gecko; compatible; GPTBot/1.4; +https://openai.com/gptbot)"
74.7.242.17 - - [01/Aug/2026:15:03:41 +0200] "GET /?fileloc=//scripts/restartsrv_nscd&path=//scripts HTTP/1.1" 200 14056868 "https://tempokontrol.co.za/?path=//scripts" "Mozilla/5.0 AppleWebKit/537.36 (KHTML, like Gecko; compatible; GPTBot/1.4; +https://openai.com/gptbot)"
74.7.242.17 - - [01/Aug/2026:15:03:44 +0200] "GET /?fileloc=//scripts/fixheaders&path=//scripts HTTP/1.1" 200 12854 "https://tempokontrol.co.za/?path=//scripts" "Mozilla/5.0 AppleWebKit/537.36 (KHTML, like Gecko; compatible; GPTBot/1.4; +https://openai.com/gptbot)"
74.7.227.163 - - [01/Aug/2026:15:03:45 +0200] "GET /?path=//sys/class/net/eth0/device/net/eth0/subsystem/eth0/subsystem/lo/subsystem/lo/subsystem/eth0/device/net/eth0/device/subsystem/drivers/hv_storvsc/module/sections HTTP/1.1" 200 71820 "https://www.tempokontrol.co.za/?path=//sys/class/net/eth0/device/net/eth0/subsystem/eth0/subsystem/lo/subsystem/lo/subsystem/eth0/device/net/eth0/device/subsystem/drivers/hv_storvsc/module" "Mozilla/5.0 AppleWebKit/537.36 (KHTML, like Gecko; compatible; GPTBot/1.4; +https://openai.com/gptbot)"
74.7.242.17 - - [01/Aug/2026:15:03:48 +0200] "GET /?fileloc=//scripts/magicloader&path=//scripts HTTP/1.1" 200 14399 "https://tempokontrol.co.za/?path=//scripts" "Mozilla/5.0 AppleWebKit/537.36 (KHTML, like Gecko; compatible; GPTBot/1.4; +https://openai.com/gptbot)"
74.7.227.163 - - [01/Aug/2026:15:03:48 +0200] "GET /?path=//sys/class/net/eth0/subsystem/eth0/queues/tx-8/byte_queue_limits HTTP/1.1" 200 21227 "https://www.tempokontrol.co.za/?path=//sys/class/net/eth0/subsystem/eth0/queues/tx-8" "Mozilla/5.0 AppleWebKit/537.36 (KHTML, like Gecko; compatible; GPTBot/1.4; +https://openai.com/gptbot)"
74.7.242.17 - - [01/Aug/2026:15:03:51 +0200] "GET /?fileloc=//scripts/update_apachectl&path=//scripts HTTP/1.1" 200 12739 "https://tempokontrol.co.za/?path=//scripts" "Mozilla/5.0 AppleWebKit/537.36 (KHTML, like Gecko; compatible; GPTBot/1.4; +https://openai.com/gptbot)"
74.7.227.163 - - [01/Aug/2026:15:03:51 +0200] "GET /?path=//sys/class/net/eth0/subsystem/eth0/queues/tx-2/byte_queue_limits HTTP/1.1" 200 21227 "https://www.tempokontrol.co.za/?path=//sys/class/net/eth0/subsystem/eth0/queues/tx-2" "Mozilla/5.0 AppleWebKit/537.36 (KHTML, like Gecko; compatible; GPTBot/1.4; +https://openai.com/gptbot)"
74.7.242.17 - - [01/Aug/2026:15:03:54 +0200] "GET /?fileloc=//scripts/gensysinfo&path=//scripts HTTP/1.1" 200 13463 "https://tempokontrol.co.za/?path=//scripts" "Mozilla/5.0 AppleWebKit/537.36 (KHTML, like Gecko; compatible; GPTBot/1.4; +https://openai.com/gptbot)"
74.7.227.163 - - [01/Aug/2026:15:03:54 +0200] "GET /?path=//sys/class/net/eth0/subsystem/lo/subsystem/lo HTTP/1.1" 200 69848 "https://www.tempokontrol.co.za/?path=//sys/class/net/eth0/subsystem/lo/subsystem" "Mozilla/5.0 AppleWebKit/537.36 (KHTML, like Gecko; compatible; GPTBot/1.4; +https://openai.com/gptbot)"
74.7.227.163 - - [01/Aug/2026:15:03:57 +0200] "GET /?path=//sys/class/net/eth0/subsystem/eth0/queues/tx-6/byte_queue_limits HTTP/1.1" 200 21227 "https://www.tempokontrol.co.za/?path=//sys/class/net/eth0/subsystem/eth0/queues/tx-6" "Mozilla/5.0 AppleWebKit/537.36 (KHTML, like Gecko; compatible; GPTBot/1.4; +https://openai.com/gptbot)"
74.7.242.17 - - [01/Aug/2026:15:03:57 +0200] "GET /?fileloc=//scripts/show_php_settings&path=//scripts HTTP/1.1" 200 16236 "https://tempokontrol.co.za/?path=//scripts" "Mozilla/5.0 AppleWebKit/537.36 (KHTML, like Gecko; compatible; GPTBot/1.4; +https://openai.com/gptbot)"
74.7.227.163 - - [01/Aug/2026:15:04:00 +0200] "GET /?path=//sys/class/net/eth0/subsystem/eth0/queues/tx-1/byte_queue_limits HTTP/1.1" 200 21227 "https://www.tempokontrol.co.za/?path=//sys/class/net/eth0/subsystem/eth0/queues/tx-1" "Mozilla/5.0 AppleWebKit/537.36 (KHTML, like Gecko; compatible; GPTBot/1.4; +https://openai.com/gptbot)"
74.7.242.17 - - [01/Aug/2026:15:04:00 +0200] "GET /?fileloc=//scripts/modify_featurelist&path=//scripts HTTP/1.1" 200 12251 "https://tempokontrol.co.za/?path=//scripts" "Mozilla/5.0 AppleWebKit/537.36 (KHTML, like Gecko; compatible; GPTBot/1.4; +https://openai.com/gptbot)"
74.7.227.163 - - [01/Aug/2026:15:04:03 +0200] "GET /?path=//sys/class/net/eth0/subsystem/eth0/queues/tx-4/byte_queue_limits HTTP/1.1" 200 21227 "https://www.tempokontrol.co.za/?path=//sys/class/net/eth0/subsystem/eth0/queues/tx-4" "Mozilla/5.0 AppleWebKit/537.36 (KHTML, like Gecko; compatible; GPTBot/1.4; +https://openai.com/gptbot)"
74.7.242.17 - - [01/Aug/2026:15:04:03 +0200] "GET /?fileloc=//scripts/manage_greylisting&path=//scripts HTTP/1.1" 200 30787 "https://tempokontrol.co.za/?path=//scripts" "Mozilla/5.0 AppleWebKit/537.36 (KHTML, like Gecko; compatible; GPTBot/1.4; +https://openai.com/gptbot)"
74.7.227.163 - - [01/Aug/2026:15:04:06 +0200] "GET /?path=//sys/class/net/eth0/subsystem/eth0/queues/tx-0/byte_queue_limits HTTP/1.1" 200 21227 "https://www.tempokontrol.co.za/?path=//sys/class/net/eth0/subsystem/eth0/queues/tx-0" "Mozilla/5.0 AppleWebKit/537.36 (KHTML, like Gecko; compatible; GPTBot/1.4; +https://openai.com/gptbot)"
74.7.242.17 - - [01/Aug/2026:15:04:07 +0200] "GET /?path=/home/tn/.razor HTTP/1.1" 200 23182 "https://tempokontrol.co.za/?path=/home/tn" "Mozilla/5.0 AppleWebKit/537.36 (KHTML, like Gecko; compatible; GPTBot/1.4; +https://openai.com/gptbot)"
74.7.227.163 - - [01/Aug/2026:15:04:09 +0200] "GET /?path=//sys/class/net/eth0/subsystem/eth0/queues/tx-7/byte_queue_limits HTTP/1.1" 200 21227 "https://www.tempokontrol.co.za/?path=//sys/class/net/eth0/subsystem/eth0/queues/tx-7" "Mozilla/5.0 AppleWebKit/537.36 (KHTML, like Gecko; compatible; GPTBot/1.4; +https://openai.com/gptbot)"
74.7.242.17 - - [01/Aug/2026:15:04:10 +0200] "GET /?fileloc=//scripts/transfermysqlusers&path=//scripts HTTP/1.1" 200 12251 "https://tempokontrol.co.za/?path=//scripts" "Mozilla/5.0 AppleWebKit/537.36 (KHTML, like Gecko; compatible; GPTBot/1.4; +https://openai.com/gptbot)"
74.7.227.163 - - [01/Aug/2026:15:04:12 +0200] "GET /?path=//sys/class/net/eth0/subsystem/eth0/queues/tx-9/byte_queue_limits HTTP/1.1" 200 21227 "https://www.tempokontrol.co.za/?path=//sys/class/net/eth0/subsystem/eth0/queues/tx-9" "Mozilla/5.0 AppleWebKit/537.36 (KHTML, like Gecko; compatible; GPTBot/1.4; +https://openai.com/gptbot)"
74.7.242.17 - - [01/Aug/2026:15:04:13 +0200] "GET /?fileloc=//scripts/updatenow.static&path=//scripts HTTP/1.1" 200 2379895 "https://tempokontrol.co.za/?path=//scripts" "Mozilla/5.0 AppleWebKit/537.36 (KHTML, like Gecko; compatible; GPTBot/1.4; +https://openai.com/gptbot)"
74.7.227.163 - - [01/Aug/2026:15:04:15 +0200] "GET /?path=//sys/class/net/eth0/subsystem/eth0/queues/tx-5/byte_queue_limits HTTP/1.1" 200 21227 "https://www.tempokontrol.co.za/?path=//sys/class/net/eth0/subsystem/eth0/queues/tx-5" "Mozilla/5.0 AppleWebKit/537.36 (KHTML, like Gecko; compatible; GPTBot/1.4; +https://openai.com/gptbot)"
74.7.242.17 - - [01/Aug/2026:15:04:16 +0200] "GET /?fileloc=//scripts/mysqlpasswd&path=//scripts HTTP/1.1" 200 16677 "https://tempokontrol.co.za/?path=//scripts" "Mozilla/5.0 AppleWebKit/537.36 (KHTML, like Gecko; compatible; GPTBot/1.4; +https://openai.com/gptbot)"
74.7.227.163 - - [01/Aug/2026:15:04:19 +0200] "GET /?path=//sys/class/net/eth0/subsystem/eth0/queues/tx-3/byte_queue_limits HTTP/1.1" 200 21227 "https://www.tempokontrol.co.za/?path=//sys/class/net/eth0/subsystem/eth0/queues/tx-3" "Mozilla/5.0 AppleWebKit/537.36 (KHTML, like Gecko; compatible; GPTBot/1.4; +https://openai.com/gptbot)"
74.7.242.17 - - [01/Aug/2026:15:04:19 +0200] "GET /?fileloc=//scripts/ensure_includes&path=//scripts HTTP/1.1" 200 12865 "https://tempokontrol.co.za/?path=//scripts" "Mozilla/5.0 AppleWebKit/537.36 (KHTML, like Gecko; compatible; GPTBot/1.4; +https://openai.com/gptbot)"
74.7.227.163 - - [01/Aug/2026:15:04:22 +0200] "GET /?fileloc=//sys/class/net/eth0/subsystem/eth0/queues/tx-8/byte_queue_limits/hold_time&path=//sys/class/net/eth0/subsystem/eth0/queues/tx-8/byte_queue_limits HTTP/1.1" 200 12788 "https://www.tempokontrol.co.za/?path=//sys/class/net/eth0/subsystem/eth0/queues/tx-8/byte_queue_limits" "Mozilla/5.0 AppleWebKit/537.36 (KHTML, like Gecko; compatible; GPTBot/1.4; +https://openai.com/gptbot)"
74.7.242.17 - - [01/Aug/2026:15:04:23 +0200] "GET /?fileloc=//scripts/update_users_jail&path=//scripts HTTP/1.1" 200 12951 "https://tempokontrol.co.za/?path=//scripts" "Mozilla/5.0 AppleWebKit/537.36 (KHTML, like Gecko; compatible; GPTBot/1.4; +https://openai.com/gptbot)"
74.7.227.163 - - [01/Aug/2026:15:04:25 +0200] "GET /?fileloc=//sys/class/net/eth0/subsystem/eth0/queues/tx-2/byte_queue_limits/inflight&path=//sys/class/net/eth0/subsystem/eth0/queues/tx-2/byte_queue_limits HTTP/1.1" 200 12784 "https://www.tempokontrol.co.za/?path=//sys/class/net/eth0/subsystem/eth0/queues/tx-2/byte_queue_limits" "Mozilla/5.0 AppleWebKit/537.36 (KHTML, like Gecko; compatible; GPTBot/1.4; +https://openai.com/gptbot)"
74.7.242.17 - - [01/Aug/2026:15:04:26 +0200] "GET /?fileloc=//scripts/upcp-running&path=//scripts HTTP/1.1" 200 15317 "https://tempokontrol.co.za/?path=//scripts" "Mozilla/5.0 AppleWebKit/537.36 (KHTML, like Gecko; compatible; GPTBot/1.4; +https://openai.com/gptbot)"
74.7.227.163 - - [01/Aug/2026:15:04:28 +0200] "GET /?fileloc=//sys/class/net/eth0/subsystem/lo/subsystem/lo/phys_switch_id&path=//sys/class/net/eth0/subsystem/lo/subsystem/lo HTTP/1.1" 200 12662 "https://www.tempokontrol.co.za/?path=//sys/class/net/eth0/subsystem/lo/subsystem/lo" "Mozilla/5.0 AppleWebKit/537.36 (KHTML, like Gecko; compatible; GPTBot/1.4; +https://openai.com/gptbot)"
74.7.242.17 - - [01/Aug/2026:15:04:29 +0200] "GET /?fileloc=//scripts/build_cpnat&path=//scripts HTTP/1.1" 200 15859 "https://tempokontrol.co.za/?path=//scripts" "Mozilla/5.0 AppleWebKit/537.36 (KHTML, like Gecko; compatible; GPTBot/1.4; +https://openai.com/gptbot)"
74.7.227.163 - - [01/Aug/2026:15:04:31 +0200] "GET /?fileloc=//sys/class/net/eth0/subsystem/lo/subsystem/lo/netdev_group&path=//sys/class/net/eth0/subsystem/lo/subsystem/lo HTTP/1.1" 200 12662 "https://www.tempokontrol.co.za/?path=//sys/class/net/eth0/subsystem/lo/subsystem/lo" "Mozilla/5.0 AppleWebKit/537.36 (KHTML, like Gecko; compatible; GPTBot/1.4; +https://openai.com/gptbot)"
74.7.242.17 - - [01/Aug/2026:15:04:32 +0200] "GET /?fileloc=//scripts/syslog_check&path=//scripts HTTP/1.1" 200 13766 "https://tempokontrol.co.za/?path=//scripts" "Mozilla/5.0 AppleWebKit/537.36 (KHTML, like Gecko; compatible; GPTBot/1.4; +https://openai.com/gptbot)"
74.7.227.163 - - [01/Aug/2026:15:04:34 +0200] "GET /?fileloc=//sys/class/net/eth0/subsystem/lo/subsystem/lo/addr_len&path=//sys/class/net/eth0/subsystem/lo/subsystem/lo HTTP/1.1" 200 12658 "https://www.tempokontrol.co.za/?path=//sys/class/net/eth0/subsystem/lo/subsystem/lo" "Mozilla/5.0 AppleWebKit/537.36 (KHTML, like Gecko; compatible; GPTBot/1.4; +https://openai.com/gptbot)"
74.7.242.17 - - [01/Aug/2026:15:04:35 +0200] "GET /?fileloc=//scripts/post_sync_cleanup&path=//scripts HTTP/1.1" 200 18748 "https://tempokontrol.co.za/?path=//scripts" "Mozilla/5.0 AppleWebKit/537.36 (KHTML, like Gecko; compatible; GPTBot/1.4; +https://openai.com/gptbot)"
74.7.227.163 - - [01/Aug/2026:15:04:38 +0200] "GET /?fileloc=//sys/class/net/eth0/subsystem/lo/subsystem/lo/tx_queue_len&path=//sys/class/net/eth0/subsystem/lo/subsystem/lo HTTP/1.1" 200 12665 "https://www.tempokontrol.co.za/?path=//sys/class/net/eth0/subsystem/lo/subsystem/lo" "Mozilla/5.0 AppleWebKit/537.36 (KHTML, like Gecko; compatible; GPTBot/1.4; +https://openai.com/gptbot)"
74.7.242.17 - - [01/Aug/2026:15:04:38 +0200] "GET /?fileloc=//scripts/import_exim_data&path=//scripts HTTP/1.1" 200 21388 "https://tempokontrol.co.za/?path=//scripts" "Mozilla/5.0 AppleWebKit/537.36 (KHTML, like Gecko; compatible; GPTBot/1.4; +https://openai.com/gptbot)"
74.7.227.163 - - [01/Aug/2026:15:04:41 +0200] "GET /?fileloc=//sys/class/net/eth0/subsystem/lo/subsystem/lo/name_assign_type&path=//sys/class/net/eth0/subsystem/lo/subsystem/lo HTTP/1.1" 200 12664 "https://www.tempokontrol.co.za/?path=//sys/class/net/eth0/subsystem/lo/subsystem/lo" "Mozilla/5.0 AppleWebKit/537.36 (KHTML, like Gecko; compatible; GPTBot/1.4; +https://openai.com/gptbot)"
74.7.242.17 - - [01/Aug/2026:15:04:41 +0200] "GET /?fileloc=//scripts/restartsrv_bind&path=//scripts HTTP/1.1" 200 14056868 "https://tempokontrol.co.za/?path=//scripts" "Mozilla/5.0 AppleWebKit/537.36 (KHTML, like Gecko; compatible; GPTBot/1.4; +https://openai.com/gptbot)"
74.7.227.163 - - [01/Aug/2026:15:04:44 +0200] "GET /?fileloc=//sys/class/net/eth0/subsystem/lo/subsystem/lo/proto_down&path=//sys/class/net/eth0/subsystem/lo/subsystem/lo HTTP/1.1" 200 12660 "https://www.tempokontrol.co.za/?path=//sys/class/net/eth0/subsystem/lo/subsystem/lo" "Mozilla/5.0 AppleWebKit/537.36 (KHTML, like Gecko; compatible; GPTBot/1.4; +https://openai.com/gptbot)"
74.7.242.17 - - [01/Aug/2026:15:04:45 +0200] "GET /?fileloc=//scripts/locale_import&path=//scripts HTTP/1.1" 200 17415 "https://tempokontrol.co.za/?path=//scripts" "Mozilla/5.0 AppleWebKit/537.36 (KHTML, like Gecko; compatible; GPTBot/1.4; +https://openai.com/gptbot)"
74.7.227.163 - - [01/Aug/2026:15:04:47 +0200] "GET /?fileloc=//sys/class/net/eth0/subsystem/lo/subsystem/lo/carrier_changes&path=//sys/class/net/eth0/subsystem/lo/subsystem/lo HTTP/1.1" 200 12665 "https://www.tempokontrol.co.za/?path=//sys/class/net/eth0/subsystem/lo/subsystem/lo" "Mozilla/5.0 AppleWebKit/537.36 (KHTML, like Gecko; compatible; GPTBot/1.4; +https://openai.com/gptbot)"
74.7.242.17 - - [01/Aug/2026:15:04:48 +0200] "GET /?fileloc=//scripts/rebuildhttpdconf&path=//scripts HTTP/1.1" 200 15172 "https://tempokontrol.co.za/?path=//scripts" "Mozilla/5.0 AppleWebKit/537.36 (KHTML, like Gecko; compatible; GPTBot/1.4; +https://openai.com/gptbot)"
74.7.227.163 - - [01/Aug/2026:15:04:50 +0200] "GET /?fileloc=//sys/class/net/eth0/subsystem/lo/subsystem/lo/phys_port_name&path=//sys/class/net/eth0/subsystem/lo/subsystem/lo HTTP/1.1" 200 12662 "https://www.tempokontrol.co.za/?path=//sys/class/net/eth0/subsystem/lo/subsystem/lo" "Mozilla/5.0 AppleWebKit/537.36 (KHTML, like Gecko; compatible; GPTBot/1.4; +https://openai.com/gptbot)"
74.7.242.17 - - [01/Aug/2026:15:04:51 +0200] "GET /?fileloc=//scripts/killmysqlwildcard&path=//scripts HTTP/1.1" 200 13501 "https://tempokontrol.co.za/?path=//scripts" "Mozilla/5.0 AppleWebKit/537.36 (KHTML, like Gecko; compatible; GPTBot/1.4; +https://openai.com/gptbot)"
74.7.227.163 - - [01/Aug/2026:15:04:53 +0200] "GET /?fileloc=//sys/class/net/eth0/subsystem/lo/subsystem/lo/addr_assign_type&path=//sys/class/net/eth0/subsystem/lo/subsystem/lo HTTP/1.1" 200 12666 "https://www.tempokontrol.co.za/?path=//sys/class/net/eth0/subsystem/lo/subsystem/lo" "Mozilla/5.0 AppleWebKit/537.36 (KHTML, like Gecko; compatible; GPTBot/1.4; +https://openai.com/gptbot)"
74.7.242.17 - - [01/Aug/2026:15:04:54 +0200] "GET /?fileloc=//scripts/cleanupmysqlprivs&path=//scripts HTTP/1.1" 200 13191 "https://tempokontrol.co.za/?path=//scripts" "Mozilla/5.0 AppleWebKit/537.36 (KHTML, like Gecko; compatible; GPTBot/1.4; +https://openai.com/gptbot)"
74.7.227.163 - - [01/Aug/2026:15:04:56 +0200] "GET /?fileloc=//sys/class/net/eth0/subsystem/lo/subsystem/lo/link_mode&path=//sys/class/net/eth0/subsystem/lo/subsystem/lo HTTP/1.1" 200 12659 "https://www.tempokontrol.co.za/?path=//sys/class/net/eth0/subsystem/lo/subsystem/lo" "Mozilla/5.0 AppleWebKit/537.36 (KHTML, like Gecko; compatible; GPTBot/1.4; +https://openai.com/gptbot)"
74.7.242.17 - - [01/Aug/2026:15:04:58 +0200] "GET /?fileloc=//scripts/unslavenamedconf&path=//scripts HTTP/1.1" 200 13181 "https://tempokontrol.co.za/?path=//scripts" "Mozilla/5.0 AppleWebKit/537.36 (KHTML, like Gecko; compatible; GPTBot/1.4; +https://openai.com/gptbot)"
74.7.227.163 - - [01/Aug/2026:15:04:59 +0200] "GET /?fileloc=//sys/class/net/eth0/subsystem/lo/subsystem/lo/phys_port_id&path=//sys/class/net/eth0/subsystem/lo/subsystem/lo HTTP/1.1" 200 12660 "https://www.tempokontrol.co.za/?path=//sys/class/net/eth0/subsystem/lo/subsystem/lo" "Mozilla/5.0 AppleWebKit/537.36 (KHTML, like Gecko; compatible; GPTBot/1.4; +https://openai.com/gptbot)"
74.7.242.17 - - [01/Aug/2026:15:05:01 +0200] "GET /?fileloc=//scripts/quickdnslookup&path=//scripts HTTP/1.1" 200 13474 "https://tempokontrol.co.za/?path=//scripts" "Mozilla/5.0 AppleWebKit/537.36 (KHTML, like Gecko; compatible; GPTBot/1.4; +https://openai.com/gptbot)"
74.7.227.163 - - [01/Aug/2026:15:05:02 +0200] "GET /?fileloc=//sys/class/net/eth0/subsystem/lo/subsystem/lo/dev_port&path=//sys/class/net/eth0/subsystem/lo/subsystem/lo HTTP/1.1" 200 12658 "https://www.tempokontrol.co.za/?path=//sys/class/net/eth0/subsystem/lo/subsystem/lo" "Mozilla/5.0 AppleWebKit/537.36 (KHTML, like Gecko; compatible; GPTBot/1.4; +https://openai.com/gptbot)"
74.7.242.17 - - [01/Aug/2026:15:05:04 +0200] "GET /?path=/home/tn/.cpanel HTTP/1.1" 200 25154 "https://tempokontrol.co.za/?path=/home/tn" "Mozilla/5.0 AppleWebKit/537.36 (KHTML, like Gecko; compatible; GPTBot/1.4; +https://openai.com/gptbot)"
74.7.227.163 - - [01/Aug/2026:15:05:06 +0200] "GET /?fileloc=//sys/class/net/eth0/subsystem/lo/subsystem/lo/dev_id&path=//sys/class/net/eth0/subsystem/lo/subsystem/lo HTTP/1.1" 200 12658 "https://www.tempokontrol.co.za/?path=//sys/class/net/eth0/subsystem/lo/subsystem/lo" "Mozilla/5.0 AppleWebKit/537.36 (KHTML, like Gecko; compatible; GPTBot/1.4; +https://openai.com/gptbot)"
74.7.242.17 - - [01/Aug/2026:15:05:07 +0200] "GET /?path=//lib64/fipscheck HTTP/1.1" 200 24512 "https://tempokontrol.co.za/?path=//lib64" "Mozilla/5.0 AppleWebKit/537.36 (KHTML, like Gecko; compatible; GPTBot/1.4; +https://openai.com/gptbot)"
74.7.227.163 - - [01/Aug/2026:15:05:09 +0200] "GET /?fileloc=//sys/class/net/eth0/subsystem/lo/subsystem/lo/carrier_up_count&path=//sys/class/net/eth0/subsystem/lo/subsystem/lo HTTP/1.1" 200 12666 "https://www.tempokontrol.co.za/?path=//sys/class/net/eth0/subsystem/lo/subsystem/lo" "Mozilla/5.0 AppleWebKit/537.36 (KHTML, like Gecko; compatible; GPTBot/1.4; +https://openai.com/gptbot)"
74.7.242.17 - - [01/Aug/2026:15:05:10 +0200] "GET /?fileloc=//scripts/check_mysql&path=//scripts HTTP/1.1" 200 18495 "https://tempokontrol.co.za/?path=//scripts" "Mozilla/5.0 AppleWebKit/537.36 (KHTML, like Gecko; compatible; GPTBot/1.4; +https://openai.com/gptbot)"
74.7.227.163 - - [01/Aug/2026:15:05:12 +0200] "GET /?fileloc=//sys/class/net/eth0/subsystem/lo/subsystem/lo/operstate&path=//sys/class/net/eth0/subsystem/lo/subsystem/lo HTTP/1.1" 200 12665 "https://www.tempokontrol.co.za/?path=//sys/class/net/eth0/subsystem/lo/subsystem/lo" "Mozilla/5.0 AppleWebKit/537.36 (KHTML, like Gecko; compatible; GPTBot/1.4; +https://openai.com/gptbot)"
74.7.242.17 - - [01/Aug/2026:15:05:13 +0200] "GET /?fileloc=//scripts/dnsqueuecron&path=//scripts HTTP/1.1" 200 13679 "https://tempokontrol.co.za/?path=//scripts" "Mozilla/5.0 AppleWebKit/537.36 (KHTML, like Gecko; compatible; GPTBot/1.4; +https://openai.com/gptbot)"
74.7.227.163 - - [01/Aug/2026:15:05:15 +0200] "GET /?fileloc=//sys/class/net/eth0/subsystem/lo/subsystem/lo/speed&path=//sys/class/net/eth0/subsystem/lo/subsystem/lo HTTP/1.1" 200 12653 "https://www.tempokontrol.co.za/?path=//sys/class/net/eth0/subsystem/lo/subsystem/lo" "Mozilla/5.0 AppleWebKit/537.36 (KHTML, like Gecko; compatible; GPTBot/1.4; +https://openai.com/gptbot)"
74.7.242.17 - - [01/Aug/2026:15:05:16 +0200] "GET /?fileloc=//scripts/make_config&path=//scripts HTTP/1.1" 200 12651 "https://tempokontrol.co.za/?path=//scripts" "Mozilla/5.0 AppleWebKit/537.36 (KHTML, like Gecko; compatible; GPTBot/1.4; +https://openai.com/gptbot)"
74.7.227.163 - - [01/Aug/2026:15:05:18 +0200] "GET /?fileloc=//sys/class/net/eth0/subsystem/lo/subsystem/lo/broadcast&path=//sys/class/net/eth0/subsystem/lo/subsystem/lo HTTP/1.1" 200 12675 "https://www.tempokontrol.co.za/?path=//sys/class/net/eth0/subsystem/lo/subsystem/lo" "Mozilla/5.0 AppleWebKit/537.36 (KHTML, like Gecko; compatible; GPTBot/1.4; +https://openai.com/gptbot)"
74.7.242.17 - - [01/Aug/2026:15:05:20 +0200] "GET /?fileloc=//scripts/runweblogs&path=//scripts HTTP/1.1" 200 13383 "https://tempokontrol.co.za/?path=//scripts" "Mozilla/5.0 AppleWebKit/537.36 (KHTML, like Gecko; compatible; GPTBot/1.4; +https://openai.com/gptbot)"
74.7.227.163 - - [01/Aug/2026:15:05:21 +0200] "GET /?fileloc=//sys/class/net/eth0/subsystem/lo/subsystem/lo/ifindex&path=//sys/class/net/eth0/subsystem/lo/subsystem/lo HTTP/1.1" 200 12657 "https://www.tempokontrol.co.za/?path=//sys/class/net/eth0/subsystem/lo/subsystem/lo" "Mozilla/5.0 AppleWebKit/537.36 (KHTML, like Gecko; compatible; GPTBot/1.4; +https://openai.com/gptbot)"
74.7.242.17 - - [01/Aug/2026:15:05:23 +0200] "GET /?fileloc=//scripts/uninstall_cpanel_analytics&path=//scripts HTTP/1.1" 200 13544 "https://tempokontrol.co.za/?path=//scripts" "Mozilla/5.0 AppleWebKit/537.36 (KHTML, like Gecko; compatible; GPTBot/1.4; +https://openai.com/gptbot)"
74.7.227.163 - - [01/Aug/2026:15:05:24 +0200] "GET /?fileloc=//sys/class/net/eth0/subsystem/lo/subsystem/lo/threaded&path=//sys/class/net/eth0/subsystem/lo/subsystem/lo HTTP/1.1" 200 12658 "https://www.tempokontrol.co.za/?path=//sys/class/net/eth0/subsystem/lo/subsystem/lo" "Mozilla/5.0 AppleWebKit/537.36 (KHTML, like Gecko; compatible; GPTBot/1.4; +https://openai.com/gptbot)"
74.7.242.17 - - [01/Aug/2026:15:05:26 +0200] "GET /?fileloc=//scripts/create_default_featurelist&path=//scripts HTTP/1.1" 200 12259 "https://tempokontrol.co.za/?path=//scripts" "Mozilla/5.0 AppleWebKit/537.36 (KHTML, like Gecko; compatible; GPTBot/1.4; +https://openai.com/gptbot)"
