216.73.216.79 - - [01/Aug/2026:15:29:52 +0200] "GET /sitemap.xml?fileloc=%2F%2Fvar%2Fsoftaculous%2Fpydio%2Finstall.php&path=%2F%2Fvar%2Fsoftaculous%2Fpydio HTTP/1.1" 200 21446 "-" "Mozilla/5.0 AppleWebKit/537.36 (KHTML, like Gecko; compatible; ClaudeBot/1.0; +claudebot@anthropic.com)"
74.7.227.163 - - [01/Aug/2026:15:29:52 +0200] "GET /?path=//sys/class/net/eth0/subsystem/lo/subsystem/eth0/device/net/eth0/device/subsystem/drivers/hyperv_keyboard/module/holders HTTP/1.1" 200 14051 "https://www.tempokontrol.co.za/?path=//sys/class/net/eth0/subsystem/lo/subsystem/eth0/device/net/eth0/device/subsystem/drivers/hyperv_keyboard/module" "Mozilla/5.0 AppleWebKit/537.36 (KHTML, like Gecko; compatible; GPTBot/1.4; +https://openai.com/gptbot)"
74.7.242.17 - - [01/Aug/2026:15:29:53 +0200] "GET /?fileloc=//sys/class/net/lo/subsystem/lo/statistics/rx_compressed&path=//sys/class/net/lo/subsystem/lo/statistics HTTP/1.1" 200 12581 "https://tempokontrol.co.za/?path=//sys/class/net/lo/subsystem/lo/statistics" "Mozilla/5.0 AppleWebKit/537.36 (KHTML, like Gecko; compatible; GPTBot/1.4; +https://openai.com/gptbot)"
216.73.216.79 - - [01/Aug/2026:15:29:55 +0200] "GET /sitemap.xml?fileloc=%2F%2Fvar%2Fsoftaculous%2Fmoodle%2Fconfig.php&path=%2F%2Fvar%2Fsoftaculous%2Fmoodle HTTP/1.1" 200 13276 "-" "Mozilla/5.0 AppleWebKit/537.36 (KHTML, like Gecko; compatible; ClaudeBot/1.0; +claudebot@anthropic.com)"
74.7.227.163 - - [01/Aug/2026:15:29:55 +0200] "GET /?fileloc=//sys/class/net/eth0/subsystem/lo/subsystem/eth0/device/net/eth0/power/runtime_status&path=//sys/class/net/eth0/subsystem/lo/subsystem/eth0/device/net/eth0/power HTTP/1.1" 200 13056 "https://www.tempokontrol.co.za/?path=//sys/class/net/eth0/subsystem/lo/subsystem/eth0/device/net/eth0/power" "Mozilla/5.0 AppleWebKit/537.36 (KHTML, like Gecko; compatible; GPTBot/1.4; +https://openai.com/gptbot)"
74.7.242.17 - - [01/Aug/2026:15:29:56 +0200] "GET /?fileloc=//sys/class/net/lo/subsystem/lo/statistics/tx_fifo_errors&path=//sys/class/net/lo/subsystem/lo/statistics HTTP/1.1" 200 12582 "https://tempokontrol.co.za/?path=//sys/class/net/lo/subsystem/lo/statistics" "Mozilla/5.0 AppleWebKit/537.36 (KHTML, like Gecko; compatible; GPTBot/1.4; +https://openai.com/gptbot)"
216.73.216.79 - - [01/Aug/2026:15:29:58 +0200] "GET /sitemap.xml?fileloc=%2F%2Fvar%2Fsoftaculous%2Fcszcms%2Fmd5&path=%2F%2Fvar%2Fsoftaculous%2Fcszcms HTTP/1.1" 200 16442 "-" "Mozilla/5.0 AppleWebKit/537.36 (KHTML, like Gecko; compatible; ClaudeBot/1.0; +claudebot@anthropic.com)"
74.7.227.163 - - [01/Aug/2026:15:29:59 +0200] "GET /?fileloc=//sys/class/net/eth0/subsystem/lo/subsystem/eth0/device/net/eth0/device/out_intr_mask&path=//sys/class/net/eth0/subsystem/lo/subsystem/eth0/device/net/eth0/device HTTP/1.1" 200 13048 "https://www.tempokontrol.co.za/?path=//sys/class/net/eth0/subsystem/lo/subsystem/eth0/device/net/eth0/device" "Mozilla/5.0 AppleWebKit/537.36 (KHTML, like Gecko; compatible; GPTBot/1.4; +https://openai.com/gptbot)"
74.7.242.17 - - [01/Aug/2026:15:29:59 +0200] "GET /?fileloc=//sys/class/net/lo/subsystem/lo/statistics/tx_aborted_errors&path=//sys/class/net/lo/subsystem/lo/statistics HTTP/1.1" 200 12585 "https://tempokontrol.co.za/?path=//sys/class/net/lo/subsystem/lo/statistics" "Mozilla/5.0 AppleWebKit/537.36 (KHTML, like Gecko; compatible; GPTBot/1.4; +https://openai.com/gptbot)"
216.73.216.79 - - [01/Aug/2026:15:30:01 +0200] "GET /sitemap.xml?fileloc=%2F%2Fusr%2Flib%2F.build-id%2F95%2F90d99b50a5a645f24bfa561a00a481c8a7aed7&path=%2F%2Fusr%2Flib%2F.build-id%2F95 HTTP/1.1" 200 75567 "-" "Mozilla/5.0 AppleWebKit/537.36 (KHTML, like Gecko; compatible; ClaudeBot/1.0; +claudebot@anthropic.com)"
74.7.227.163 - - [01/Aug/2026:15:30:02 +0200] "GET /?fileloc=//sys/class/net/eth0/subsystem/lo/subsystem/eth0/device/net/eth0/device/out_read_bytes_avail&path=//sys/class/net/eth0/subsystem/lo/subsystem/eth0/device/net/eth0/device HTTP/1.1" 200 13055 "https://www.tempokontrol.co.za/?path=//sys/class/net/eth0/subsystem/lo/subsystem/eth0/device/net/eth0/device" "Mozilla/5.0 AppleWebKit/537.36 (KHTML, like Gecko; compatible; GPTBot/1.4; +https://openai.com/gptbot)"
74.7.242.17 - - [01/Aug/2026:15:30:03 +0200] "GET /?fileloc=//sys/class/net/lo/subsystem/lo/statistics/rx_over_errors&path=//sys/class/net/lo/subsystem/lo/statistics HTTP/1.1" 200 12582 "https://tempokontrol.co.za/?path=//sys/class/net/lo/subsystem/lo/statistics" "Mozilla/5.0 AppleWebKit/537.36 (KHTML, like Gecko; compatible; GPTBot/1.4; +https://openai.com/gptbot)"
216.73.216.79 - - [01/Aug/2026:15:30:04 +0200] "GET /sitemap.xml?fileloc=%2F%2Fetc%2Fchkserv.d%2Fcrond&path=%2F%2Fetc%2Fchkserv.d HTTP/1.1" 200 12357 "-" "Mozilla/5.0 AppleWebKit/537.36 (KHTML, like Gecko; compatible; ClaudeBot/1.0; +claudebot@anthropic.com)"
74.7.227.163 - - [01/Aug/2026:15:30:05 +0200] "GET /?fileloc=//sys/class/net/eth0/subsystem/lo/subsystem/eth0/device/net/eth0/device/client_monitor_conn_id&path=//sys/class/net/eth0/subsystem/lo/subsystem/eth0/device/net/eth0/device HTTP/1.1" 200 13060 "https://www.tempokontrol.co.za/?path=//sys/class/net/eth0/subsystem/lo/subsystem/eth0/device/net/eth0/device" "Mozilla/5.0 AppleWebKit/537.36 (KHTML, like Gecko; compatible; GPTBot/1.4; +https://openai.com/gptbot)"
74.7.242.17 - - [01/Aug/2026:15:30:06 +0200] "GET /?fileloc=//sys/class/net/lo/subsystem/lo/statistics/tx_bytes&path=//sys/class/net/lo/subsystem/lo/statistics HTTP/1.1" 200 12585 "https://tempokontrol.co.za/?path=//sys/class/net/lo/subsystem/lo/statistics" "Mozilla/5.0 AppleWebKit/537.36 (KHTML, like Gecko; compatible; GPTBot/1.4; +https://openai.com/gptbot)"
216.73.216.79 - - [01/Aug/2026:15:30:07 +0200] "GET /sitemap.xml?fileloc=%2F%2Fsys%2Fdev%2Fchar%2F246%3A5%2Fdevice%2Fdriver%2F0%3A0%3A0%3A15%2Fstate&path=%2F%2Fsys%2Fdev%2Fchar%2F246%3A5%2Fdevice%2Fdriver%2F0%3A0%3A0%3A15 HTTP/1.1" 200 12583 "-" "Mozilla/5.0 AppleWebKit/537.36 (KHTML, like Gecko; compatible; ClaudeBot/1.0; +claudebot@anthropic.com)"
74.7.227.163 - - [01/Aug/2026:15:30:08 +0200] "GET /?fileloc=//sys/class/net/eth0/subsystem/lo/subsystem/eth0/device/net/eth0/device/out_write_index&path=//sys/class/net/eth0/subsystem/lo/subsystem/eth0/device/net/eth0/device HTTP/1.1" 200 13055 "https://www.tempokontrol.co.za/?path=//sys/class/net/eth0/subsystem/lo/subsystem/eth0/device/net/eth0/device" "Mozilla/5.0 AppleWebKit/537.36 (KHTML, like Gecko; compatible; GPTBot/1.4; +https://openai.com/gptbot)"
74.7.242.17 - - [01/Aug/2026:15:30:09 +0200] "GET /?fileloc=//sys/class/net/lo/subsystem/lo/statistics/tx_packets&path=//sys/class/net/lo/subsystem/lo/statistics HTTP/1.1" 200 12584 "https://tempokontrol.co.za/?path=//sys/class/net/lo/subsystem/lo/statistics" "Mozilla/5.0 AppleWebKit/537.36 (KHTML, like Gecko; compatible; GPTBot/1.4; +https://openai.com/gptbot)"
216.73.216.79 - - [01/Aug/2026:15:30:10 +0200] "GET /sitemap.xml?fileloc=%2F%2Fsys%2Fdevices%2FLNXSYSTM%3A00%2FACPI0007%3A07%2Fphysical_node%2Fdriver%2Fcpu2%2Fcrash_notes&path=%2F%2Fsys%2Fdevices%2FLNXSYSTM%3A00%2FACPI0007%3A07%2Fphysical_node%2Fdriver%2Fcpu2 HTTP/1.1" 200 12721 "-" "Mozilla/5.0 AppleWebKit/537.36 (KHTML, like Gecko; compatible; ClaudeBot/1.0; +claudebot@anthropic.com)"
74.7.227.163 - - [01/Aug/2026:15:30:11 +0200] "GET /?fileloc=//sys/class/net/eth0/subsystem/lo/subsystem/eth0/device/net/eth0/device/subsystem/drivers/hyperv_drm/module/drivers/pci:hyperv_drm/new_id&path=//sys/class/net/eth0/subsystem/lo/subsystem/eth0/device/net/eth0/device/subsystem/drivers/hyperv_drm/module/drivers/pci:hyperv_drm HTTP/1.1" 200 13905 "https://www.tempokontrol.co.za/?path=//sys/class/net/eth0/subsystem/lo/subsystem/eth0/device/net/eth0/device/subsystem/drivers/hyperv_drm/module/drivers/pci:hyperv_drm" "Mozilla/5.0 AppleWebKit/537.36 (KHTML, like Gecko; compatible; GPTBot/1.4; +https://openai.com/gptbot)"
74.7.242.17 - - [01/Aug/2026:15:30:12 +0200] "GET /?fileloc=//sys/class/net/lo/subsystem/lo/statistics/multicast&path=//sys/class/net/lo/subsystem/lo/statistics HTTP/1.1" 200 12577 "https://tempokontrol.co.za/?path=//sys/class/net/lo/subsystem/lo/statistics" "Mozilla/5.0 AppleWebKit/537.36 (KHTML, like Gecko; compatible; GPTBot/1.4; +https://openai.com/gptbot)"
216.73.216.79 - - [01/Aug/2026:15:30:13 +0200] "GET /sitemap.xml?fileloc=%2F%2Fsys%2Fdevices%2Fvirtual%2Fbdi%2F7%3A0%2Fmax_ratio_fine&path=%2F%2Fsys%2Fdevices%2Fvirtual%2Fbdi%2F7%3A0 HTTP/1.1" 200 12463 "-" "Mozilla/5.0 AppleWebKit/537.36 (KHTML, like Gecko; compatible; ClaudeBot/1.0; +claudebot@anthropic.com)"
74.7.227.163 - - [01/Aug/2026:15:30:14 +0200] "GET /?path=//sys/class/net/eth0/subsystem/lo/subsystem/eth0/device/net/eth0/device/subsystem/drivers/hid_hyperv/module/drivers/hid:hid-hyperv/module HTTP/1.1" 200 36378 "https://www.tempokontrol.co.za/?path=//sys/class/net/eth0/subsystem/lo/subsystem/eth0/device/net/eth0/device/subsystem/drivers/hid_hyperv/module/drivers/hid:hid-hyperv" "Mozilla/5.0 AppleWebKit/537.36 (KHTML, like Gecko; compatible; GPTBot/1.4; +https://openai.com/gptbot)"
74.7.242.17 - - [01/Aug/2026:15:30:15 +0200] "GET /?fileloc=//sys/class/net/lo/subsystem/lo/statistics/tx_errors&path=//sys/class/net/lo/subsystem/lo/statistics HTTP/1.1" 200 12577 "https://tempokontrol.co.za/?path=//sys/class/net/lo/subsystem/lo/statistics" "Mozilla/5.0 AppleWebKit/537.36 (KHTML, like Gecko; compatible; GPTBot/1.4; +https://openai.com/gptbot)"
216.73.216.79 - - [01/Aug/2026:15:30:16 +0200] "GET /sitemap.xml?fileloc=%2F%2Fusr%2Flib%2Ffirmware%2Fmyri10ge_eth_big_z8e.dat.xz&path=%2F%2Fusr%2Flib%2Ffirmware HTTP/1.1" 200 146804 "-" "Mozilla/5.0 AppleWebKit/537.36 (KHTML, like Gecko; compatible; ClaudeBot/1.0; +claudebot@anthropic.com)"
74.7.227.163 - - [01/Aug/2026:15:30:17 +0200] "GET /?fileloc=//sys/class/net/eth0/subsystem/lo/subsystem/eth0/device/net/eth0/device/in_read_bytes_avail&path=//sys/class/net/eth0/subsystem/lo/subsystem/eth0/device/net/eth0/device HTTP/1.1" 200 13054 "https://www.tempokontrol.co.za/?path=//sys/class/net/eth0/subsystem/lo/subsystem/eth0/device/net/eth0/device" "Mozilla/5.0 AppleWebKit/537.36 (KHTML, like Gecko; compatible; GPTBot/1.4; +https://openai.com/gptbot)"
74.7.242.17 - - [01/Aug/2026:15:30:18 +0200] "GET /?fileloc=//sys/class/net/lo/subsystem/lo/statistics/collisions&path=//sys/class/net/lo/subsystem/lo/statistics HTTP/1.1" 200 12578 "https://tempokontrol.co.za/?path=//sys/class/net/lo/subsystem/lo/statistics" "Mozilla/5.0 AppleWebKit/537.36 (KHTML, like Gecko; compatible; GPTBot/1.4; +https://openai.com/gptbot)"
74.7.227.163 - - [01/Aug/2026:15:30:20 +0200] "GET /?fileloc=//sys/class/net/eth0/subsystem/lo/subsystem/eth0/device/net/eth0/device/driver/remove_id&path=//sys/class/net/eth0/subsystem/lo/subsystem/eth0/device/net/eth0/device/driver HTTP/1.1" 200 13155 "https://www.tempokontrol.co.za/?path=//sys/class/net/eth0/subsystem/lo/subsystem/eth0/device/net/eth0/device/driver" "Mozilla/5.0 AppleWebKit/537.36 (KHTML, like Gecko; compatible; GPTBot/1.4; +https://openai.com/gptbot)"
74.7.242.17 - - [01/Aug/2026:15:30:21 +0200] "GET /?fileloc=//sys/class/net/lo/subsystem/lo/statistics/rx_bytes&path=//sys/class/net/lo/subsystem/lo/statistics HTTP/1.1" 200 12585 "https://tempokontrol.co.za/?path=//sys/class/net/lo/subsystem/lo/statistics" "Mozilla/5.0 AppleWebKit/537.36 (KHTML, like Gecko; compatible; GPTBot/1.4; +https://openai.com/gptbot)"
74.7.227.163 - - [01/Aug/2026:15:30:23 +0200] "GET /?fileloc=//sys/class/net/eth0/subsystem/lo/subsystem/eth0/device/net/eth0/power/runtime_active_time&path=//sys/class/net/eth0/subsystem/lo/subsystem/eth0/device/net/eth0/power HTTP/1.1" 200 13051 "https://www.tempokontrol.co.za/?path=//sys/class/net/eth0/subsystem/lo/subsystem/eth0/device/net/eth0/power" "Mozilla/5.0 AppleWebKit/537.36 (KHTML, like Gecko; compatible; GPTBot/1.4; +https://openai.com/gptbot)"
74.7.242.17 - - [01/Aug/2026:15:30:24 +0200] "GET /?fileloc=//sys/class/net/lo/subsystem/lo/statistics/rx_nohandler&path=//sys/class/net/lo/subsystem/lo/statistics HTTP/1.1" 200 12580 "https://tempokontrol.co.za/?path=//sys/class/net/lo/subsystem/lo/statistics" "Mozilla/5.0 AppleWebKit/537.36 (KHTML, like Gecko; compatible; GPTBot/1.4; +https://openai.com/gptbot)"
216.73.216.79 - - [01/Aug/2026:15:30:25 +0200] "GET /sitemap.xml?fileloc=%2F%2Fproc%2F32%2Fstack&path=%2F%2Fproc%2F32 HTTP/1.1" 200 12265 "-" "Mozilla/5.0 AppleWebKit/537.36 (KHTML, like Gecko; compatible; ClaudeBot/1.0; +claudebot@anthropic.com)"
74.7.227.163 - - [01/Aug/2026:15:30:27 +0200] "GET /?fileloc=//sys/class/net/eth0/subsystem/lo/subsystem/eth0/device/net/eth0/device/vendor&path=//sys/class/net/eth0/subsystem/lo/subsystem/eth0/device/net/eth0/device HTTP/1.1" 200 13046 "https://www.tempokontrol.co.za/?path=//sys/class/net/eth0/subsystem/lo/subsystem/eth0/device/net/eth0/device" "Mozilla/5.0 AppleWebKit/537.36 (KHTML, like Gecko; compatible; GPTBot/1.4; +https://openai.com/gptbot)"
216.73.216.79 - - [01/Aug/2026:15:30:27 +0200] "GET /sitemap.xml?path=%2F%2Fusr%2Flib%2Fsystemd%2Fntp-units.d HTTP/1.1" 200 14292 "-" "Mozilla/5.0 AppleWebKit/537.36 (KHTML, like Gecko; compatible; ClaudeBot/1.0; +claudebot@anthropic.com)"
74.7.242.17 - - [01/Aug/2026:15:30:28 +0200] "GET /?fileloc=//sys/class/net/lo/subsystem/lo/statistics/rx_dropped&path=//sys/class/net/lo/subsystem/lo/statistics HTTP/1.1" 200 12578 "https://tempokontrol.co.za/?path=//sys/class/net/lo/subsystem/lo/statistics" "Mozilla/5.0 AppleWebKit/537.36 (KHTML, like Gecko; compatible; GPTBot/1.4; +https://openai.com/gptbot)"
74.7.227.163 - - [01/Aug/2026:15:30:30 +0200] "GET /?fileloc=//sys/class/net/eth0/subsystem/lo/subsystem/eth0/device/net/eth0/speed&path=//sys/class/net/eth0/subsystem/lo/subsystem/eth0/device/net/eth0 HTTP/1.1" 200 12938 "https://www.tempokontrol.co.za/?path=//sys/class/net/eth0/subsystem/lo/subsystem/eth0/device/net/eth0" "Mozilla/5.0 AppleWebKit/537.36 (KHTML, like Gecko; compatible; GPTBot/1.4; +https://openai.com/gptbot)"
216.73.216.79 - - [01/Aug/2026:15:30:30 +0200] "GET /sitemap.xml?path=%2F%2Fsys%2Fdev%2Fblock%2F253%3A1%2Fsubsystem%2Fsda%2Fsda1%2Ftrace HTTP/1.1" 200 20711 "-" "Mozilla/5.0 AppleWebKit/537.36 (KHTML, like Gecko; compatible; ClaudeBot/1.0; +claudebot@anthropic.com)"
74.7.242.17 - - [01/Aug/2026:15:30:31 +0200] "GET /?fileloc=//sys/class/net/lo/subsystem/lo/statistics/rx_packets&path=//sys/class/net/lo/subsystem/lo/statistics HTTP/1.1" 200 12584 "https://tempokontrol.co.za/?path=//sys/class/net/lo/subsystem/lo/statistics" "Mozilla/5.0 AppleWebKit/537.36 (KHTML, like Gecko; compatible; GPTBot/1.4; +https://openai.com/gptbot)"
74.7.227.163 - - [01/Aug/2026:15:30:33 +0200] "GET /?fileloc=//sys/class/net/eth0/subsystem/lo/subsystem/eth0/device/net/eth0/testing&path=//sys/class/net/eth0/subsystem/lo/subsystem/eth0/device/net/eth0 HTTP/1.1" 200 12936 "https://www.tempokontrol.co.za/?path=//sys/class/net/eth0/subsystem/lo/subsystem/eth0/device/net/eth0" "Mozilla/5.0 AppleWebKit/537.36 (KHTML, like Gecko; compatible; GPTBot/1.4; +https://openai.com/gptbot)"
216.73.216.79 - - [01/Aug/2026:15:30:33 +0200] "GET /sitemap.xml?path=%2F%2Fsys%2Fblock%2Fsdk%2Fsubsystem%2Fdm-1 HTTP/1.1" 200 51749 "-" "Mozilla/5.0 AppleWebKit/537.36 (KHTML, like Gecko; compatible; ClaudeBot/1.0; +claudebot@anthropic.com)"
74.7.242.17 - - [01/Aug/2026:15:30:34 +0200] "GET /?fileloc=//sys/class/net/lo/subsystem/lo/statistics/rx_crc_errors&path=//sys/class/net/lo/subsystem/lo/statistics HTTP/1.1" 200 12581 "https://tempokontrol.co.za/?path=//sys/class/net/lo/subsystem/lo/statistics" "Mozilla/5.0 AppleWebKit/537.36 (KHTML, like Gecko; compatible; GPTBot/1.4; +https://openai.com/gptbot)"
216.73.216.79 - - [01/Aug/2026:15:30:36 +0200] "GET /sitemap.xml?fileloc=%2F%2Fsys%2Fkernel%2Fslab%2Favc_xperms_data%2Ftotal_objects&path=%2F%2Fsys%2Fkernel%2Fslab%2Favc_xperms_data HTTP/1.1" 200 12415 "-" "Mozilla/5.0 AppleWebKit/537.36 (KHTML, like Gecko; compatible; ClaudeBot/1.0; +claudebot@anthropic.com)"
74.7.227.163 - - [01/Aug/2026:15:30:36 +0200] "GET /?fileloc=//sys/class/net/eth0/subsystem/lo/subsystem/eth0/device/net/eth0/netdev_group&path=//sys/class/net/eth0/subsystem/lo/subsystem/eth0/device/net/eth0 HTTP/1.1" 200 12941 "https://www.tempokontrol.co.za/?path=//sys/class/net/eth0/subsystem/lo/subsystem/eth0/device/net/eth0" "Mozilla/5.0 AppleWebKit/537.36 (KHTML, like Gecko; compatible; GPTBot/1.4; +https://openai.com/gptbot)"
74.7.242.17 - - [01/Aug/2026:15:30:37 +0200] "GET /?fileloc=//sys/class/net/lo/subsystem/lo/statistics/rx_errors&path=//sys/class/net/lo/subsystem/lo/statistics HTTP/1.1" 200 12577 "https://tempokontrol.co.za/?path=//sys/class/net/lo/subsystem/lo/statistics" "Mozilla/5.0 AppleWebKit/537.36 (KHTML, like Gecko; compatible; GPTBot/1.4; +https://openai.com/gptbot)"
216.73.216.79 - - [01/Aug/2026:15:30:39 +0200] "GET /sitemap.xml?path=%2F%2Fsys%2Fdev%2Fblock%2F8%3A240%2Fsubsystem%2Fsdg HTTP/1.1" 200 53682 "-" "Mozilla/5.0 AppleWebKit/537.36 (KHTML, like Gecko; compatible; ClaudeBot/1.0; +claudebot@anthropic.com)"
74.7.227.163 - - [01/Aug/2026:15:30:39 +0200] "GET /?fileloc=//sys/class/net/eth0/subsystem/lo/subsystem/eth0/device/net/eth0/device/state&path=//sys/class/net/eth0/subsystem/lo/subsystem/eth0/device/net/eth0/device HTTP/1.1" 200 13040 "https://www.tempokontrol.co.za/?path=//sys/class/net/eth0/subsystem/lo/subsystem/eth0/device/net/eth0/device" "Mozilla/5.0 AppleWebKit/537.36 (KHTML, like Gecko; compatible; GPTBot/1.4; +https://openai.com/gptbot)"
74.7.242.17 - - [01/Aug/2026:15:30:41 +0200] "GET /?fileloc=//sys/class/net/lo/subsystem/lo/statistics/tx_dropped&path=//sys/class/net/lo/subsystem/lo/statistics HTTP/1.1" 200 12578 "https://tempokontrol.co.za/?path=//sys/class/net/lo/subsystem/lo/statistics" "Mozilla/5.0 AppleWebKit/537.36 (KHTML, like Gecko; compatible; GPTBot/1.4; +https://openai.com/gptbot)"
216.73.216.79 - - [01/Aug/2026:15:30:42 +0200] "GET /sitemap.xml?fileloc=%2F%2Fsys%2Fdev%2Fchar%2F246%3A5%2Fdevice%2Fdriver%2Funbind&path=%2F%2Fsys%2Fdev%2Fchar%2F246%3A5%2Fdevice%2Fdriver HTTP/1.1" 200 12494 "-" "Mozilla/5.0 AppleWebKit/537.36 (KHTML, like Gecko; compatible; ClaudeBot/1.0; +claudebot@anthropic.com)"
74.7.227.163 - - [01/Aug/2026:15:30:42 +0200] "GET /?fileloc=//sys/class/net/eth0/subsystem/lo/subsystem/eth0/device/net/eth0/dormant&path=//sys/class/net/eth0/subsystem/lo/subsystem/eth0/device/net/eth0 HTTP/1.1" 200 12936 "https://www.tempokontrol.co.za/?path=//sys/class/net/eth0/subsystem/lo/subsystem/eth0/device/net/eth0" "Mozilla/5.0 AppleWebKit/537.36 (KHTML, like Gecko; compatible; GPTBot/1.4; +https://openai.com/gptbot)"
74.7.242.17 - - [01/Aug/2026:15:30:44 +0200] "GET /?fileloc=//sys/class/net/lo/subsystem/lo/statistics/tx_heartbeat_errors&path=//sys/class/net/lo/subsystem/lo/statistics HTTP/1.1" 200 12587 "https://tempokontrol.co.za/?path=//sys/class/net/lo/subsystem/lo/statistics" "Mozilla/5.0 AppleWebKit/537.36 (KHTML, like Gecko; compatible; GPTBot/1.4; +https://openai.com/gptbot)"
216.73.216.79 - - [01/Aug/2026:15:30:45 +0200] "GET /sitemap.xml?fileloc=%2F%2Fusr%2Fbin%2Fmsgfmt.py&path=%2F%2Fusr%2Fbin HTTP/1.1" 200 20414 "-" "Mozilla/5.0 AppleWebKit/537.36 (KHTML, like Gecko; compatible; ClaudeBot/1.0; +claudebot@anthropic.com)"
74.7.227.163 - - [01/Aug/2026:15:30:45 +0200] "GET /?fileloc=//sys/class/net/eth0/subsystem/lo/subsystem/eth0/device/net/eth0/dev_port&path=//sys/class/net/eth0/subsystem/lo/subsystem/eth0/device/net/eth0 HTTP/1.1" 200 12937 "https://www.tempokontrol.co.za/?path=//sys/class/net/eth0/subsystem/lo/subsystem/eth0/device/net/eth0" "Mozilla/5.0 AppleWebKit/537.36 (KHTML, like Gecko; compatible; GPTBot/1.4; +https://openai.com/gptbot)"
74.7.242.17 - - [01/Aug/2026:15:30:47 +0200] "GET /?fileloc=//sys/class/net/lo/subsystem/lo/power/runtime_active_time&path=//sys/class/net/lo/subsystem/lo/power HTTP/1.1" 200 12572 "https://tempokontrol.co.za/?path=//sys/class/net/lo/subsystem/lo/power" "Mozilla/5.0 AppleWebKit/537.36 (KHTML, like Gecko; compatible; GPTBot/1.4; +https://openai.com/gptbot)"
216.73.216.79 - - [01/Aug/2026:15:30:48 +0200] "GET /sitemap.xml?path=%2F%2Fsys%2Fdev%2Fblock%2F253%3A1%2Fsubsystem%2Fsda%2Fsda1%2Fsubsystem HTTP/1.1" 200 47029 "-" "Mozilla/5.0 AppleWebKit/537.36 (KHTML, like Gecko; compatible; ClaudeBot/1.0; +claudebot@anthropic.com)"
74.7.227.163 - - [01/Aug/2026:15:30:49 +0200] "GET /?fileloc=//sys/class/net/eth0/subsystem/lo/subsystem/eth0/device/net/eth0/device/subsystem/drivers/hid_hyperv/module/drivers/hid:hid-hyperv/module/taint&path=//sys/class/net/eth0/subsystem/lo/subsystem/eth0/device/net/eth0/device/subsystem/drivers/hid_hyperv/module/drivers/hid:hid-hyperv/module HTTP/1.1" 200 14077 "https://www.tempokontrol.co.za/?path=//sys/class/net/eth0/subsystem/lo/subsystem/eth0/device/net/eth0/device/subsystem/drivers/hid_hyperv/module/drivers/hid:hid-hyperv/module" "Mozilla/5.0 AppleWebKit/537.36 (KHTML, like Gecko; compatible; GPTBot/1.4; +https://openai.com/gptbot)"
74.7.242.17 - - [01/Aug/2026:15:30:50 +0200] "GET /?fileloc=//sys/class/net/lo/subsystem/eth0/subsystem/lo/addr_assign_type&path=//sys/class/net/lo/subsystem/eth0/subsystem/lo HTTP/1.1" 200 12662 "https://tempokontrol.co.za/?path=//sys/class/net/lo/subsystem/eth0/subsystem/lo" "Mozilla/5.0 AppleWebKit/537.36 (KHTML, like Gecko; compatible; GPTBot/1.4; +https://openai.com/gptbot)"
216.73.216.79 - - [01/Aug/2026:15:30:51 +0200] "GET /sitemap.xml?path=%2F%2Fvar%2Fsoftaculous%2Faef HTTP/1.1" 200 42542 "-" "Mozilla/5.0 AppleWebKit/537.36 (KHTML, like Gecko; compatible; ClaudeBot/1.0; +claudebot@anthropic.com)"
74.7.227.163 - - [01/Aug/2026:15:30:52 +0200] "GET /?path=//sys/class/net/eth0/subsystem/lo/subsystem/eth0/device/net/eth0/device/subsystem/drivers/hid_hyperv/module/drivers/hid:hid-hyperv/module/notes HTTP/1.1" 200 18452 "https://www.tempokontrol.co.za/?path=//sys/class/net/eth0/subsystem/lo/subsystem/eth0/device/net/eth0/device/subsystem/drivers/hid_hyperv/module/drivers/hid:hid-hyperv/module" "Mozilla/5.0 AppleWebKit/537.36 (KHTML, like Gecko; compatible; GPTBot/1.4; +https://openai.com/gptbot)"
74.7.242.17 - - [01/Aug/2026:15:30:53 +0200] "GET /?fileloc=//sys/class/net/lo/subsystem/eth0/subsystem/lo/netdev_group&path=//sys/class/net/lo/subsystem/eth0/subsystem/lo HTTP/1.1" 200 12658 "https://tempokontrol.co.za/?path=//sys/class/net/lo/subsystem/eth0/subsystem/lo" "Mozilla/5.0 AppleWebKit/537.36 (KHTML, like Gecko; compatible; GPTBot/1.4; +https://openai.com/gptbot)"
216.73.216.79 - - [01/Aug/2026:15:30:54 +0200] "GET /sitemap.xml?fileloc=%2F%2Fsys%2Fkernel%2Fbtf%2Fext4&path=%2F%2Fsys%2Fkernel%2Fbtf HTTP/1.1" 200 188834 "-" "Mozilla/5.0 AppleWebKit/537.36 (KHTML, like Gecko; compatible; ClaudeBot/1.0; +claudebot@anthropic.com)"
74.7.227.163 - - [01/Aug/2026:15:30:55 +0200] "GET /?path=//sys/class/net/eth0/subsystem/lo/subsystem/eth0/device/net/eth0/device/subsystem/drivers/hid_hyperv/module/drivers/hid:hid-hyperv/module/holders HTTP/1.1" 200 14536 "https://www.tempokontrol.co.za/?path=//sys/class/net/eth0/subsystem/lo/subsystem/eth0/device/net/eth0/device/subsystem/drivers/hid_hyperv/module/drivers/hid:hid-hyperv/module" "Mozilla/5.0 AppleWebKit/537.36 (KHTML, like Gecko; compatible; GPTBot/1.4; +https://openai.com/gptbot)"
74.7.242.17 - - [01/Aug/2026:15:30:56 +0200] "GET /?fileloc=//sys/class/net/eth0/subsystem/eth0/statistics/rx_compressed&path=//sys/class/net/eth0/subsystem/eth0/statistics HTTP/1.1" 200 12601 "https://tempokontrol.co.za/?path=//sys/class/net/eth0/subsystem/eth0/statistics" "Mozilla/5.0 AppleWebKit/537.36 (KHTML, like Gecko; compatible; GPTBot/1.4; +https://openai.com/gptbot)"
216.73.216.79 - - [01/Aug/2026:15:30:57 +0200] "GET /sitemap.xml?path=%2F%2Fvar%2Fsoftaculous%2Fdrupal9 HTTP/1.1" 200 45799 "-" "Mozilla/5.0 AppleWebKit/537.36 (KHTML, like Gecko; compatible; ClaudeBot/1.0; +claudebot@anthropic.com)"
74.7.227.163 - - [01/Aug/2026:15:30:58 +0200] "GET /?path=//sys/class/net/eth0/subsystem/lo/subsystem/eth0/device/net/eth0/device/subsystem/drivers/hid_hyperv/module/drivers/hid:hid-hyperv/module/sections HTTP/1.1" 200 57886 "https://www.tempokontrol.co.za/?path=//sys/class/net/eth0/subsystem/lo/subsystem/eth0/device/net/eth0/device/subsystem/drivers/hid_hyperv/module/drivers/hid:hid-hyperv/module" "Mozilla/5.0 AppleWebKit/537.36 (KHTML, like Gecko; compatible; GPTBot/1.4; +https://openai.com/gptbot)"
74.7.242.17 - - [01/Aug/2026:15:30:59 +0200] "GET /?fileloc=//sys/class/net/eth0/subsystem/eth0/statistics/rx_missed_errors&path=//sys/class/net/eth0/subsystem/eth0/statistics HTTP/1.1" 200 12604 "https://tempokontrol.co.za/?path=//sys/class/net/eth0/subsystem/eth0/statistics" "Mozilla/5.0 AppleWebKit/537.36 (KHTML, like Gecko; compatible; GPTBot/1.4; +https://openai.com/gptbot)"
216.73.216.79 - - [01/Aug/2026:15:31:00 +0200] "GET /sitemap.xml?fileloc=%2F%2Fsys%2Fdevices%2Fsystem%2Fcpu%2Fenabled&path=%2F%2Fsys%2Fdevices%2Fsystem%2Fcpu HTTP/1.1" 200 12390 "-" "Mozilla/5.0 AppleWebKit/537.36 (KHTML, like Gecko; compatible; ClaudeBot/1.0; +claudebot@anthropic.com)"
74.7.227.163 - - [01/Aug/2026:15:31:01 +0200] "GET /?fileloc=//sys/class/net/eth0/subsystem/lo/subsystem/eth0/device/net/eth0/device/class_id&path=//sys/class/net/eth0/subsystem/lo/subsystem/eth0/device/net/eth0/device HTTP/1.1" 200 13080 "https://www.tempokontrol.co.za/?path=//sys/class/net/eth0/subsystem/lo/subsystem/eth0/device/net/eth0/device" "Mozilla/5.0 AppleWebKit/537.36 (KHTML, like Gecko; compatible; GPTBot/1.4; +https://openai.com/gptbot)"
74.7.242.17 - - [01/Aug/2026:15:31:02 +0200] "GET /?fileloc=//sys/class/net/eth0/subsystem/eth0/statistics/rx_length_errors&path=//sys/class/net/eth0/subsystem/eth0/statistics HTTP/1.1" 200 12604 "https://tempokontrol.co.za/?path=//sys/class/net/eth0/subsystem/eth0/statistics" "Mozilla/5.0 AppleWebKit/537.36 (KHTML, like Gecko; compatible; GPTBot/1.4; +https://openai.com/gptbot)"
216.73.216.79 - - [01/Aug/2026:15:31:03 +0200] "GET /sitemap.xml?path=%2F%2Fusr%2Flib%2Ffirmware%2Fi915 HTTP/1.1" 200 208603 "-" "Mozilla/5.0 AppleWebKit/537.36 (KHTML, like Gecko; compatible; ClaudeBot/1.0; +claudebot@anthropic.com)"
192.178.6.102 - - [01/Aug/2026:15:30:55 +0200] "GET /?q=e6x1t2r5a4d8i9t2i8n3g1 HTTP/1.1" 200 802177 "-" "Mozilla/5.0 (Linux; Android 6.0.1; Nexus 5X Build/MMB29P) AppleWebKit/537.36 (KHTML, like Gecko) Chrome/150.0.7871.186 Mobile Safari/537.36 (compatible; Googlebot/2.1; +http://www.google.com/bot.html)"
74.7.227.163 - - [01/Aug/2026:15:31:04 +0200] "GET /?fileloc=//sys/class/net/eth0/subsystem/lo/subsystem/eth0/device/net/eth0/device/device&path=//sys/class/net/eth0/subsystem/lo/subsystem/eth0/device/net/eth0/device HTTP/1.1" 200 13043 "https://www.tempokontrol.co.za/?path=//sys/class/net/eth0/subsystem/lo/subsystem/eth0/device/net/eth0/device" "Mozilla/5.0 AppleWebKit/537.36 (KHTML, like Gecko; compatible; GPTBot/1.4; +https://openai.com/gptbot)"
74.7.242.17 - - [01/Aug/2026:15:31:06 +0200] "GET /?fileloc=//sys/class/net/eth0/subsystem/eth0/statistics/rx_nohandler&path=//sys/class/net/eth0/subsystem/eth0/statistics HTTP/1.1" 200 12600 "https://tempokontrol.co.za/?path=//sys/class/net/eth0/subsystem/eth0/statistics" "Mozilla/5.0 AppleWebKit/537.36 (KHTML, like Gecko; compatible; GPTBot/1.4; +https://openai.com/gptbot)"
216.73.216.79 - - [01/Aug/2026:15:31:06 +0200] "GET /sitemap.xml?fileloc=%2F%2Fvar%2Fsoftaculous%2Frainloop%2Fphp56%2Fclone.php&path=%2F%2Fvar%2Fsoftaculous%2Frainloop%2Fphp56 HTTP/1.1" 200 17048 "-" "Mozilla/5.0 AppleWebKit/537.36 (KHTML, like Gecko; compatible; ClaudeBot/1.0; +claudebot@anthropic.com)"
74.7.227.163 - - [01/Aug/2026:15:31:08 +0200] "GET /?fileloc=//sys/class/net/eth0/subsystem/lo/subsystem/eth0/device/net/eth0/ifindex&path=//sys/class/net/eth0/subsystem/lo/subsystem/eth0/device/net/eth0 HTTP/1.1" 200 12936 "https://www.tempokontrol.co.za/?path=//sys/class/net/eth0/subsystem/lo/subsystem/eth0/device/net/eth0" "Mozilla/5.0 AppleWebKit/537.36 (KHTML, like Gecko; compatible; GPTBot/1.4; +https://openai.com/gptbot)"
74.7.242.17 - - [01/Aug/2026:15:31:09 +0200] "GET /?fileloc=//sys/class/net/eth0/subsystem/eth0/statistics/tx_window_errors&path=//sys/class/net/eth0/subsystem/eth0/statistics HTTP/1.1" 200 12604 "https://tempokontrol.co.za/?path=//sys/class/net/eth0/subsystem/eth0/statistics" "Mozilla/5.0 AppleWebKit/537.36 (KHTML, like Gecko; compatible; GPTBot/1.4; +https://openai.com/gptbot)"
216.73.216.79 - - [01/Aug/2026:15:31:09 +0200] "GET /sitemap.xml?path=%2F%2Flib%2Fdracut%2Fmodules.d%2F91pcsc HTTP/1.1" 200 17292 "-" "Mozilla/5.0 AppleWebKit/537.36 (KHTML, like Gecko; compatible; ClaudeBot/1.0; +claudebot@anthropic.com)"
74.7.227.163 - - [01/Aug/2026:15:31:11 +0200] "GET /?fileloc=//sys/class/net/eth0/subsystem/lo/subsystem/eth0/device/net/eth0/phys_port_name&path=//sys/class/net/eth0/subsystem/lo/subsystem/eth0/device/net/eth0 HTTP/1.1" 200 12941 "https://www.tempokontrol.co.za/?path=//sys/class/net/eth0/subsystem/lo/subsystem/eth0/device/net/eth0" "Mozilla/5.0 AppleWebKit/537.36 (KHTML, like Gecko; compatible; GPTBot/1.4; +https://openai.com/gptbot)"
74.7.242.17 - - [01/Aug/2026:15:31:12 +0200] "GET /?fileloc=//sys/class/net/lo/subsystem/eth0/subsystem/lo/dev_id&path=//sys/class/net/lo/subsystem/eth0/subsystem/lo HTTP/1.1" 200 12654 "https://tempokontrol.co.za/?path=//sys/class/net/lo/subsystem/eth0/subsystem/lo" "Mozilla/5.0 AppleWebKit/537.36 (KHTML, like Gecko; compatible; GPTBot/1.4; +https://openai.com/gptbot)"
216.73.216.79 - - [01/Aug/2026:15:31:12 +0200] "GET /sitemap.xml?fileloc=%2F%2Fsys%2Fmodule%2Fib_core%2Finitsize&path=%2F%2Fsys%2Fmodule%2Fib_core HTTP/1.1" 200 12335 "-" "Mozilla/5.0 AppleWebKit/537.36 (KHTML, like Gecko; compatible; ClaudeBot/1.0; +claudebot@anthropic.com)"
74.7.227.163 - - [01/Aug/2026:15:31:14 +0200] "GET /?fileloc=//sys/class/net/eth0/subsystem/lo/subsystem/eth0/device/net/eth0/mtu&path=//sys/class/net/eth0/subsystem/lo/subsystem/eth0/device/net/eth0 HTTP/1.1" 200 12935 "https://www.tempokontrol.co.za/?path=//sys/class/net/eth0/subsystem/lo/subsystem/eth0/device/net/eth0" "Mozilla/5.0 AppleWebKit/537.36 (KHTML, like Gecko; compatible; GPTBot/1.4; +https://openai.com/gptbot)"
74.7.242.17 - - [01/Aug/2026:15:31:15 +0200] "GET /?fileloc=//sys/class/net/eth0/subsystem/lo/statistics/rx_frame_errors&path=//sys/class/net/eth0/subsystem/lo/statistics HTTP/1.1" 200 12595 "https://tempokontrol.co.za/?path=//sys/class/net/eth0/subsystem/lo/statistics" "Mozilla/5.0 AppleWebKit/537.36 (KHTML, like Gecko; compatible; GPTBot/1.4; +https://openai.com/gptbot)"
216.73.216.79 - - [01/Aug/2026:15:31:15 +0200] "GET /sitemap.xml?path=%2F%2Fsys%2Fdev%2Fblock%2F8%3A160%2Fsubsystem%2Fsdl HTTP/1.1" 200 53682 "-" "Mozilla/5.0 AppleWebKit/537.36 (KHTML, like Gecko; compatible; ClaudeBot/1.0; +claudebot@anthropic.com)"
74.7.227.163 - - [01/Aug/2026:15:31:17 +0200] "GET /?fileloc=//sys/class/net/eth0/subsystem/lo/subsystem/eth0/device/net/eth0/carrier&path=//sys/class/net/eth0/subsystem/lo/subsystem/eth0/device/net/eth0 HTTP/1.1" 200 12936 "https://www.tempokontrol.co.za/?path=//sys/class/net/eth0/subsystem/lo/subsystem/eth0/device/net/eth0" "Mozilla/5.0 AppleWebKit/537.36 (KHTML, like Gecko; compatible; GPTBot/1.4; +https://openai.com/gptbot)"
216.73.216.79 - - [01/Aug/2026:15:31:18 +0200] "GET /sitemap.xml?fileloc=%2F%2Fsys%2Fdev%2Fchar%2F4%3A58%2Fdev&path=%2F%2Fsys%2Fdev%2Fchar%2F4%3A58 HTTP/1.1" 200 12362 "-" "Mozilla/5.0 AppleWebKit/537.36 (KHTML, like Gecko; compatible; ClaudeBot/1.0; +claudebot@anthropic.com)"
74.7.242.17 - - [01/Aug/2026:15:31:18 +0200] "GET /?fileloc=//sys/class/net/lo/subsystem/eth0/subsystem/lo/phys_switch_id&path=//sys/class/net/lo/subsystem/eth0/subsystem/lo HTTP/1.1" 200 12658 "https://tempokontrol.co.za/?path=//sys/class/net/lo/subsystem/eth0/subsystem/lo" "Mozilla/5.0 AppleWebKit/537.36 (KHTML, like Gecko; compatible; GPTBot/1.4; +https://openai.com/gptbot)"
74.7.227.163 - - [01/Aug/2026:15:31:20 +0200] "GET /?fileloc=//sys/class/net/eth0/subsystem/lo/subsystem/eth0/device/net/eth0/link_mode&path=//sys/class/net/eth0/subsystem/lo/subsystem/eth0/device/net/eth0 HTTP/1.1" 200 12938 "https://www.tempokontrol.co.za/?path=//sys/class/net/eth0/subsystem/lo/subsystem/eth0/device/net/eth0" "Mozilla/5.0 AppleWebKit/537.36 (KHTML, like Gecko; compatible; GPTBot/1.4; +https://openai.com/gptbot)"
216.73.216.79 - - [01/Aug/2026:15:31:21 +0200] "GET /sitemap.xml?fileloc=%2F%2Fvar%2Fsoftaculous%2Funmark%2Fphp82%2Fclone.php&path=%2F%2Fvar%2Fsoftaculous%2Funmark%2Fphp82 HTTP/1.1" 200 17099 "-" "Mozilla/5.0 AppleWebKit/537.36 (KHTML, like Gecko; compatible; ClaudeBot/1.0; +claudebot@anthropic.com)"
74.7.242.17 - - [01/Aug/2026:15:31:21 +0200] "GET /?fileloc=//sys/class/net/eth0/subsystem/lo/statistics/rx_packets&path=//sys/class/net/eth0/subsystem/lo/statistics HTTP/1.1" 200 12596 "https://tempokontrol.co.za/?path=//sys/class/net/eth0/subsystem/lo/statistics" "Mozilla/5.0 AppleWebKit/537.36 (KHTML, like Gecko; compatible; GPTBot/1.4; +https://openai.com/gptbot)"
74.7.227.163 - - [01/Aug/2026:15:31:23 +0200] "GET /?fileloc=//sys/class/net/eth0/subsystem/lo/subsystem/eth0/device/net/eth0/name_assign_type&path=//sys/class/net/eth0/subsystem/lo/subsystem/eth0/device/net/eth0 HTTP/1.1" 200 12943 "https://www.tempokontrol.co.za/?path=//sys/class/net/eth0/subsystem/lo/subsystem/eth0/device/net/eth0" "Mozilla/5.0 AppleWebKit/537.36 (KHTML, like Gecko; compatible; GPTBot/1.4; +https://openai.com/gptbot)"
216.73.216.79 - - [01/Aug/2026:15:31:24 +0200] "GET /sitemap.xml?fileloc=%2F%2Fusr%2Fbin%2Fpython3.9-x86_64-config&path=%2F%2Fusr%2Fbin HTTP/1.1" 200 16418 "-" "Mozilla/5.0 AppleWebKit/537.36 (KHTML, like Gecko; compatible; ClaudeBot/1.0; +claudebot@anthropic.com)"
74.7.242.17 - - [01/Aug/2026:15:31:25 +0200] "GET /?fileloc=//sys/class/net/eth0/subsystem/lo/statistics/tx_heartbeat_errors&path=//sys/class/net/eth0/subsystem/lo/statistics HTTP/1.1" 200 12599 "https://tempokontrol.co.za/?path=//sys/class/net/eth0/subsystem/lo/statistics" "Mozilla/5.0 AppleWebKit/537.36 (KHTML, like Gecko; compatible; GPTBot/1.4; +https://openai.com/gptbot)"
74.7.227.163 - - [01/Aug/2026:15:31:26 +0200] "GET /?fileloc=//sys/class/net/eth0/subsystem/lo/subsystem/eth0/device/net/eth0/dev_id&path=//sys/class/net/eth0/subsystem/lo/subsystem/eth0/device/net/eth0 HTTP/1.1" 200 12937 "https://www.tempokontrol.co.za/?path=//sys/class/net/eth0/subsystem/lo/subsystem/eth0/device/net/eth0" "Mozilla/5.0 AppleWebKit/537.36 (KHTML, like Gecko; compatible; GPTBot/1.4; +https://openai.com/gptbot)"
216.73.216.79 - - [01/Aug/2026:15:31:27 +0200] "GET /sitemap.xml?path=%2F%2Fsys%2Fdev%2Fblock%2F8%3A192%2Fsubsystem%2Fsdb%2Fsubsystem%2Fsr0 HTTP/1.1" 200 55260 "-" "Mozilla/5.0 AppleWebKit/537.36 (KHTML, like Gecko; compatible; ClaudeBot/1.0; +claudebot@anthropic.com)"
74.7.242.17 - - [01/Aug/2026:15:31:28 +0200] "GET /?fileloc=//sys/class/net/lo/subsystem/eth0/subsystem/lo/phys_port_id&path=//sys/class/net/lo/subsystem/eth0/subsystem/lo HTTP/1.1" 200 12656 "https://tempokontrol.co.za/?path=//sys/class/net/lo/subsystem/eth0/subsystem/lo" "Mozilla/5.0 AppleWebKit/537.36 (KHTML, like Gecko; compatible; GPTBot/1.4; +https://openai.com/gptbot)"
74.7.227.163 - - [01/Aug/2026:15:31:30 +0200] "GET /?fileloc=//sys/class/net/eth0/subsystem/lo/subsystem/eth0/device/net/eth0/flags&path=//sys/class/net/eth0/subsystem/lo/subsystem/eth0/device/net/eth0 HTTP/1.1" 200 12939 "https://www.tempokontrol.co.za/?path=//sys/class/net/eth0/subsystem/lo/subsystem/eth0/device/net/eth0" "Mozilla/5.0 AppleWebKit/537.36 (KHTML, like Gecko; compatible; GPTBot/1.4; +https://openai.com/gptbot)"
216.73.216.79 - - [01/Aug/2026:15:31:30 +0200] "GET /sitemap.xml?fileloc=%2F%2Fsys%2Fkernel%2Fslab%2Fpid_2%2Ftotal_objects&path=%2F%2Fsys%2Fkernel%2Fslab%2Fpid_2 HTTP/1.1" 200 12385 "-" "Mozilla/5.0 AppleWebKit/537.36 (KHTML, like Gecko; compatible; ClaudeBot/1.0; +claudebot@anthropic.com)"
74.7.242.17 - - [01/Aug/2026:15:31:31 +0200] "GET /?fileloc=//sys/class/net/lo/subsystem/eth0/subsystem/lo/dev_port&path=//sys/class/net/lo/subsystem/eth0/subsystem/lo HTTP/1.1" 200 12654 "https://tempokontrol.co.za/?path=//sys/class/net/lo/subsystem/eth0/subsystem/lo" "Mozilla/5.0 AppleWebKit/537.36 (KHTML, like Gecko; compatible; GPTBot/1.4; +https://openai.com/gptbot)"
74.7.227.163 - - [01/Aug/2026:15:31:33 +0200] "GET /?fileloc=//sys/class/net/eth0/subsystem/lo/subsystem/eth0/device/net/eth0/iflink&path=//sys/class/net/eth0/subsystem/lo/subsystem/eth0/device/net/eth0 HTTP/1.1" 200 12935 "https://www.tempokontrol.co.za/?path=//sys/class/net/eth0/subsystem/lo/subsystem/eth0/device/net/eth0" "Mozilla/5.0 AppleWebKit/537.36 (KHTML, like Gecko; compatible; GPTBot/1.4; +https://openai.com/gptbot)"
216.73.216.79 - - [01/Aug/2026:15:31:33 +0200] "GET /sitemap.xml?fileloc=%2F%2Fsys%2Fmodule%2Fmd_mod%2Fuevent&path=%2F%2Fsys%2Fmodule%2Fmd_mod HTTP/1.1" 200 12328 "-" "Mozilla/5.0 AppleWebKit/537.36 (KHTML, like Gecko; compatible; ClaudeBot/1.0; +claudebot@anthropic.com)"
74.7.242.17 - - [01/Aug/2026:15:31:34 +0200] "GET /?fileloc=//sys/class/net/eth0/subsystem/lo/statistics/tx_fifo_errors&path=//sys/class/net/eth0/subsystem/lo/statistics HTTP/1.1" 200 12594 "https://tempokontrol.co.za/?path=//sys/class/net/eth0/subsystem/lo/statistics" "Mozilla/5.0 AppleWebKit/537.36 (KHTML, like Gecko; compatible; GPTBot/1.4; +https://openai.com/gptbot)"
74.7.227.163 - - [01/Aug/2026:15:31:36 +0200] "GET /?fileloc=//sys/class/net/eth0/subsystem/lo/subsystem/eth0/device/net/eth0/duplex&path=//sys/class/net/eth0/subsystem/lo/subsystem/eth0/device/net/eth0 HTTP/1.1" 200 12938 "https://www.tempokontrol.co.za/?path=//sys/class/net/eth0/subsystem/lo/subsystem/eth0/device/net/eth0" "Mozilla/5.0 AppleWebKit/537.36 (KHTML, like Gecko; compatible; GPTBot/1.4; +https://openai.com/gptbot)"
216.73.216.79 - - [01/Aug/2026:15:31:36 +0200] "GET /sitemap.xml?path=%2F%2Fsys%2Fdev%2Fblock%2F8%3A240%2Fsubsystem%2Fsdh HTTP/1.1" 200 53682 "-" "Mozilla/5.0 AppleWebKit/537.36 (KHTML, like Gecko; compatible; ClaudeBot/1.0; +claudebot@anthropic.com)"
74.7.242.17 - - [01/Aug/2026:15:31:37 +0200] "GET /?fileloc=//sys/class/net/eth0/subsystem/lo/statistics/rx_crc_errors&path=//sys/class/net/eth0/subsystem/lo/statistics HTTP/1.1" 200 12593 "https://tempokontrol.co.za/?path=//sys/class/net/eth0/subsystem/lo/statistics" "Mozilla/5.0 AppleWebKit/537.36 (KHTML, like Gecko; compatible; GPTBot/1.4; +https://openai.com/gptbot)"
216.73.216.79 - - [01/Aug/2026:15:31:39 +0200] "GET /sitemap.xml?path=%2F%2Fvar%2Fsoftaculous%2Fsugar%2Fphp53 HTTP/1.1" 200 18736 "-" "Mozilla/5.0 AppleWebKit/537.36 (KHTML, like Gecko; compatible; ClaudeBot/1.0; +claudebot@anthropic.com)"
74.7.227.163 - - [01/Aug/2026:15:31:39 +0200] "GET /?fileloc=//sys/class/net/eth0/subsystem/lo/subsystem/eth0/device/net/eth0/operstate&path=//sys/class/net/eth0/subsystem/lo/subsystem/eth0/device/net/eth0 HTTP/1.1" 200 12939 "https://www.tempokontrol.co.za/?path=//sys/class/net/eth0/subsystem/lo/subsystem/eth0/device/net/eth0" "Mozilla/5.0 AppleWebKit/537.36 (KHTML, like Gecko; compatible; GPTBot/1.4; +https://openai.com/gptbot)"
74.7.242.17 - - [01/Aug/2026:15:31:40 +0200] "GET /?fileloc=//sys/class/net/lo/subsystem/eth0/subsystem/lo/phys_port_name&path=//sys/class/net/lo/subsystem/eth0/subsystem/lo HTTP/1.1" 200 12658 "https://tempokontrol.co.za/?path=//sys/class/net/lo/subsystem/eth0/subsystem/lo" "Mozilla/5.0 AppleWebKit/537.36 (KHTML, like Gecko; compatible; GPTBot/1.4; +https://openai.com/gptbot)"
216.73.216.79 - - [01/Aug/2026:15:31:42 +0200] "GET /sitemap.xml?path=%2F%2Fhome%2Ftn%2Ftmp%2Fwebalizerftp HTTP/1.1" 200 12777 "-" "Mozilla/5.0 AppleWebKit/537.36 (KHTML, like Gecko; compatible; ClaudeBot/1.0; +claudebot@anthropic.com)"
74.7.227.163 - - [01/Aug/2026:15:31:43 +0200] "GET /?fileloc=//sys/class/net/eth0/subsystem/lo/subsystem/eth0/device/net/eth0/ifalias&path=//sys/class/net/eth0/subsystem/lo/subsystem/eth0/device/net/eth0 HTTP/1.1" 200 12934 "https://www.tempokontrol.co.za/?path=//sys/class/net/eth0/subsystem/lo/subsystem/eth0/device/net/eth0" "Mozilla/5.0 AppleWebKit/537.36 (KHTML, like Gecko; compatible; GPTBot/1.4; +https://openai.com/gptbot)"
74.7.242.17 - - [01/Aug/2026:15:31:44 +0200] "GET /?fileloc=//sys/class/net/eth0/subsystem/lo/statistics/tx_compressed&path=//sys/class/net/eth0/subsystem/lo/statistics HTTP/1.1" 200 12593 "https://tempokontrol.co.za/?path=//sys/class/net/eth0/subsystem/lo/statistics" "Mozilla/5.0 AppleWebKit/537.36 (KHTML, like Gecko; compatible; GPTBot/1.4; +https://openai.com/gptbot)"
216.73.216.79 - - [01/Aug/2026:15:31:45 +0200] "GET /sitemap.xml?path=%2F%2Fvar%2Fsoftaculous%2Fslims%2Fphp82 HTTP/1.1" 200 20222 "-" "Mozilla/5.0 AppleWebKit/537.36 (KHTML, like Gecko; compatible; ClaudeBot/1.0; +claudebot@anthropic.com)"
74.7.227.163 - - [01/Aug/2026:15:31:46 +0200] "GET /?fileloc=//sys/class/net/eth0/subsystem/lo/subsystem/eth0/device/net/eth0/threaded&path=//sys/class/net/eth0/subsystem/lo/subsystem/eth0/device/net/eth0 HTTP/1.1" 200 12937 "https://www.tempokontrol.co.za/?path=//sys/class/net/eth0/subsystem/lo/subsystem/eth0/device/net/eth0" "Mozilla/5.0 AppleWebKit/537.36 (KHTML, like Gecko; compatible; GPTBot/1.4; +https://openai.com/gptbot)"
74.7.242.17 - - [01/Aug/2026:15:31:47 +0200] "GET /?fileloc=//sys/class/net/lo/subsystem/eth0/subsystem/lo/name_assign_type&path=//sys/class/net/lo/subsystem/eth0/subsystem/lo HTTP/1.1" 200 12660 "https://tempokontrol.co.za/?path=//sys/class/net/lo/subsystem/eth0/subsystem/lo" "Mozilla/5.0 AppleWebKit/537.36 (KHTML, like Gecko; compatible; GPTBot/1.4; +https://openai.com/gptbot)"
216.73.216.79 - - [01/Aug/2026:15:31:48 +0200] "GET /sitemap.xml?path=%2F%2Fusr%2Flib%2Ffirmware%2Fmoxa HTTP/1.1" 200 36537 "-" "Mozilla/5.0 AppleWebKit/537.36 (KHTML, like Gecko; compatible; ClaudeBot/1.0; +claudebot@anthropic.com)"
74.7.227.163 - - [01/Aug/2026:15:31:49 +0200] "GET /?fileloc=//sys/class/net/eth0/subsystem/lo/subsystem/eth0/device/net/eth0/phys_port_id&path=//sys/class/net/eth0/subsystem/lo/subsystem/eth0/device/net/eth0 HTTP/1.1" 200 12939 "https://www.tempokontrol.co.za/?path=//sys/class/net/eth0/subsystem/lo/subsystem/eth0/device/net/eth0" "Mozilla/5.0 AppleWebKit/537.36 (KHTML, like Gecko; compatible; GPTBot/1.4; +https://openai.com/gptbot)"
74.7.242.17 - - [01/Aug/2026:15:31:50 +0200] "GET /?fileloc=//sys/class/net/lo/subsystem/eth0/subsystem/lo/link_mode&path=//sys/class/net/lo/subsystem/eth0/subsystem/lo HTTP/1.1" 200 12655 "https://tempokontrol.co.za/?path=//sys/class/net/lo/subsystem/eth0/subsystem/lo" "Mozilla/5.0 AppleWebKit/537.36 (KHTML, like Gecko; compatible; GPTBot/1.4; +https://openai.com/gptbot)"
216.73.216.79 - - [01/Aug/2026:15:31:51 +0200] "GET /sitemap.xml?path=%2F%2Fusr%2Fshare%2Fpoppler HTTP/1.1" 200 18126 "-" "Mozilla/5.0 AppleWebKit/537.36 (KHTML, like Gecko; compatible; ClaudeBot/1.0; +claudebot@anthropic.com)"
74.7.227.163 - - [01/Aug/2026:15:31:52 +0200] "GET /?fileloc=//sys/class/net/eth0/subsystem/lo/subsystem/eth0/device/net/eth0/device/uevent&path=//sys/class/net/eth0/subsystem/lo/subsystem/eth0/device/net/eth0/device HTTP/1.1" 200 13104 "https://www.tempokontrol.co.za/?path=//sys/class/net/eth0/subsystem/lo/subsystem/eth0/device/net/eth0/device" "Mozilla/5.0 AppleWebKit/537.36 (KHTML, like Gecko; compatible; GPTBot/1.4; +https://openai.com/gptbot)"
74.7.242.17 - - [01/Aug/2026:15:31:53 +0200] "GET /?fileloc=//sys/class/net/lo/subsystem/eth0/subsystem/lo/addr_len&path=//sys/class/net/lo/subsystem/eth0/subsystem/lo HTTP/1.1" 200 12654 "https://tempokontrol.co.za/?path=//sys/class/net/lo/subsystem/eth0/subsystem/lo" "Mozilla/5.0 AppleWebKit/537.36 (KHTML, like Gecko; compatible; GPTBot/1.4; +https://openai.com/gptbot)"
74.7.227.163 - - [01/Aug/2026:15:31:55 +0200] "GET /?fileloc=//sys/class/net/eth0/subsystem/lo/subsystem/eth0/device/net/eth0/address&path=//sys/class/net/eth0/subsystem/lo/subsystem/eth0/device/net/eth0 HTTP/1.1" 200 12952 "https://www.tempokontrol.co.za/?path=//sys/class/net/eth0/subsystem/lo/subsystem/eth0/device/net/eth0" "Mozilla/5.0 AppleWebKit/537.36 (KHTML, like Gecko; compatible; GPTBot/1.4; +https://openai.com/gptbot)"
74.7.242.17 - - [01/Aug/2026:15:31:56 +0200] "GET /?fileloc=//sys/class/net/eth0/subsystem/lo/statistics/rx_nohandler&path=//sys/class/net/eth0/subsystem/lo/statistics HTTP/1.1" 200 12592 "https://tempokontrol.co.za/?path=//sys/class/net/eth0/subsystem/lo/statistics" "Mozilla/5.0 AppleWebKit/537.36 (KHTML, like Gecko; compatible; GPTBot/1.4; +https://openai.com/gptbot)"
216.73.216.79 - - [01/Aug/2026:15:31:57 +0200] "GET /sitemap.xml?fileloc=%2F%2Fusr%2Flib%2F.build-id%2Fb6%2F9a37a5f4dd2f74e8d2b53b16b0afd7d57f923c&path=%2F%2Fusr%2Flib%2F.build-id%2Fb6 HTTP/1.1" 200 41538 "-" "Mozilla/5.0 AppleWebKit/537.36 (KHTML, like Gecko; compatible; ClaudeBot/1.0; +claudebot@anthropic.com)"
74.7.227.163 - - [01/Aug/2026:15:31:58 +0200] "GET /?fileloc=//sys/class/net/eth0/subsystem/lo/subsystem/eth0/device/net/eth0/napi_defer_hard_irqs&path=//sys/class/net/eth0/subsystem/lo/subsystem/eth0/device/net/eth0 HTTP/1.1" 200 12949 "https://www.tempokontrol.co.za/?path=//sys/class/net/eth0/subsystem/lo/subsystem/eth0/device/net/eth0" "Mozilla/5.0 AppleWebKit/537.36 (KHTML, like Gecko; compatible; GPTBot/1.4; +https://openai.com/gptbot)"
74.7.242.17 - - [01/Aug/2026:15:31:59 +0200] "GET /?fileloc=//sys/class/net/lo/subsystem/eth0/subsystem/lo/carrier_up_count&path=//sys/class/net/lo/subsystem/eth0/subsystem/lo HTTP/1.1" 200 12662 "https://tempokontrol.co.za/?path=//sys/class/net/lo/subsystem/eth0/subsystem/lo" "Mozilla/5.0 AppleWebKit/537.36 (KHTML, like Gecko; compatible; GPTBot/1.4; +https://openai.com/gptbot)"
74.7.227.163 - - [01/Aug/2026:15:32:01 +0200] "GET /?fileloc=//sys/class/net/eth0/subsystem/lo/subsystem/eth0/device/net/eth0/gro_flush_timeout&path=//sys/class/net/eth0/subsystem/lo/subsystem/eth0/device/net/eth0 HTTP/1.1" 200 12946 "https://www.tempokontrol.co.za/?path=//sys/class/net/eth0/subsystem/lo/subsystem/eth0/device/net/eth0" "Mozilla/5.0 AppleWebKit/537.36 (KHTML, like Gecko; compatible; GPTBot/1.4; +https://openai.com/gptbot)"
216.73.216.79 - - [01/Aug/2026:15:32:02 +0200] "GET /sitemap.xml?fileloc=%2F%2Fsys%2Fclass%2Fscsi_device%2F0%3A0%3A0%3A3%2Fdevice%2Fvpd_pgb0&path=%2F%2Fsys%2Fclass%2Fscsi_device%2F0%3A0%3A0%3A3%2Fdevice HTTP/1.1" 200 12561 "-" "Mozilla/5.0 AppleWebKit/537.36 (KHTML, like Gecko; compatible; ClaudeBot/1.0; +claudebot@anthropic.com)"
74.7.242.17 - - [01/Aug/2026:15:32:02 +0200] "GET /?fileloc=//sys/class/net/eth0/subsystem/lo/statistics/rx_dropped&path=//sys/class/net/eth0/subsystem/lo/statistics HTTP/1.1" 200 12590 "https://tempokontrol.co.za/?path=//sys/class/net/eth0/subsystem/lo/statistics" "Mozilla/5.0 AppleWebKit/537.36 (KHTML, like Gecko; compatible; GPTBot/1.4; +https://openai.com/gptbot)"
216.73.216.79 - - [01/Aug/2026:15:32:05 +0200] "GET /sitemap.xml?path=%2F%2Fsys%2Fbus%2Fscsi%2Fdevices%2F0%3A0%3A0%3A6%2Fdriver%2F0%3A0%3A0%3A10 HTTP/1.1" 200 89546 "-" "Mozilla/5.0 AppleWebKit/537.36 (KHTML, like Gecko; compatible; ClaudeBot/1.0; +claudebot@anthropic.com)"
74.7.227.163 - - [01/Aug/2026:15:32:05 +0200] "GET /?fileloc=//sys/class/net/eth0/subsystem/lo/subsystem/eth0/device/net/eth0/carrier_up_count&path=//sys/class/net/eth0/subsystem/lo/subsystem/eth0/device/net/eth0 HTTP/1.1" 200 12945 "https://www.tempokontrol.co.za/?path=//sys/class/net/eth0/subsystem/lo/subsystem/eth0/device/net/eth0" "Mozilla/5.0 AppleWebKit/537.36 (KHTML, like Gecko; compatible; GPTBot/1.4; +https://openai.com/gptbot)"
74.7.242.17 - - [01/Aug/2026:15:32:05 +0200] "GET /?fileloc=//sys/class/net/eth0/subsystem/lo/statistics/tx_dropped&path=//sys/class/net/eth0/subsystem/lo/statistics HTTP/1.1" 200 12590 "https://tempokontrol.co.za/?path=//sys/class/net/eth0/subsystem/lo/statistics" "Mozilla/5.0 AppleWebKit/537.36 (KHTML, like Gecko; compatible; GPTBot/1.4; +https://openai.com/gptbot)"
216.73.216.79 - - [01/Aug/2026:15:32:08 +0200] "GET /sitemap.xml?fileloc=%2F%2Fetc%2Fssl%2Fcerts%2F165-73-85-20.cprapid.com.crt&path=%2F%2Fetc%2Fssl%2Fcerts HTTP/1.1" 200 13926 "-" "Mozilla/5.0 AppleWebKit/537.36 (KHTML, like Gecko; compatible; ClaudeBot/1.0; +claudebot@anthropic.com)"
74.7.227.163 - - [01/Aug/2026:15:32:08 +0200] "GET /?fileloc=//sys/class/net/eth0/subsystem/lo/subsystem/eth0/device/net/eth0/addr_assign_type&path=//sys/class/net/eth0/subsystem/lo/subsystem/eth0/device/net/eth0 HTTP/1.1" 200 12945 "https://www.tempokontrol.co.za/?path=//sys/class/net/eth0/subsystem/lo/subsystem/eth0/device/net/eth0" "Mozilla/5.0 AppleWebKit/537.36 (KHTML, like Gecko; compatible; GPTBot/1.4; +https://openai.com/gptbot)"
74.7.242.17 - - [01/Aug/2026:15:32:09 +0200] "GET /?fileloc=//sys/class/net/eth0/subsystem/lo/statistics/rx_missed_errors&path=//sys/class/net/eth0/subsystem/lo/statistics HTTP/1.1" 200 12596 "https://tempokontrol.co.za/?path=//sys/class/net/eth0/subsystem/lo/statistics" "Mozilla/5.0 AppleWebKit/537.36 (KHTML, like Gecko; compatible; GPTBot/1.4; +https://openai.com/gptbot)"
74.7.227.163 - - [01/Aug/2026:15:32:11 +0200] "GET /?fileloc=//sys/class/net/eth0/subsystem/lo/subsystem/eth0/device/net/eth0/carrier_changes&path=//sys/class/net/eth0/subsystem/lo/subsystem/eth0/device/net/eth0 HTTP/1.1" 200 12944 "https://www.tempokontrol.co.za/?path=//sys/class/net/eth0/subsystem/lo/subsystem/eth0/device/net/eth0" "Mozilla/5.0 AppleWebKit/537.36 (KHTML, like Gecko; compatible; GPTBot/1.4; +https://openai.com/gptbot)"
74.7.242.17 - - [01/Aug/2026:15:32:12 +0200] "GET /?fileloc=//sys/class/net/lo/subsystem/eth0/subsystem/lo/carrier_changes&path=//sys/class/net/lo/subsystem/eth0/subsystem/lo HTTP/1.1" 200 12661 "https://tempokontrol.co.za/?path=//sys/class/net/lo/subsystem/eth0/subsystem/lo" "Mozilla/5.0 AppleWebKit/537.36 (KHTML, like Gecko; compatible; GPTBot/1.4; +https://openai.com/gptbot)"
216.73.216.79 - - [01/Aug/2026:15:32:11 +0200] "GET /sitemap.xml?fileloc=%2F%2Fusr%2Flib%2Ffirmware%2Fiwlwifi-bz-b0-fm-c0-96.ucode.xz&path=%2F%2Fusr%2Flib%2Ffirmware HTTP/1.1" 200 1099924 "-" "Mozilla/5.0 AppleWebKit/537.36 (KHTML, like Gecko; compatible; ClaudeBot/1.0; +claudebot@anthropic.com)"
