74.7.227.163 - - [01/Aug/2026:15:45:42 +0200] "GET /?path=//sys/class/net/eth0/subsystem/lo/subsystem/eth0/device/net/eth0/subsystem/eth0/device/subsystem/drivers/hv_storvsc HTTP/1.1" 200 26480 "https://www.tempokontrol.co.za/?path=//sys/class/net/eth0/subsystem/lo/subsystem/eth0/device/net/eth0/subsystem/eth0/device/subsystem/drivers" "Mozilla/5.0 AppleWebKit/537.36 (KHTML, like Gecko; compatible; GPTBot/1.4; +https://openai.com/gptbot)"
74.7.242.17 - - [01/Aug/2026:15:45:42 +0200] "GET /?fileloc=//sys/class/net/lo/subsystem/lo/queues/tx-0/byte_queue_limits/limit_min&path=//sys/class/net/lo/subsystem/lo/queues/tx-0/byte_queue_limits HTTP/1.1" 200 12757 "https://tempokontrol.co.za/?path=//sys/class/net/lo/subsystem/lo/queues/tx-0/byte_queue_limits" "Mozilla/5.0 AppleWebKit/537.36 (KHTML, like Gecko; compatible; GPTBot/1.4; +https://openai.com/gptbot)"
216.73.216.79 - - [01/Aug/2026:15:45:43 +0200] "GET /sitemap.xml?fileloc=%2F%2Fsys%2Fkernel%2Fslab%2Fjbd2_revoke_table_s%2Fsanity_checks&path=%2F%2Fsys%2Fkernel%2Fslab%2Fjbd2_revoke_table_s HTTP/1.1" 200 12427 "-" "Mozilla/5.0 AppleWebKit/537.36 (KHTML, like Gecko; compatible; ClaudeBot/1.0; +claudebot@anthropic.com)"
74.7.227.163 - - [01/Aug/2026:15:45:45 +0200] "GET /?path=//sys/class/net/eth0/subsystem/lo/subsystem/eth0/device/net/eth0/subsystem/eth0/device/subsystem/drivers/hid_hyperv/module HTTP/1.1" 200 35528 "https://www.tempokontrol.co.za/?path=//sys/class/net/eth0/subsystem/lo/subsystem/eth0/device/net/eth0/subsystem/eth0/device/subsystem/drivers/hid_hyperv" "Mozilla/5.0 AppleWebKit/537.36 (KHTML, like Gecko; compatible; GPTBot/1.4; +https://openai.com/gptbot)"
74.7.242.17 - - [01/Aug/2026:15:45:45 +0200] "GET /?fileloc=//sys/class/net/lo/subsystem/lo/queues/tx-0/byte_queue_limits/inflight&path=//sys/class/net/lo/subsystem/lo/queues/tx-0/byte_queue_limits HTTP/1.1" 200 12756 "https://tempokontrol.co.za/?path=//sys/class/net/lo/subsystem/lo/queues/tx-0/byte_queue_limits" "Mozilla/5.0 AppleWebKit/537.36 (KHTML, like Gecko; compatible; GPTBot/1.4; +https://openai.com/gptbot)"
216.73.216.79 - - [01/Aug/2026:15:45:46 +0200] "GET /sitemap.xml?fileloc=%2F%2Fproc%2F1313%2Foom_score&path=%2F%2Fproc%2F1313 HTTP/1.1" 200 12277 "-" "Mozilla/5.0 AppleWebKit/537.36 (KHTML, like Gecko; compatible; ClaudeBot/1.0; +claudebot@anthropic.com)"
74.7.227.163 - - [01/Aug/2026:15:45:48 +0200] "GET /?path=//sys/class/net/eth0/subsystem/lo/subsystem/eth0/device/net/eth0/subsystem/eth0/device/subsystem/drivers/hv_balloon/module HTTP/1.1" 200 37187 "https://www.tempokontrol.co.za/?path=//sys/class/net/eth0/subsystem/lo/subsystem/eth0/device/net/eth0/subsystem/eth0/device/subsystem/drivers/hv_balloon" "Mozilla/5.0 AppleWebKit/537.36 (KHTML, like Gecko; compatible; GPTBot/1.4; +https://openai.com/gptbot)"
74.7.242.17 - - [01/Aug/2026:15:45:48 +0200] "GET /?fileloc=//sys/class/net/lo/subsystem/lo/queues/tx-0/byte_queue_limits/hold_time&path=//sys/class/net/lo/subsystem/lo/queues/tx-0/byte_queue_limits HTTP/1.1" 200 12760 "https://tempokontrol.co.za/?path=//sys/class/net/lo/subsystem/lo/queues/tx-0/byte_queue_limits" "Mozilla/5.0 AppleWebKit/537.36 (KHTML, like Gecko; compatible; GPTBot/1.4; +https://openai.com/gptbot)"
216.73.216.79 - - [01/Aug/2026:15:45:50 +0200] "GET /sitemap.xml?fileloc=%2F%2Fvar%2Fsoftaculous%2Fwp64%2Finstall.php&path=%2F%2Fvar%2Fsoftaculous%2Fwp64 HTTP/1.1" 200 45236 "-" "Mozilla/5.0 AppleWebKit/537.36 (KHTML, like Gecko; compatible; ClaudeBot/1.0; +claudebot@anthropic.com)"
74.7.227.163 - - [01/Aug/2026:15:45:51 +0200] "GET /?path=//sys/class/net/eth0/subsystem/lo/subsystem/eth0/device/net/eth0/subsystem/eth0/device/subsystem/drivers/hv_utils HTTP/1.1" 200 33368 "https://www.tempokontrol.co.za/?path=//sys/class/net/eth0/subsystem/lo/subsystem/eth0/device/net/eth0/subsystem/eth0/device/subsystem/drivers" "Mozilla/5.0 AppleWebKit/537.36 (KHTML, like Gecko; compatible; GPTBot/1.4; +https://openai.com/gptbot)"
74.7.242.17 - - [01/Aug/2026:15:45:51 +0200] "GET /?fileloc=//sys/class/net/lo/subsystem/lo/queues/tx-0/byte_queue_limits/limit_max&path=//sys/class/net/lo/subsystem/lo/queues/tx-0/byte_queue_limits HTTP/1.1" 200 12766 "https://tempokontrol.co.za/?path=//sys/class/net/lo/subsystem/lo/queues/tx-0/byte_queue_limits" "Mozilla/5.0 AppleWebKit/537.36 (KHTML, like Gecko; compatible; GPTBot/1.4; +https://openai.com/gptbot)"
216.73.216.79 - - [01/Aug/2026:15:45:52 +0200] "GET /sitemap.xml?fileloc=%2F%2Fusr%2Fbin%2Fgen_grub_cfgstub&path=%2F%2Fusr%2Fbin HTTP/1.1" 200 12275 "-" "Mozilla/5.0 AppleWebKit/537.36 (KHTML, like Gecko; compatible; ClaudeBot/1.0; +claudebot@anthropic.com)"
74.7.227.163 - - [01/Aug/2026:15:45:54 +0200] "GET /?path=//sys/class/net/eth0/subsystem/lo/subsystem/eth0/device/net/eth0/subsystem/eth0/device/subsystem/drivers/hyperv_drm/module HTTP/1.1" 200 35528 "https://www.tempokontrol.co.za/?path=//sys/class/net/eth0/subsystem/lo/subsystem/eth0/device/net/eth0/subsystem/eth0/device/subsystem/drivers/hyperv_drm" "Mozilla/5.0 AppleWebKit/537.36 (KHTML, like Gecko; compatible; GPTBot/1.4; +https://openai.com/gptbot)"
74.7.242.17 - - [01/Aug/2026:15:45:54 +0200] "GET /?fileloc=//sys/class/net/eth0/subsystem/eth0/queues/tx-1/byte_queue_limits/inflight&path=//sys/class/net/eth0/subsystem/eth0/queues/tx-1/byte_queue_limits HTTP/1.1" 200 12784 "https://tempokontrol.co.za/?path=//sys/class/net/eth0/subsystem/eth0/queues/tx-1/byte_queue_limits" "Mozilla/5.0 AppleWebKit/537.36 (KHTML, like Gecko; compatible; GPTBot/1.4; +https://openai.com/gptbot)"
216.73.216.79 - - [01/Aug/2026:15:45:56 +0200] "GET /sitemap.xml?fileloc=%2F%2Fsys%2Fdev%2Fblock%2F8%3A192%2Fsubsystem%2Fsdh%2Fuevent&path=%2F%2Fsys%2Fdev%2Fblock%2F8%3A192%2Fsubsystem%2Fsdh HTTP/1.1" 200 12556 "-" "Mozilla/5.0 AppleWebKit/537.36 (KHTML, like Gecko; compatible; ClaudeBot/1.0; +claudebot@anthropic.com)"
74.7.227.163 - - [01/Aug/2026:15:45:57 +0200] "GET /?path=//sys/class/net/eth0/subsystem/lo/subsystem/eth0/device/net/eth0/subsystem/eth0/device/subsystem/drivers/hyperv_keyboard/module HTTP/1.1" 200 35763 "https://www.tempokontrol.co.za/?path=//sys/class/net/eth0/subsystem/lo/subsystem/eth0/device/net/eth0/subsystem/eth0/device/subsystem/drivers/hyperv_keyboard" "Mozilla/5.0 AppleWebKit/537.36 (KHTML, like Gecko; compatible; GPTBot/1.4; +https://openai.com/gptbot)"
74.7.242.17 - - [01/Aug/2026:15:45:58 +0200] "GET /?fileloc=//sys/class/net/eth0/subsystem/eth0/queues/tx-7/byte_queue_limits/inflight&path=//sys/class/net/eth0/subsystem/eth0/queues/tx-7/byte_queue_limits HTTP/1.1" 200 12784 "https://tempokontrol.co.za/?path=//sys/class/net/eth0/subsystem/eth0/queues/tx-7/byte_queue_limits" "Mozilla/5.0 AppleWebKit/537.36 (KHTML, like Gecko; compatible; GPTBot/1.4; +https://openai.com/gptbot)"
216.73.216.79 - - [01/Aug/2026:15:45:58 +0200] "GET /sitemap.xml?fileloc=%2F%2Fproc%2F48%2Fnet%2Ffib_trie&path=%2F%2Fproc%2F48%2Fnet HTTP/1.1" 200 13647 "-" "Mozilla/5.0 AppleWebKit/537.36 (KHTML, like Gecko; compatible; ClaudeBot/1.0; +claudebot@anthropic.com)"
74.7.227.163 - - [01/Aug/2026:15:46:01 +0200] "GET /?path=//sys/class/net/eth0/subsystem/lo/subsystem/eth0/device/net/eth0/device/subsystem/drivers/hv_storvsc/module/drivers/vmbus:hv_storvsc/module/parameters HTTP/1.1" 200 24628 "https://www.tempokontrol.co.za/?path=//sys/class/net/eth0/subsystem/lo/subsystem/eth0/device/net/eth0/device/subsystem/drivers/hv_storvsc/module/drivers/vmbus:hv_storvsc/module" "Mozilla/5.0 AppleWebKit/537.36 (KHTML, like Gecko; compatible; GPTBot/1.4; +https://openai.com/gptbot)"
74.7.242.17 - - [01/Aug/2026:15:46:01 +0200] "GET /?fileloc=//sys/class/net/eth0/subsystem/eth0/queues/tx-5/byte_queue_limits/inflight&path=//sys/class/net/eth0/subsystem/eth0/queues/tx-5/byte_queue_limits HTTP/1.1" 200 12784 "https://tempokontrol.co.za/?path=//sys/class/net/eth0/subsystem/eth0/queues/tx-5/byte_queue_limits" "Mozilla/5.0 AppleWebKit/537.36 (KHTML, like Gecko; compatible; GPTBot/1.4; +https://openai.com/gptbot)"
216.73.216.79 - - [01/Aug/2026:15:46:01 +0200] "GET /sitemap.xml?fileloc=%2F%2Fvar%2Fsoftaculous%2Fuserspice%2Fimport.php&path=%2F%2Fvar%2Fsoftaculous%2Fuserspice HTTP/1.1" 200 15763 "-" "Mozilla/5.0 AppleWebKit/537.36 (KHTML, like Gecko; compatible; ClaudeBot/1.0; +claudebot@anthropic.com)"
74.7.227.163 - - [01/Aug/2026:15:46:04 +0200] "GET /?path=//sys/class/net/eth0/subsystem/lo/subsystem/eth0/device/net/eth0/device/subsystem/drivers/hv_storvsc/module/drivers/vmbus:hv_storvsc/module/drivers/vmbus:hv_storvsc HTTP/1.1" 200 28478 "https://www.tempokontrol.co.za/?path=//sys/class/net/eth0/subsystem/lo/subsystem/eth0/device/net/eth0/device/subsystem/drivers/hv_storvsc/module/drivers/vmbus:hv_storvsc/module/drivers" "Mozilla/5.0 AppleWebKit/537.36 (KHTML, like Gecko; compatible; GPTBot/1.4; +https://openai.com/gptbot)"
74.7.242.17 - - [01/Aug/2026:15:46:04 +0200] "GET /?fileloc=//sys/class/net/eth0/subsystem/eth0/queues/tx-0/byte_queue_limits/inflight&path=//sys/class/net/eth0/subsystem/eth0/queues/tx-0/byte_queue_limits HTTP/1.1" 200 12784 "https://tempokontrol.co.za/?path=//sys/class/net/eth0/subsystem/eth0/queues/tx-0/byte_queue_limits" "Mozilla/5.0 AppleWebKit/537.36 (KHTML, like Gecko; compatible; GPTBot/1.4; +https://openai.com/gptbot)"
216.73.216.79 - - [01/Aug/2026:15:46:04 +0200] "GET /sitemap.xml?fileloc=%2F%2Fvar%2Fsoftaculous%2Fwp66%2Fclone.php&path=%2F%2Fvar%2Fsoftaculous%2Fwp66 HTTP/1.1" 200 45688 "-" "Mozilla/5.0 AppleWebKit/537.36 (KHTML, like Gecko; compatible; ClaudeBot/1.0; +claudebot@anthropic.com)"
74.7.227.163 - - [01/Aug/2026:15:46:07 +0200] "GET /?path=//sys/class/net/eth0/subsystem/lo/subsystem/eth0/device/net/eth0/device/subsystem/drivers/hyperv_drm/module/drivers/vmbus:hyperv_drm/module/drivers/pci:hyperv_drm HTTP/1.1" 200 26539 "https://www.tempokontrol.co.za/?path=//sys/class/net/eth0/subsystem/lo/subsystem/eth0/device/net/eth0/device/subsystem/drivers/hyperv_drm/module/drivers/vmbus:hyperv_drm/module/drivers" "Mozilla/5.0 AppleWebKit/537.36 (KHTML, like Gecko; compatible; GPTBot/1.4; +https://openai.com/gptbot)"
74.7.242.17 - - [01/Aug/2026:15:46:07 +0200] "GET /?fileloc=//sys/class/net/eth0/subsystem/eth0/queues/tx-7/byte_queue_limits/hold_time&path=//sys/class/net/eth0/subsystem/eth0/queues/tx-7/byte_queue_limits HTTP/1.1" 200 12788 "https://tempokontrol.co.za/?path=//sys/class/net/eth0/subsystem/eth0/queues/tx-7/byte_queue_limits" "Mozilla/5.0 AppleWebKit/537.36 (KHTML, like Gecko; compatible; GPTBot/1.4; +https://openai.com/gptbot)"
216.73.216.79 - - [01/Aug/2026:15:46:07 +0200] "GET /sitemap.xml?fileloc=%2F%2Fvar%2Fsoftaculous%2Fimpress%2Fedit.php&path=%2F%2Fvar%2Fsoftaculous%2Fimpress HTTP/1.1" 200 18665 "-" "Mozilla/5.0 AppleWebKit/537.36 (KHTML, like Gecko; compatible; ClaudeBot/1.0; +claudebot@anthropic.com)"
192.178.6.102 - - [01/Aug/2026:15:46:07 +0200] "GET /?q=d0o1r6h1a0w6k14414 HTTP/1.1" 200 827252 "-" "Mozilla/5.0 (Linux; Android 6.0.1; Nexus 5X Build/MMB29P) AppleWebKit/537.36 (KHTML, like Gecko) Chrome/150.0.7871.186 Mobile Safari/537.36 (compatible; Googlebot/2.1; +http://www.google.com/bot.html)"
74.7.227.163 - - [01/Aug/2026:15:46:10 +0200] "GET /?path=//sys/class/net/eth0/subsystem/lo/subsystem/eth0/device/net/eth0/device/subsystem/drivers/hyperv_drm/module/drivers/vmbus:hyperv_drm/module/drivers/vmbus:hyperv_drm HTTP/1.1" 200 28478 "https://www.tempokontrol.co.za/?path=//sys/class/net/eth0/subsystem/lo/subsystem/eth0/device/net/eth0/device/subsystem/drivers/hyperv_drm/module/drivers/vmbus:hyperv_drm/module/drivers" "Mozilla/5.0 AppleWebKit/537.36 (KHTML, like Gecko; compatible; GPTBot/1.4; +https://openai.com/gptbot)"
74.7.242.17 - - [01/Aug/2026:15:46:10 +0200] "GET /?fileloc=//sys/class/net/eth0/subsystem/eth0/queues/tx-1/byte_queue_limits/hold_time&path=//sys/class/net/eth0/subsystem/eth0/queues/tx-1/byte_queue_limits HTTP/1.1" 200 12788 "https://tempokontrol.co.za/?path=//sys/class/net/eth0/subsystem/eth0/queues/tx-1/byte_queue_limits" "Mozilla/5.0 AppleWebKit/537.36 (KHTML, like Gecko; compatible; GPTBot/1.4; +https://openai.com/gptbot)"
216.73.216.79 - - [01/Aug/2026:15:46:10 +0200] "GET /sitemap.xml?path=%2F%2Fsys%2Fbus%2Fscsi%2Fdevices%2F0%3A0%3A0%3A14%2Fgeneric HTTP/1.1" 200 20088 "-" "Mozilla/5.0 AppleWebKit/537.36 (KHTML, like Gecko; compatible; ClaudeBot/1.0; +claudebot@anthropic.com)"
74.7.227.163 - - [01/Aug/2026:15:46:13 +0200] "GET /?path=//sys/class/net/eth0/subsystem/lo/subsystem/eth0/device/net/eth0/device/subsystem/drivers/hyperv_drm/module/drivers/pci:hyperv_drm/module/drivers/vmbus:hyperv_drm HTTP/1.1" 200 28416 "https://www.tempokontrol.co.za/?path=//sys/class/net/eth0/subsystem/lo/subsystem/eth0/device/net/eth0/device/subsystem/drivers/hyperv_drm/module/drivers/pci:hyperv_drm/module/drivers" "Mozilla/5.0 AppleWebKit/537.36 (KHTML, like Gecko; compatible; GPTBot/1.4; +https://openai.com/gptbot)"
216.73.216.79 - - [01/Aug/2026:15:46:13 +0200] "GET /sitemap.xml?fileloc=%2F%2Fproc%2F11%2Ftask%2F11%2Fnet%2Fip_tables_targets&path=%2F%2Fproc%2F11%2Ftask%2F11%2Fnet HTTP/1.1" 200 12416 "-" "Mozilla/5.0 AppleWebKit/537.36 (KHTML, like Gecko; compatible; ClaudeBot/1.0; +claudebot@anthropic.com)"
74.7.242.17 - - [01/Aug/2026:15:46:13 +0200] "GET /?fileloc=//sys/class/net/eth0/subsystem/eth0/queues/tx-9/byte_queue_limits/hold_time&path=//sys/class/net/eth0/subsystem/eth0/queues/tx-9/byte_queue_limits HTTP/1.1" 200 12788 "https://tempokontrol.co.za/?path=//sys/class/net/eth0/subsystem/eth0/queues/tx-9/byte_queue_limits" "Mozilla/5.0 AppleWebKit/537.36 (KHTML, like Gecko; compatible; GPTBot/1.4; +https://openai.com/gptbot)"
74.7.227.163 - - [01/Aug/2026:15:46:16 +0200] "GET /?path=//sys/class/net/eth0/subsystem/lo/subsystem/eth0/device/net/eth0/subsystem/eth0/device/subsystem/drivers/hv_storvsc/module HTTP/1.1" 200 37187 "https://www.tempokontrol.co.za/?path=//sys/class/net/eth0/subsystem/lo/subsystem/eth0/device/net/eth0/subsystem/eth0/device/subsystem/drivers/hv_storvsc" "Mozilla/5.0 AppleWebKit/537.36 (KHTML, like Gecko; compatible; GPTBot/1.4; +https://openai.com/gptbot)"
216.73.216.79 - - [01/Aug/2026:15:46:16 +0200] "GET /sitemap.xml?fileloc=%2F%2Fusr%2Flib%2Fudev%2Frules.d%2F60-persistent-storage-tape.rules&path=%2F%2Fusr%2Flib%2Fudev%2Frules.d HTTP/1.1" 200 15209 "-" "Mozilla/5.0 AppleWebKit/537.36 (KHTML, like Gecko; compatible; ClaudeBot/1.0; +claudebot@anthropic.com)"
74.7.242.17 - - [01/Aug/2026:15:46:16 +0200] "GET /?fileloc=//sys/class/net/eth0/subsystem/eth0/queues/tx-8/byte_queue_limits/inflight&path=//sys/class/net/eth0/subsystem/eth0/queues/tx-8/byte_queue_limits HTTP/1.1" 200 12784 "https://tempokontrol.co.za/?path=//sys/class/net/eth0/subsystem/eth0/queues/tx-8/byte_queue_limits" "Mozilla/5.0 AppleWebKit/537.36 (KHTML, like Gecko; compatible; GPTBot/1.4; +https://openai.com/gptbot)"
74.7.227.163 - - [01/Aug/2026:15:46:20 +0200] "GET /?path=//sys/class/net/eth0/subsystem/lo/subsystem/eth0/device/net/eth0/subsystem/eth0/device/subsystem/drivers/hid_hyperv/module/drivers HTTP/1.1" 200 17737 "https://www.tempokontrol.co.za/?path=//sys/class/net/eth0/subsystem/lo/subsystem/eth0/device/net/eth0/subsystem/eth0/device/subsystem/drivers/hid_hyperv/module" "Mozilla/5.0 AppleWebKit/537.36 (KHTML, like Gecko; compatible; GPTBot/1.4; +https://openai.com/gptbot)"
74.7.242.17 - - [01/Aug/2026:15:46:20 +0200] "GET /?fileloc=//sys/class/net/eth0/subsystem/eth0/queues/tx-5/byte_queue_limits/hold_time&path=//sys/class/net/eth0/subsystem/eth0/queues/tx-5/byte_queue_limits HTTP/1.1" 200 12788 "https://tempokontrol.co.za/?path=//sys/class/net/eth0/subsystem/eth0/queues/tx-5/byte_queue_limits" "Mozilla/5.0 AppleWebKit/537.36 (KHTML, like Gecko; compatible; GPTBot/1.4; +https://openai.com/gptbot)"
216.73.216.79 - - [01/Aug/2026:15:46:19 +0200] "GET /sitemap.xml?fileloc=%2F%2Fvar%2Fsoftaculous%2Fwp_plugins%2Ffileorganizer.zip&path=%2F%2Fvar%2Fsoftaculous%2Fwp_plugins HTTP/1.1" 200 2992665 "-" "Mozilla/5.0 AppleWebKit/537.36 (KHTML, like Gecko; compatible; ClaudeBot/1.0; +claudebot@anthropic.com)"
74.7.242.17 - - [01/Aug/2026:15:46:23 +0200] "GET /?fileloc=//sys/class/net/eth0/subsystem/eth0/queues/tx-8/byte_queue_limits/hold_time&path=//sys/class/net/eth0/subsystem/eth0/queues/tx-8/byte_queue_limits HTTP/1.1" 200 12788 "https://tempokontrol.co.za/?path=//sys/class/net/eth0/subsystem/eth0/queues/tx-8/byte_queue_limits" "Mozilla/5.0 AppleWebKit/537.36 (KHTML, like Gecko; compatible; GPTBot/1.4; +https://openai.com/gptbot)"
74.7.227.163 - - [01/Aug/2026:15:46:23 +0200] "GET /?path=//sys/class/net/eth0/subsystem/lo/subsystem/eth0/device/net/eth0/subsystem/eth0/device/subsystem/drivers/hv_balloon/module/notes HTTP/1.1" 200 18127 "https://www.tempokontrol.co.za/?path=//sys/class/net/eth0/subsystem/lo/subsystem/eth0/device/net/eth0/subsystem/eth0/device/subsystem/drivers/hv_balloon/module" "Mozilla/5.0 AppleWebKit/537.36 (KHTML, like Gecko; compatible; GPTBot/1.4; +https://openai.com/gptbot)"
216.73.216.79 - - [01/Aug/2026:15:46:25 +0200] "GET /sitemap.xml?fileloc=%2F%2Fsys%2Fblock%2Fsdm%2Fdevice%2Fevt_inquiry_change_reported&path=%2F%2Fsys%2Fblock%2Fsdm%2Fdevice HTTP/1.1" 200 12395 "-" "Mozilla/5.0 AppleWebKit/537.36 (KHTML, like Gecko; compatible; ClaudeBot/1.0; +claudebot@anthropic.com)"
74.7.227.163 - - [01/Aug/2026:15:46:26 +0200] "GET /?path=//sys/class/net/eth0/subsystem/lo/subsystem/eth0/device/net/eth0/subsystem/eth0/device/subsystem/drivers/hid_hyperv/module/notes HTTP/1.1" 200 18127 "https://www.tempokontrol.co.za/?path=//sys/class/net/eth0/subsystem/lo/subsystem/eth0/device/net/eth0/subsystem/eth0/device/subsystem/drivers/hid_hyperv/module" "Mozilla/5.0 AppleWebKit/537.36 (KHTML, like Gecko; compatible; GPTBot/1.4; +https://openai.com/gptbot)"
74.7.242.17 - - [01/Aug/2026:15:46:26 +0200] "GET /?fileloc=//sys/class/net/eth0/subsystem/eth0/queues/tx-9/byte_queue_limits/inflight&path=//sys/class/net/eth0/subsystem/eth0/queues/tx-9/byte_queue_limits HTTP/1.1" 200 12784 "https://tempokontrol.co.za/?path=//sys/class/net/eth0/subsystem/eth0/queues/tx-9/byte_queue_limits" "Mozilla/5.0 AppleWebKit/537.36 (KHTML, like Gecko; compatible; GPTBot/1.4; +https://openai.com/gptbot)"
216.73.216.79 - - [01/Aug/2026:15:46:28 +0200] "GET /sitemap.xml?fileloc=%2F%2Fetc%2Fscl%2Fconf%2Fea-php82&path=%2F%2Fetc%2Fscl%2Fconf HTTP/1.1" 200 12324 "-" "Mozilla/5.0 AppleWebKit/537.36 (KHTML, like Gecko; compatible; ClaudeBot/1.0; +claudebot@anthropic.com)"
74.7.242.17 - - [01/Aug/2026:15:46:29 +0200] "GET /?path=//sys/class/net/lo/subsystem/lo/subsystem/eth0/subsystem HTTP/1.1" 200 15975 "https://tempokontrol.co.za/?path=//sys/class/net/lo/subsystem/lo/subsystem/eth0" "Mozilla/5.0 AppleWebKit/537.36 (KHTML, like Gecko; compatible; GPTBot/1.4; +https://openai.com/gptbot)"
74.7.227.163 - - [01/Aug/2026:15:46:29 +0200] "GET /?path=//sys/class/net/eth0/subsystem/lo/subsystem/eth0/device/net/eth0/subsystem/eth0/device/subsystem/drivers/hyperv_drm/module/notes HTTP/1.1" 200 18127 "https://www.tempokontrol.co.za/?path=//sys/class/net/eth0/subsystem/lo/subsystem/eth0/device/net/eth0/subsystem/eth0/device/subsystem/drivers/hyperv_drm/module" "Mozilla/5.0 AppleWebKit/537.36 (KHTML, like Gecko; compatible; GPTBot/1.4; +https://openai.com/gptbot)"
216.73.216.79 - - [01/Aug/2026:15:46:31 +0200] "GET /sitemap.xml?fileloc=%2F%2Fproc%2F48%2Fnet%2Fsnmp6&path=%2F%2Fproc%2F48%2Fnet HTTP/1.1" 200 15560 "-" "Mozilla/5.0 AppleWebKit/537.36 (KHTML, like Gecko; compatible; ClaudeBot/1.0; +claudebot@anthropic.com)"
74.7.227.163 - - [01/Aug/2026:15:46:32 +0200] "GET /?path=//sys/class/net/eth0/subsystem/lo/subsystem/eth0/device/net/eth0/subsystem/eth0/device/subsystem/drivers/hyperv_drm/module/sections HTTP/1.1" 200 58235 "https://www.tempokontrol.co.za/?path=//sys/class/net/eth0/subsystem/lo/subsystem/eth0/device/net/eth0/subsystem/eth0/device/subsystem/drivers/hyperv_drm/module" "Mozilla/5.0 AppleWebKit/537.36 (KHTML, like Gecko; compatible; GPTBot/1.4; +https://openai.com/gptbot)"
74.7.242.17 - - [01/Aug/2026:15:46:32 +0200] "GET /?path=//sys/class/net/lo/subsystem/lo/subsystem/eth0/statistics HTTP/1.1" 200 51615 "https://tempokontrol.co.za/?path=//sys/class/net/lo/subsystem/lo/subsystem/eth0" "Mozilla/5.0 AppleWebKit/537.36 (KHTML, like Gecko; compatible; GPTBot/1.4; +https://openai.com/gptbot)"
216.73.216.79 - - [01/Aug/2026:15:46:34 +0200] "GET /sitemap.xml?fileloc=%2F%2Fproc%2F130%2Fsched&path=%2F%2Fproc%2F130 HTTP/1.1" 200 13976 "-" "Mozilla/5.0 AppleWebKit/537.36 (KHTML, like Gecko; compatible; ClaudeBot/1.0; +claudebot@anthropic.com)"
74.7.242.17 - - [01/Aug/2026:15:46:35 +0200] "GET /?fileloc=//sys/class/net/eth0/subsystem/eth0/queues/tx-0/byte_queue_limits/hold_time&path=//sys/class/net/eth0/subsystem/eth0/queues/tx-0/byte_queue_limits HTTP/1.1" 200 12788 "https://tempokontrol.co.za/?path=//sys/class/net/eth0/subsystem/eth0/queues/tx-0/byte_queue_limits" "Mozilla/5.0 AppleWebKit/537.36 (KHTML, like Gecko; compatible; GPTBot/1.4; +https://openai.com/gptbot)"
74.7.227.163 - - [01/Aug/2026:15:46:35 +0200] "GET /?path=//sys/class/net/eth0/subsystem/lo/subsystem/eth0/device/net/eth0/subsystem/eth0/device/subsystem/drivers/hv_balloon/module/sections HTTP/1.1" 200 85143 "https://www.tempokontrol.co.za/?path=//sys/class/net/eth0/subsystem/lo/subsystem/eth0/device/net/eth0/subsystem/eth0/device/subsystem/drivers/hv_balloon/module" "Mozilla/5.0 AppleWebKit/537.36 (KHTML, like Gecko; compatible; GPTBot/1.4; +https://openai.com/gptbot)"
216.73.216.79 - - [01/Aug/2026:15:46:37 +0200] "GET /sitemap.xml?fileloc=%2F%2Fusr%2Flib%2Ffirewalld%2Fhelpers%2Fproto-gre.xml&path=%2F%2Fusr%2Flib%2Ffirewalld%2Fhelpers HTTP/1.1" 200 12534 "-" "Mozilla/5.0 AppleWebKit/537.36 (KHTML, like Gecko; compatible; ClaudeBot/1.0; +claudebot@anthropic.com)"
74.7.227.163 - - [01/Aug/2026:15:46:38 +0200] "GET /?path=//sys/class/net/eth0/subsystem/lo/subsystem/eth0/device/net/eth0/subsystem/eth0/device/subsystem/drivers/hyperv_drm/module/holders HTTP/1.1" 200 14331 "https://www.tempokontrol.co.za/?path=//sys/class/net/eth0/subsystem/lo/subsystem/eth0/device/net/eth0/subsystem/eth0/device/subsystem/drivers/hyperv_drm/module" "Mozilla/5.0 AppleWebKit/537.36 (KHTML, like Gecko; compatible; GPTBot/1.4; +https://openai.com/gptbot)"
74.7.242.17 - - [01/Aug/2026:15:46:38 +0200] "GET /?fileloc=//sys/class/net/eth0/subsystem/eth0/queues/tx-0/byte_queue_limits/limit_min&path=//sys/class/net/eth0/subsystem/eth0/queues/tx-0/byte_queue_limits HTTP/1.1" 200 12785 "https://tempokontrol.co.za/?path=//sys/class/net/eth0/subsystem/eth0/queues/tx-0/byte_queue_limits" "Mozilla/5.0 AppleWebKit/537.36 (KHTML, like Gecko; compatible; GPTBot/1.4; +https://openai.com/gptbot)"
74.7.227.163 - - [01/Aug/2026:15:46:41 +0200] "GET /?path=//sys/class/net/eth0/subsystem/lo/subsystem/eth0/device/net/eth0/subsystem/eth0/device/subsystem/drivers/hid_hyperv/module/sections HTTP/1.1" 200 56361 "https://www.tempokontrol.co.za/?path=//sys/class/net/eth0/subsystem/lo/subsystem/eth0/device/net/eth0/subsystem/eth0/device/subsystem/drivers/hid_hyperv/module" "Mozilla/5.0 AppleWebKit/537.36 (KHTML, like Gecko; compatible; GPTBot/1.4; +https://openai.com/gptbot)"
74.7.242.17 - - [01/Aug/2026:15:46:42 +0200] "GET /?fileloc=//sys/class/net/eth0/subsystem/eth0/queues/tx-7/byte_queue_limits/limit_min&path=//sys/class/net/eth0/subsystem/eth0/queues/tx-7/byte_queue_limits HTTP/1.1" 200 12785 "https://tempokontrol.co.za/?path=//sys/class/net/eth0/subsystem/eth0/queues/tx-7/byte_queue_limits" "Mozilla/5.0 AppleWebKit/537.36 (KHTML, like Gecko; compatible; GPTBot/1.4; +https://openai.com/gptbot)"
216.73.216.79 - - [01/Aug/2026:15:46:42 +0200] "GET /sitemap.xml?fileloc=%2F%2Fproc%2F1310%2Farch_status&path=%2F%2Fproc%2F1310 HTTP/1.1" 200 12277 "-" "Mozilla/5.0 AppleWebKit/537.36 (KHTML, like Gecko; compatible; ClaudeBot/1.0; +claudebot@anthropic.com)"
216.73.216.79 - - [01/Aug/2026:15:46:44 +0200] "GET /sitemap.xml?fileloc=%2F%2Fvar%2Fsoftaculous%2Fwp59%2Finstall.php&path=%2F%2Fvar%2Fsoftaculous%2Fwp59 HTTP/1.1" 200 44855 "-" "Mozilla/5.0 AppleWebKit/537.36 (KHTML, like Gecko; compatible; ClaudeBot/1.0; +claudebot@anthropic.com)"
74.7.227.163 - - [01/Aug/2026:15:46:44 +0200] "GET /?path=//sys/class/net/eth0/subsystem/lo/subsystem/eth0/device/net/eth0/subsystem/eth0/device/subsystem/drivers/hid_hyperv/module/holders HTTP/1.1" 200 14331 "https://www.tempokontrol.co.za/?path=//sys/class/net/eth0/subsystem/lo/subsystem/eth0/device/net/eth0/subsystem/eth0/device/subsystem/drivers/hid_hyperv/module" "Mozilla/5.0 AppleWebKit/537.36 (KHTML, like Gecko; compatible; GPTBot/1.4; +https://openai.com/gptbot)"
74.7.242.17 - - [01/Aug/2026:15:46:45 +0200] "GET /?fileloc=//sys/class/net/eth0/subsystem/eth0/queues/tx-1/byte_queue_limits/limit&path=//sys/class/net/eth0/subsystem/eth0/queues/tx-1/byte_queue_limits HTTP/1.1" 200 12781 "https://tempokontrol.co.za/?path=//sys/class/net/eth0/subsystem/eth0/queues/tx-1/byte_queue_limits" "Mozilla/5.0 AppleWebKit/537.36 (KHTML, like Gecko; compatible; GPTBot/1.4; +https://openai.com/gptbot)"
216.73.216.79 - - [01/Aug/2026:15:46:47 +0200] "GET /sitemap.xml?path=%2F%2Fvar%2Fsoftaculous%2Fnewsletter HTTP/1.1" 200 37161 "-" "Mozilla/5.0 AppleWebKit/537.36 (KHTML, like Gecko; compatible; ClaudeBot/1.0; +claudebot@anthropic.com)"
74.7.227.163 - - [01/Aug/2026:15:46:47 +0200] "GET /?path=//sys/class/net/eth0/subsystem/lo/subsystem/eth0/device/net/eth0/subsystem/eth0/device/subsystem/drivers/hyperv_drm/module/drivers HTTP/1.1" 200 17737 "https://www.tempokontrol.co.za/?path=//sys/class/net/eth0/subsystem/lo/subsystem/eth0/device/net/eth0/subsystem/eth0/device/subsystem/drivers/hyperv_drm/module" "Mozilla/5.0 AppleWebKit/537.36 (KHTML, like Gecko; compatible; GPTBot/1.4; +https://openai.com/gptbot)"
74.7.242.17 - - [01/Aug/2026:15:46:48 +0200] "GET /?fileloc=//sys/class/net/eth0/subsystem/eth0/queues/tx-7/byte_queue_limits/limit&path=//sys/class/net/eth0/subsystem/eth0/queues/tx-7/byte_queue_limits HTTP/1.1" 200 12781 "https://tempokontrol.co.za/?path=//sys/class/net/eth0/subsystem/eth0/queues/tx-7/byte_queue_limits" "Mozilla/5.0 AppleWebKit/537.36 (KHTML, like Gecko; compatible; GPTBot/1.4; +https://openai.com/gptbot)"
216.73.216.79 - - [01/Aug/2026:15:46:50 +0200] "GET /sitemap.xml?fileloc=%2Fhome%2Ftn%2Fpublic_html%2Fwp-content%2Fplugins%2Fwp-file-manager%2Flib%2Fimg%2Fsrc%2Ftoolbar.xcf&path=%2Fhome%2Ftn%2Fpublic_html%2Fwp-content%2Fplugins%2Fwp-file-manager%2Flib%2Fimg%2Fsrc HTTP/1.1" 200 111426 "-" "Mozilla/5.0 AppleWebKit/537.36 (KHTML, like Gecko; compatible; ClaudeBot/1.0; +claudebot@anthropic.com)"
74.7.227.163 - - [01/Aug/2026:15:46:51 +0200] "GET /?path=//sys/class/net/eth0/subsystem/lo/subsystem/eth0/device/net/eth0/subsystem/eth0/device/subsystem/drivers/hv_storvsc/module/notes HTTP/1.1" 200 18127 "https://www.tempokontrol.co.za/?path=//sys/class/net/eth0/subsystem/lo/subsystem/eth0/device/net/eth0/subsystem/eth0/device/subsystem/drivers/hv_storvsc/module" "Mozilla/5.0 AppleWebKit/537.36 (KHTML, like Gecko; compatible; GPTBot/1.4; +https://openai.com/gptbot)"
74.7.242.17 - - [01/Aug/2026:15:46:51 +0200] "GET /?fileloc=//sys/class/net/eth0/subsystem/eth0/queues/tx-5/byte_queue_limits/limit_min&path=//sys/class/net/eth0/subsystem/eth0/queues/tx-5/byte_queue_limits HTTP/1.1" 200 12785 "https://tempokontrol.co.za/?path=//sys/class/net/eth0/subsystem/eth0/queues/tx-5/byte_queue_limits" "Mozilla/5.0 AppleWebKit/537.36 (KHTML, like Gecko; compatible; GPTBot/1.4; +https://openai.com/gptbot)"
216.73.216.79 - - [01/Aug/2026:15:46:53 +0200] "GET /sitemap.xml?fileloc=%2F%2Fusr%2Flib%2Fkbd%2Fconsolefonts%2FERRORS&path=%2F%2Fusr%2Flib%2Fkbd%2Fconsolefonts HTTP/1.1" 200 12571 "-" "Mozilla/5.0 AppleWebKit/537.36 (KHTML, like Gecko; compatible; ClaudeBot/1.0; +claudebot@anthropic.com)"
74.7.227.163 - - [01/Aug/2026:15:46:54 +0200] "GET /?path=//sys/class/net/eth0/subsystem/lo/subsystem/eth0/device/net/eth0/subsystem/eth0/device/subsystem/drivers/hv_storvsc/module/holders HTTP/1.1" 200 14331 "https://www.tempokontrol.co.za/?path=//sys/class/net/eth0/subsystem/lo/subsystem/eth0/device/net/eth0/subsystem/eth0/device/subsystem/drivers/hv_storvsc/module" "Mozilla/5.0 AppleWebKit/537.36 (KHTML, like Gecko; compatible; GPTBot/1.4; +https://openai.com/gptbot)"
74.7.242.17 - - [01/Aug/2026:15:46:54 +0200] "GET /?fileloc=//sys/class/net/eth0/subsystem/eth0/queues/tx-8/byte_queue_limits/limit_min&path=//sys/class/net/eth0/subsystem/eth0/queues/tx-8/byte_queue_limits HTTP/1.1" 200 12785 "https://tempokontrol.co.za/?path=//sys/class/net/eth0/subsystem/eth0/queues/tx-8/byte_queue_limits" "Mozilla/5.0 AppleWebKit/537.36 (KHTML, like Gecko; compatible; GPTBot/1.4; +https://openai.com/gptbot)"
216.73.216.79 - - [01/Aug/2026:15:46:56 +0200] "GET /sitemap.xml?fileloc=%2F%2Fusr%2Flib%2Ffirmware%2FTAS2XXX38B8.bin.xz&path=%2F%2Fusr%2Flib%2Ffirmware HTTP/1.1" 200 20168 "-" "Mozilla/5.0 AppleWebKit/537.36 (KHTML, like Gecko; compatible; ClaudeBot/1.0; +claudebot@anthropic.com)"
74.7.227.163 - - [01/Aug/2026:15:46:57 +0200] "GET /?fileloc=//sys/class/net/eth0/subsystem/lo/subsystem/eth0/device/net/eth0/subsystem/eth0/device/subsystem/drivers/hv_balloon/module/notes/.note.gnu.build-id&path=//sys/class/net/eth0/subsystem/lo/subsystem/eth0/device/net/eth0/subsystem/eth0/device/subsystem/drivers/hv_balloon/module/notes HTTP/1.1" 200 14093 "https://www.tempokontrol.co.za/?path=//sys/class/net/eth0/subsystem/lo/subsystem/eth0/device/net/eth0/subsystem/eth0/device/subsystem/drivers/hv_balloon/module/notes" "Mozilla/5.0 AppleWebKit/537.36 (KHTML, like Gecko; compatible; GPTBot/1.4; +https://openai.com/gptbot)"
74.7.242.17 - - [01/Aug/2026:15:46:57 +0200] "GET /?fileloc=//sys/class/net/eth0/subsystem/eth0/queues/tx-5/byte_queue_limits/limit_max&path=//sys/class/net/eth0/subsystem/eth0/queues/tx-5/byte_queue_limits HTTP/1.1" 200 12794 "https://tempokontrol.co.za/?path=//sys/class/net/eth0/subsystem/eth0/queues/tx-5/byte_queue_limits" "Mozilla/5.0 AppleWebKit/537.36 (KHTML, like Gecko; compatible; GPTBot/1.4; +https://openai.com/gptbot)"
216.73.216.79 - - [01/Aug/2026:15:46:59 +0200] "GET /sitemap.xml?fileloc=%2F%2Fsys%2Fdevices%2FLNXSYSTM%3A00%2FACPI0007%3A07%2Fphysical_node%2Fnode0%2Fcpu2%2Fcpu_capacity&path=%2F%2Fsys%2Fdevices%2FLNXSYSTM%3A00%2FACPI0007%3A07%2Fphysical_node%2Fnode0%2Fcpu2 HTTP/1.1" 200 12723 "-" "Mozilla/5.0 AppleWebKit/537.36 (KHTML, like Gecko; compatible; ClaudeBot/1.0; +claudebot@anthropic.com)"
74.7.227.163 - - [01/Aug/2026:15:47:00 +0200] "GET /?path=//sys/class/net/eth0/subsystem/lo/subsystem/eth0/device/net/eth0/subsystem/eth0/device/subsystem/drivers/hv_storvsc/module/drivers HTTP/1.1" 200 16038 "https://www.tempokontrol.co.za/?path=//sys/class/net/eth0/subsystem/lo/subsystem/eth0/device/net/eth0/subsystem/eth0/device/subsystem/drivers/hv_storvsc/module" "Mozilla/5.0 AppleWebKit/537.36 (KHTML, like Gecko; compatible; GPTBot/1.4; +https://openai.com/gptbot)"
74.7.242.17 - - [01/Aug/2026:15:47:00 +0200] "GET /?fileloc=//sys/class/net/eth0/subsystem/eth0/queues/tx-5/byte_queue_limits/limit&path=//sys/class/net/eth0/subsystem/eth0/queues/tx-5/byte_queue_limits HTTP/1.1" 200 12781 "https://tempokontrol.co.za/?path=//sys/class/net/eth0/subsystem/eth0/queues/tx-5/byte_queue_limits" "Mozilla/5.0 AppleWebKit/537.36 (KHTML, like Gecko; compatible; GPTBot/1.4; +https://openai.com/gptbot)"
216.73.216.79 - - [01/Aug/2026:15:47:02 +0200] "GET /sitemap.xml?fileloc=%2F%2Fsys%2Ffs%2Fcgroup%2Fdev-hugepages.mount%2Fmemory.reclaim&path=%2F%2Fsys%2Ffs%2Fcgroup%2Fdev-hugepages.mount HTTP/1.1" 200 12416 "-" "Mozilla/5.0 AppleWebKit/537.36 (KHTML, like Gecko; compatible; ClaudeBot/1.0; +claudebot@anthropic.com)"
74.7.227.163 - - [01/Aug/2026:15:47:03 +0200] "GET /?path=//sys/class/net/eth0/subsystem/lo/subsystem/eth0/device/net/eth0/subsystem/eth0/device/subsystem/drivers/hv_storvsc/module/sections HTTP/1.1" 200 67793 "https://www.tempokontrol.co.za/?path=//sys/class/net/eth0/subsystem/lo/subsystem/eth0/device/net/eth0/subsystem/eth0/device/subsystem/drivers/hv_storvsc/module" "Mozilla/5.0 AppleWebKit/537.36 (KHTML, like Gecko; compatible; GPTBot/1.4; +https://openai.com/gptbot)"
74.7.242.17 - - [01/Aug/2026:15:47:03 +0200] "GET /?fileloc=//sys/class/net/eth0/subsystem/eth0/queues/tx-0/byte_queue_limits/limit_max&path=//sys/class/net/eth0/subsystem/eth0/queues/tx-0/byte_queue_limits HTTP/1.1" 200 12794 "https://tempokontrol.co.za/?path=//sys/class/net/eth0/subsystem/eth0/queues/tx-0/byte_queue_limits" "Mozilla/5.0 AppleWebKit/537.36 (KHTML, like Gecko; compatible; GPTBot/1.4; +https://openai.com/gptbot)"
74.7.227.163 - - [01/Aug/2026:15:47:06 +0200] "GET /?path=//sys/class/net/eth0/subsystem/lo/subsystem/eth0/device/net/eth0/subsystem/eth0/device/subsystem/drivers/hv_storvsc/module/parameters HTTP/1.1" 200 24075 "https://www.tempokontrol.co.za/?path=//sys/class/net/eth0/subsystem/lo/subsystem/eth0/device/net/eth0/subsystem/eth0/device/subsystem/drivers/hv_storvsc/module" "Mozilla/5.0 AppleWebKit/537.36 (KHTML, like Gecko; compatible; GPTBot/1.4; +https://openai.com/gptbot)"
74.7.242.17 - - [01/Aug/2026:15:47:06 +0200] "GET /?fileloc=//sys/class/net/lo/subsystem/lo/subsystem/eth0/statistics/rx_dropped&path=//sys/class/net/lo/subsystem/lo/subsystem/eth0/statistics HTTP/1.1" 200 12752 "https://tempokontrol.co.za/?path=//sys/class/net/lo/subsystem/lo/subsystem/eth0/statistics" "Mozilla/5.0 AppleWebKit/537.36 (KHTML, like Gecko; compatible; GPTBot/1.4; +https://openai.com/gptbot)"
192.178.6.102 - - [01/Aug/2026:15:47:05 +0200] "GET /?q=p4u3r5l4i5n1g68248 HTTP/1.1" 200 816747 "-" "Mozilla/5.0 (Linux; Android 6.0.1; Nexus 5X Build/MMB29P) AppleWebKit/537.36 (KHTML, like Gecko) Chrome/150.0.7871.186 Mobile Safari/537.36 (compatible; Googlebot/2.1; +http://www.google.com/bot.html)"
216.73.216.79 - - [01/Aug/2026:15:47:09 +0200] "GET /sitemap.xml?fileloc=%2F%2Flib64%2Fpkgconfig%2Fxcb-dri2.pc&path=%2F%2Flib64%2Fpkgconfig HTTP/1.1" 200 12506 "-" "Mozilla/5.0 AppleWebKit/537.36 (KHTML, like Gecko; compatible; ClaudeBot/1.0; +claudebot@anthropic.com)"
74.7.227.163 - - [01/Aug/2026:15:47:10 +0200] "GET /?fileloc=//sys/class/net/eth0/subsystem/lo/subsystem/eth0/device/net/eth0/subsystem/eth0/device/subsystem/drivers/hv_balloon/module/sections/.note.Linux&path=//sys/class/net/eth0/subsystem/lo/subsystem/eth0/device/net/eth0/subsystem/eth0/device/subsystem/drivers/hv_balloon/module/sections HTTP/1.1" 200 14047 "https://www.tempokontrol.co.za/?path=//sys/class/net/eth0/subsystem/lo/subsystem/eth0/device/net/eth0/subsystem/eth0/device/subsystem/drivers/hv_balloon/module/sections" "Mozilla/5.0 AppleWebKit/537.36 (KHTML, like Gecko; compatible; GPTBot/1.4; +https://openai.com/gptbot)"
74.7.242.17 - - [01/Aug/2026:15:47:10 +0200] "GET /?fileloc=//sys/class/net/lo/subsystem/lo/subsystem/eth0/statistics/tx_dropped&path=//sys/class/net/lo/subsystem/lo/subsystem/eth0/statistics HTTP/1.1" 200 12752 "https://tempokontrol.co.za/?path=//sys/class/net/lo/subsystem/lo/subsystem/eth0/statistics" "Mozilla/5.0 AppleWebKit/537.36 (KHTML, like Gecko; compatible; GPTBot/1.4; +https://openai.com/gptbot)"
216.73.216.79 - - [01/Aug/2026:15:47:11 +0200] "GET /sitemap.xml?fileloc=%2F%2Fvar%2Fsoftaculous%2Fakaunting%2Fupdate_pass.php&path=%2F%2Fvar%2Fsoftaculous%2Fakaunting HTTP/1.1" 200 13043 "-" "Mozilla/5.0 AppleWebKit/537.36 (KHTML, like Gecko; compatible; ClaudeBot/1.0; +claudebot@anthropic.com)"
74.7.227.163 - - [01/Aug/2026:15:47:13 +0200] "GET /?path=//sys/class/net/eth0/subsystem/lo/subsystem/eth0/device/net/eth0/subsystem/eth0/device/subsystem/drivers/hv_utils/module HTTP/1.1" 200 37087 "https://www.tempokontrol.co.za/?path=//sys/class/net/eth0/subsystem/lo/subsystem/eth0/device/net/eth0/subsystem/eth0/device/subsystem/drivers/hv_utils" "Mozilla/5.0 AppleWebKit/537.36 (KHTML, like Gecko; compatible; GPTBot/1.4; +https://openai.com/gptbot)"
74.7.242.17 - - [01/Aug/2026:15:47:13 +0200] "GET /?fileloc=//sys/class/net/lo/subsystem/lo/subsystem/eth0/statistics/rx_nohandler&path=//sys/class/net/lo/subsystem/lo/subsystem/eth0/statistics HTTP/1.1" 200 12754 "https://tempokontrol.co.za/?path=//sys/class/net/lo/subsystem/lo/subsystem/eth0/statistics" "Mozilla/5.0 AppleWebKit/537.36 (KHTML, like Gecko; compatible; GPTBot/1.4; +https://openai.com/gptbot)"
216.73.216.79 - - [01/Aug/2026:15:47:14 +0200] "GET /sitemap.xml?fileloc=%2F%2Fusr%2Flib%2Fkbd%2Fconsolefonts%2FREADME.eurlatgr&path=%2F%2Fusr%2Flib%2Fkbd%2Fconsolefonts HTTP/1.1" 200 66036 "-" "Mozilla/5.0 AppleWebKit/537.36 (KHTML, like Gecko; compatible; ClaudeBot/1.0; +claudebot@anthropic.com)"
74.7.227.163 - - [01/Aug/2026:15:47:16 +0200] "GET /?path=//sys/class/net/eth0/subsystem/lo/subsystem/eth0/device/net/eth0/subsystem/eth0/device/subsystem/drivers/hv_balloon/module/drivers HTTP/1.1" 200 16038 "https://www.tempokontrol.co.za/?path=//sys/class/net/eth0/subsystem/lo/subsystem/eth0/device/net/eth0/subsystem/eth0/device/subsystem/drivers/hv_balloon/module" "Mozilla/5.0 AppleWebKit/537.36 (KHTML, like Gecko; compatible; GPTBot/1.4; +https://openai.com/gptbot)"
74.7.242.17 - - [01/Aug/2026:15:47:16 +0200] "GET /?fileloc=//sys/class/net/lo/subsystem/lo/subsystem/eth0/statistics/tx_window_errors&path=//sys/class/net/lo/subsystem/lo/subsystem/eth0/statistics HTTP/1.1" 200 12758 "https://tempokontrol.co.za/?path=//sys/class/net/lo/subsystem/lo/subsystem/eth0/statistics" "Mozilla/5.0 AppleWebKit/537.36 (KHTML, like Gecko; compatible; GPTBot/1.4; +https://openai.com/gptbot)"
216.73.216.79 - - [01/Aug/2026:15:47:17 +0200] "GET /sitemap.xml?fileloc=%2F%2Fvar%2Fsoftaculous%2Fwp56%2Fedit.xml&path=%2F%2Fvar%2Fsoftaculous%2Fwp56 HTTP/1.1" 200 15031 "-" "Mozilla/5.0 AppleWebKit/537.36 (KHTML, like Gecko; compatible; ClaudeBot/1.0; +claudebot@anthropic.com)"
74.7.227.163 - - [01/Aug/2026:15:47:19 +0200] "GET /?path=//sys/class/net/eth0/subsystem/lo/subsystem/eth0/device/net/eth0/subsystem/eth0/device/subsystem/drivers/hv_balloon/module/holders HTTP/1.1" 200 14331 "https://www.tempokontrol.co.za/?path=//sys/class/net/eth0/subsystem/lo/subsystem/eth0/device/net/eth0/subsystem/eth0/device/subsystem/drivers/hv_balloon/module" "Mozilla/5.0 AppleWebKit/537.36 (KHTML, like Gecko; compatible; GPTBot/1.4; +https://openai.com/gptbot)"
74.7.242.17 - - [01/Aug/2026:15:47:19 +0200] "GET /?fileloc=//sys/class/net/lo/subsystem/lo/subsystem/eth0/statistics/rx_frame_errors&path=//sys/class/net/lo/subsystem/lo/subsystem/eth0/statistics HTTP/1.1" 200 12757 "https://tempokontrol.co.za/?path=//sys/class/net/lo/subsystem/lo/subsystem/eth0/statistics" "Mozilla/5.0 AppleWebKit/537.36 (KHTML, like Gecko; compatible; GPTBot/1.4; +https://openai.com/gptbot)"
216.73.216.79 - - [01/Aug/2026:15:47:20 +0200] "GET /sitemap.xml?fileloc=%2F%2Fusr%2Flib%2Ffirmware%2FTAS2XXX8E19.bin.xz&path=%2F%2Fusr%2Flib%2Ffirmware HTTP/1.1" 200 13290 "-" "Mozilla/5.0 AppleWebKit/537.36 (KHTML, like Gecko; compatible; ClaudeBot/1.0; +claudebot@anthropic.com)"
74.7.227.163 - - [01/Aug/2026:15:47:22 +0200] "GET /?path=//sys/class/net/eth0/subsystem/lo/subsystem/eth0/device/net/eth0/subsystem/eth0/device/subsystem/drivers/hyperv_keyboard/module/notes HTTP/1.1" 200 18187 "https://www.tempokontrol.co.za/?path=//sys/class/net/eth0/subsystem/lo/subsystem/eth0/device/net/eth0/subsystem/eth0/device/subsystem/drivers/hyperv_keyboard/module" "Mozilla/5.0 AppleWebKit/537.36 (KHTML, like Gecko; compatible; GPTBot/1.4; +https://openai.com/gptbot)"
74.7.242.17 - - [01/Aug/2026:15:47:22 +0200] "GET /?fileloc=//sys/class/net/lo/subsystem/lo/subsystem/eth0/statistics/rx_missed_errors&path=//sys/class/net/lo/subsystem/lo/subsystem/eth0/statistics HTTP/1.1" 200 12758 "https://tempokontrol.co.za/?path=//sys/class/net/lo/subsystem/lo/subsystem/eth0/statistics" "Mozilla/5.0 AppleWebKit/537.36 (KHTML, like Gecko; compatible; GPTBot/1.4; +https://openai.com/gptbot)"
216.73.216.79 - - [01/Aug/2026:15:47:23 +0200] "GET /sitemap.xml?fileloc=%2F%2Fsys%2Fdevices%2Fplatform%2Fintel_rapl_msr.0%2Fdriver_override&path=%2F%2Fsys%2Fdevices%2Fplatform%2Fintel_rapl_msr.0 HTTP/1.1" 200 12448 "-" "Mozilla/5.0 AppleWebKit/537.36 (KHTML, like Gecko; compatible; ClaudeBot/1.0; +claudebot@anthropic.com)"
74.7.227.163 - - [01/Aug/2026:15:47:25 +0200] "GET /?path=//sys/class/net/eth0/subsystem/lo/subsystem/eth0/device/net/eth0/subsystem/eth0/device/subsystem/drivers/hv_balloon/module/parameters HTTP/1.1" 200 18165 "https://www.tempokontrol.co.za/?path=//sys/class/net/eth0/subsystem/lo/subsystem/eth0/device/net/eth0/subsystem/eth0/device/subsystem/drivers/hv_balloon/module" "Mozilla/5.0 AppleWebKit/537.36 (KHTML, like Gecko; compatible; GPTBot/1.4; +https://openai.com/gptbot)"
74.7.242.17 - - [01/Aug/2026:15:47:25 +0200] "GET /?fileloc=//sys/class/net/lo/subsystem/lo/subsystem/eth0/statistics/rx_length_errors&path=//sys/class/net/lo/subsystem/lo/subsystem/eth0/statistics HTTP/1.1" 200 12758 "https://tempokontrol.co.za/?path=//sys/class/net/lo/subsystem/lo/subsystem/eth0/statistics" "Mozilla/5.0 AppleWebKit/537.36 (KHTML, like Gecko; compatible; GPTBot/1.4; +https://openai.com/gptbot)"
216.73.216.79 - - [01/Aug/2026:15:47:26 +0200] "GET /sitemap.xml?fileloc=%2F%2Fsys%2Fdevices%2FLNXSYSTM%3A00%2FACPI0007%3A07%2Fphysical_node%2Fnode0%2Fcpu8%2Fcrash_notes&path=%2F%2Fsys%2Fdevices%2FLNXSYSTM%3A00%2FACPI0007%3A07%2Fphysical_node%2Fnode0%2Fcpu8 HTTP/1.1" 200 12717 "-" "Mozilla/5.0 AppleWebKit/537.36 (KHTML, like Gecko; compatible; ClaudeBot/1.0; +claudebot@anthropic.com)"
74.7.227.163 - - [01/Aug/2026:15:47:29 +0200] "GET /?path=//sys/class/net/eth0/subsystem/lo/subsystem/eth0/device/net/eth0/subsystem/eth0/device/subsystem/drivers/hyperv_drm/module/drivers/pci:hyperv_drm HTTP/1.1" 200 25918 "https://www.tempokontrol.co.za/?path=//sys/class/net/eth0/subsystem/lo/subsystem/eth0/device/net/eth0/subsystem/eth0/device/subsystem/drivers/hyperv_drm/module/drivers" "Mozilla/5.0 AppleWebKit/537.36 (KHTML, like Gecko; compatible; GPTBot/1.4; +https://openai.com/gptbot)"
74.7.242.17 - - [01/Aug/2026:15:47:29 +0200] "GET /?fileloc=//sys/class/net/lo/subsystem/lo/subsystem/eth0/statistics/tx_carrier_errors&path=//sys/class/net/lo/subsystem/lo/subsystem/eth0/statistics HTTP/1.1" 200 12759 "https://tempokontrol.co.za/?path=//sys/class/net/lo/subsystem/lo/subsystem/eth0/statistics" "Mozilla/5.0 AppleWebKit/537.36 (KHTML, like Gecko; compatible; GPTBot/1.4; +https://openai.com/gptbot)"
216.73.216.79 - - [01/Aug/2026:15:47:29 +0200] "GET /sitemap.xml?fileloc=%2F%2Fsys%2Fdevices%2Fvirtual%2Fbdi%2F253%3A1%2Fmin_bytes&path=%2F%2Fsys%2Fdevices%2Fvirtual%2Fbdi%2F253%3A1 HTTP/1.1" 200 12458 "-" "Mozilla/5.0 AppleWebKit/537.36 (KHTML, like Gecko; compatible; ClaudeBot/1.0; +claudebot@anthropic.com)"
207.46.13.14 - - [01/Aug/2026:15:47:27 +0200] "GET /swipel/d9e1s2o0l3a3t2e2466 HTTP/1.1" 200 813165 "-" "Mozilla/5.0 AppleWebKit/537.36 (KHTML, like Gecko; compatible; bingbot/2.0; +http://www.bing.com/bingbot.htm) Chrome/116.0.1938.76 Safari/537.36"
74.7.227.163 - - [01/Aug/2026:15:47:32 +0200] "GET /?path=//sys/class/net/eth0/subsystem/lo/subsystem/eth0/device/net/eth0/subsystem/eth0/device/subsystem/drivers/hid_hyperv/module/drivers/hid:hid-hyperv HTTP/1.1" 200 25732 "https://www.tempokontrol.co.za/?path=//sys/class/net/eth0/subsystem/lo/subsystem/eth0/device/net/eth0/subsystem/eth0/device/subsystem/drivers/hid_hyperv/module/drivers" "Mozilla/5.0 AppleWebKit/537.36 (KHTML, like Gecko; compatible; GPTBot/1.4; +https://openai.com/gptbot)"
74.7.242.17 - - [01/Aug/2026:15:47:32 +0200] "GET /?fileloc=//sys/class/net/lo/subsystem/lo/subsystem/eth0/statistics/tx_aborted_errors&path=//sys/class/net/lo/subsystem/lo/subsystem/eth0/statistics HTTP/1.1" 200 12759 "https://tempokontrol.co.za/?path=//sys/class/net/lo/subsystem/lo/subsystem/eth0/statistics" "Mozilla/5.0 AppleWebKit/537.36 (KHTML, like Gecko; compatible; GPTBot/1.4; +https://openai.com/gptbot)"
216.73.216.79 - - [01/Aug/2026:15:47:32 +0200] "GET /sitemap.xml?fileloc=%2F%2Fproc%2F1382%2Fnet%2Frt6_stats&path=%2F%2Fproc%2F1382%2Fnet HTTP/1.1" 200 12354 "-" "Mozilla/5.0 AppleWebKit/537.36 (KHTML, like Gecko; compatible; ClaudeBot/1.0; +claudebot@anthropic.com)"
74.7.227.163 - - [01/Aug/2026:15:47:35 +0200] "GET /?path=//sys/class/net/eth0/subsystem/lo/subsystem/eth0/device/net/eth0/subsystem/eth0/device/subsystem/drivers/hid_hyperv/module/drivers/vmbus:hid_hyperv HTTP/1.1" 200 27806 "https://www.tempokontrol.co.za/?path=//sys/class/net/eth0/subsystem/lo/subsystem/eth0/device/net/eth0/subsystem/eth0/device/subsystem/drivers/hid_hyperv/module/drivers" "Mozilla/5.0 AppleWebKit/537.36 (KHTML, like Gecko; compatible; GPTBot/1.4; +https://openai.com/gptbot)"
74.7.242.17 - - [01/Aug/2026:15:47:35 +0200] "GET /?fileloc=//sys/class/net/lo/subsystem/lo/subsystem/eth0/statistics/rx_bytes&path=//sys/class/net/lo/subsystem/lo/subsystem/eth0/statistics HTTP/1.1" 200 12760 "https://tempokontrol.co.za/?path=//sys/class/net/lo/subsystem/lo/subsystem/eth0/statistics" "Mozilla/5.0 AppleWebKit/537.36 (KHTML, like Gecko; compatible; GPTBot/1.4; +https://openai.com/gptbot)"
216.73.216.79 - - [01/Aug/2026:15:47:35 +0200] "GET /sitemap.xml?fileloc=%2Fhome%2Ftn%2Fwww%2Fwp-includes%2Fjs%2Fwp-embed.min.js&path=%2Fhome%2Ftn%2Fwww%2Fwp-includes%2Fjs HTTP/1.1" 200 14012 "-" "Mozilla/5.0 AppleWebKit/537.36 (KHTML, like Gecko; compatible; ClaudeBot/1.0; +claudebot@anthropic.com)"
74.7.227.163 - - [01/Aug/2026:15:47:38 +0200] "GET /?path=//sys/class/net/eth0/subsystem/lo/subsystem/eth0/device/net/eth0/subsystem/eth0/device/subsystem/drivers/hv_storvsc/module/drivers/vmbus:hv_storvsc HTTP/1.1" 200 27806 "https://www.tempokontrol.co.za/?path=//sys/class/net/eth0/subsystem/lo/subsystem/eth0/device/net/eth0/subsystem/eth0/device/subsystem/drivers/hv_storvsc/module/drivers" "Mozilla/5.0 AppleWebKit/537.36 (KHTML, like Gecko; compatible; GPTBot/1.4; +https://openai.com/gptbot)"
216.73.216.79 - - [01/Aug/2026:15:47:38 +0200] "GET /sitemap.xml?fileloc=%2F%2Fsys%2Fdevices%2FLNXSYSTM%3A00%2FACPI0007%3A07%2Fphysical_node%2Fnode0%2Fcpu0%2Fcrash_notes&path=%2F%2Fsys%2Fdevices%2FLNXSYSTM%3A00%2FACPI0007%3A07%2Fphysical_node%2Fnode0%2Fcpu0 HTTP/1.1" 200 12717 "-" "Mozilla/5.0 AppleWebKit/537.36 (KHTML, like Gecko; compatible; ClaudeBot/1.0; +claudebot@anthropic.com)"
74.7.242.17 - - [01/Aug/2026:15:47:38 +0200] "GET /?fileloc=//sys/class/net/lo/subsystem/lo/subsystem/eth0/statistics/rx_errors&path=//sys/class/net/lo/subsystem/lo/subsystem/eth0/statistics HTTP/1.1" 200 12751 "https://tempokontrol.co.za/?path=//sys/class/net/lo/subsystem/lo/subsystem/eth0/statistics" "Mozilla/5.0 AppleWebKit/537.36 (KHTML, like Gecko; compatible; GPTBot/1.4; +https://openai.com/gptbot)"
216.73.216.79 - - [01/Aug/2026:15:47:41 +0200] "GET /sitemap.xml?fileloc=%2F%2Fvar%2Fsoftaculous%2Fwebtrees%2Fupgrade.xml&path=%2F%2Fvar%2Fsoftaculous%2Fwebtrees HTTP/1.1" 200 12702 "-" "Mozilla/5.0 AppleWebKit/537.36 (KHTML, like Gecko; compatible; ClaudeBot/1.0; +claudebot@anthropic.com)"
74.7.242.17 - - [01/Aug/2026:15:47:41 +0200] "GET /?fileloc=//sys/class/net/lo/subsystem/lo/subsystem/eth0/statistics/tx_bytes&path=//sys/class/net/lo/subsystem/lo/subsystem/eth0/statistics HTTP/1.1" 200 12760 "https://tempokontrol.co.za/?path=//sys/class/net/lo/subsystem/lo/subsystem/eth0/statistics" "Mozilla/5.0 AppleWebKit/537.36 (KHTML, like Gecko; compatible; GPTBot/1.4; +https://openai.com/gptbot)"
74.7.227.163 - - [01/Aug/2026:15:47:41 +0200] "GET /?path=//sys/class/net/eth0/subsystem/lo/subsystem/eth0/device/net/eth0/subsystem/eth0/device/subsystem/drivers/hyperv_keyboard/module/holders HTTP/1.1" 200 14351 "https://www.tempokontrol.co.za/?path=//sys/class/net/eth0/subsystem/lo/subsystem/eth0/device/net/eth0/subsystem/eth0/device/subsystem/drivers/hyperv_keyboard/module" "Mozilla/5.0 AppleWebKit/537.36 (KHTML, like Gecko; compatible; GPTBot/1.4; +https://openai.com/gptbot)"
216.73.216.79 - - [01/Aug/2026:15:47:44 +0200] "GET /sitemap.xml?fileloc=%2F%2Fsys%2Fkernel%2Fslab%2Fxfs_rmapbt_cur%2Fskip_kfence&path=%2F%2Fsys%2Fkernel%2Fslab%2Fxfs_rmapbt_cur HTTP/1.1" 200 12410 "-" "Mozilla/5.0 AppleWebKit/537.36 (KHTML, like Gecko; compatible; ClaudeBot/1.0; +claudebot@anthropic.com)"
74.7.227.163 - - [01/Aug/2026:15:47:44 +0200] "GET /?path=//sys/class/net/eth0/subsystem/lo/subsystem/eth0/device/net/eth0/device/subsystem/drivers/hv_balloon/module/drivers/vmbus:hv_balloon/module/parameters HTTP/1.1" 200 18514 "https://www.tempokontrol.co.za/?path=//sys/class/net/eth0/subsystem/lo/subsystem/eth0/device/net/eth0/device/subsystem/drivers/hv_balloon/module/drivers/vmbus:hv_balloon/module" "Mozilla/5.0 AppleWebKit/537.36 (KHTML, like Gecko; compatible; GPTBot/1.4; +https://openai.com/gptbot)"
74.7.242.17 - - [01/Aug/2026:15:47:45 +0200] "GET /?fileloc=//sys/class/net/lo/subsystem/lo/subsystem/eth0/statistics/tx_errors&path=//sys/class/net/lo/subsystem/lo/subsystem/eth0/statistics HTTP/1.1" 200 12751 "https://tempokontrol.co.za/?path=//sys/class/net/lo/subsystem/lo/subsystem/eth0/statistics" "Mozilla/5.0 AppleWebKit/537.36 (KHTML, like Gecko; compatible; GPTBot/1.4; +https://openai.com/gptbot)"
216.73.216.79 - - [01/Aug/2026:15:47:47 +0200] "GET /sitemap.xml?fileloc=%2F%2Fusr%2Flib%2Fudev%2Frules.d%2F60-tpm-udev.rules&path=%2F%2Fusr%2Flib%2Fudev%2Frules.d HTTP/1.1" 200 12713 "-" "Mozilla/5.0 AppleWebKit/537.36 (KHTML, like Gecko; compatible; ClaudeBot/1.0; +claudebot@anthropic.com)"
74.7.227.163 - - [01/Aug/2026:15:47:47 +0200] "GET /?path=//sys/class/net/eth0/subsystem/lo/subsystem/eth0/device/net/eth0/subsystem/eth0/device/subsystem/drivers/hv_utils/module/holders HTTP/1.1" 200 14323 "https://www.tempokontrol.co.za/?path=//sys/class/net/eth0/subsystem/lo/subsystem/eth0/device/net/eth0/subsystem/eth0/device/subsystem/drivers/hv_utils/module" "Mozilla/5.0 AppleWebKit/537.36 (KHTML, like Gecko; compatible; GPTBot/1.4; +https://openai.com/gptbot)"
