216.73.216.79 - - [01/Aug/2026:15:56:38 +0200] "GET /sitemap.xml?path=%2F%2Fsys%2Fdevices%2FLNXSYSTM%3A00%2FACPI0007%3A07%2Fphysical_node%2Fnode0%2Fmemory43%2Fnode0%2Fmemory37 HTTP/1.1" 200 29636 "-" "Mozilla/5.0 AppleWebKit/537.36 (KHTML, like Gecko; compatible; ClaudeBot/1.0; +claudebot@anthropic.com)"
74.7.242.17 - - [01/Aug/2026:15:56:39 +0200] "GET /?fileloc=//sys/class/net/lo/subsystem/eth0/subsystem/lo/subsystem/lo/statistics/tx_fifo_errors&path=//sys/class/net/lo/subsystem/eth0/subsystem/lo/subsystem/lo/statistics HTTP/1.1" 200 12956 "https://tempokontrol.co.za/?path=//sys/class/net/lo/subsystem/eth0/subsystem/lo/subsystem/lo/statistics" "Mozilla/5.0 AppleWebKit/537.36 (KHTML, like Gecko; compatible; GPTBot/1.4; +https://openai.com/gptbot)"
74.7.227.163 - - [01/Aug/2026:15:56:41 +0200] "GET /?path=//sys/class/net/eth0/subsystem/lo/subsystem/eth0/device/net/eth0/device/net/eth0/device/subsystem/drivers/hyperv_drm/module/drivers/vmbus:hyperv_drm/module/holders HTTP/1.1" 200 14993 "https://www.tempokontrol.co.za/?path=//sys/class/net/eth0/subsystem/lo/subsystem/eth0/device/net/eth0/device/net/eth0/device/subsystem/drivers/hyperv_drm/module/drivers/vmbus:hyperv_drm/module" "Mozilla/5.0 AppleWebKit/537.36 (KHTML, like Gecko; compatible; GPTBot/1.4; +https://openai.com/gptbot)"
216.73.216.79 - - [01/Aug/2026:15:56:41 +0200] "GET /sitemap.xml?path=%2F%2Fsys%2Fdevices%2FLNXSYSTM%3A00%2FACPI0007%3A07%2Fphysical_node%2Fnode0%2Fmemory29%2Fnode0%2Fmemory49 HTTP/1.1" 200 29636 "-" "Mozilla/5.0 AppleWebKit/537.36 (KHTML, like Gecko; compatible; ClaudeBot/1.0; +claudebot@anthropic.com)"
74.7.242.17 - - [01/Aug/2026:15:56:43 +0200] "GET /?fileloc=//sys/class/net/lo/subsystem/eth0/subsystem/lo/subsystem/lo/statistics/rx_over_errors&path=//sys/class/net/lo/subsystem/eth0/subsystem/lo/subsystem/lo/statistics HTTP/1.1" 200 12956 "https://tempokontrol.co.za/?path=//sys/class/net/lo/subsystem/eth0/subsystem/lo/subsystem/lo/statistics" "Mozilla/5.0 AppleWebKit/537.36 (KHTML, like Gecko; compatible; GPTBot/1.4; +https://openai.com/gptbot)"
216.73.216.79 - - [01/Aug/2026:15:56:44 +0200] "GET /sitemap.xml?path=%2F%2Fsys%2Fdevices%2FLNXSYSTM%3A00%2FACPI0007%3A07%2Fphysical_node%2Fnode0%2Fmemory29%2Fnode0%2Fmemory93 HTTP/1.1" 200 29636 "-" "Mozilla/5.0 AppleWebKit/537.36 (KHTML, like Gecko; compatible; ClaudeBot/1.0; +claudebot@anthropic.com)"
74.7.227.163 - - [01/Aug/2026:15:56:44 +0200] "GET /?path=//sys/class/net/eth0/subsystem/lo/subsystem/eth0/device/net/eth0/device/net/eth0/device/subsystem/drivers/hid_hyperv/module/drivers/hid:hid-hyperv/module/sections HTTP/1.1" 200 59743 "https://www.tempokontrol.co.za/?path=//sys/class/net/eth0/subsystem/lo/subsystem/eth0/device/net/eth0/device/net/eth0/device/subsystem/drivers/hid_hyperv/module/drivers/hid:hid-hyperv/module" "Mozilla/5.0 AppleWebKit/537.36 (KHTML, like Gecko; compatible; GPTBot/1.4; +https://openai.com/gptbot)"
74.7.242.17 - - [01/Aug/2026:15:56:46 +0200] "GET /?fileloc=//sys/class/net/lo/subsystem/eth0/subsystem/lo/subsystem/lo/statistics/rx_nohandler&path=//sys/class/net/lo/subsystem/eth0/subsystem/lo/subsystem/lo/statistics HTTP/1.1" 200 12954 "https://tempokontrol.co.za/?path=//sys/class/net/lo/subsystem/eth0/subsystem/lo/subsystem/lo/statistics" "Mozilla/5.0 AppleWebKit/537.36 (KHTML, like Gecko; compatible; GPTBot/1.4; +https://openai.com/gptbot)"
216.73.216.79 - - [01/Aug/2026:15:56:47 +0200] "GET /sitemap.xml?path=%2F%2Fsys%2Fdevices%2FLNXSYSTM%3A00%2FACPI0007%3A07%2Fphysical_node%2Fnode0%2Fmemory69%2Fnode0%2Fmemory100 HTTP/1.1" 200 29675 "-" "Mozilla/5.0 AppleWebKit/537.36 (KHTML, like Gecko; compatible; ClaudeBot/1.0; +claudebot@anthropic.com)"
74.7.227.163 - - [01/Aug/2026:15:56:47 +0200] "GET /?path=//sys/class/net/eth0/subsystem/lo/subsystem/eth0/device/net/eth0/device/net/eth0/device/subsystem/drivers/hid_hyperv/module/drivers/vmbus:hid_hyperv/module/notes HTTP/1.1" 200 19053 "https://www.tempokontrol.co.za/?path=//sys/class/net/eth0/subsystem/lo/subsystem/eth0/device/net/eth0/device/net/eth0/device/subsystem/drivers/hid_hyperv/module/drivers/vmbus:hid_hyperv/module" "Mozilla/5.0 AppleWebKit/537.36 (KHTML, like Gecko; compatible; GPTBot/1.4; +https://openai.com/gptbot)"
74.7.242.17 - - [01/Aug/2026:15:56:49 +0200] "GET /?fileloc=//sys/class/net/lo/subsystem/eth0/subsystem/lo/subsystem/lo/statistics/rx_crc_errors&path=//sys/class/net/lo/subsystem/eth0/subsystem/lo/subsystem/lo/statistics HTTP/1.1" 200 12955 "https://tempokontrol.co.za/?path=//sys/class/net/lo/subsystem/eth0/subsystem/lo/subsystem/lo/statistics" "Mozilla/5.0 AppleWebKit/537.36 (KHTML, like Gecko; compatible; GPTBot/1.4; +https://openai.com/gptbot)"
216.73.216.79 - - [01/Aug/2026:15:56:50 +0200] "GET /sitemap.xml?path=%2F%2Fsys%2Fdevices%2FLNXSYSTM%3A00%2FACPI0007%3A07%2Fphysical_node%2Fnode0%2Fmemory87%2Fnode0%2Fmemory47 HTTP/1.1" 200 29636 "-" "Mozilla/5.0 AppleWebKit/537.36 (KHTML, like Gecko; compatible; ClaudeBot/1.0; +claudebot@anthropic.com)"
74.7.227.163 - - [01/Aug/2026:15:56:50 +0200] "GET /?fileloc=//sys/class/net/eth0/subsystem/lo/subsystem/eth0/device/net/eth0/device/net/eth0/device/subsystem/drivers/hv_balloon/module/drivers/vmbus:hv_balloon/module/refcnt&path=//sys/class/net/eth0/subsystem/lo/subsystem/eth0/device/net/eth0/device/net/eth0/device/subsystem/drivers/hv_balloon/module/drivers/vmbus:hv_balloon/module HTTP/1.1" 200 14536 "https://www.tempokontrol.co.za/?path=//sys/class/net/eth0/subsystem/lo/subsystem/eth0/device/net/eth0/device/net/eth0/device/subsystem/drivers/hv_balloon/module/drivers/vmbus:hv_balloon/module" "Mozilla/5.0 AppleWebKit/537.36 (KHTML, like Gecko; compatible; GPTBot/1.4; +https://openai.com/gptbot)"
74.7.242.17 - - [01/Aug/2026:15:56:52 +0200] "GET /?fileloc=//sys/class/net/lo/subsystem/eth0/subsystem/lo/subsystem/lo/statistics/rx_missed_errors&path=//sys/class/net/lo/subsystem/eth0/subsystem/lo/subsystem/lo/statistics HTTP/1.1" 200 12958 "https://tempokontrol.co.za/?path=//sys/class/net/lo/subsystem/eth0/subsystem/lo/subsystem/lo/statistics" "Mozilla/5.0 AppleWebKit/537.36 (KHTML, like Gecko; compatible; GPTBot/1.4; +https://openai.com/gptbot)"
216.73.216.79 - - [01/Aug/2026:15:56:53 +0200] "GET /sitemap.xml?path=%2F%2Fsys%2Fdevices%2FLNXSYSTM%3A00%2FACPI0007%3A07%2Fphysical_node%2Fnode0%2Fmemory75%2Fnode0%2Fcpu0 HTTP/1.1" 200 33630 "-" "Mozilla/5.0 AppleWebKit/537.36 (KHTML, like Gecko; compatible; ClaudeBot/1.0; +claudebot@anthropic.com)"
74.7.227.163 - - [01/Aug/2026:15:56:53 +0200] "GET /?path=//sys/class/net/eth0/subsystem/lo/subsystem/eth0/device/net/eth0/device/net/eth0/device/subsystem/drivers/hid_hyperv/module/drivers/hid:hid-hyperv/module/holders HTTP/1.1" 200 14985 "https://www.tempokontrol.co.za/?path=//sys/class/net/eth0/subsystem/lo/subsystem/eth0/device/net/eth0/device/net/eth0/device/subsystem/drivers/hid_hyperv/module/drivers/hid:hid-hyperv/module" "Mozilla/5.0 AppleWebKit/537.36 (KHTML, like Gecko; compatible; GPTBot/1.4; +https://openai.com/gptbot)"
74.7.242.17 - - [01/Aug/2026:15:56:55 +0200] "GET /?fileloc=//sys/class/net/lo/subsystem/eth0/subsystem/lo/subsystem/lo/statistics/multicast&path=//sys/class/net/lo/subsystem/eth0/subsystem/lo/subsystem/lo/statistics HTTP/1.1" 200 12951 "https://tempokontrol.co.za/?path=//sys/class/net/lo/subsystem/eth0/subsystem/lo/subsystem/lo/statistics" "Mozilla/5.0 AppleWebKit/537.36 (KHTML, like Gecko; compatible; GPTBot/1.4; +https://openai.com/gptbot)"
216.73.216.79 - - [01/Aug/2026:15:56:56 +0200] "GET /sitemap.xml?path=%2F%2Fsys%2Fdevices%2FLNXSYSTM%3A00%2FACPI0007%3A07%2Fphysical_node%2Fnode0%2Fmemory29%2Fnode0%2Fmemory100 HTTP/1.1" 200 29675 "-" "Mozilla/5.0 AppleWebKit/537.36 (KHTML, like Gecko; compatible; ClaudeBot/1.0; +claudebot@anthropic.com)"
74.7.227.163 - - [01/Aug/2026:15:56:57 +0200] "GET /?path=//sys/class/net/eth0/subsystem/lo/subsystem/eth0/device/net/eth0/device/net/eth0/device/subsystem/drivers/hv_balloon/module/drivers/vmbus:hv_balloon/module/sections HTTP/1.1" 200 90689 "https://www.tempokontrol.co.za/?path=//sys/class/net/eth0/subsystem/lo/subsystem/eth0/device/net/eth0/device/net/eth0/device/subsystem/drivers/hv_balloon/module/drivers/vmbus:hv_balloon/module" "Mozilla/5.0 AppleWebKit/537.36 (KHTML, like Gecko; compatible; GPTBot/1.4; +https://openai.com/gptbot)"
74.7.242.17 - - [01/Aug/2026:15:56:58 +0200] "GET /?fileloc=//sys/class/net/lo/subsystem/eth0/subsystem/lo/subsystem/lo/statistics/collisions&path=//sys/class/net/lo/subsystem/eth0/subsystem/lo/subsystem/lo/statistics HTTP/1.1" 200 12952 "https://tempokontrol.co.za/?path=//sys/class/net/lo/subsystem/eth0/subsystem/lo/subsystem/lo/statistics" "Mozilla/5.0 AppleWebKit/537.36 (KHTML, like Gecko; compatible; GPTBot/1.4; +https://openai.com/gptbot)"
216.73.216.79 - - [01/Aug/2026:15:56:59 +0200] "GET /sitemap.xml?path=%2F%2Fsys%2Fdevices%2FLNXSYSTM%3A00%2FACPI0007%3A07%2Fphysical_node%2Fnode0%2Fmemory87%2Fnode0%2Fmemory100 HTTP/1.1" 200 29675 "-" "Mozilla/5.0 AppleWebKit/537.36 (KHTML, like Gecko; compatible; ClaudeBot/1.0; +claudebot@anthropic.com)"
74.7.227.163 - - [01/Aug/2026:15:57:00 +0200] "GET /?path=//sys/class/net/eth0/subsystem/lo/subsystem/eth0/device/net/eth0/device/net/eth0/device/subsystem/drivers/hid_hyperv/module/drivers/hid:hid-hyperv/module/notes HTTP/1.1" 200 19029 "https://www.tempokontrol.co.za/?path=//sys/class/net/eth0/subsystem/lo/subsystem/eth0/device/net/eth0/device/net/eth0/device/subsystem/drivers/hid_hyperv/module/drivers/hid:hid-hyperv/module" "Mozilla/5.0 AppleWebKit/537.36 (KHTML, like Gecko; compatible; GPTBot/1.4; +https://openai.com/gptbot)"
74.7.242.17 - - [01/Aug/2026:15:57:02 +0200] "GET /?fileloc=//sys/class/net/lo/subsystem/eth0/subsystem/lo/subsystem/lo/statistics/rx_dropped&path=//sys/class/net/lo/subsystem/eth0/subsystem/lo/subsystem/lo/statistics HTTP/1.1" 200 12952 "https://tempokontrol.co.za/?path=//sys/class/net/lo/subsystem/eth0/subsystem/lo/subsystem/lo/statistics" "Mozilla/5.0 AppleWebKit/537.36 (KHTML, like Gecko; compatible; GPTBot/1.4; +https://openai.com/gptbot)"
216.73.216.79 - - [01/Aug/2026:15:57:02 +0200] "GET /sitemap.xml?path=%2F%2Fsys%2Fdevices%2FLNXSYSTM%3A00%2FACPI0007%3A07%2Fphysical_node%2Fnode0%2Fmemory29%2Fnode0%2Fmemory47 HTTP/1.1" 200 29636 "-" "Mozilla/5.0 AppleWebKit/537.36 (KHTML, like Gecko; compatible; ClaudeBot/1.0; +claudebot@anthropic.com)"
74.7.227.163 - - [01/Aug/2026:15:57:03 +0200] "GET /?path=//sys/class/net/eth0/subsystem/lo/subsystem/eth0/device/net/eth0/device/net/eth0/device/subsystem/drivers/hv_utils/module/drivers/vmbus:hv_utils/module HTTP/1.1" 200 39161 "https://www.tempokontrol.co.za/?path=//sys/class/net/eth0/subsystem/lo/subsystem/eth0/device/net/eth0/device/net/eth0/device/subsystem/drivers/hv_utils/module/drivers/vmbus:hv_utils" "Mozilla/5.0 AppleWebKit/537.36 (KHTML, like Gecko; compatible; GPTBot/1.4; +https://openai.com/gptbot)"
216.73.216.79 - - [01/Aug/2026:15:57:05 +0200] "GET /sitemap.xml?path=%2F%2Fsys%2Fdevices%2FLNXSYSTM%3A00%2FACPI0007%3A07%2Fphysical_node%2Fnode0%2Fmemory69%2Fnode0%2Fmemory53 HTTP/1.1" 200 29636 "-" "Mozilla/5.0 AppleWebKit/537.36 (KHTML, like Gecko; compatible; ClaudeBot/1.0; +claudebot@anthropic.com)"
74.7.242.17 - - [01/Aug/2026:15:57:05 +0200] "GET /?fileloc=//sys/class/net/lo/subsystem/eth0/subsystem/lo/subsystem/lo/statistics/rx_bytes&path=//sys/class/net/lo/subsystem/eth0/subsystem/lo/subsystem/lo/statistics HTTP/1.1" 200 12959 "https://tempokontrol.co.za/?path=//sys/class/net/lo/subsystem/eth0/subsystem/lo/subsystem/lo/statistics" "Mozilla/5.0 AppleWebKit/537.36 (KHTML, like Gecko; compatible; GPTBot/1.4; +https://openai.com/gptbot)"
74.7.227.163 - - [01/Aug/2026:15:57:06 +0200] "GET /?path=//sys/class/net/eth0/subsystem/lo/subsystem/eth0/device/net/eth0/device/net/eth0/device/subsystem/drivers/hyperv_keyboard/module/drivers/vmbus:hyperv_keyboard HTTP/1.1" 200 28229 "https://www.tempokontrol.co.za/?path=//sys/class/net/eth0/subsystem/lo/subsystem/eth0/device/net/eth0/device/net/eth0/device/subsystem/drivers/hyperv_keyboard/module/drivers" "Mozilla/5.0 AppleWebKit/537.36 (KHTML, like Gecko; compatible; GPTBot/1.4; +https://openai.com/gptbot)"
216.73.216.79 - - [01/Aug/2026:15:57:08 +0200] "GET /sitemap.xml?path=%2F%2Fsys%2Fdevices%2FLNXSYSTM%3A00%2FACPI0007%3A07%2Fphysical_node%2Fnode0%2Fmemory29%2Fnode0%2Fmemory155 HTTP/1.1" 200 29675 "-" "Mozilla/5.0 AppleWebKit/537.36 (KHTML, like Gecko; compatible; ClaudeBot/1.0; +claudebot@anthropic.com)"
74.7.242.17 - - [01/Aug/2026:15:57:08 +0200] "GET /?fileloc=//sys/class/net/lo/subsystem/eth0/subsystem/lo/subsystem/lo/statistics/rx_packets&path=//sys/class/net/lo/subsystem/eth0/subsystem/lo/subsystem/lo/statistics HTTP/1.1" 200 12958 "https://tempokontrol.co.za/?path=//sys/class/net/lo/subsystem/eth0/subsystem/lo/subsystem/lo/statistics" "Mozilla/5.0 AppleWebKit/537.36 (KHTML, like Gecko; compatible; GPTBot/1.4; +https://openai.com/gptbot)"
74.7.227.163 - - [01/Aug/2026:15:57:09 +0200] "GET /?path=//sys/class/net/eth0/subsystem/lo/subsystem/eth0/device/net/eth0/device/net/eth0/device/subsystem/drivers/hv_balloon/module/drivers/vmbus:hv_balloon/module/holders HTTP/1.1" 200 14993 "https://www.tempokontrol.co.za/?path=//sys/class/net/eth0/subsystem/lo/subsystem/eth0/device/net/eth0/device/net/eth0/device/subsystem/drivers/hv_balloon/module/drivers/vmbus:hv_balloon/module" "Mozilla/5.0 AppleWebKit/537.36 (KHTML, like Gecko; compatible; GPTBot/1.4; +https://openai.com/gptbot)"
216.73.216.79 - - [01/Aug/2026:15:57:11 +0200] "GET /sitemap.xml?path=%2F%2Fsys%2Fdevices%2FLNXSYSTM%3A00%2FACPI0007%3A07%2Fphysical_node%2Fnode0%2Fmemory29%2Fnode0%2Fcpu5 HTTP/1.1" 200 35288 "-" "Mozilla/5.0 AppleWebKit/537.36 (KHTML, like Gecko; compatible; ClaudeBot/1.0; +claudebot@anthropic.com)"
74.7.242.17 - - [01/Aug/2026:15:57:11 +0200] "GET /?fileloc=//sys/class/net/lo/subsystem/eth0/subsystem/lo/subsystem/lo/statistics/tx_errors&path=//sys/class/net/lo/subsystem/eth0/subsystem/lo/subsystem/lo/statistics HTTP/1.1" 200 12951 "https://tempokontrol.co.za/?path=//sys/class/net/lo/subsystem/eth0/subsystem/lo/subsystem/lo/statistics" "Mozilla/5.0 AppleWebKit/537.36 (KHTML, like Gecko; compatible; GPTBot/1.4; +https://openai.com/gptbot)"
74.7.227.163 - - [01/Aug/2026:15:57:12 +0200] "GET /?path=//sys/class/net/eth0/subsystem/lo/subsystem/eth0/device/net/eth0/device/net/eth0/device/subsystem/drivers/hid_hyperv/module/drivers/vmbus:hid_hyperv/module/holders HTTP/1.1" 200 14993 "https://www.tempokontrol.co.za/?path=//sys/class/net/eth0/subsystem/lo/subsystem/eth0/device/net/eth0/device/net/eth0/device/subsystem/drivers/hid_hyperv/module/drivers/vmbus:hid_hyperv/module" "Mozilla/5.0 AppleWebKit/537.36 (KHTML, like Gecko; compatible; GPTBot/1.4; +https://openai.com/gptbot)"
216.73.216.79 - - [01/Aug/2026:15:57:14 +0200] "GET /sitemap.xml?path=%2F%2Fsys%2Fdevices%2FLNXSYSTM%3A00%2FACPI0007%3A07%2Fphysical_node%2Fnode0%2Fmemory69%2Fnode0%2Fmemory155 HTTP/1.1" 200 29675 "-" "Mozilla/5.0 AppleWebKit/537.36 (KHTML, like Gecko; compatible; ClaudeBot/1.0; +claudebot@anthropic.com)"
74.7.242.17 - - [01/Aug/2026:15:57:14 +0200] "GET /?fileloc=//sys/class/net/lo/subsystem/eth0/subsystem/lo/subsystem/lo/statistics/tx_bytes&path=//sys/class/net/lo/subsystem/eth0/subsystem/lo/subsystem/lo/statistics HTTP/1.1" 200 12959 "https://tempokontrol.co.za/?path=//sys/class/net/lo/subsystem/eth0/subsystem/lo/subsystem/lo/statistics" "Mozilla/5.0 AppleWebKit/537.36 (KHTML, like Gecko; compatible; GPTBot/1.4; +https://openai.com/gptbot)"
74.7.227.163 - - [01/Aug/2026:15:57:16 +0200] "GET /?path=//sys/class/net/eth0/subsystem/lo/subsystem/eth0/device/net/eth0/device/net/eth0/device/subsystem/drivers/hid_hyperv/module/drivers/hid:hid-hyperv/module/drivers HTTP/1.1" 200 18577 "https://www.tempokontrol.co.za/?path=//sys/class/net/eth0/subsystem/lo/subsystem/eth0/device/net/eth0/device/net/eth0/device/subsystem/drivers/hid_hyperv/module/drivers/hid:hid-hyperv/module" "Mozilla/5.0 AppleWebKit/537.36 (KHTML, like Gecko; compatible; GPTBot/1.4; +https://openai.com/gptbot)"
216.73.216.79 - - [01/Aug/2026:15:57:17 +0200] "GET /sitemap.xml?path=%2F%2Fsys%2Fdevices%2FLNXSYSTM%3A00%2FACPI0007%3A07%2Fphysical_node%2Fnode0%2Fmemory75%2Fnode0%2Fmemory98 HTTP/1.1" 200 29636 "-" "Mozilla/5.0 AppleWebKit/537.36 (KHTML, like Gecko; compatible; ClaudeBot/1.0; +claudebot@anthropic.com)"
74.7.242.17 - - [01/Aug/2026:15:57:17 +0200] "GET /?fileloc=//sys/class/net/lo/subsystem/eth0/subsystem/lo/subsystem/lo/statistics/rx_errors&path=//sys/class/net/lo/subsystem/eth0/subsystem/lo/subsystem/lo/statistics HTTP/1.1" 200 12951 "https://tempokontrol.co.za/?path=//sys/class/net/lo/subsystem/eth0/subsystem/lo/subsystem/lo/statistics" "Mozilla/5.0 AppleWebKit/537.36 (KHTML, like Gecko; compatible; GPTBot/1.4; +https://openai.com/gptbot)"
74.7.227.163 - - [01/Aug/2026:15:57:19 +0200] "GET /?path=//sys/class/net/eth0/subsystem/lo/subsystem/eth0/device/net/eth0/device/net/eth0/device/subsystem/drivers/hid_hyperv/module/drivers/vmbus:hid_hyperv/module/drivers HTTP/1.1" 200 18597 "https://www.tempokontrol.co.za/?path=//sys/class/net/eth0/subsystem/lo/subsystem/eth0/device/net/eth0/device/net/eth0/device/subsystem/drivers/hid_hyperv/module/drivers/vmbus:hid_hyperv/module" "Mozilla/5.0 AppleWebKit/537.36 (KHTML, like Gecko; compatible; GPTBot/1.4; +https://openai.com/gptbot)"
216.73.216.79 - - [01/Aug/2026:15:57:20 +0200] "GET /sitemap.xml?path=%2F%2Fsys%2Fdevices%2FLNXSYSTM%3A00%2FACPI0007%3A07%2Fphysical_node%2Fnode0%2Fmemory74%2Fnode0%2Fmemory28 HTTP/1.1" 200 29636 "-" "Mozilla/5.0 AppleWebKit/537.36 (KHTML, like Gecko; compatible; ClaudeBot/1.0; +claudebot@anthropic.com)"
74.7.242.17 - - [01/Aug/2026:15:57:21 +0200] "GET /?fileloc=//sys/class/net/lo/subsystem/eth0/subsystem/lo/subsystem/lo/statistics/tx_dropped&path=//sys/class/net/lo/subsystem/eth0/subsystem/lo/subsystem/lo/statistics HTTP/1.1" 200 12952 "https://tempokontrol.co.za/?path=//sys/class/net/lo/subsystem/eth0/subsystem/lo/subsystem/lo/statistics" "Mozilla/5.0 AppleWebKit/537.36 (KHTML, like Gecko; compatible; GPTBot/1.4; +https://openai.com/gptbot)"
74.7.227.163 - - [01/Aug/2026:15:57:22 +0200] "GET /?path=//sys/class/net/eth0/subsystem/lo/subsystem/eth0/device/net/eth0/device/net/eth0/device/subsystem/drivers/hv_balloon/module/drivers/vmbus:hv_balloon/module/drivers HTTP/1.1" 200 16799 "https://www.tempokontrol.co.za/?path=//sys/class/net/eth0/subsystem/lo/subsystem/eth0/device/net/eth0/device/net/eth0/device/subsystem/drivers/hv_balloon/module/drivers/vmbus:hv_balloon/module" "Mozilla/5.0 AppleWebKit/537.36 (KHTML, like Gecko; compatible; GPTBot/1.4; +https://openai.com/gptbot)"
216.73.216.79 - - [01/Aug/2026:15:57:23 +0200] "GET /sitemap.xml?path=%2F%2Fsys%2Fdevices%2FLNXSYSTM%3A00%2FACPI0007%3A07%2Fphysical_node%2Fnode0%2Fmemory69%2Fnode0%2Fcpu5 HTTP/1.1" 200 35288 "-" "Mozilla/5.0 AppleWebKit/537.36 (KHTML, like Gecko; compatible; ClaudeBot/1.0; +claudebot@anthropic.com)"
74.7.242.17 - - [01/Aug/2026:15:57:24 +0200] "GET /?fileloc=//sys/class/net/lo/subsystem/eth0/subsystem/lo/subsystem/lo/statistics/tx_packets&path=//sys/class/net/lo/subsystem/eth0/subsystem/lo/subsystem/lo/statistics HTTP/1.1" 200 12958 "https://tempokontrol.co.za/?path=//sys/class/net/lo/subsystem/eth0/subsystem/lo/subsystem/lo/statistics" "Mozilla/5.0 AppleWebKit/537.36 (KHTML, like Gecko; compatible; GPTBot/1.4; +https://openai.com/gptbot)"
74.7.227.163 - - [01/Aug/2026:15:57:25 +0200] "GET /?path=//sys/class/net/eth0/subsystem/lo/subsystem/eth0/device/net/eth0/device/net/eth0/device/subsystem/drivers/hv_balloon/module/drivers/vmbus:hv_balloon/module/notes HTTP/1.1" 200 19053 "https://www.tempokontrol.co.za/?path=//sys/class/net/eth0/subsystem/lo/subsystem/eth0/device/net/eth0/device/net/eth0/device/subsystem/drivers/hv_balloon/module/drivers/vmbus:hv_balloon/module" "Mozilla/5.0 AppleWebKit/537.36 (KHTML, like Gecko; compatible; GPTBot/1.4; +https://openai.com/gptbot)"
216.73.216.79 - - [01/Aug/2026:15:57:27 +0200] "GET /sitemap.xml?fileloc=%2F%2Fsys%2Fdev%2Fblock%2F8%3A240%2Fsubsystem%2Fsdj%2Fqueue%2Foptimal_io_size&path=%2F%2Fsys%2Fdev%2Fblock%2F8%3A240%2Fsubsystem%2Fsdj%2Fqueue HTTP/1.1" 200 12588 "-" "Mozilla/5.0 AppleWebKit/537.36 (KHTML, like Gecko; compatible; ClaudeBot/1.0; +claudebot@anthropic.com)"
74.7.242.17 - - [01/Aug/2026:15:57:27 +0200] "GET /?fileloc=//sys/class/net/lo/subsystem/eth0/subsystem/lo/subsystem/lo/statistics/tx_aborted_errors&path=//sys/class/net/lo/subsystem/eth0/subsystem/lo/subsystem/lo/statistics HTTP/1.1" 200 12959 "https://tempokontrol.co.za/?path=//sys/class/net/lo/subsystem/eth0/subsystem/lo/subsystem/lo/statistics" "Mozilla/5.0 AppleWebKit/537.36 (KHTML, like Gecko; compatible; GPTBot/1.4; +https://openai.com/gptbot)"
74.7.227.163 - - [01/Aug/2026:15:57:28 +0200] "GET /?path=//sys/class/net/eth0/subsystem/lo/subsystem/eth0/device/net/eth0/device/net/eth0/device/subsystem/drivers/hyperv_drm/module/drivers/vmbus:hyperv_drm/module/notes HTTP/1.1" 200 19053 "https://www.tempokontrol.co.za/?path=//sys/class/net/eth0/subsystem/lo/subsystem/eth0/device/net/eth0/device/net/eth0/device/subsystem/drivers/hyperv_drm/module/drivers/vmbus:hyperv_drm/module" "Mozilla/5.0 AppleWebKit/537.36 (KHTML, like Gecko; compatible; GPTBot/1.4; +https://openai.com/gptbot)"
216.73.216.79 - - [01/Aug/2026:15:57:29 +0200] "GET /sitemap.xml?fileloc=%2F%2Fsys%2Fdev%2Fchar%2F4%3A54%2Fsubsystem%2Ftty32%2Fuevent&path=%2F%2Fsys%2Fdev%2Fchar%2F4%3A54%2Fsubsystem%2Ftty32 HTTP/1.1" 200 12529 "-" "Mozilla/5.0 AppleWebKit/537.36 (KHTML, like Gecko; compatible; ClaudeBot/1.0; +claudebot@anthropic.com)"
74.7.242.17 - - [01/Aug/2026:15:57:30 +0200] "GET /?fileloc=//sys/class/net/lo/subsystem/eth0/subsystem/lo/subsystem/lo/statistics/tx_carrier_errors&path=//sys/class/net/lo/subsystem/eth0/subsystem/lo/subsystem/lo/statistics HTTP/1.1" 200 12959 "https://tempokontrol.co.za/?path=//sys/class/net/lo/subsystem/eth0/subsystem/lo/subsystem/lo/statistics" "Mozilla/5.0 AppleWebKit/537.36 (KHTML, like Gecko; compatible; GPTBot/1.4; +https://openai.com/gptbot)"
74.7.227.163 - - [01/Aug/2026:15:57:31 +0200] "GET /?path=//sys/class/net/eth0/subsystem/lo/subsystem/eth0/device/net/eth0/device/net/eth0/device/subsystem/drivers/hyperv_drm/module/drivers/vmbus:hyperv_drm/module/drivers HTTP/1.1" 200 18597 "https://www.tempokontrol.co.za/?path=//sys/class/net/eth0/subsystem/lo/subsystem/eth0/device/net/eth0/device/net/eth0/device/subsystem/drivers/hyperv_drm/module/drivers/vmbus:hyperv_drm/module" "Mozilla/5.0 AppleWebKit/537.36 (KHTML, like Gecko; compatible; GPTBot/1.4; +https://openai.com/gptbot)"
216.73.216.79 - - [01/Aug/2026:15:57:32 +0200] "GET /sitemap.xml?fileloc=%2F%2Fsys%2Fblock%2Fsdk%2Fsubsystem%2Fsda1%2Fdev&path=%2F%2Fsys%2Fblock%2Fsdk%2Fsubsystem%2Fsda1 HTTP/1.1" 200 12443 "-" "Mozilla/5.0 AppleWebKit/537.36 (KHTML, like Gecko; compatible; ClaudeBot/1.0; +claudebot@anthropic.com)"
74.7.242.17 - - [01/Aug/2026:15:57:33 +0200] "GET /?fileloc=//sys/class/net/lo/subsystem/eth0/subsystem/lo/subsystem/lo/statistics/tx_heartbeat_errors&path=//sys/class/net/lo/subsystem/eth0/subsystem/lo/subsystem/lo/statistics HTTP/1.1" 200 12961 "https://tempokontrol.co.za/?path=//sys/class/net/lo/subsystem/eth0/subsystem/lo/subsystem/lo/statistics" "Mozilla/5.0 AppleWebKit/537.36 (KHTML, like Gecko; compatible; GPTBot/1.4; +https://openai.com/gptbot)"
216.73.216.79 - - [01/Aug/2026:15:57:35 +0200] "GET /sitemap.xml?fileloc=%2F%2Fproc%2F15%2Fuid_map&path=%2F%2Fproc%2F15 HTTP/1.1" 200 12300 "-" "Mozilla/5.0 AppleWebKit/537.36 (KHTML, like Gecko; compatible; ClaudeBot/1.0; +claudebot@anthropic.com)"
74.7.227.163 - - [01/Aug/2026:15:57:35 +0200] "GET /?fileloc=//sys/class/net/eth0/subsystem/lo/subsystem/eth0/device/net/eth0/subsystem/lo/subsystem/lo/phys_switch_id&path=//sys/class/net/eth0/subsystem/lo/subsystem/eth0/device/net/eth0/subsystem/lo/subsystem/lo HTTP/1.1" 200 13405 "https://www.tempokontrol.co.za/?path=//sys/class/net/eth0/subsystem/lo/subsystem/eth0/device/net/eth0/subsystem/lo/subsystem/lo" "Mozilla/5.0 AppleWebKit/537.36 (KHTML, like Gecko; compatible; GPTBot/1.4; +https://openai.com/gptbot)"
74.7.242.17 - - [01/Aug/2026:15:57:36 +0200] "GET /?fileloc=//sys/class/net/eth0/subsystem/eth0/queues/tx-6/byte_queue_limits/limit_max&path=//sys/class/net/eth0/subsystem/eth0/queues/tx-6/byte_queue_limits HTTP/1.1" 200 12794 "https://tempokontrol.co.za/?path=//sys/class/net/eth0/subsystem/eth0/queues/tx-6/byte_queue_limits" "Mozilla/5.0 AppleWebKit/537.36 (KHTML, like Gecko; compatible; GPTBot/1.4; +https://openai.com/gptbot)"
74.7.227.163 - - [01/Aug/2026:15:57:38 +0200] "GET /?path=//sys/class/net/eth0/subsystem/lo/subsystem/eth0/device/net/eth0/device/net/eth0/device/subsystem/drivers/hv_utils/module/drivers/vmbus:hv_utils/module/parameters HTTP/1.1" 200 17019 "https://www.tempokontrol.co.za/?path=//sys/class/net/eth0/subsystem/lo/subsystem/eth0/device/net/eth0/device/net/eth0/device/subsystem/drivers/hv_utils/module/drivers/vmbus:hv_utils/module" "Mozilla/5.0 AppleWebKit/537.36 (KHTML, like Gecko; compatible; GPTBot/1.4; +https://openai.com/gptbot)"
216.73.216.79 - - [01/Aug/2026:15:57:38 +0200] "GET /sitemap.xml?fileloc=%2F%2Fsys%2Fdev%2Fchar%2F4%3A32%2Fsubsystem%2Ftty33%2Fpower%2Fruntime_status&path=%2F%2Fsys%2Fdev%2Fchar%2F4%3A32%2Fsubsystem%2Ftty33%2Fpower HTTP/1.1" 200 12592 "-" "Mozilla/5.0 AppleWebKit/537.36 (KHTML, like Gecko; compatible; ClaudeBot/1.0; +claudebot@anthropic.com)"
74.7.242.17 - - [01/Aug/2026:15:57:40 +0200] "GET /?fileloc=//sys/class/net/eth0/subsystem/eth0/queues/tx-3/byte_queue_limits/limit_max&path=//sys/class/net/eth0/subsystem/eth0/queues/tx-3/byte_queue_limits HTTP/1.1" 200 12794 "https://tempokontrol.co.za/?path=//sys/class/net/eth0/subsystem/eth0/queues/tx-3/byte_queue_limits" "Mozilla/5.0 AppleWebKit/537.36 (KHTML, like Gecko; compatible; GPTBot/1.4; +https://openai.com/gptbot)"
74.7.227.163 - - [01/Aug/2026:15:57:41 +0200] "GET /?path=//sys/class/net/eth0/subsystem/lo/subsystem/eth0/device/net/eth0/device/net/eth0/device/subsystem/drivers/hv_utils/module/drivers/vmbus:hv_utils/module/notes HTTP/1.1" 200 18999 "https://www.tempokontrol.co.za/?path=//sys/class/net/eth0/subsystem/lo/subsystem/eth0/device/net/eth0/device/net/eth0/device/subsystem/drivers/hv_utils/module/drivers/vmbus:hv_utils/module" "Mozilla/5.0 AppleWebKit/537.36 (KHTML, like Gecko; compatible; GPTBot/1.4; +https://openai.com/gptbot)"
216.73.216.79 - - [01/Aug/2026:15:57:41 +0200] "GET /sitemap.xml?fileloc=%2F%2Fvar%2Fsoftaculous%2Fpaste%2Finstall.php&path=%2F%2Fvar%2Fsoftaculous%2Fpaste HTTP/1.1" 200 17057 "-" "Mozilla/5.0 AppleWebKit/537.36 (KHTML, like Gecko; compatible; ClaudeBot/1.0; +claudebot@anthropic.com)"
74.7.242.17 - - [01/Aug/2026:15:57:43 +0200] "GET /?fileloc=//sys/class/net/eth0/subsystem/eth0/queues/tx-2/byte_queue_limits/limit_min&path=//sys/class/net/eth0/subsystem/eth0/queues/tx-2/byte_queue_limits HTTP/1.1" 200 12785 "https://tempokontrol.co.za/?path=//sys/class/net/eth0/subsystem/eth0/queues/tx-2/byte_queue_limits" "Mozilla/5.0 AppleWebKit/537.36 (KHTML, like Gecko; compatible; GPTBot/1.4; +https://openai.com/gptbot)"
74.7.227.163 - - [01/Aug/2026:15:57:44 +0200] "GET /?fileloc=//sys/class/net/eth0/subsystem/lo/subsystem/eth0/device/net/eth0/subsystem/lo/subsystem/lo/netdev_group&path=//sys/class/net/eth0/subsystem/lo/subsystem/eth0/device/net/eth0/subsystem/lo/subsystem/lo HTTP/1.1" 200 13405 "https://www.tempokontrol.co.za/?path=//sys/class/net/eth0/subsystem/lo/subsystem/eth0/device/net/eth0/subsystem/lo/subsystem/lo" "Mozilla/5.0 AppleWebKit/537.36 (KHTML, like Gecko; compatible; GPTBot/1.4; +https://openai.com/gptbot)"
216.73.216.79 - - [01/Aug/2026:15:57:44 +0200] "GET /sitemap.xml?fileloc=%2F%2Fsys%2Fdev%2Fchar%2F4%3A25%2Fsubsystem%2Ftty45%2Fuevent&path=%2F%2Fsys%2Fdev%2Fchar%2F4%3A25%2Fsubsystem%2Ftty45 HTTP/1.1" 200 12529 "-" "Mozilla/5.0 AppleWebKit/537.36 (KHTML, like Gecko; compatible; ClaudeBot/1.0; +claudebot@anthropic.com)"
74.7.242.17 - - [01/Aug/2026:15:57:46 +0200] "GET /?fileloc=//sys/class/net/eth0/subsystem/eth0/queues/tx-4/byte_queue_limits/limit_min&path=//sys/class/net/eth0/subsystem/eth0/queues/tx-4/byte_queue_limits HTTP/1.1" 200 12785 "https://tempokontrol.co.za/?path=//sys/class/net/eth0/subsystem/eth0/queues/tx-4/byte_queue_limits" "Mozilla/5.0 AppleWebKit/537.36 (KHTML, like Gecko; compatible; GPTBot/1.4; +https://openai.com/gptbot)"
74.7.227.163 - - [01/Aug/2026:15:57:47 +0200] "GET /?fileloc=//sys/class/net/eth0/subsystem/lo/subsystem/eth0/device/net/eth0/subsystem/lo/subsystem/lo/gro_flush_timeout&path=//sys/class/net/eth0/subsystem/lo/subsystem/eth0/device/net/eth0/subsystem/lo/subsystem/lo HTTP/1.1" 200 13410 "https://www.tempokontrol.co.za/?path=//sys/class/net/eth0/subsystem/lo/subsystem/eth0/device/net/eth0/subsystem/lo/subsystem/lo" "Mozilla/5.0 AppleWebKit/537.36 (KHTML, like Gecko; compatible; GPTBot/1.4; +https://openai.com/gptbot)"
216.73.216.79 - - [01/Aug/2026:15:57:47 +0200] "GET /sitemap.xml?fileloc=%2F%2Fsys%2Fdev%2Fchar%2F4%3A46%2Fsubsystem%2Ftty27%2Fuevent&path=%2F%2Fsys%2Fdev%2Fchar%2F4%3A46%2Fsubsystem%2Ftty27 HTTP/1.1" 200 12529 "-" "Mozilla/5.0 AppleWebKit/537.36 (KHTML, like Gecko; compatible; ClaudeBot/1.0; +claudebot@anthropic.com)"
74.7.242.17 - - [01/Aug/2026:15:57:49 +0200] "GET /?fileloc=//sys/class/net/eth0/subsystem/eth0/queues/tx-2/byte_queue_limits/limit_max&path=//sys/class/net/eth0/subsystem/eth0/queues/tx-2/byte_queue_limits HTTP/1.1" 200 12794 "https://tempokontrol.co.za/?path=//sys/class/net/eth0/subsystem/eth0/queues/tx-2/byte_queue_limits" "Mozilla/5.0 AppleWebKit/537.36 (KHTML, like Gecko; compatible; GPTBot/1.4; +https://openai.com/gptbot)"
74.7.227.163 - - [01/Aug/2026:15:57:50 +0200] "GET /?fileloc=//sys/class/net/eth0/subsystem/lo/subsystem/eth0/device/net/eth0/subsystem/lo/subsystem/lo/carrier_down_count&path=//sys/class/net/eth0/subsystem/lo/subsystem/eth0/device/net/eth0/subsystem/lo/subsystem/lo HTTP/1.1" 200 13411 "https://www.tempokontrol.co.za/?path=//sys/class/net/eth0/subsystem/lo/subsystem/eth0/device/net/eth0/subsystem/lo/subsystem/lo" "Mozilla/5.0 AppleWebKit/537.36 (KHTML, like Gecko; compatible; GPTBot/1.4; +https://openai.com/gptbot)"
216.73.216.79 - - [01/Aug/2026:15:57:50 +0200] "GET /sitemap.xml?fileloc=%2F%2Fsys%2Fkernel%2Fslab%2FRAWv6%2Fremote_node_defrag_ratio&path=%2F%2Fsys%2Fkernel%2Fslab%2FRAWv6 HTTP/1.1" 200 12396 "-" "Mozilla/5.0 AppleWebKit/537.36 (KHTML, like Gecko; compatible; ClaudeBot/1.0; +claudebot@anthropic.com)"
74.7.242.17 - - [01/Aug/2026:15:57:52 +0200] "GET /?fileloc=//sys/class/net/eth0/subsystem/eth0/queues/tx-3/byte_queue_limits/limit_min&path=//sys/class/net/eth0/subsystem/eth0/queues/tx-3/byte_queue_limits HTTP/1.1" 200 12785 "https://tempokontrol.co.za/?path=//sys/class/net/eth0/subsystem/eth0/queues/tx-3/byte_queue_limits" "Mozilla/5.0 AppleWebKit/537.36 (KHTML, like Gecko; compatible; GPTBot/1.4; +https://openai.com/gptbot)"
216.73.216.79 - - [01/Aug/2026:15:57:53 +0200] "GET /sitemap.xml?fileloc=%2F%2Fsys%2Ffirmware%2Fmemmap%2F143%2Ftype&path=%2F%2Fsys%2Ffirmware%2Fmemmap%2F143 HTTP/1.1" 200 12399 "-" "Mozilla/5.0 AppleWebKit/537.36 (KHTML, like Gecko; compatible; ClaudeBot/1.0; +claudebot@anthropic.com)"
74.7.227.163 - - [01/Aug/2026:15:57:53 +0200] "GET /?fileloc=//sys/class/net/eth0/subsystem/lo/subsystem/eth0/device/net/eth0/subsystem/lo/subsystem/lo/phys_port_id&path=//sys/class/net/eth0/subsystem/lo/subsystem/eth0/device/net/eth0/subsystem/lo/subsystem/lo HTTP/1.1" 200 13403 "https://www.tempokontrol.co.za/?path=//sys/class/net/eth0/subsystem/lo/subsystem/eth0/device/net/eth0/subsystem/lo/subsystem/lo" "Mozilla/5.0 AppleWebKit/537.36 (KHTML, like Gecko; compatible; GPTBot/1.4; +https://openai.com/gptbot)"
74.7.242.17 - - [01/Aug/2026:15:57:55 +0200] "GET /?fileloc=//sys/class/net/eth0/subsystem/eth0/queues/tx-2/byte_queue_limits/limit&path=//sys/class/net/eth0/subsystem/eth0/queues/tx-2/byte_queue_limits HTTP/1.1" 200 12781 "https://tempokontrol.co.za/?path=//sys/class/net/eth0/subsystem/eth0/queues/tx-2/byte_queue_limits" "Mozilla/5.0 AppleWebKit/537.36 (KHTML, like Gecko; compatible; GPTBot/1.4; +https://openai.com/gptbot)"
216.73.216.79 - - [01/Aug/2026:15:57:56 +0200] "GET /sitemap.xml?fileloc=%2F%2Fvar%2Fsoftaculous%2Fthbees%2Fphp53%2Fimport.php&path=%2F%2Fvar%2Fsoftaculous%2Fthbees%2Fphp53 HTTP/1.1" 200 16757 "-" "Mozilla/5.0 AppleWebKit/537.36 (KHTML, like Gecko; compatible; ClaudeBot/1.0; +claudebot@anthropic.com)"
74.7.227.163 - - [01/Aug/2026:15:57:57 +0200] "GET /?path=//sys/class/net/eth0/subsystem/lo/subsystem/eth0/device/net/eth0/device/net/eth0/device/subsystem/drivers/hv_balloon/module/drivers/vmbus:hv_balloon/module/parameters HTTP/1.1" 200 19091 "https://www.tempokontrol.co.za/?path=//sys/class/net/eth0/subsystem/lo/subsystem/eth0/device/net/eth0/device/net/eth0/device/subsystem/drivers/hv_balloon/module/drivers/vmbus:hv_balloon/module" "Mozilla/5.0 AppleWebKit/537.36 (KHTML, like Gecko; compatible; GPTBot/1.4; +https://openai.com/gptbot)"
74.7.242.17 - - [01/Aug/2026:15:57:58 +0200] "GET /?fileloc=//sys/class/net/eth0/subsystem/eth0/queues/tx-6/byte_queue_limits/limit_min&path=//sys/class/net/eth0/subsystem/eth0/queues/tx-6/byte_queue_limits HTTP/1.1" 200 12785 "https://tempokontrol.co.za/?path=//sys/class/net/eth0/subsystem/eth0/queues/tx-6/byte_queue_limits" "Mozilla/5.0 AppleWebKit/537.36 (KHTML, like Gecko; compatible; GPTBot/1.4; +https://openai.com/gptbot)"
216.73.216.79 - - [01/Aug/2026:15:57:59 +0200] "GET /sitemap.xml?fileloc=%2F%2Fsys%2Fdev%2Fblock%2F253%3A1%2Fsubsystem%2Fsdf%2Fext_range&path=%2F%2Fsys%2Fdev%2Fblock%2F253%3A1%2Fsubsystem%2Fsdf HTTP/1.1" 200 12510 "-" "Mozilla/5.0 AppleWebKit/537.36 (KHTML, like Gecko; compatible; ClaudeBot/1.0; +claudebot@anthropic.com)"
74.7.227.163 - - [01/Aug/2026:15:58:00 +0200] "GET /?path=//sys/class/net/eth0/subsystem/lo/subsystem/eth0/device/net/eth0/device/net/eth0/device/subsystem/drivers/hyperv_drm/module/drivers/vmbus:hyperv_drm/module/sections HTTP/1.1" 200 61933 "https://www.tempokontrol.co.za/?path=//sys/class/net/eth0/subsystem/lo/subsystem/eth0/device/net/eth0/device/net/eth0/device/subsystem/drivers/hyperv_drm/module/drivers/vmbus:hyperv_drm/module" "Mozilla/5.0 AppleWebKit/537.36 (KHTML, like Gecko; compatible; GPTBot/1.4; +https://openai.com/gptbot)"
74.7.242.17 - - [01/Aug/2026:15:58:02 +0200] "GET /?fileloc=//sys/class/net/eth0/subsystem/eth0/queues/tx-6/byte_queue_limits/limit&path=//sys/class/net/eth0/subsystem/eth0/queues/tx-6/byte_queue_limits HTTP/1.1" 200 12781 "https://tempokontrol.co.za/?path=//sys/class/net/eth0/subsystem/eth0/queues/tx-6/byte_queue_limits" "Mozilla/5.0 AppleWebKit/537.36 (KHTML, like Gecko; compatible; GPTBot/1.4; +https://openai.com/gptbot)"
216.73.216.79 - - [01/Aug/2026:15:58:02 +0200] "GET /sitemap.xml?fileloc=%2F%2Fsys%2Fdev%2Fblock%2F8%3A240%2Fsubsystem%2Fsdj%2Fqueue%2Ffua&path=%2F%2Fsys%2Fdev%2Fblock%2F8%3A240%2Fsubsystem%2Fsdj%2Fqueue HTTP/1.1" 200 12576 "-" "Mozilla/5.0 AppleWebKit/537.36 (KHTML, like Gecko; compatible; ClaudeBot/1.0; +claudebot@anthropic.com)"
74.7.227.163 - - [01/Aug/2026:15:58:03 +0200] "GET /?path=//sys/class/net/eth0/subsystem/lo/subsystem/eth0/device/net/eth0/device/net/eth0/device/subsystem/drivers/hid_hyperv/module/drivers/vmbus:hid_hyperv/module/sections HTTP/1.1" 200 59927 "https://www.tempokontrol.co.za/?path=//sys/class/net/eth0/subsystem/lo/subsystem/eth0/device/net/eth0/device/net/eth0/device/subsystem/drivers/hid_hyperv/module/drivers/vmbus:hid_hyperv/module" "Mozilla/5.0 AppleWebKit/537.36 (KHTML, like Gecko; compatible; GPTBot/1.4; +https://openai.com/gptbot)"
74.7.242.17 - - [01/Aug/2026:15:58:05 +0200] "GET /?fileloc=//sys/class/net/eth0/subsystem/eth0/queues/tx-4/byte_queue_limits/limit&path=//sys/class/net/eth0/subsystem/eth0/queues/tx-4/byte_queue_limits HTTP/1.1" 200 12781 "https://tempokontrol.co.za/?path=//sys/class/net/eth0/subsystem/eth0/queues/tx-4/byte_queue_limits" "Mozilla/5.0 AppleWebKit/537.36 (KHTML, like Gecko; compatible; GPTBot/1.4; +https://openai.com/gptbot)"
216.73.216.79 - - [01/Aug/2026:15:58:05 +0200] "GET /sitemap.xml?fileloc=%2F%2Fsys%2Fdev%2Fchar%2F4%3A56%2Fsubsystem%2Ftty46%2Fuevent&path=%2F%2Fsys%2Fdev%2Fchar%2F4%3A56%2Fsubsystem%2Ftty46 HTTP/1.1" 200 12529 "-" "Mozilla/5.0 AppleWebKit/537.36 (KHTML, like Gecko; compatible; ClaudeBot/1.0; +claudebot@anthropic.com)"
74.7.227.163 - - [01/Aug/2026:15:58:06 +0200] "GET /?path=//sys/class/net/eth0/subsystem/lo/subsystem/eth0/device/net/eth0/device/net/eth0/device/subsystem/drivers/hyperv_keyboard/module/drivers/vmbus:hyperv_keyboard/module HTTP/1.1" 200 38094 "https://www.tempokontrol.co.za/?path=//sys/class/net/eth0/subsystem/lo/subsystem/eth0/device/net/eth0/device/net/eth0/device/subsystem/drivers/hyperv_keyboard/module/drivers/vmbus:hyperv_keyboard" "Mozilla/5.0 AppleWebKit/537.36 (KHTML, like Gecko; compatible; GPTBot/1.4; +https://openai.com/gptbot)"
74.7.242.17 - - [01/Aug/2026:15:58:08 +0200] "GET /?path=//sys/class/net/lo/subsystem/eth0/subsystem/lo/subsystem/lo/queues HTTP/1.1" 200 16224 "https://tempokontrol.co.za/?path=//sys/class/net/lo/subsystem/eth0/subsystem/lo/subsystem/lo" "Mozilla/5.0 AppleWebKit/537.36 (KHTML, like Gecko; compatible; GPTBot/1.4; +https://openai.com/gptbot)"
216.73.216.79 - - [01/Aug/2026:15:58:08 +0200] "GET /sitemap.xml?fileloc=%2F%2Fsys%2Fdev%2Fchar%2F21%3A6%2Fpower%2Fruntime_active_time&path=%2F%2Fsys%2Fdev%2Fchar%2F21%3A6%2Fpower HTTP/1.1" 200 12433 "-" "Mozilla/5.0 AppleWebKit/537.36 (KHTML, like Gecko; compatible; ClaudeBot/1.0; +claudebot@anthropic.com)"
74.7.227.163 - - [01/Aug/2026:15:58:09 +0200] "GET /?fileloc=//sys/class/net/eth0/subsystem/lo/subsystem/eth0/device/net/eth0/subsystem/lo/subsystem/lo/napi_defer_hard_irqs&path=//sys/class/net/eth0/subsystem/lo/subsystem/eth0/device/net/eth0/subsystem/lo/subsystem/lo HTTP/1.1" 200 13413 "https://www.tempokontrol.co.za/?path=//sys/class/net/eth0/subsystem/lo/subsystem/eth0/device/net/eth0/subsystem/lo/subsystem/lo" "Mozilla/5.0 AppleWebKit/537.36 (KHTML, like Gecko; compatible; GPTBot/1.4; +https://openai.com/gptbot)"
74.7.242.17 - - [01/Aug/2026:15:58:11 +0200] "GET /?path=//sys/class/net/lo/subsystem/lo/subsystem/eth0/subsystem/lo/queues HTTP/1.1" 200 16220 "https://tempokontrol.co.za/?path=//sys/class/net/lo/subsystem/lo/subsystem/eth0/subsystem/lo" "Mozilla/5.0 AppleWebKit/537.36 (KHTML, like Gecko; compatible; GPTBot/1.4; +https://openai.com/gptbot)"
216.73.216.79 - - [01/Aug/2026:15:58:11 +0200] "GET /sitemap.xml?fileloc=%2F%2Fvar%2Fsoftaculous%2Fdotproj%2Fphp82%2Fimport.php&path=%2F%2Fvar%2Fsoftaculous%2Fdotproj%2Fphp82 HTTP/1.1" 200 16200 "-" "Mozilla/5.0 AppleWebKit/537.36 (KHTML, like Gecko; compatible; ClaudeBot/1.0; +claudebot@anthropic.com)"
74.7.227.163 - - [01/Aug/2026:15:58:12 +0200] "GET /?path=//sys/class/net/eth0/subsystem/lo/subsystem/eth0/device/net/eth0/device/net/eth0/device/subsystem/drivers/hv_storvsc/module/drivers/vmbus:hv_storvsc/module HTTP/1.1" 200 39367 "https://www.tempokontrol.co.za/?path=//sys/class/net/eth0/subsystem/lo/subsystem/eth0/device/net/eth0/device/net/eth0/device/subsystem/drivers/hv_storvsc/module/drivers/vmbus:hv_storvsc" "Mozilla/5.0 AppleWebKit/537.36 (KHTML, like Gecko; compatible; GPTBot/1.4; +https://openai.com/gptbot)"
74.7.242.17 - - [01/Aug/2026:15:58:14 +0200] "GET /?path=//sys/class/net/lo/subsystem/eth0/subsystem/lo/subsystem/lo/power HTTP/1.1" 200 21546 "https://tempokontrol.co.za/?path=//sys/class/net/lo/subsystem/eth0/subsystem/lo/subsystem/lo" "Mozilla/5.0 AppleWebKit/537.36 (KHTML, like Gecko; compatible; GPTBot/1.4; +https://openai.com/gptbot)"
216.73.216.79 - - [01/Aug/2026:15:58:14 +0200] "GET /sitemap.xml?fileloc=%2F%2Fvar%2Fsoftaculous%2Fsofawiki%2Fconfiguration.php&path=%2F%2Fvar%2Fsoftaculous%2Fsofawiki HTTP/1.1" 200 17509 "-" "Mozilla/5.0 AppleWebKit/537.36 (KHTML, like Gecko; compatible; ClaudeBot/1.0; +claudebot@anthropic.com)"
74.7.227.163 - - [01/Aug/2026:15:58:16 +0200] "GET /?path=//sys/class/net/eth0/subsystem/lo/subsystem/eth0/device/net/eth0/device/net/eth0/device/subsystem/drivers/hv_utils/module/drivers/vmbus:hv_utils/module/drivers HTTP/1.1" 200 16757 "https://www.tempokontrol.co.za/?path=//sys/class/net/eth0/subsystem/lo/subsystem/eth0/device/net/eth0/device/net/eth0/device/subsystem/drivers/hv_utils/module/drivers/vmbus:hv_utils/module" "Mozilla/5.0 AppleWebKit/537.36 (KHTML, like Gecko; compatible; GPTBot/1.4; +https://openai.com/gptbot)"
74.7.242.17 - - [01/Aug/2026:15:58:17 +0200] "GET /?path=//sys/class/net/lo/subsystem/lo/subsystem/eth0/subsystem/lo/power HTTP/1.1" 200 21542 "https://tempokontrol.co.za/?path=//sys/class/net/lo/subsystem/lo/subsystem/eth0/subsystem/lo" "Mozilla/5.0 AppleWebKit/537.36 (KHTML, like Gecko; compatible; GPTBot/1.4; +https://openai.com/gptbot)"
216.73.216.79 - - [01/Aug/2026:15:58:17 +0200] "GET /sitemap.xml?fileloc=%2F%2Fsys%2Fdev%2Fchar%2F4%3A46%2Fsubsystem%2Ftty31%2Fuevent&path=%2F%2Fsys%2Fdev%2Fchar%2F4%3A46%2Fsubsystem%2Ftty31 HTTP/1.1" 200 12529 "-" "Mozilla/5.0 AppleWebKit/537.36 (KHTML, like Gecko; compatible; ClaudeBot/1.0; +claudebot@anthropic.com)"
74.7.227.163 - - [01/Aug/2026:15:58:19 +0200] "GET /?path=//sys/class/net/eth0/subsystem/lo/subsystem/eth0/device/net/eth0/device/net/eth0/device/subsystem/drivers/hyperv_drm/module/drivers/pci:hyperv_drm/module HTTP/1.1" 200 37515 "https://www.tempokontrol.co.za/?path=//sys/class/net/eth0/subsystem/lo/subsystem/eth0/device/net/eth0/device/net/eth0/device/subsystem/drivers/hyperv_drm/module/drivers/pci:hyperv_drm" "Mozilla/5.0 AppleWebKit/537.36 (KHTML, like Gecko; compatible; GPTBot/1.4; +https://openai.com/gptbot)"
74.7.242.17 - - [01/Aug/2026:15:58:20 +0200] "GET /?path=//sys/class/net/lo/subsystem/lo/subsystem/lo/subsystem HTTP/1.1" 200 15957 "https://tempokontrol.co.za/?path=//sys/class/net/lo/subsystem/lo/subsystem/lo" "Mozilla/5.0 AppleWebKit/537.36 (KHTML, like Gecko; compatible; GPTBot/1.4; +https://openai.com/gptbot)"
74.7.227.163 - - [01/Aug/2026:15:58:22 +0200] "GET /?path=//sys/class/net/eth0/subsystem/lo/subsystem/eth0/device/net/eth0/device/net/eth0/device/subsystem/drivers/hv_utils/module/drivers/vmbus:hv_utils/module/sections HTTP/1.1" 200 73699 "https://www.tempokontrol.co.za/?path=//sys/class/net/eth0/subsystem/lo/subsystem/eth0/device/net/eth0/device/net/eth0/device/subsystem/drivers/hv_utils/module/drivers/vmbus:hv_utils/module" "Mozilla/5.0 AppleWebKit/537.36 (KHTML, like Gecko; compatible; GPTBot/1.4; +https://openai.com/gptbot)"
216.73.216.79 - - [01/Aug/2026:15:58:22 +0200] "GET /sitemap.xml?fileloc=%2F%2Fproc%2F74%2Ftimers&path=%2F%2Fproc%2F74 HTTP/1.1" 200 12266 "-" "Mozilla/5.0 AppleWebKit/537.36 (KHTML, like Gecko; compatible; ClaudeBot/1.0; +claudebot@anthropic.com)"
74.7.242.17 - - [01/Aug/2026:15:58:23 +0200] "GET /?path=//sys/class/net/eth0/subsystem/lo/subsystem/lo/subsystem HTTP/1.1" 200 15983 "https://tempokontrol.co.za/?path=//sys/class/net/eth0/subsystem/lo/subsystem/lo" "Mozilla/5.0 AppleWebKit/537.36 (KHTML, like Gecko; compatible; GPTBot/1.4; +https://openai.com/gptbot)"
74.7.227.163 - - [01/Aug/2026:15:58:25 +0200] "GET /?path=//sys/class/net/eth0/subsystem/lo/subsystem/eth0/device/net/eth0/device/net/eth0/device/subsystem/drivers/hv_utils/module/drivers/vmbus:hv_utils/module/holders HTTP/1.1" 200 14971 "https://www.tempokontrol.co.za/?path=//sys/class/net/eth0/subsystem/lo/subsystem/eth0/device/net/eth0/device/net/eth0/device/subsystem/drivers/hv_utils/module/drivers/vmbus:hv_utils/module" "Mozilla/5.0 AppleWebKit/537.36 (KHTML, like Gecko; compatible; GPTBot/1.4; +https://openai.com/gptbot)"
216.73.216.79 - - [01/Aug/2026:15:58:24 +0200] "GET /sitemap.xml?fileloc=%2F%2Flib64%2Flibssh.so.4&path=%2F%2Flib64 HTTP/1.1" 200 759277 "-" "Mozilla/5.0 AppleWebKit/537.36 (KHTML, like Gecko; compatible; ClaudeBot/1.0; +claudebot@anthropic.com)"
74.7.242.17 - - [01/Aug/2026:15:58:26 +0200] "GET /?path=//sys/class/net/eth0/subsystem/lo/subsystem/eth0 HTTP/1.1" 200 71561 "https://tempokontrol.co.za/?path=//sys/class/net/eth0/subsystem/lo/subsystem" "Mozilla/5.0 AppleWebKit/537.36 (KHTML, like Gecko; compatible; GPTBot/1.4; +https://openai.com/gptbot)"
216.73.216.79 - - [01/Aug/2026:15:58:27 +0200] "GET /sitemap.xml?fileloc=%2F%2Fsbin%2Fnfsdcld&path=%2F%2Fsbin HTTP/1.1" 200 90338 "-" "Mozilla/5.0 AppleWebKit/537.36 (KHTML, like Gecko; compatible; ClaudeBot/1.0; +claudebot@anthropic.com)"
74.7.227.163 - - [01/Aug/2026:15:58:28 +0200] "GET /?path=//sys/class/net/eth0/subsystem/lo/subsystem/eth0/device/net/eth0/subsystem/lo/subsystem/eth0/power HTTP/1.1" 200 22776 "https://www.tempokontrol.co.za/?path=//sys/class/net/eth0/subsystem/lo/subsystem/eth0/device/net/eth0/subsystem/lo/subsystem/eth0" "Mozilla/5.0 AppleWebKit/537.36 (KHTML, like Gecko; compatible; GPTBot/1.4; +https://openai.com/gptbot)"
74.7.242.17 - - [01/Aug/2026:15:58:30 +0200] "GET /?path=//sys/class/net/lo/subsystem/eth0/subsystem/lo/power HTTP/1.1" 200 21103 "https://tempokontrol.co.za/?path=//sys/class/net/lo/subsystem/eth0/subsystem/lo" "Mozilla/5.0 AppleWebKit/537.36 (KHTML, like Gecko; compatible; GPTBot/1.4; +https://openai.com/gptbot)"
216.73.216.79 - - [01/Aug/2026:15:58:30 +0200] "GET /sitemap.xml?fileloc=%2F%2Flib64%2Flibncurses++.so.6.2&path=%2F%2Flib64 HTTP/1.1" 200 12246 "-" "Mozilla/5.0 AppleWebKit/537.36 (KHTML, like Gecko; compatible; ClaudeBot/1.0; +claudebot@anthropic.com)"
74.7.227.163 - - [01/Aug/2026:15:58:31 +0200] "GET /?path=//sys/class/net/eth0/subsystem/lo/subsystem/eth0/device/net/eth0/subsystem/lo/subsystem/lo/queues HTTP/1.1" 200 16974 "https://www.tempokontrol.co.za/?path=//sys/class/net/eth0/subsystem/lo/subsystem/eth0/device/net/eth0/subsystem/lo/subsystem/lo" "Mozilla/5.0 AppleWebKit/537.36 (KHTML, like Gecko; compatible; GPTBot/1.4; +https://openai.com/gptbot)"
74.7.242.17 - - [01/Aug/2026:15:58:33 +0200] "GET /?path=//sys/class/net/lo/subsystem/lo/subsystem/eth0/device HTTP/1.1" 200 64931 "https://tempokontrol.co.za/?path=//sys/class/net/lo/subsystem/lo/subsystem/eth0" "Mozilla/5.0 AppleWebKit/537.36 (KHTML, like Gecko; compatible; GPTBot/1.4; +https://openai.com/gptbot)"
216.73.216.79 - - [01/Aug/2026:15:58:33 +0200] "GET /sitemap.xml?fileloc=%2F%2Fetc%2Fsecurity%2Fpwquality.conf&path=%2F%2Fetc%2Fsecurity HTTP/1.1" 200 14962 "-" "Mozilla/5.0 AppleWebKit/537.36 (KHTML, like Gecko; compatible; ClaudeBot/1.0; +claudebot@anthropic.com)"
74.7.227.163 - - [01/Aug/2026:15:58:34 +0200] "GET /?path=//sys/class/net/eth0/subsystem/lo/subsystem/eth0/device/net/eth0/subsystem/lo/subsystem/lo/power HTTP/1.1" 200 22730 "https://www.tempokontrol.co.za/?path=//sys/class/net/eth0/subsystem/lo/subsystem/eth0/device/net/eth0/subsystem/lo/subsystem/lo" "Mozilla/5.0 AppleWebKit/537.36 (KHTML, like Gecko; compatible; GPTBot/1.4; +https://openai.com/gptbot)"
74.7.242.17 - - [01/Aug/2026:15:58:36 +0200] "GET /?path=//sys/class/net/lo/subsystem/lo/subsystem/eth0/queues HTTP/1.1" 200 41663 "https://tempokontrol.co.za/?path=//sys/class/net/lo/subsystem/lo/subsystem/eth0" "Mozilla/5.0 AppleWebKit/537.36 (KHTML, like Gecko; compatible; GPTBot/1.4; +https://openai.com/gptbot)"
216.73.216.79 - - [01/Aug/2026:15:58:36 +0200] "GET /sitemap.xml?fileloc=%2F%2Flib%2Ftmpfiles.d%2Fvar.conf&path=%2F%2Flib%2Ftmpfiles.d HTTP/1.1" 200 12856 "-" "Mozilla/5.0 AppleWebKit/537.36 (KHTML, like Gecko; compatible; ClaudeBot/1.0; +claudebot@anthropic.com)"
74.7.227.163 - - [01/Aug/2026:15:58:38 +0200] "GET /?fileloc=//sys/class/net/eth0/subsystem/lo/subsystem/eth0/device/net/eth0/device/net/eth0/device/subsystem/drivers/hid_hyperv/module/drivers/vmbus:hid_hyperv/module/sections/.printk_index&path=//sys/class/net/eth0/subsystem/lo/subsystem/eth0/device/net/eth0/device/net/eth0/device/subsystem/drivers/hid_hyperv/module/drivers/vmbus:hid_hyperv/module/sections HTTP/1.1" 200 14744 "https://www.tempokontrol.co.za/?path=//sys/class/net/eth0/subsystem/lo/subsystem/eth0/device/net/eth0/device/net/eth0/device/subsystem/drivers/hid_hyperv/module/drivers/vmbus:hid_hyperv/module/sections" "Mozilla/5.0 AppleWebKit/537.36 (KHTML, like Gecko; compatible; GPTBot/1.4; +https://openai.com/gptbot)"
74.7.242.17 - - [01/Aug/2026:15:58:39 +0200] "GET /?path=//sys/class/net/eth0/subsystem/lo/subsystem/lo/queues HTTP/1.1" 200 15967 "https://tempokontrol.co.za/?path=//sys/class/net/eth0/subsystem/lo/subsystem/lo" "Mozilla/5.0 AppleWebKit/537.36 (KHTML, like Gecko; compatible; GPTBot/1.4; +https://openai.com/gptbot)"
216.73.216.79 - - [01/Aug/2026:15:58:39 +0200] "GET /sitemap.xml?fileloc=%2F%2Fvar%2Frun%2Fudev%2Fdata%2Fc7%3A129&path=%2F%2Fvar%2Frun%2Fudev%2Fdata HTTP/1.1" 200 12360 "-" "Mozilla/5.0 AppleWebKit/537.36 (KHTML, like Gecko; compatible; ClaudeBot/1.0; +claudebot@anthropic.com)"
74.7.227.163 - - [01/Aug/2026:15:58:41 +0200] "GET /?path=//sys/class/net/eth0/subsystem/lo/subsystem/eth0/device/net/eth0/subsystem/lo/subsystem/eth0/device/subsystem/drivers/hv_storvsc HTTP/1.1" 200 27102 "https://www.tempokontrol.co.za/?path=//sys/class/net/eth0/subsystem/lo/subsystem/eth0/device/net/eth0/subsystem/lo/subsystem/eth0/device/subsystem/drivers" "Mozilla/5.0 AppleWebKit/537.36 (KHTML, like Gecko; compatible; GPTBot/1.4; +https://openai.com/gptbot)"
216.73.216.79 - - [01/Aug/2026:15:58:42 +0200] "GET /sitemap.xml?fileloc=%2F%2Fvar%2Frun%2Fudev%2Fdata%2Fc13%3A0&path=%2F%2Fvar%2Frun%2Fudev%2Fdata HTTP/1.1" 200 12427 "-" "Mozilla/5.0 AppleWebKit/537.36 (KHTML, like Gecko; compatible; ClaudeBot/1.0; +claudebot@anthropic.com)"
74.7.242.17 - - [01/Aug/2026:15:58:43 +0200] "GET /?fileloc=//sys/kernel/profiling&path=//sys/kernel HTTP/1.1" 200 12279 "https://tempokontrol.co.za/?path=//sys/kernel" "Mozilla/5.0 AppleWebKit/537.36 (KHTML, like Gecko; compatible; GPTBot/1.4; +https://openai.com/gptbot)"
