74.7.242.17 - - [01/Aug/2026:14:16:34 +0200] "GET /favicon.ico?fileloc=/home/tn/public_html/wp-content/themes/betheme/functions/builder/pre-built/images/96.png&path=/home/tn/public_html/wp-content/themes/betheme/functions/builder/pre-built/images HTTP/1.1" 200 25947 "https://tempokontrol.co.za/favicon.ico?path=/home/tn/public_html/wp-content/themes/betheme/functions/builder/pre-built/images" "Mozilla/5.0 AppleWebKit/537.36 (KHTML, like Gecko; compatible; GPTBot/1.4; +https://openai.com/gptbot)"
216.73.217.106 - - [01/Aug/2026:14:16:37 +0200] "GET /sitemap.xml?fileloc=%2F%2Fproc%2F1307%2Fmem&path=%2F%2Fproc%2F1307 HTTP/1.1" 404 12269 "-" "Mozilla/5.0 AppleWebKit/537.36 (KHTML, like Gecko; compatible; ClaudeBot/1.0; +claudebot@anthropic.com)"
74.7.242.17 - - [01/Aug/2026:14:16:37 +0200] "GET /favicon.ico?fileloc=/home/tn/public_html/wp-content/themes/betheme/functions/builder/pre-built/images/21.png&path=/home/tn/public_html/wp-content/themes/betheme/functions/builder/pre-built/images HTTP/1.1" 200 42403 "https://tempokontrol.co.za/favicon.ico?path=/home/tn/public_html/wp-content/themes/betheme/functions/builder/pre-built/images" "Mozilla/5.0 AppleWebKit/537.36 (KHTML, like Gecko; compatible; GPTBot/1.4; +https://openai.com/gptbot)"
74.7.242.17 - - [01/Aug/2026:14:16:41 +0200] "GET /favicon.ico?fileloc=/home/tn/public_html/wp-content/themes/betheme/functions/builder/pre-built/images/33.png&path=/home/tn/public_html/wp-content/themes/betheme/functions/builder/pre-built/images HTTP/1.1" 200 29423 "https://tempokontrol.co.za/favicon.ico?path=/home/tn/public_html/wp-content/themes/betheme/functions/builder/pre-built/images" "Mozilla/5.0 AppleWebKit/537.36 (KHTML, like Gecko; compatible; GPTBot/1.4; +https://openai.com/gptbot)"
74.7.242.17 - - [01/Aug/2026:14:16:44 +0200] "GET /favicon.ico?fileloc=/home/tn/public_html/wp-content/themes/betheme/functions/builder/pre-built/images/34.png&path=/home/tn/public_html/wp-content/themes/betheme/functions/builder/pre-built/images HTTP/1.1" 200 28430 "https://tempokontrol.co.za/favicon.ico?path=/home/tn/public_html/wp-content/themes/betheme/functions/builder/pre-built/images" "Mozilla/5.0 AppleWebKit/537.36 (KHTML, like Gecko; compatible; GPTBot/1.4; +https://openai.com/gptbot)"
74.7.242.17 - - [01/Aug/2026:14:16:47 +0200] "GET /favicon.ico?fileloc=/home/tn/public_html/wp-content/themes/betheme/functions/builder/pre-built/images/20.png&path=/home/tn/public_html/wp-content/themes/betheme/functions/builder/pre-built/images HTTP/1.1" 200 43586 "https://tempokontrol.co.za/favicon.ico?path=/home/tn/public_html/wp-content/themes/betheme/functions/builder/pre-built/images" "Mozilla/5.0 AppleWebKit/537.36 (KHTML, like Gecko; compatible; GPTBot/1.4; +https://openai.com/gptbot)"
216.73.217.106 - - [01/Aug/2026:14:16:47 +0200] "GET /sitemap.xml?fileloc=%2Fhome%2Ftn%2Fpublic_html%2Fwp-includes%2Fblock-supports%2Fdimensions.php&path=%2Fhome%2Ftn%2Fpublic_html%2Fwp-includes%2Fblock-supports HTTP/1.1" 404 18538 "-" "Mozilla/5.0 AppleWebKit/537.36 (KHTML, like Gecko; compatible; ClaudeBot/1.0; +claudebot@anthropic.com)"
74.7.227.163 - - [01/Aug/2026:14:16:48 +0200] "GET /?path=//sys/class/net/eth0/device/net/eth0/device/net/eth0/subsystem/lo/subsystem/eth0/device/net/eth0/device/net/eth0/subsystem/lo HTTP/1.1" 404 55037 "https://www.tempokontrol.co.za/?path=//sys/class/net/eth0/device/net/eth0/device/net/eth0/subsystem/lo/subsystem/eth0/device/net/eth0/device/net/eth0/subsystem" "Mozilla/5.0 AppleWebKit/537.36 (KHTML, like Gecko; compatible; GPTBot/1.4; +https://openai.com/gptbot)"
74.7.242.17 - - [01/Aug/2026:14:16:50 +0200] "GET /favicon.ico?fileloc=/home/tn/public_html/wp-content/themes/betheme/functions/builder/pre-built/images/37.png&path=/home/tn/public_html/wp-content/themes/betheme/functions/builder/pre-built/images HTTP/1.1" 200 33692 "https://tempokontrol.co.za/favicon.ico?path=/home/tn/public_html/wp-content/themes/betheme/functions/builder/pre-built/images" "Mozilla/5.0 AppleWebKit/537.36 (KHTML, like Gecko; compatible; GPTBot/1.4; +https://openai.com/gptbot)"
74.7.242.17 - - [01/Aug/2026:14:16:53 +0200] "GET /favicon.ico?fileloc=/home/tn/public_html/wp-content/themes/betheme/functions/builder/pre-built/images/11.png&path=/home/tn/public_html/wp-content/themes/betheme/functions/builder/pre-built/images HTTP/1.1" 200 33538 "https://tempokontrol.co.za/favicon.ico?path=/home/tn/public_html/wp-content/themes/betheme/functions/builder/pre-built/images" "Mozilla/5.0 AppleWebKit/537.36 (KHTML, like Gecko; compatible; GPTBot/1.4; +https://openai.com/gptbot)"
74.7.242.17 - - [01/Aug/2026:14:16:56 +0200] "GET /favicon.ico?fileloc=/home/tn/public_html/wp-content/themes/betheme/functions/builder/pre-built/images/86.png&path=/home/tn/public_html/wp-content/themes/betheme/functions/builder/pre-built/images HTTP/1.1" 200 146778 "https://tempokontrol.co.za/favicon.ico?path=/home/tn/public_html/wp-content/themes/betheme/functions/builder/pre-built/images" "Mozilla/5.0 AppleWebKit/537.36 (KHTML, like Gecko; compatible; GPTBot/1.4; +https://openai.com/gptbot)"
216.73.217.106 - - [01/Aug/2026:14:16:57 +0200] "GET /sitemap.xml?fileloc=%2Fhome%2Ftn%2Fpublic_html%2Fwp-includes%2Fblocks%2Fpost-navigation-link%2Fstyle-rtl.min.css&path=%2Fhome%2Ftn%2Fpublic_html%2Fwp-includes%2Fblocks%2Fpost-navigation-link HTTP/1.1" 404 13289 "-" "Mozilla/5.0 AppleWebKit/537.36 (KHTML, like Gecko; compatible; ClaudeBot/1.0; +claudebot@anthropic.com)"
74.7.242.17 - - [01/Aug/2026:14:16:59 +0200] "GET /favicon.ico?fileloc=/home/tn/public_html/wp-content/themes/betheme/functions/builder/pre-built/images/90.png&path=/home/tn/public_html/wp-content/themes/betheme/functions/builder/pre-built/images HTTP/1.1" 200 21090 "https://tempokontrol.co.za/favicon.ico?path=/home/tn/public_html/wp-content/themes/betheme/functions/builder/pre-built/images" "Mozilla/5.0 AppleWebKit/537.36 (KHTML, like Gecko; compatible; GPTBot/1.4; +https://openai.com/gptbot)"
74.7.242.17 - - [01/Aug/2026:14:17:02 +0200] "GET /favicon.ico?fileloc=/home/tn/public_html/wp-content/themes/betheme/functions/builder/pre-built/images/72.png&path=/home/tn/public_html/wp-content/themes/betheme/functions/builder/pre-built/images HTTP/1.1" 200 22589 "https://tempokontrol.co.za/favicon.ico?path=/home/tn/public_html/wp-content/themes/betheme/functions/builder/pre-built/images" "Mozilla/5.0 AppleWebKit/537.36 (KHTML, like Gecko; compatible; GPTBot/1.4; +https://openai.com/gptbot)"
74.7.242.17 - - [01/Aug/2026:14:17:06 +0200] "GET /favicon.ico?fileloc=/home/tn/public_html/wp-content/themes/betheme/functions/builder/pre-built/images/64.png&path=/home/tn/public_html/wp-content/themes/betheme/functions/builder/pre-built/images HTTP/1.1" 200 28023 "https://tempokontrol.co.za/favicon.ico?path=/home/tn/public_html/wp-content/themes/betheme/functions/builder/pre-built/images" "Mozilla/5.0 AppleWebKit/537.36 (KHTML, like Gecko; compatible; GPTBot/1.4; +https://openai.com/gptbot)"
216.73.217.106 - - [01/Aug/2026:14:17:07 +0200] "GET /sitemap.xml?fileloc=%2F%2Fproc%2F1363%2Fmaps&path=%2F%2Fproc%2F1363 HTTP/1.1" 404 12270 "-" "Mozilla/5.0 AppleWebKit/537.36 (KHTML, like Gecko; compatible; ClaudeBot/1.0; +claudebot@anthropic.com)"
74.7.242.17 - - [01/Aug/2026:14:17:09 +0200] "GET /favicon.ico?fileloc=/home/tn/public_html/wp-content/themes/betheme/functions/builder/pre-built/images/79.png&path=/home/tn/public_html/wp-content/themes/betheme/functions/builder/pre-built/images HTTP/1.1" 200 24217 "https://tempokontrol.co.za/favicon.ico?path=/home/tn/public_html/wp-content/themes/betheme/functions/builder/pre-built/images" "Mozilla/5.0 AppleWebKit/537.36 (KHTML, like Gecko; compatible; GPTBot/1.4; +https://openai.com/gptbot)"
74.7.242.17 - - [01/Aug/2026:14:17:12 +0200] "GET /favicon.ico?fileloc=/home/tn/public_html/wp-content/themes/betheme/functions/builder/pre-built/images/49.png&path=/home/tn/public_html/wp-content/themes/betheme/functions/builder/pre-built/images HTTP/1.1" 200 24593 "https://tempokontrol.co.za/favicon.ico?path=/home/tn/public_html/wp-content/themes/betheme/functions/builder/pre-built/images" "Mozilla/5.0 AppleWebKit/537.36 (KHTML, like Gecko; compatible; GPTBot/1.4; +https://openai.com/gptbot)"
74.7.242.17 - - [01/Aug/2026:14:17:15 +0200] "GET /favicon.ico?fileloc=/home/tn/public_html/wp-content/themes/betheme/functions/builder/pre-built/images/35.png&path=/home/tn/public_html/wp-content/themes/betheme/functions/builder/pre-built/images HTTP/1.1" 200 37548 "https://tempokontrol.co.za/favicon.ico?path=/home/tn/public_html/wp-content/themes/betheme/functions/builder/pre-built/images" "Mozilla/5.0 AppleWebKit/537.36 (KHTML, like Gecko; compatible; GPTBot/1.4; +https://openai.com/gptbot)"
216.73.217.106 - - [01/Aug/2026:14:17:17 +0200] "GET /sitemap.xml?fileloc=%2Fhome%2Ftn%2Fpublic_html%2Fwp-includes%2Fblock-supports%2Fcustom-classname.php&path=%2Fhome%2Ftn%2Fpublic_html%2Fwp-includes%2Fblock-supports HTTP/1.1" 404 14359 "-" "Mozilla/5.0 AppleWebKit/537.36 (KHTML, like Gecko; compatible; ClaudeBot/1.0; +claudebot@anthropic.com)"
74.7.242.17 - - [01/Aug/2026:14:17:18 +0200] "GET /favicon.ico?fileloc=/home/tn/public_html/wp-content/themes/betheme/functions/builder/pre-built/images/65.png&path=/home/tn/public_html/wp-content/themes/betheme/functions/builder/pre-built/images HTTP/1.1" 200 20611 "https://tempokontrol.co.za/favicon.ico?path=/home/tn/public_html/wp-content/themes/betheme/functions/builder/pre-built/images" "Mozilla/5.0 AppleWebKit/537.36 (KHTML, like Gecko; compatible; GPTBot/1.4; +https://openai.com/gptbot)"
74.7.242.17 - - [01/Aug/2026:14:17:21 +0200] "GET /favicon.ico?fileloc=/home/tn/public_html/wp-content/themes/betheme/functions/builder/pre-built/images/42.png&path=/home/tn/public_html/wp-content/themes/betheme/functions/builder/pre-built/images HTTP/1.1" 200 33230 "https://tempokontrol.co.za/favicon.ico?path=/home/tn/public_html/wp-content/themes/betheme/functions/builder/pre-built/images" "Mozilla/5.0 AppleWebKit/537.36 (KHTML, like Gecko; compatible; GPTBot/1.4; +https://openai.com/gptbot)"
74.7.242.17 - - [01/Aug/2026:14:17:24 +0200] "GET /favicon.ico?fileloc=/home/tn/public_html/wp-content/themes/betheme/functions/builder/pre-built/images/97.png&path=/home/tn/public_html/wp-content/themes/betheme/functions/builder/pre-built/images HTTP/1.1" 200 19133 "https://tempokontrol.co.za/favicon.ico?path=/home/tn/public_html/wp-content/themes/betheme/functions/builder/pre-built/images" "Mozilla/5.0 AppleWebKit/537.36 (KHTML, like Gecko; compatible; GPTBot/1.4; +https://openai.com/gptbot)"
192.178.6.102 - - [01/Aug/2026:14:17:26 +0200] "GET /?q=h2o1m0o9d4y0n7a2m8i2c0 HTTP/1.1" 404 53044 "-" "Mozilla/5.0 (Linux; Android 6.0.1; Nexus 5X Build/MMB29P) AppleWebKit/537.36 (KHTML, like Gecko) Chrome/150.0.7871.186 Mobile Safari/537.36 (compatible; Googlebot/2.1; +http://www.google.com/bot.html)"
74.7.242.17 - - [01/Aug/2026:14:17:27 +0200] "GET /favicon.ico?fileloc=/home/tn/public_html/wp-content/themes/betheme/functions/builder/pre-built/images/12.png&path=/home/tn/public_html/wp-content/themes/betheme/functions/builder/pre-built/images HTTP/1.1" 200 25969 "https://tempokontrol.co.za/favicon.ico?path=/home/tn/public_html/wp-content/themes/betheme/functions/builder/pre-built/images" "Mozilla/5.0 AppleWebKit/537.36 (KHTML, like Gecko; compatible; GPTBot/1.4; +https://openai.com/gptbot)"
216.73.217.106 - - [01/Aug/2026:14:17:27 +0200] "GET /sitemap.xml?fileloc=%2F%2Fproc%2F74%2Fpagemap&path=%2F%2Fproc%2F74 HTTP/1.1" 200 12267 "-" "Mozilla/5.0 AppleWebKit/537.36 (KHTML, like Gecko; compatible; ClaudeBot/1.0; +claudebot@anthropic.com)"
74.7.242.17 - - [01/Aug/2026:14:17:30 +0200] "GET /favicon.ico?fileloc=/home/tn/public_html/wp-content/themes/betheme/functions/builder/pre-built/images/30.png&path=/home/tn/public_html/wp-content/themes/betheme/functions/builder/pre-built/images HTTP/1.1" 200 14294 "https://tempokontrol.co.za/favicon.ico?path=/home/tn/public_html/wp-content/themes/betheme/functions/builder/pre-built/images" "Mozilla/5.0 AppleWebKit/537.36 (KHTML, like Gecko; compatible; GPTBot/1.4; +https://openai.com/gptbot)"
74.7.242.17 - - [01/Aug/2026:14:17:33 +0200] "GET /favicon.ico?fileloc=/home/tn/public_html/wp-content/themes/betheme/functions/builder/pre-built/images/71.png&path=/home/tn/public_html/wp-content/themes/betheme/functions/builder/pre-built/images HTTP/1.1" 200 25873 "https://tempokontrol.co.za/favicon.ico?path=/home/tn/public_html/wp-content/themes/betheme/functions/builder/pre-built/images" "Mozilla/5.0 AppleWebKit/537.36 (KHTML, like Gecko; compatible; GPTBot/1.4; +https://openai.com/gptbot)"
74.7.242.17 - - [01/Aug/2026:14:17:37 +0200] "GET /favicon.ico?fileloc=/home/tn/public_html/wp-content/themes/betheme/functions/builder/pre-built/images/48.png&path=/home/tn/public_html/wp-content/themes/betheme/functions/builder/pre-built/images HTTP/1.1" 200 39876 "https://tempokontrol.co.za/favicon.ico?path=/home/tn/public_html/wp-content/themes/betheme/functions/builder/pre-built/images" "Mozilla/5.0 AppleWebKit/537.36 (KHTML, like Gecko; compatible; GPTBot/1.4; +https://openai.com/gptbot)"
216.73.217.106 - - [01/Aug/2026:14:17:39 +0200] "GET /sitemap.xml?fileloc=%2F%2Fproc%2F1382%2Foom_score&path=%2F%2Fproc%2F1382 HTTP/1.1" 404 12279 "-" "Mozilla/5.0 AppleWebKit/537.36 (KHTML, like Gecko; compatible; ClaudeBot/1.0; +claudebot@anthropic.com)"
74.7.227.163 - - [01/Aug/2026:14:17:39 +0200] "GET /?fileloc=//sys/class/net/eth0/device/net/eth0/subsystem/eth0/device/channels/23/pending&path=//sys/class/net/eth0/device/net/eth0/subsystem/eth0/device/channels/23 HTTP/1.1" 404 13023 "https://www.tempokontrol.co.za/?path=//sys/class/net/eth0/device/net/eth0/subsystem/eth0/device/channels/23" "Mozilla/5.0 AppleWebKit/537.36 (KHTML, like Gecko; compatible; GPTBot/1.4; +https://openai.com/gptbot)"
74.7.242.17 - - [01/Aug/2026:14:17:40 +0200] "GET /favicon.ico?fileloc=/home/tn/public_html/wp-content/themes/betheme/functions/builder/pre-built/images/22.png&path=/home/tn/public_html/wp-content/themes/betheme/functions/builder/pre-built/images HTTP/1.1" 200 46555 "https://tempokontrol.co.za/favicon.ico?path=/home/tn/public_html/wp-content/themes/betheme/functions/builder/pre-built/images" "Mozilla/5.0 AppleWebKit/537.36 (KHTML, like Gecko; compatible; GPTBot/1.4; +https://openai.com/gptbot)"
74.7.242.17 - - [01/Aug/2026:14:17:43 +0200] "GET /favicon.ico?fileloc=/home/tn/public_html/wp-content/themes/betheme/functions/builder/pre-built/images/63.png&path=/home/tn/public_html/wp-content/themes/betheme/functions/builder/pre-built/images HTTP/1.1" 200 36284 "https://tempokontrol.co.za/favicon.ico?path=/home/tn/public_html/wp-content/themes/betheme/functions/builder/pre-built/images" "Mozilla/5.0 AppleWebKit/537.36 (KHTML, like Gecko; compatible; GPTBot/1.4; +https://openai.com/gptbot)"
74.7.242.17 - - [01/Aug/2026:14:17:46 +0200] "GET /favicon.ico?fileloc=/home/tn/public_html/wp-content/themes/betheme/functions/builder/pre-built/images/78.png&path=/home/tn/public_html/wp-content/themes/betheme/functions/builder/pre-built/images HTTP/1.1" 200 35494 "https://tempokontrol.co.za/favicon.ico?path=/home/tn/public_html/wp-content/themes/betheme/functions/builder/pre-built/images" "Mozilla/5.0 AppleWebKit/537.36 (KHTML, like Gecko; compatible; GPTBot/1.4; +https://openai.com/gptbot)"
216.73.217.106 - - [01/Aug/2026:14:17:47 +0200] "GET /sitemap.xml?fileloc=%2F%2Fvar%2Frun%2Fudev%2Fdata%2Fc7%3A66&path=%2F%2Fvar%2Frun%2Fudev%2Fdata HTTP/1.1" 404 12359 "-" "Mozilla/5.0 AppleWebKit/537.36 (KHTML, like Gecko; compatible; ClaudeBot/1.0; +claudebot@anthropic.com)"
74.7.242.17 - - [01/Aug/2026:14:17:49 +0200] "GET /favicon.ico?fileloc=/home/tn/public_html/wp-content/themes/betheme/functions/builder/pre-built/images/66.png&path=/home/tn/public_html/wp-content/themes/betheme/functions/builder/pre-built/images HTTP/1.1" 200 34416 "https://tempokontrol.co.za/favicon.ico?path=/home/tn/public_html/wp-content/themes/betheme/functions/builder/pre-built/images" "Mozilla/5.0 AppleWebKit/537.36 (KHTML, like Gecko; compatible; GPTBot/1.4; +https://openai.com/gptbot)"
74.7.242.17 - - [01/Aug/2026:14:17:52 +0200] "GET /favicon.ico?fileloc=/home/tn/public_html/wp-content/themes/betheme/functions/builder/pre-built/images/50.png&path=/home/tn/public_html/wp-content/themes/betheme/functions/builder/pre-built/images HTTP/1.1" 200 38465 "https://tempokontrol.co.za/favicon.ico?path=/home/tn/public_html/wp-content/themes/betheme/functions/builder/pre-built/images" "Mozilla/5.0 AppleWebKit/537.36 (KHTML, like Gecko; compatible; GPTBot/1.4; +https://openai.com/gptbot)"
74.7.242.17 - - [01/Aug/2026:14:17:55 +0200] "GET /favicon.ico?fileloc=/home/tn/public_html/wp-content/themes/betheme/functions/builder/pre-built/images/75.png&path=/home/tn/public_html/wp-content/themes/betheme/functions/builder/pre-built/images HTTP/1.1" 200 37607 "https://tempokontrol.co.za/favicon.ico?path=/home/tn/public_html/wp-content/themes/betheme/functions/builder/pre-built/images" "Mozilla/5.0 AppleWebKit/537.36 (KHTML, like Gecko; compatible; GPTBot/1.4; +https://openai.com/gptbot)"
216.73.217.106 - - [01/Aug/2026:14:17:57 +0200] "GET /sitemap.xml?fileloc=%2F%2Fvar%2Frun%2Fudev%2Fdata%2Fc246%3A5&path=%2F%2Fvar%2Frun%2Fudev%2Fdata HTTP/1.1" 404 12360 "-" "Mozilla/5.0 AppleWebKit/537.36 (KHTML, like Gecko; compatible; ClaudeBot/1.0; +claudebot@anthropic.com)"
74.7.242.17 - - [01/Aug/2026:14:17:58 +0200] "GET /favicon.ico?fileloc=/home/tn/public_html/wp-content/themes/betheme/functions/builder/pre-built/images/14.png&path=/home/tn/public_html/wp-content/themes/betheme/functions/builder/pre-built/images HTTP/1.1" 200 27927 "https://tempokontrol.co.za/favicon.ico?path=/home/tn/public_html/wp-content/themes/betheme/functions/builder/pre-built/images" "Mozilla/5.0 AppleWebKit/537.36 (KHTML, like Gecko; compatible; GPTBot/1.4; +https://openai.com/gptbot)"
74.7.242.17 - - [01/Aug/2026:14:18:02 +0200] "GET /favicon.ico?fileloc=/home/tn/public_html/wp-content/themes/betheme/functions/builder/pre-built/images/88.png&path=/home/tn/public_html/wp-content/themes/betheme/functions/builder/pre-built/images HTTP/1.1" 200 35996 "https://tempokontrol.co.za/favicon.ico?path=/home/tn/public_html/wp-content/themes/betheme/functions/builder/pre-built/images" "Mozilla/5.0 AppleWebKit/537.36 (KHTML, like Gecko; compatible; GPTBot/1.4; +https://openai.com/gptbot)"
74.7.242.17 - - [01/Aug/2026:14:18:05 +0200] "GET /favicon.ico?fileloc=/home/tn/public_html/wp-content/themes/betheme/functions/builder/pre-built/images/74.png&path=/home/tn/public_html/wp-content/themes/betheme/functions/builder/pre-built/images HTTP/1.1" 200 37554 "https://tempokontrol.co.za/favicon.ico?path=/home/tn/public_html/wp-content/themes/betheme/functions/builder/pre-built/images" "Mozilla/5.0 AppleWebKit/537.36 (KHTML, like Gecko; compatible; GPTBot/1.4; +https://openai.com/gptbot)"
74.7.242.17 - - [01/Aug/2026:14:18:08 +0200] "GET /favicon.ico?fileloc=/home/tn/public_html/wp-content/themes/betheme/functions/builder/pre-built/images/67.png&path=/home/tn/public_html/wp-content/themes/betheme/functions/builder/pre-built/images HTTP/1.1" 200 28758 "https://tempokontrol.co.za/favicon.ico?path=/home/tn/public_html/wp-content/themes/betheme/functions/builder/pre-built/images" "Mozilla/5.0 AppleWebKit/537.36 (KHTML, like Gecko; compatible; GPTBot/1.4; +https://openai.com/gptbot)"
216.73.217.106 - - [01/Aug/2026:14:18:09 +0200] "GET /sitemap.xml?fileloc=%2F%2Fsys%2Fdev%2Fblock%2F8%3A240%2Fsubsystem%2Fsdj%2Fro&path=%2F%2Fsys%2Fdev%2Fblock%2F8%3A240%2Fsubsystem%2Fsdj HTTP/1.1" 404 12501 "-" "Mozilla/5.0 AppleWebKit/537.36 (KHTML, like Gecko; compatible; ClaudeBot/1.0; +claudebot@anthropic.com)"
74.7.242.17 - - [01/Aug/2026:14:18:11 +0200] "GET /favicon.ico?fileloc=/home/tn/public_html/wp-content/themes/betheme/functions/builder/pre-built/images/87.png&path=/home/tn/public_html/wp-content/themes/betheme/functions/builder/pre-built/images HTTP/1.1" 200 142179 "https://tempokontrol.co.za/favicon.ico?path=/home/tn/public_html/wp-content/themes/betheme/functions/builder/pre-built/images" "Mozilla/5.0 AppleWebKit/537.36 (KHTML, like Gecko; compatible; GPTBot/1.4; +https://openai.com/gptbot)"
74.7.242.17 - - [01/Aug/2026:14:18:14 +0200] "GET /favicon.ico?fileloc=/home/tn/public_html/wp-content/themes/betheme/functions/builder/pre-built/images/26.png&path=/home/tn/public_html/wp-content/themes/betheme/functions/builder/pre-built/images HTTP/1.1" 200 40858 "https://tempokontrol.co.za/favicon.ico?path=/home/tn/public_html/wp-content/themes/betheme/functions/builder/pre-built/images" "Mozilla/5.0 AppleWebKit/537.36 (KHTML, like Gecko; compatible; GPTBot/1.4; +https://openai.com/gptbot)"
74.7.242.17 - - [01/Aug/2026:14:18:18 +0200] "GET /favicon.ico?fileloc=/home/tn/public_html/wp-content/themes/betheme/functions/builder/pre-built/images/19.png&path=/home/tn/public_html/wp-content/themes/betheme/functions/builder/pre-built/images HTTP/1.1" 200 38651 "https://tempokontrol.co.za/favicon.ico?path=/home/tn/public_html/wp-content/themes/betheme/functions/builder/pre-built/images" "Mozilla/5.0 AppleWebKit/537.36 (KHTML, like Gecko; compatible; GPTBot/1.4; +https://openai.com/gptbot)"
216.73.217.106 - - [01/Aug/2026:14:18:19 +0200] "GET /sitemap.xml?fileloc=%2Fhome%2Ftn%2Fwww%2Fwp-includes%2Fblocks%2Fpost-excerpt.php&path=%2Fhome%2Ftn%2Fwww%2Fwp-includes%2Fblocks HTTP/1.1" 404 17344 "-" "Mozilla/5.0 AppleWebKit/537.36 (KHTML, like Gecko; compatible; ClaudeBot/1.0; +claudebot@anthropic.com)"
74.7.242.17 - - [01/Aug/2026:14:18:21 +0200] "GET /favicon.ico?fileloc=/home/tn/public_html/wp-content/themes/betheme/functions/builder/pre-built/images/81.png&path=/home/tn/public_html/wp-content/themes/betheme/functions/builder/pre-built/images HTTP/1.1" 200 44255 "https://tempokontrol.co.za/favicon.ico?path=/home/tn/public_html/wp-content/themes/betheme/functions/builder/pre-built/images" "Mozilla/5.0 AppleWebKit/537.36 (KHTML, like Gecko; compatible; GPTBot/1.4; +https://openai.com/gptbot)"
74.7.242.17 - - [01/Aug/2026:14:18:24 +0200] "GET /favicon.ico?fileloc=/home/tn/public_html/wp-content/themes/betheme/functions/builder/pre-built/images/44.png&path=/home/tn/public_html/wp-content/themes/betheme/functions/builder/pre-built/images HTTP/1.1" 200 29695 "https://tempokontrol.co.za/favicon.ico?path=/home/tn/public_html/wp-content/themes/betheme/functions/builder/pre-built/images" "Mozilla/5.0 AppleWebKit/537.36 (KHTML, like Gecko; compatible; GPTBot/1.4; +https://openai.com/gptbot)"
74.7.242.17 - - [01/Aug/2026:14:18:27 +0200] "GET /favicon.ico?fileloc=/home/tn/public_html/wp-content/themes/betheme/functions/builder/pre-built/images/82.png&path=/home/tn/public_html/wp-content/themes/betheme/functions/builder/pre-built/images HTTP/1.1" 200 21004 "https://tempokontrol.co.za/favicon.ico?path=/home/tn/public_html/wp-content/themes/betheme/functions/builder/pre-built/images" "Mozilla/5.0 AppleWebKit/537.36 (KHTML, like Gecko; compatible; GPTBot/1.4; +https://openai.com/gptbot)"
216.73.217.106 - - [01/Aug/2026:14:18:29 +0200] "GET /sitemap.xml?fileloc=%2F%2Fvar%2Fsoftaculous%2Fwebtrees%2Finstall.xml&path=%2F%2Fvar%2Fsoftaculous%2Fwebtrees HTTP/1.1" 404 16369 "-" "Mozilla/5.0 AppleWebKit/537.36 (KHTML, like Gecko; compatible; ClaudeBot/1.0; +claudebot@anthropic.com)"
74.7.242.17 - - [01/Aug/2026:14:18:30 +0200] "GET /favicon.ico?fileloc=/home/tn/public_html/wp-content/themes/betheme/functions/builder/pre-built/images/27.png&path=/home/tn/public_html/wp-content/themes/betheme/functions/builder/pre-built/images HTTP/1.1" 200 26313 "https://tempokontrol.co.za/favicon.ico?path=/home/tn/public_html/wp-content/themes/betheme/functions/builder/pre-built/images" "Mozilla/5.0 AppleWebKit/537.36 (KHTML, like Gecko; compatible; GPTBot/1.4; +https://openai.com/gptbot)"
74.7.227.163 - - [01/Aug/2026:14:18:30 +0200] "GET /?fileloc=//sys/class/net/eth0/device/net/eth0/subsystem/eth0/device/channels/21/events&path=//sys/class/net/eth0/device/net/eth0/subsystem/eth0/device/channels/21 HTTP/1.1" 404 13022 "https://www.tempokontrol.co.za/?path=//sys/class/net/eth0/device/net/eth0/subsystem/eth0/device/channels/21" "Mozilla/5.0 AppleWebKit/537.36 (KHTML, like Gecko; compatible; GPTBot/1.4; +https://openai.com/gptbot)"
74.7.242.17 - - [01/Aug/2026:14:18:33 +0200] "GET /favicon.ico?fileloc=/home/tn/public_html/wp-content/themes/betheme/functions/builder/pre-built/images/29.png&path=/home/tn/public_html/wp-content/themes/betheme/functions/builder/pre-built/images HTTP/1.1" 200 34304 "https://tempokontrol.co.za/favicon.ico?path=/home/tn/public_html/wp-content/themes/betheme/functions/builder/pre-built/images" "Mozilla/5.0 AppleWebKit/537.36 (KHTML, like Gecko; compatible; GPTBot/1.4; +https://openai.com/gptbot)"
74.7.242.17 - - [01/Aug/2026:14:18:37 +0200] "GET /favicon.ico?fileloc=/home/tn/public_html/wp-content/themes/betheme/functions/builder/pre-built/images/98.png&path=/home/tn/public_html/wp-content/themes/betheme/functions/builder/pre-built/images HTTP/1.1" 200 15060 "https://tempokontrol.co.za/favicon.ico?path=/home/tn/public_html/wp-content/themes/betheme/functions/builder/pre-built/images" "Mozilla/5.0 AppleWebKit/537.36 (KHTML, like Gecko; compatible; GPTBot/1.4; +https://openai.com/gptbot)"
74.7.242.17 - - [01/Aug/2026:14:18:40 +0200] "GET /favicon.ico?fileloc=/home/tn/public_html/wp-content/themes/betheme/functions/builder/pre-built/images/24.png&path=/home/tn/public_html/wp-content/themes/betheme/functions/builder/pre-built/images HTTP/1.1" 200 46669 "https://tempokontrol.co.za/favicon.ico?path=/home/tn/public_html/wp-content/themes/betheme/functions/builder/pre-built/images" "Mozilla/5.0 AppleWebKit/537.36 (KHTML, like Gecko; compatible; GPTBot/1.4; +https://openai.com/gptbot)"
216.73.217.106 - - [01/Aug/2026:14:18:39 +0200] "GET /sitemap.xml?fileloc=%2Fhome%2Ftn%2Fpublic_html%2Fwp-includes%2Fsodium_compat%2Fsrc%2FCore%2FAEGIS%2FState128L.php&path=%2Fhome%2Ftn%2Fpublic_html%2Fwp-includes%2Fsodium_compat%2Fsrc%2FCore%2FAEGIS HTTP/1.1" 404 21487 "-" "Mozilla/5.0 AppleWebKit/537.36 (KHTML, like Gecko; compatible; ClaudeBot/1.0; +claudebot@anthropic.com)"
74.7.242.17 - - [01/Aug/2026:14:18:43 +0200] "GET /favicon.ico?fileloc=/home/tn/public_html/wp-content/themes/betheme/functions/builder/pre-built/images/59.png&path=/home/tn/public_html/wp-content/themes/betheme/functions/builder/pre-built/images HTTP/1.1" 200 45978 "https://tempokontrol.co.za/favicon.ico?path=/home/tn/public_html/wp-content/themes/betheme/functions/builder/pre-built/images" "Mozilla/5.0 AppleWebKit/537.36 (KHTML, like Gecko; compatible; GPTBot/1.4; +https://openai.com/gptbot)"
74.7.242.17 - - [01/Aug/2026:14:18:46 +0200] "GET /favicon.ico?fileloc=/home/tn/public_html/wp-content/themes/betheme/functions/builder/pre-built/images/77.png&path=/home/tn/public_html/wp-content/themes/betheme/functions/builder/pre-built/images HTTP/1.1" 200 39103 "https://tempokontrol.co.za/favicon.ico?path=/home/tn/public_html/wp-content/themes/betheme/functions/builder/pre-built/images" "Mozilla/5.0 AppleWebKit/537.36 (KHTML, like Gecko; compatible; GPTBot/1.4; +https://openai.com/gptbot)"
74.7.242.17 - - [01/Aug/2026:14:18:49 +0200] "GET /favicon.ico?fileloc=/home/tn/public_html/wp-content/themes/betheme/functions/builder/pre-built/images/16.png&path=/home/tn/public_html/wp-content/themes/betheme/functions/builder/pre-built/images HTTP/1.1" 200 38625 "https://tempokontrol.co.za/favicon.ico?path=/home/tn/public_html/wp-content/themes/betheme/functions/builder/pre-built/images" "Mozilla/5.0 AppleWebKit/537.36 (KHTML, like Gecko; compatible; GPTBot/1.4; +https://openai.com/gptbot)"
216.73.217.106 - - [01/Aug/2026:14:18:49 +0200] "GET /sitemap.xml?fileloc=%2F%2Fsys%2Fbus%2Fscsi%2Fuevent&path=%2F%2Fsys%2Fbus%2Fscsi HTTP/1.1" 404 12310 "-" "Mozilla/5.0 AppleWebKit/537.36 (KHTML, like Gecko; compatible; ClaudeBot/1.0; +claudebot@anthropic.com)"
74.7.242.17 - - [01/Aug/2026:14:18:52 +0200] "GET /favicon.ico?fileloc=/home/tn/public_html/wp-content/themes/betheme/functions/builder/pre-built/images/55.png&path=/home/tn/public_html/wp-content/themes/betheme/functions/builder/pre-built/images HTTP/1.1" 200 39901 "https://tempokontrol.co.za/favicon.ico?path=/home/tn/public_html/wp-content/themes/betheme/functions/builder/pre-built/images" "Mozilla/5.0 AppleWebKit/537.36 (KHTML, like Gecko; compatible; GPTBot/1.4; +https://openai.com/gptbot)"
74.7.242.17 - - [01/Aug/2026:14:18:56 +0200] "GET /favicon.ico?fileloc=/home/tn/public_html/wp-content/themes/betheme/functions/builder/pre-built/images/41.png&path=/home/tn/public_html/wp-content/themes/betheme/functions/builder/pre-built/images HTTP/1.1" 200 56062 "https://tempokontrol.co.za/favicon.ico?path=/home/tn/public_html/wp-content/themes/betheme/functions/builder/pre-built/images" "Mozilla/5.0 AppleWebKit/537.36 (KHTML, like Gecko; compatible; GPTBot/1.4; +https://openai.com/gptbot)"
74.7.242.17 - - [01/Aug/2026:14:18:59 +0200] "GET /favicon.ico?fileloc=/home/tn/public_html/wp-content/themes/betheme/functions/builder/pre-built/images/38.png&path=/home/tn/public_html/wp-content/themes/betheme/functions/builder/pre-built/images HTTP/1.1" 200 23616 "https://tempokontrol.co.za/favicon.ico?path=/home/tn/public_html/wp-content/themes/betheme/functions/builder/pre-built/images" "Mozilla/5.0 AppleWebKit/537.36 (KHTML, like Gecko; compatible; GPTBot/1.4; +https://openai.com/gptbot)"
216.73.217.106 - - [01/Aug/2026:14:18:59 +0200] "GET /sitemap.xml?fileloc=%2F%2Fusr%2Flib%2Ffirmware%2FTAS2XXX38CD.bin.xz&path=%2F%2Fusr%2Flib%2Ffirmware HTTP/1.1" 404 20622 "-" "Mozilla/5.0 AppleWebKit/537.36 (KHTML, like Gecko; compatible; ClaudeBot/1.0; +claudebot@anthropic.com)"
32.199.137.246 - - [01/Aug/2026:14:19:03 +0200] "GET / HTTP/1.1" 400 52 "-" "Mozilla/5.0 (Windows NT 10.0; Win64; x64) AppleWebKit/537.36 (KHTML, like Gecko) Chrome/144.0.0.0 Safari/537.36"
74.7.242.17 - - [01/Aug/2026:14:19:02 +0200] "GET /favicon.ico?fileloc=/home/tn/public_html/wp-content/themes/betheme/functions/builder/pre-built/images/13.png&path=/home/tn/public_html/wp-content/themes/betheme/functions/builder/pre-built/images HTTP/1.1" 200 38713 "https://tempokontrol.co.za/favicon.ico?path=/home/tn/public_html/wp-content/themes/betheme/functions/builder/pre-built/images" "Mozilla/5.0 AppleWebKit/537.36 (KHTML, like Gecko; compatible; GPTBot/1.4; +https://openai.com/gptbot)"
74.7.242.17 - - [01/Aug/2026:14:19:05 +0200] "GET /favicon.ico?fileloc=/home/tn/public_html/wp-content/themes/betheme/functions/builder/pre-built/images/15.png&path=/home/tn/public_html/wp-content/themes/betheme/functions/builder/pre-built/images HTTP/1.1" 200 24674 "https://tempokontrol.co.za/favicon.ico?path=/home/tn/public_html/wp-content/themes/betheme/functions/builder/pre-built/images" "Mozilla/5.0 AppleWebKit/537.36 (KHTML, like Gecko; compatible; GPTBot/1.4; +https://openai.com/gptbot)"
74.7.242.17 - - [01/Aug/2026:14:19:08 +0200] "GET /favicon.ico?fileloc=/home/tn/public_html/wp-content/themes/betheme/functions/builder/pre-built/images/61.png&path=/home/tn/public_html/wp-content/themes/betheme/functions/builder/pre-built/images HTTP/1.1" 200 31183 "https://tempokontrol.co.za/favicon.ico?path=/home/tn/public_html/wp-content/themes/betheme/functions/builder/pre-built/images" "Mozilla/5.0 AppleWebKit/537.36 (KHTML, like Gecko; compatible; GPTBot/1.4; +https://openai.com/gptbot)"
40.77.167.132 - - [01/Aug/2026:14:19:10 +0200] "GET /stride/drengage/c9o9a9r3c6t7a8t7i1o2n HTTP/1.1" 404 53044 "-" "Mozilla/5.0 AppleWebKit/537.36 (KHTML, like Gecko; compatible; bingbot/2.0; +http://www.bing.com/bingbot.htm) Chrome/116.0.1938.76 Safari/537.36"
216.73.217.106 - - [01/Aug/2026:14:19:11 +0200] "GET /sitemap.xml?fileloc=%2Fhome%2Ftn%2Fwww%2Fwp-includes%2Fclass-wp-phpmailer.php&path=%2Fhome%2Ftn%2Fwww%2Fwp-includes HTTP/1.1" 404 17477 "-" "Mozilla/5.0 AppleWebKit/537.36 (KHTML, like Gecko; compatible; ClaudeBot/1.0; +claudebot@anthropic.com)"
74.7.242.17 - - [01/Aug/2026:14:19:12 +0200] "GET /favicon.ico?fileloc=/home/tn/public_html/wp-content/themes/betheme/functions/builder/pre-built/images/52.png&path=/home/tn/public_html/wp-content/themes/betheme/functions/builder/pre-built/images HTTP/1.1" 200 34923 "https://tempokontrol.co.za/favicon.ico?path=/home/tn/public_html/wp-content/themes/betheme/functions/builder/pre-built/images" "Mozilla/5.0 AppleWebKit/537.36 (KHTML, like Gecko; compatible; GPTBot/1.4; +https://openai.com/gptbot)"
74.7.242.17 - - [01/Aug/2026:14:19:15 +0200] "GET /favicon.ico?fileloc=/home/tn/public_html/wp-content/themes/betheme/functions/builder/pre-built/images/94.png&path=/home/tn/public_html/wp-content/themes/betheme/functions/builder/pre-built/images HTTP/1.1" 200 22835 "https://tempokontrol.co.za/favicon.ico?path=/home/tn/public_html/wp-content/themes/betheme/functions/builder/pre-built/images" "Mozilla/5.0 AppleWebKit/537.36 (KHTML, like Gecko; compatible; GPTBot/1.4; +https://openai.com/gptbot)"
74.7.242.17 - - [01/Aug/2026:14:19:18 +0200] "GET /favicon.ico?fileloc=/home/tn/public_html/wp-content/themes/betheme/functions/builder/pre-built/images/39.png&path=/home/tn/public_html/wp-content/themes/betheme/functions/builder/pre-built/images HTTP/1.1" 200 29932 "https://tempokontrol.co.za/favicon.ico?path=/home/tn/public_html/wp-content/themes/betheme/functions/builder/pre-built/images" "Mozilla/5.0 AppleWebKit/537.36 (KHTML, like Gecko; compatible; GPTBot/1.4; +https://openai.com/gptbot)"
216.73.217.106 - - [01/Aug/2026:14:19:20 +0200] "GET /sitemap.xml?fileloc=%2Fhome%2Ftn%2Fpublic_html%2Fwp-content%2Fplugins%2Fwp-file-manager%2Flib%2Findex.php&path=%2Fhome%2Ftn%2Fpublic_html%2Fwp-content%2Fplugins%2Fwp-file-manager%2Flib HTTP/1.1" 404 12677 "-" "Mozilla/5.0 AppleWebKit/537.36 (KHTML, like Gecko; compatible; ClaudeBot/1.0; +claudebot@anthropic.com)"
74.7.242.17 - - [01/Aug/2026:14:19:21 +0200] "GET /favicon.ico?fileloc=/home/tn/public_html/wp-content/themes/betheme/functions/builder/pre-built/images/57.png&path=/home/tn/public_html/wp-content/themes/betheme/functions/builder/pre-built/images HTTP/1.1" 200 30904 "https://tempokontrol.co.za/favicon.ico?path=/home/tn/public_html/wp-content/themes/betheme/functions/builder/pre-built/images" "Mozilla/5.0 AppleWebKit/537.36 (KHTML, like Gecko; compatible; GPTBot/1.4; +https://openai.com/gptbot)"
74.7.227.163 - - [01/Aug/2026:14:19:23 +0200] "GET /?fileloc=//sys/class/net/eth0/device/net/eth0/subsystem/eth0/device/channels/15/pending&path=//sys/class/net/eth0/device/net/eth0/subsystem/eth0/device/channels/15 HTTP/1.1" 404 13023 "https://www.tempokontrol.co.za/?path=//sys/class/net/eth0/device/net/eth0/subsystem/eth0/device/channels/15" "Mozilla/5.0 AppleWebKit/537.36 (KHTML, like Gecko; compatible; GPTBot/1.4; +https://openai.com/gptbot)"
74.7.242.17 - - [01/Aug/2026:14:19:24 +0200] "GET /favicon.ico?fileloc=/home/tn/public_html/wp-content/themes/betheme/functions/builder/pre-built/images/32.png&path=/home/tn/public_html/wp-content/themes/betheme/functions/builder/pre-built/images HTTP/1.1" 200 28298 "https://tempokontrol.co.za/favicon.ico?path=/home/tn/public_html/wp-content/themes/betheme/functions/builder/pre-built/images" "Mozilla/5.0 AppleWebKit/537.36 (KHTML, like Gecko; compatible; GPTBot/1.4; +https://openai.com/gptbot)"
74.7.242.17 - - [01/Aug/2026:14:19:27 +0200] "GET /favicon.ico?fileloc=/home/tn/public_html/wp-content/themes/betheme/functions/builder/pre-built/images/99.png&path=/home/tn/public_html/wp-content/themes/betheme/functions/builder/pre-built/images HTTP/1.1" 200 19771 "https://tempokontrol.co.za/favicon.ico?path=/home/tn/public_html/wp-content/themes/betheme/functions/builder/pre-built/images" "Mozilla/5.0 AppleWebKit/537.36 (KHTML, like Gecko; compatible; GPTBot/1.4; +https://openai.com/gptbot)"
74.7.242.17 - - [01/Aug/2026:14:19:31 +0200] "GET /favicon.ico?fileloc=/home/tn/public_html/wp-content/themes/betheme/functions/builder/pre-built/images/40.png&path=/home/tn/public_html/wp-content/themes/betheme/functions/builder/pre-built/images HTTP/1.1" 200 84192 "https://tempokontrol.co.za/favicon.ico?path=/home/tn/public_html/wp-content/themes/betheme/functions/builder/pre-built/images" "Mozilla/5.0 AppleWebKit/537.36 (KHTML, like Gecko; compatible; GPTBot/1.4; +https://openai.com/gptbot)"
216.73.217.106 - - [01/Aug/2026:14:19:31 +0200] "GET /sitemap.xml?path=%2F%2Fsys%2Fdev%2Fchar%2F4%3A49%2Fsubsystem HTTP/1.1" 404 109339 "-" "Mozilla/5.0 AppleWebKit/537.36 (KHTML, like Gecko; compatible; ClaudeBot/1.0; +claudebot@anthropic.com)"
74.7.242.17 - - [01/Aug/2026:14:19:34 +0200] "GET /favicon.ico?fileloc=/home/tn/public_html/wp-content/themes/betheme/functions/builder/pre-built/images/58.png&path=/home/tn/public_html/wp-content/themes/betheme/functions/builder/pre-built/images HTTP/1.1" 200 30459 "https://tempokontrol.co.za/favicon.ico?path=/home/tn/public_html/wp-content/themes/betheme/functions/builder/pre-built/images" "Mozilla/5.0 AppleWebKit/537.36 (KHTML, like Gecko; compatible; GPTBot/1.4; +https://openai.com/gptbot)"
216.73.217.106 - - [01/Aug/2026:14:19:35 +0200] "GET /sitemap.xml?path=%2F%2Fetc%2Fwireplumber%2Fpolicy.lua.d HTTP/1.1" 404 12758 "-" "Mozilla/5.0 AppleWebKit/537.36 (KHTML, like Gecko; compatible; ClaudeBot/1.0; +claudebot@anthropic.com)"
74.7.242.17 - - [01/Aug/2026:14:19:37 +0200] "GET /favicon.ico?fileloc=/home/tn/public_html/wp-content/themes/betheme/functions/builder/pre-built/images/10.png&path=/home/tn/public_html/wp-content/themes/betheme/functions/builder/pre-built/images HTTP/1.1" 200 38103 "https://tempokontrol.co.za/favicon.ico?path=/home/tn/public_html/wp-content/themes/betheme/functions/builder/pre-built/images" "Mozilla/5.0 AppleWebKit/537.36 (KHTML, like Gecko; compatible; GPTBot/1.4; +https://openai.com/gptbot)"
216.73.217.106 - - [01/Aug/2026:14:19:37 +0200] "GET /sitemap.xml?fileloc=%2F%2Fsys%2Fkernel%2Fslab%2Fskbuff_fclone_cache%2Fobjects&path=%2F%2Fsys%2Fkernel%2Fslab%2Fskbuff_fclone_cache HTTP/1.1" 200 12421 "-" "Mozilla/5.0 AppleWebKit/537.36 (KHTML, like Gecko; compatible; ClaudeBot/1.0; +claudebot@anthropic.com)"
74.7.242.17 - - [01/Aug/2026:14:19:40 +0200] "GET /favicon.ico?fileloc=/home/tn/public_html/wp-content/themes/betheme/functions/builder/pre-built/images/92.png&path=/home/tn/public_html/wp-content/themes/betheme/functions/builder/pre-built/images HTTP/1.1" 200 22069 "https://tempokontrol.co.za/favicon.ico?path=/home/tn/public_html/wp-content/themes/betheme/functions/builder/pre-built/images" "Mozilla/5.0 AppleWebKit/537.36 (KHTML, like Gecko; compatible; GPTBot/1.4; +https://openai.com/gptbot)"
216.73.217.106 - - [01/Aug/2026:14:19:41 +0200] "GET /sitemap.xml?fileloc=%2F%2Fetc%2FImageMagick-6%2Ftype-windows.xml&path=%2F%2Fetc%2FImageMagick-6 HTTP/1.1" 404 32423 "-" "Mozilla/5.0 AppleWebKit/537.36 (KHTML, like Gecko; compatible; ClaudeBot/1.0; +claudebot@anthropic.com)"
74.7.242.17 - - [01/Aug/2026:14:19:43 +0200] "GET /favicon.ico?fileloc=/home/tn/public_html/wp-content/themes/betheme/functions/builder/pre-built/images/56.png&path=/home/tn/public_html/wp-content/themes/betheme/functions/builder/pre-built/images HTTP/1.1" 200 33262 "https://tempokontrol.co.za/favicon.ico?path=/home/tn/public_html/wp-content/themes/betheme/functions/builder/pre-built/images" "Mozilla/5.0 AppleWebKit/537.36 (KHTML, like Gecko; compatible; GPTBot/1.4; +https://openai.com/gptbot)"
216.73.217.106 - - [01/Aug/2026:14:19:44 +0200] "GET /sitemap.xml?fileloc=%2F%2Fsys%2Fkernel%2Fslab%2Fkey_jar%2Fdestroy_by_rcu&path=%2F%2Fsys%2Fkernel%2Fslab%2Fkey_jar HTTP/1.1" 404 12392 "-" "Mozilla/5.0 AppleWebKit/537.36 (KHTML, like Gecko; compatible; ClaudeBot/1.0; +claudebot@anthropic.com)"
74.7.242.17 - - [01/Aug/2026:14:19:46 +0200] "GET /favicon.ico?fileloc=/home/tn/public_html/wp-content/themes/betheme/functions/builder/pre-built/images/76.png&path=/home/tn/public_html/wp-content/themes/betheme/functions/builder/pre-built/images HTTP/1.1" 200 37985 "https://tempokontrol.co.za/favicon.ico?path=/home/tn/public_html/wp-content/themes/betheme/functions/builder/pre-built/images" "Mozilla/5.0 AppleWebKit/537.36 (KHTML, like Gecko; compatible; GPTBot/1.4; +https://openai.com/gptbot)"
216.73.217.106 - - [01/Aug/2026:14:19:47 +0200] "GET /sitemap.xml?fileloc=%2F%2Fvar%2Fsoftaculous%2Fmw14%2Fphp71%2Fupgrade.php&path=%2F%2Fvar%2Fsoftaculous%2Fmw14%2Fphp71 HTTP/1.1" 404 21966 "-" "Mozilla/5.0 AppleWebKit/537.36 (KHTML, like Gecko; compatible; ClaudeBot/1.0; +claudebot@anthropic.com)"
74.7.242.17 - - [01/Aug/2026:14:19:50 +0200] "GET /favicon.ico?fileloc=/home/tn/public_html/wp-content/themes/betheme/functions/builder/pre-built/images/17.png&path=/home/tn/public_html/wp-content/themes/betheme/functions/builder/pre-built/images HTTP/1.1" 200 40486 "https://tempokontrol.co.za/favicon.ico?path=/home/tn/public_html/wp-content/themes/betheme/functions/builder/pre-built/images" "Mozilla/5.0 AppleWebKit/537.36 (KHTML, like Gecko; compatible; GPTBot/1.4; +https://openai.com/gptbot)"
216.73.217.106 - - [01/Aug/2026:14:19:50 +0200] "GET /sitemap.xml?fileloc=%2F%2Fproc%2F48%2Fnet%2Frt_acct&path=%2F%2Fproc%2F48%2Fnet HTTP/1.1" 404 16405 "-" "Mozilla/5.0 AppleWebKit/537.36 (KHTML, like Gecko; compatible; ClaudeBot/1.0; +claudebot@anthropic.com)"
74.7.242.17 - - [01/Aug/2026:14:19:53 +0200] "GET /favicon.ico?fileloc=/home/tn/public_html/wp-content/themes/betheme/functions/builder/pre-built/images/54.png&path=/home/tn/public_html/wp-content/themes/betheme/functions/builder/pre-built/images HTTP/1.1" 200 36390 "https://tempokontrol.co.za/favicon.ico?path=/home/tn/public_html/wp-content/themes/betheme/functions/builder/pre-built/images" "Mozilla/5.0 AppleWebKit/537.36 (KHTML, like Gecko; compatible; GPTBot/1.4; +https://openai.com/gptbot)"
216.73.217.106 - - [01/Aug/2026:14:19:53 +0200] "GET /sitemap.xml?fileloc=%2F%2Fetc%2Fscl%2Fconf%2Fea-php84&path=%2F%2Fetc%2Fscl%2Fconf HTTP/1.1" 404 12324 "-" "Mozilla/5.0 AppleWebKit/537.36 (KHTML, like Gecko; compatible; ClaudeBot/1.0; +claudebot@anthropic.com)"
74.7.242.17 - - [01/Aug/2026:14:19:56 +0200] "GET /favicon.ico?fileloc=/home/tn/www/wp-includes/images/icon-library/page.svg&path=/home/tn/www/wp-includes/images/icon-library HTTP/1.1" 200 12910 "https://tempokontrol.co.za/favicon.ico?path=/home/tn/www/wp-includes/images/icon-library" "Mozilla/5.0 AppleWebKit/537.36 (KHTML, like Gecko; compatible; GPTBot/1.4; +https://openai.com/gptbot)"
216.73.217.106 - - [01/Aug/2026:14:19:56 +0200] "GET /sitemap.xml?fileloc=%2Fhome%2Ftn%2Fwww%2Fwp-includes%2Fcss%2Fdist%2Fbase-styles%2Fadmin-schemes-rtl.min.css&path=%2Fhome%2Ftn%2Fwww%2Fwp-includes%2Fcss%2Fdist%2Fbase-styles HTTP/1.1" 404 16259 "-" "Mozilla/5.0 AppleWebKit/537.36 (KHTML, like Gecko; compatible; ClaudeBot/1.0; +claudebot@anthropic.com)"
74.7.242.17 - - [01/Aug/2026:14:19:59 +0200] "GET /favicon.ico?fileloc=/home/tn/public_html/wp-includes/js/customize-loader.js&path=/home/tn/public_html/wp-includes/js HTTP/1.1" 200 21022 "https://tempokontrol.co.za/favicon.ico?path=/home/tn/public_html/wp-includes/js" "Mozilla/5.0 AppleWebKit/537.36 (KHTML, like Gecko; compatible; GPTBot/1.4; +https://openai.com/gptbot)"
216.73.217.106 - - [01/Aug/2026:14:19:59 +0200] "GET /sitemap.xml?fileloc=%2F%2Fproc%2F51%2Fsched&path=%2F%2Fproc%2F51 HTTP/1.1" 404 13970 "-" "Mozilla/5.0 AppleWebKit/537.36 (KHTML, like Gecko; compatible; ClaudeBot/1.0; +claudebot@anthropic.com)"
74.7.242.17 - - [01/Aug/2026:14:20:02 +0200] "GET /favicon.ico?fileloc=/home/tn/public_html/wp-includes/js/media-audiovideo.js&path=/home/tn/public_html/wp-includes/js HTTP/1.1" 200 38967 "https://tempokontrol.co.za/favicon.ico?path=/home/tn/public_html/wp-includes/js" "Mozilla/5.0 AppleWebKit/537.36 (KHTML, like Gecko; compatible; GPTBot/1.4; +https://openai.com/gptbot)"
216.73.217.106 - - [01/Aug/2026:14:20:02 +0200] "GET /sitemap.xml?fileloc=%2F%2Fsys%2Fblock%2Fsdb%2Fmq%2F6%2Fcpu_list&path=%2F%2Fsys%2Fblock%2Fsdb%2Fmq%2F6 HTTP/1.1" 404 12409 "-" "Mozilla/5.0 AppleWebKit/537.36 (KHTML, like Gecko; compatible; ClaudeBot/1.0; +claudebot@anthropic.com)"
74.7.242.17 - - [01/Aug/2026:14:20:05 +0200] "GET /favicon.ico?fileloc=/home/tn/public_html/wp-includes/js/imagesloaded.min.js&path=/home/tn/public_html/wp-includes/js HTTP/1.1" 200 18644 "https://tempokontrol.co.za/favicon.ico?path=/home/tn/public_html/wp-includes/js" "Mozilla/5.0 AppleWebKit/537.36 (KHTML, like Gecko; compatible; GPTBot/1.4; +https://openai.com/gptbot)"
216.73.217.106 - - [01/Aug/2026:14:20:05 +0200] "GET /sitemap.xml?fileloc=%2F%2Fvar%2Fsoftaculous%2Fmt%2Finstall.php&path=%2F%2Fvar%2Fsoftaculous%2Fmt HTTP/1.1" 404 23062 "-" "Mozilla/5.0 AppleWebKit/537.36 (KHTML, like Gecko; compatible; ClaudeBot/1.0; +claudebot@anthropic.com)"
74.7.242.17 - - [01/Aug/2026:14:20:08 +0200] "GET /favicon.ico?fileloc=/home/tn/public_html/wp-includes/js/customize-models.js&path=/home/tn/public_html/wp-includes/js HTTP/1.1" 200 20058 "https://tempokontrol.co.za/favicon.ico?path=/home/tn/public_html/wp-includes/js" "Mozilla/5.0 AppleWebKit/537.36 (KHTML, like Gecko; compatible; GPTBot/1.4; +https://openai.com/gptbot)"
74.7.242.17 - - [01/Aug/2026:14:20:12 +0200] "GET /favicon.ico?fileloc=/home/tn/public_html/wp-content/themes/betheme/js/parallax/translate3d.min.js&path=/home/tn/public_html/wp-content/themes/betheme/js/parallax HTTP/1.1" 200 14557 "https://tempokontrol.co.za/favicon.ico?path=/home/tn/public_html/wp-content/themes/betheme/js/parallax" "Mozilla/5.0 AppleWebKit/537.36 (KHTML, like Gecko; compatible; GPTBot/1.4; +https://openai.com/gptbot)"
216.73.217.106 - - [01/Aug/2026:14:20:11 +0200] "GET /sitemap.xml?fileloc=%2F%2Fvar%2Fsoftaculous%2Fgpeasy%2Fphp53%2Finstall.php&path=%2F%2Fvar%2Fsoftaculous%2Fgpeasy%2Fphp53 HTTP/1.1" 404 19441 "-" "Mozilla/5.0 AppleWebKit/537.36 (KHTML, like Gecko; compatible; ClaudeBot/1.0; +claudebot@anthropic.com)"
216.73.217.106 - - [01/Aug/2026:14:20:12 +0200] "GET /sitemap.xml?fileloc=%2Fhome%2Ftn%2Fpublic_html%2Fwp-content%2Fthemes%2Fbetheme%2Ffunctions%2Ftheme-functions.php&path=%2Fhome%2Ftn%2Fpublic_html%2Fwp-content%2Fthemes%2Fbetheme%2Ffunctions HTTP/1.1" 404 147068 "-" "Mozilla/5.0 AppleWebKit/537.36 (KHTML, like Gecko; compatible; ClaudeBot/1.0; +claudebot@anthropic.com)"
74.7.242.17 - - [01/Aug/2026:14:20:15 +0200] "GET /favicon.ico?fileloc=/home/tn/public_html/wp-content/themes/betheme/js/parallax/translate3d.js&path=/home/tn/public_html/wp-content/themes/betheme/js/parallax HTTP/1.1" 200 17342 "https://tempokontrol.co.za/favicon.ico?path=/home/tn/public_html/wp-content/themes/betheme/js/parallax" "Mozilla/5.0 AppleWebKit/537.36 (KHTML, like Gecko; compatible; GPTBot/1.4; +https://openai.com/gptbot)"
74.7.227.163 - - [01/Aug/2026:14:20:16 +0200] "GET /?fileloc=//sys/class/net/eth0/device/net/eth0/subsystem/eth0/device/channels/23/latency&path=//sys/class/net/eth0/device/net/eth0/subsystem/eth0/device/channels/23 HTTP/1.1" 404 13026 "https://www.tempokontrol.co.za/?path=//sys/class/net/eth0/device/net/eth0/subsystem/eth0/device/channels/23" "Mozilla/5.0 AppleWebKit/537.36 (KHTML, like Gecko; compatible; GPTBot/1.4; +https://openai.com/gptbot)"
216.73.217.106 - - [01/Aug/2026:14:20:17 +0200] "GET /sitemap.xml?fileloc=%2F%2Flib64%2Fpkgconfig%2Fx11.pc&path=%2F%2Flib64%2Fpkgconfig HTTP/1.1" 200 12620 "-" "Mozilla/5.0 AppleWebKit/537.36 (KHTML, like Gecko; compatible; ClaudeBot/1.0; +claudebot@anthropic.com)"
74.7.242.17 - - [01/Aug/2026:14:20:18 +0200] "GET /favicon.ico?fileloc=/home/tn/www/wp-includes/sodium_compat/src/Core/SecretStream/State.php&path=/home/tn/www/wp-includes/sodium_compat/src/Core/SecretStream HTTP/1.1" 200 16517 "https://tempokontrol.co.za/favicon.ico?path=/home/tn/www/wp-includes/sodium_compat/src/Core/SecretStream" "Mozilla/5.0 AppleWebKit/537.36 (KHTML, like Gecko; compatible; GPTBot/1.4; +https://openai.com/gptbot)"
216.73.217.106 - - [01/Aug/2026:14:20:19 +0200] "GET /sitemap.xml?fileloc=%2F%2Fvar%2Fsoftaculous%2Fwp52%2Fbackup.php&path=%2F%2Fvar%2Fsoftaculous%2Fwp52 HTTP/1.1" 404 15748 "-" "Mozilla/5.0 AppleWebKit/537.36 (KHTML, like Gecko; compatible; ClaudeBot/1.0; +claudebot@anthropic.com)"
74.7.242.17 - - [01/Aug/2026:14:20:21 +0200] "GET /favicon.ico?fileloc=/home/tn/public_html/wp-includes/js/quicktags.min.js&path=/home/tn/public_html/wp-includes/js HTTP/1.1" 200 26526 "https://tempokontrol.co.za/favicon.ico?path=/home/tn/public_html/wp-includes/js" "Mozilla/5.0 AppleWebKit/537.36 (KHTML, like Gecko; compatible; GPTBot/1.4; +https://openai.com/gptbot)"
216.73.217.106 - - [01/Aug/2026:14:20:23 +0200] "GET /sitemap.xml?fileloc=%2F%2Fsys%2Fkernel%2Fslab%2Fbfq_io_cq%2Fshrink&path=%2F%2Fsys%2Fkernel%2Fslab%2Fbfq_io_cq HTTP/1.1" 404 12390 "-" "Mozilla/5.0 AppleWebKit/537.36 (KHTML, like Gecko; compatible; ClaudeBot/1.0; +claudebot@anthropic.com)"
74.7.242.17 - - [01/Aug/2026:14:20:24 +0200] "GET /favicon.ico?path=/home/tn/www/wp-includes/Requests/src/Exception/Transport HTTP/1.1" 200 16261 "https://tempokontrol.co.za/favicon.ico?path=/home/tn/www/wp-includes/Requests/src/Exception" "Mozilla/5.0 AppleWebKit/537.36 (KHTML, like Gecko; compatible; GPTBot/1.4; +https://openai.com/gptbot)"
216.73.217.106 - - [01/Aug/2026:14:20:26 +0200] "GET /sitemap.xml?fileloc=%2Fhome%2Ftn%2Fpublic_html%2Fwp-content%2Fthemes%2Fbetheme%2Fvisual-builder%2Fpartials%2Fintroduction.php&path=%2Fhome%2Ftn%2Fpublic_html%2Fwp-content%2Fthemes%2Fbetheme%2Fvisual-builder%2Fpartials HTTP/1.1" 404 14666 "-" "Mozilla/5.0 AppleWebKit/537.36 (KHTML, like Gecko; compatible; ClaudeBot/1.0; +claudebot@anthropic.com)"
74.7.242.17 - - [01/Aug/2026:14:20:28 +0200] "GET /favicon.ico?fileloc=/home/tn/www/wp-includes/blocks/term-name/block.json&path=/home/tn/www/wp-includes/blocks/term-name HTTP/1.1" 200 14706 "https://tempokontrol.co.za/favicon.ico?path=/home/tn/www/wp-includes/blocks/term-name" "Mozilla/5.0 AppleWebKit/537.36 (KHTML, like Gecko; compatible; GPTBot/1.4; +https://openai.com/gptbot)"
