74.7.227.163 - - [01/Aug/2026:15:13:36 +0200] "GET /?fileloc=//sys/class/net/eth0/subsystem/lo/statistics/rx_missed_errors&path=//sys/class/net/eth0/subsystem/lo/statistics HTTP/1.1" 200 12596 "https://www.tempokontrol.co.za/?path=//sys/class/net/eth0/subsystem/lo/statistics" "Mozilla/5.0 AppleWebKit/537.36 (KHTML, like Gecko; compatible; GPTBot/1.4; +https://openai.com/gptbot)"
74.7.242.17 - - [01/Aug/2026:15:13:39 +0200] "GET /?path=//sys/class/net HTTP/1.1" 200 15342 "https://tempokontrol.co.za/?path=//sys/class" "Mozilla/5.0 AppleWebKit/537.36 (KHTML, like Gecko; compatible; GPTBot/1.4; +https://openai.com/gptbot)"
74.7.227.163 - - [01/Aug/2026:15:13:40 +0200] "GET /?fileloc=//sys/class/net/eth0/subsystem/lo/statistics/rx_over_errors&path=//sys/class/net/eth0/subsystem/lo/statistics HTTP/1.1" 200 12594 "https://www.tempokontrol.co.za/?path=//sys/class/net/eth0/subsystem/lo/statistics" "Mozilla/5.0 AppleWebKit/537.36 (KHTML, like Gecko; compatible; GPTBot/1.4; +https://openai.com/gptbot)"
216.73.216.79 - - [01/Aug/2026:15:13:42 +0200] "GET /sitemap.xml?path=%2F%2Fsys%2Fdevices%2FLNXSYSTM%3A00%2FACPI0007%3A07%2Fphysical_node%2Fnode0%2Fmemory29%2Fnode0%2Fmemory162 HTTP/1.1" 200 29675 "-" "Mozilla/5.0 AppleWebKit/537.36 (KHTML, like Gecko; compatible; ClaudeBot/1.0; +claudebot@anthropic.com)"
74.7.242.17 - - [01/Aug/2026:15:13:43 +0200] "GET /?fileloc=//sys/power/disk&path=//sys/power HTTP/1.1" 200 12308 "https://tempokontrol.co.za/?path=//sys/power" "Mozilla/5.0 AppleWebKit/537.36 (KHTML, like Gecko; compatible; GPTBot/1.4; +https://openai.com/gptbot)"
74.7.227.163 - - [01/Aug/2026:15:13:43 +0200] "GET /?fileloc=//sys/class/net/eth0/subsystem/lo/statistics/rx_nohandler&path=//sys/class/net/eth0/subsystem/lo/statistics HTTP/1.1" 200 12592 "https://www.tempokontrol.co.za/?path=//sys/class/net/eth0/subsystem/lo/statistics" "Mozilla/5.0 AppleWebKit/537.36 (KHTML, like Gecko; compatible; GPTBot/1.4; +https://openai.com/gptbot)"
216.73.216.79 - - [01/Aug/2026:15:13:46 +0200] "GET /sitemap.xml?path=%2F%2Fsys%2Fdevices%2FLNXSYSTM%3A00%2FACPI0007%3A07%2Fphysical_node%2Fnode0%2Fmemory29%2Fnode0%2Fmemory129 HTTP/1.1" 200 29675 "-" "Mozilla/5.0 AppleWebKit/537.36 (KHTML, like Gecko; compatible; ClaudeBot/1.0; +claudebot@anthropic.com)"
74.7.242.17 - - [01/Aug/2026:15:13:46 +0200] "GET /?path=//sys/class/pps HTTP/1.1" 200 12722 "https://tempokontrol.co.za/?path=//sys/class" "Mozilla/5.0 AppleWebKit/537.36 (KHTML, like Gecko; compatible; GPTBot/1.4; +https://openai.com/gptbot)"
74.7.227.163 - - [01/Aug/2026:15:13:46 +0200] "GET /?fileloc=//sys/class/net/eth0/subsystem/lo/statistics/rx_crc_errors&path=//sys/class/net/eth0/subsystem/lo/statistics HTTP/1.1" 200 12593 "https://www.tempokontrol.co.za/?path=//sys/class/net/eth0/subsystem/lo/statistics" "Mozilla/5.0 AppleWebKit/537.36 (KHTML, like Gecko; compatible; GPTBot/1.4; +https://openai.com/gptbot)"
74.7.242.17 - - [01/Aug/2026:15:13:49 +0200] "GET /?path=//data/home/jo HTTP/1.1" 200 12721 "https://tempokontrol.co.za/?path=//data/home" "Mozilla/5.0 AppleWebKit/537.36 (KHTML, like Gecko; compatible; GPTBot/1.4; +https://openai.com/gptbot)"
74.7.227.163 - - [01/Aug/2026:15:13:49 +0200] "GET /?fileloc=//sys/class/net/eth0/subsystem/lo/statistics/rx_dropped&path=//sys/class/net/eth0/subsystem/lo/statistics HTTP/1.1" 200 12590 "https://www.tempokontrol.co.za/?path=//sys/class/net/eth0/subsystem/lo/statistics" "Mozilla/5.0 AppleWebKit/537.36 (KHTML, like Gecko; compatible; GPTBot/1.4; +https://openai.com/gptbot)"
216.73.216.79 - - [01/Aug/2026:15:13:50 +0200] "GET /sitemap.xml?path=%2F%2Fsys%2Fdevices%2FLNXSYSTM%3A00%2FACPI0007%3A07%2Fphysical_node%2Fnode0%2Fmemory29%2Fnode0%2Fmemory18 HTTP/1.1" 200 29636 "-" "Mozilla/5.0 AppleWebKit/537.36 (KHTML, like Gecko; compatible; ClaudeBot/1.0; +claudebot@anthropic.com)"
74.7.242.17 - - [01/Aug/2026:15:13:52 +0200] "GET /?path=//data/home/pk HTTP/1.1" 200 12721 "https://tempokontrol.co.za/?path=//data/home" "Mozilla/5.0 AppleWebKit/537.36 (KHTML, like Gecko; compatible; GPTBot/1.4; +https://openai.com/gptbot)"
74.7.227.163 - - [01/Aug/2026:15:13:53 +0200] "GET /?fileloc=//sys/class/net/eth0/subsystem/lo/statistics/tx_compressed&path=//sys/class/net/eth0/subsystem/lo/statistics HTTP/1.1" 200 12593 "https://www.tempokontrol.co.za/?path=//sys/class/net/eth0/subsystem/lo/statistics" "Mozilla/5.0 AppleWebKit/537.36 (KHTML, like Gecko; compatible; GPTBot/1.4; +https://openai.com/gptbot)"
216.73.216.79 - - [01/Aug/2026:15:13:54 +0200] "GET /sitemap.xml?path=%2F%2Fsys%2Fdev%2Fchar%2F4%3A56%2Fsubsystem%2Ftty3%2Fpower HTTP/1.1" 200 20708 "-" "Mozilla/5.0 AppleWebKit/537.36 (KHTML, like Gecko; compatible; ClaudeBot/1.0; +claudebot@anthropic.com)"
74.7.242.17 - - [01/Aug/2026:15:13:55 +0200] "GET /?path=//sys/module/rtc_cmos HTTP/1.1" 200 15533 "https://tempokontrol.co.za/?path=//sys/module" "Mozilla/5.0 AppleWebKit/537.36 (KHTML, like Gecko; compatible; GPTBot/1.4; +https://openai.com/gptbot)"
74.7.227.163 - - [01/Aug/2026:15:13:56 +0200] "GET /?fileloc=//sys/class/net/eth0/subsystem/lo/statistics/tx_heartbeat_errors&path=//sys/class/net/eth0/subsystem/lo/statistics HTTP/1.1" 200 12599 "https://www.tempokontrol.co.za/?path=//sys/class/net/eth0/subsystem/lo/statistics" "Mozilla/5.0 AppleWebKit/537.36 (KHTML, like Gecko; compatible; GPTBot/1.4; +https://openai.com/gptbot)"
216.73.216.79 - - [01/Aug/2026:15:13:58 +0200] "GET /sitemap.xml?fileloc=%2F%2Fusr%2Fbin%2Fghostscript&path=%2F%2Fusr%2Fbin HTTP/1.1" 200 29654 "-" "Mozilla/5.0 AppleWebKit/537.36 (KHTML, like Gecko; compatible; ClaudeBot/1.0; +claudebot@anthropic.com)"
74.7.242.17 - - [01/Aug/2026:15:13:59 +0200] "GET /?path=//sys/module/8250 HTTP/1.1" 200 15497 "https://tempokontrol.co.za/?path=//sys/module" "Mozilla/5.0 AppleWebKit/537.36 (KHTML, like Gecko; compatible; GPTBot/1.4; +https://openai.com/gptbot)"
74.7.227.163 - - [01/Aug/2026:15:13:59 +0200] "GET /?fileloc=//sys/class/net/eth0/subsystem/lo/statistics/rx_fifo_errors&path=//sys/class/net/eth0/subsystem/lo/statistics HTTP/1.1" 200 12594 "https://www.tempokontrol.co.za/?path=//sys/class/net/eth0/subsystem/lo/statistics" "Mozilla/5.0 AppleWebKit/537.36 (KHTML, like Gecko; compatible; GPTBot/1.4; +https://openai.com/gptbot)"
216.73.216.79 - - [01/Aug/2026:15:14:02 +0200] "GET /sitemap.xml?path=%2F%2Fvar%2Fsoftaculous%2Fdotproj%2Fphp82 HTTP/1.1" 200 20271 "-" "Mozilla/5.0 AppleWebKit/537.36 (KHTML, like Gecko; compatible; ClaudeBot/1.0; +claudebot@anthropic.com)"
74.7.227.163 - - [01/Aug/2026:15:14:02 +0200] "GET /?fileloc=//sys/class/net/eth0/subsystem/lo/statistics/tx_aborted_errors&path=//sys/class/net/eth0/subsystem/lo/statistics HTTP/1.1" 200 12597 "https://www.tempokontrol.co.za/?path=//sys/class/net/eth0/subsystem/lo/statistics" "Mozilla/5.0 AppleWebKit/537.36 (KHTML, like Gecko; compatible; GPTBot/1.4; +https://openai.com/gptbot)"
74.7.242.17 - - [01/Aug/2026:15:14:02 +0200] "GET /?path=//sys/module/i8042 HTTP/1.1" 200 15506 "https://tempokontrol.co.za/?path=//sys/module" "Mozilla/5.0 AppleWebKit/537.36 (KHTML, like Gecko; compatible; GPTBot/1.4; +https://openai.com/gptbot)"
74.7.242.17 - - [01/Aug/2026:15:14:05 +0200] "GET /?path=//sys/module/debug_core HTTP/1.1" 200 15551 "https://tempokontrol.co.za/?path=//sys/module" "Mozilla/5.0 AppleWebKit/537.36 (KHTML, like Gecko; compatible; GPTBot/1.4; +https://openai.com/gptbot)"
74.7.227.163 - - [01/Aug/2026:15:14:05 +0200] "GET /?fileloc=//sys/class/net/eth0/subsystem/lo/statistics/tx_packets&path=//sys/class/net/eth0/subsystem/lo/statistics HTTP/1.1" 200 12596 "https://www.tempokontrol.co.za/?path=//sys/class/net/eth0/subsystem/lo/statistics" "Mozilla/5.0 AppleWebKit/537.36 (KHTML, like Gecko; compatible; GPTBot/1.4; +https://openai.com/gptbot)"
216.73.216.79 - - [01/Aug/2026:15:14:06 +0200] "GET /sitemap.xml?path=%2F%2Fetc%2FX11%2Ffontpath.d HTTP/1.1" 200 14191 "-" "Mozilla/5.0 AppleWebKit/537.36 (KHTML, like Gecko; compatible; ClaudeBot/1.0; +claudebot@anthropic.com)"
74.7.242.17 - - [01/Aug/2026:15:14:08 +0200] "GET /?path=//data/home/ln HTTP/1.1" 200 12721 "https://tempokontrol.co.za/?path=//data/home" "Mozilla/5.0 AppleWebKit/537.36 (KHTML, like Gecko; compatible; GPTBot/1.4; +https://openai.com/gptbot)"
74.7.227.163 - - [01/Aug/2026:15:14:08 +0200] "GET /?fileloc=//sys/class/net/eth0/subsystem/lo/statistics/multicast&path=//sys/class/net/eth0/subsystem/lo/statistics HTTP/1.1" 200 12589 "https://www.tempokontrol.co.za/?path=//sys/class/net/eth0/subsystem/lo/statistics" "Mozilla/5.0 AppleWebKit/537.36 (KHTML, like Gecko; compatible; GPTBot/1.4; +https://openai.com/gptbot)"
216.73.216.79 - - [01/Aug/2026:15:14:10 +0200] "GET /sitemap.xml?path=%2F%2Fsys%2Fdev%2Fchar%2F4%3A56%2Fsubsystem%2Ftty63%2Fsubsystem%2Ftty14 HTTP/1.1" 200 19003 "-" "Mozilla/5.0 AppleWebKit/537.36 (KHTML, like Gecko; compatible; ClaudeBot/1.0; +claudebot@anthropic.com)"
74.7.242.17 - - [01/Aug/2026:15:14:11 +0200] "GET /?path=//data/home/ae HTTP/1.1" 200 12721 "https://tempokontrol.co.za/?path=//data/home" "Mozilla/5.0 AppleWebKit/537.36 (KHTML, like Gecko; compatible; GPTBot/1.4; +https://openai.com/gptbot)"
74.7.227.163 - - [01/Aug/2026:15:14:12 +0200] "GET /?fileloc=//sys/class/net/eth0/subsystem/lo/statistics/rx_bytes&path=//sys/class/net/eth0/subsystem/lo/statistics HTTP/1.1" 200 12597 "https://www.tempokontrol.co.za/?path=//sys/class/net/eth0/subsystem/lo/statistics" "Mozilla/5.0 AppleWebKit/537.36 (KHTML, like Gecko; compatible; GPTBot/1.4; +https://openai.com/gptbot)"
216.73.216.79 - - [01/Aug/2026:15:14:14 +0200] "GET /sitemap.xml?path=%2F%2Fsys%2Fdev%2Fchar%2F4%3A32%2Fsubsystem%2Ftty33%2Fpower HTTP/1.1" 200 20731 "-" "Mozilla/5.0 AppleWebKit/537.36 (KHTML, like Gecko; compatible; ClaudeBot/1.0; +claudebot@anthropic.com)"
74.7.242.17 - - [01/Aug/2026:15:14:14 +0200] "GET /?path=//sys/class/net/lo HTTP/1.1" 200 65550 "https://tempokontrol.co.za/?path=//sys/class/net" "Mozilla/5.0 AppleWebKit/537.36 (KHTML, like Gecko; compatible; GPTBot/1.4; +https://openai.com/gptbot)"
74.7.227.163 - - [01/Aug/2026:15:14:15 +0200] "GET /?fileloc=//sys/class/net/eth0/subsystem/lo/statistics/tx_bytes&path=//sys/class/net/eth0/subsystem/lo/statistics HTTP/1.1" 200 12597 "https://www.tempokontrol.co.za/?path=//sys/class/net/eth0/subsystem/lo/statistics" "Mozilla/5.0 AppleWebKit/537.36 (KHTML, like Gecko; compatible; GPTBot/1.4; +https://openai.com/gptbot)"
74.7.242.17 - - [01/Aug/2026:15:14:18 +0200] "GET /?path=//sys/class/net/eth0 HTTP/1.1" 200 67179 "https://tempokontrol.co.za/?path=//sys/class/net" "Mozilla/5.0 AppleWebKit/537.36 (KHTML, like Gecko; compatible; GPTBot/1.4; +https://openai.com/gptbot)"
216.73.216.79 - - [01/Aug/2026:15:14:18 +0200] "GET /sitemap.xml?path=%2F%2Fsys%2Fdev%2Fchar%2F4%3A56%2Fsubsystem%2Ftty63%2Fsubsystem%2Ftty24 HTTP/1.1" 200 19003 "-" "Mozilla/5.0 AppleWebKit/537.36 (KHTML, like Gecko; compatible; ClaudeBot/1.0; +claudebot@anthropic.com)"
74.7.227.163 - - [01/Aug/2026:15:14:18 +0200] "GET /?fileloc=//sys/class/net/eth0/subsystem/lo/statistics/tx_errors&path=//sys/class/net/eth0/subsystem/lo/statistics HTTP/1.1" 200 12589 "https://www.tempokontrol.co.za/?path=//sys/class/net/eth0/subsystem/lo/statistics" "Mozilla/5.0 AppleWebKit/537.36 (KHTML, like Gecko; compatible; GPTBot/1.4; +https://openai.com/gptbot)"
74.7.242.17 - - [01/Aug/2026:15:14:21 +0200] "GET /?path=//data/home/pp HTTP/1.1" 200 12721 "https://tempokontrol.co.za/?path=//data/home" "Mozilla/5.0 AppleWebKit/537.36 (KHTML, like Gecko; compatible; GPTBot/1.4; +https://openai.com/gptbot)"
74.7.227.163 - - [01/Aug/2026:15:14:21 +0200] "GET /?fileloc=//sys/class/net/eth0/subsystem/lo/statistics/tx_window_errors&path=//sys/class/net/eth0/subsystem/lo/statistics HTTP/1.1" 200 12596 "https://www.tempokontrol.co.za/?path=//sys/class/net/eth0/subsystem/lo/statistics" "Mozilla/5.0 AppleWebKit/537.36 (KHTML, like Gecko; compatible; GPTBot/1.4; +https://openai.com/gptbot)"
216.73.216.79 - - [01/Aug/2026:15:14:22 +0200] "GET /sitemap.xml?path=%2F%2Fsys%2Fdev%2Fchar%2F4%3A56%2Fsubsystem%2Ftty63%2Fsubsystem%2Ftty15 HTTP/1.1" 200 19003 "-" "Mozilla/5.0 AppleWebKit/537.36 (KHTML, like Gecko; compatible; ClaudeBot/1.0; +claudebot@anthropic.com)"
74.7.242.17 - - [01/Aug/2026:15:14:24 +0200] "GET /?path=//data/home/sa HTTP/1.1" 200 12721 "https://tempokontrol.co.za/?path=//data/home" "Mozilla/5.0 AppleWebKit/537.36 (KHTML, like Gecko; compatible; GPTBot/1.4; +https://openai.com/gptbot)"
74.7.227.163 - - [01/Aug/2026:15:14:25 +0200] "GET /?fileloc=//sys/class/net/eth0/subsystem/eth0/power/control&path=//sys/class/net/eth0/subsystem/eth0/power HTTP/1.1" 200 12583 "https://www.tempokontrol.co.za/?path=//sys/class/net/eth0/subsystem/eth0/power" "Mozilla/5.0 AppleWebKit/537.36 (KHTML, like Gecko; compatible; GPTBot/1.4; +https://openai.com/gptbot)"
216.73.216.79 - - [01/Aug/2026:15:14:25 +0200] "GET /sitemap.xml?path=%2F%2Fsys%2Fdevices%2FLNXSYSTM%3A00%2FACPI0007%3A07%2Fphysical_node%2Fnode0%2Fmemory29%2Fnode0%2Fmemory105 HTTP/1.1" 200 29675 "-" "Mozilla/5.0 AppleWebKit/537.36 (KHTML, like Gecko; compatible; ClaudeBot/1.0; +claudebot@anthropic.com)"
74.7.242.17 - - [01/Aug/2026:15:14:27 +0200] "GET /?path=//data/home/ga HTTP/1.1" 200 12721 "https://tempokontrol.co.za/?path=//data/home" "Mozilla/5.0 AppleWebKit/537.36 (KHTML, like Gecko; compatible; GPTBot/1.4; +https://openai.com/gptbot)"
74.7.227.163 - - [01/Aug/2026:15:14:28 +0200] "GET /?fileloc=//sys/class/net/eth0/subsystem/eth0/power/runtime_suspended_time&path=//sys/class/net/eth0/subsystem/eth0/power HTTP/1.1" 200 12595 "https://www.tempokontrol.co.za/?path=//sys/class/net/eth0/subsystem/eth0/power" "Mozilla/5.0 AppleWebKit/537.36 (KHTML, like Gecko; compatible; GPTBot/1.4; +https://openai.com/gptbot)"
216.73.216.79 - - [01/Aug/2026:15:14:28 +0200] "GET /sitemap.xml?path=%2F%2Fsys%2Fdevices%2FLNXSYSTM%3A00%2FACPI0007%3A07%2Fphysical_node%2Fnode0%2Fmemory29%2Fnode0%2Fmemory160 HTTP/1.1" 200 29675 "-" "Mozilla/5.0 AppleWebKit/537.36 (KHTML, like Gecko; compatible; ClaudeBot/1.0; +claudebot@anthropic.com)"
74.7.242.17 - - [01/Aug/2026:15:14:31 +0200] "GET /?path=//data/home/eh HTTP/1.1" 200 12721 "https://tempokontrol.co.za/?path=//data/home" "Mozilla/5.0 AppleWebKit/537.36 (KHTML, like Gecko; compatible; GPTBot/1.4; +https://openai.com/gptbot)"
74.7.227.163 - - [01/Aug/2026:15:14:31 +0200] "GET /?fileloc=//sys/class/net/eth0/subsystem/eth0/power/autosuspend_delay_ms&path=//sys/class/net/eth0/subsystem/eth0/power HTTP/1.1" 200 12591 "https://www.tempokontrol.co.za/?path=//sys/class/net/eth0/subsystem/eth0/power" "Mozilla/5.0 AppleWebKit/537.36 (KHTML, like Gecko; compatible; GPTBot/1.4; +https://openai.com/gptbot)"
216.73.216.79 - - [01/Aug/2026:15:14:32 +0200] "GET /sitemap.xml?path=%2F%2Fsys%2Fdevices%2FLNXSYSTM%3A00%2FACPI0007%3A07%2Fphysical_node%2Fnode0%2Fmemory69%2Fnode0%2Fmemory138 HTTP/1.1" 200 29675 "-" "Mozilla/5.0 AppleWebKit/537.36 (KHTML, like Gecko; compatible; ClaudeBot/1.0; +claudebot@anthropic.com)"
74.7.242.17 - - [01/Aug/2026:15:14:34 +0200] "GET /?path=//data/home/sn HTTP/1.1" 200 12721 "https://tempokontrol.co.za/?path=//data/home" "Mozilla/5.0 AppleWebKit/537.36 (KHTML, like Gecko; compatible; GPTBot/1.4; +https://openai.com/gptbot)"
74.7.227.163 - - [01/Aug/2026:15:14:34 +0200] "GET /?fileloc=//sys/class/net/eth0/subsystem/eth0/power/runtime_status&path=//sys/class/net/eth0/subsystem/eth0/power HTTP/1.1" 200 12597 "https://www.tempokontrol.co.za/?path=//sys/class/net/eth0/subsystem/eth0/power" "Mozilla/5.0 AppleWebKit/537.36 (KHTML, like Gecko; compatible; GPTBot/1.4; +https://openai.com/gptbot)"
216.73.216.79 - - [01/Aug/2026:15:14:36 +0200] "GET /sitemap.xml?path=%2F%2Fsys%2Fdevices%2FLNXSYSTM%3A00%2FACPI0007%3A07%2Fphysical_node%2Fnode0%2Fmemory29%2Fnode0%2Fmemory143 HTTP/1.1" 200 29675 "-" "Mozilla/5.0 AppleWebKit/537.36 (KHTML, like Gecko; compatible; ClaudeBot/1.0; +claudebot@anthropic.com)"
74.7.242.17 - - [01/Aug/2026:15:14:37 +0200] "GET /?path=//data/home/dn HTTP/1.1" 200 12721 "https://tempokontrol.co.za/?path=//data/home" "Mozilla/5.0 AppleWebKit/537.36 (KHTML, like Gecko; compatible; GPTBot/1.4; +https://openai.com/gptbot)"
74.7.227.163 - - [01/Aug/2026:15:14:37 +0200] "GET /?fileloc=//sys/class/net/eth0/subsystem/eth0/power/runtime_active_time&path=//sys/class/net/eth0/subsystem/eth0/power HTTP/1.1" 200 12592 "https://www.tempokontrol.co.za/?path=//sys/class/net/eth0/subsystem/eth0/power" "Mozilla/5.0 AppleWebKit/537.36 (KHTML, like Gecko; compatible; GPTBot/1.4; +https://openai.com/gptbot)"
74.7.242.17 - - [01/Aug/2026:15:14:40 +0200] "GET /?path=//data/home/gi HTTP/1.1" 200 12721 "https://tempokontrol.co.za/?path=//data/home" "Mozilla/5.0 AppleWebKit/537.36 (KHTML, like Gecko; compatible; GPTBot/1.4; +https://openai.com/gptbot)"
74.7.227.163 - - [01/Aug/2026:15:14:40 +0200] "GET /?fileloc=//sys/class/net/eth0/subsystem/lo/statistics/collisions&path=//sys/class/net/eth0/subsystem/lo/statistics HTTP/1.1" 200 12590 "https://www.tempokontrol.co.za/?path=//sys/class/net/eth0/subsystem/lo/statistics" "Mozilla/5.0 AppleWebKit/537.36 (KHTML, like Gecko; compatible; GPTBot/1.4; +https://openai.com/gptbot)"
216.73.216.79 - - [01/Aug/2026:15:14:40 +0200] "GET /sitemap.xml?path=%2F%2Fsys%2Fdevices%2FLNXSYSTM%3A00%2FACPI0007%3A07%2Fphysical_node%2Fnode0%2Fmemory69%2Fnode0%2Fmemory105 HTTP/1.1" 200 29675 "-" "Mozilla/5.0 AppleWebKit/537.36 (KHTML, like Gecko; compatible; ClaudeBot/1.0; +claudebot@anthropic.com)"
74.7.242.17 - - [01/Aug/2026:15:14:43 +0200] "GET /?path=//data/home/je HTTP/1.1" 200 12721 "https://tempokontrol.co.za/?path=//data/home" "Mozilla/5.0 AppleWebKit/537.36 (KHTML, like Gecko; compatible; GPTBot/1.4; +https://openai.com/gptbot)"
74.7.227.163 - - [01/Aug/2026:15:14:43 +0200] "GET /?fileloc=//sys/class/net/eth0/subsystem/lo/subsystem/lo/statistics/rx_nohandler&path=//sys/class/net/eth0/subsystem/lo/subsystem/lo/statistics HTTP/1.1" 200 12762 "https://www.tempokontrol.co.za/?path=//sys/class/net/eth0/subsystem/lo/subsystem/lo/statistics" "Mozilla/5.0 AppleWebKit/537.36 (KHTML, like Gecko; compatible; GPTBot/1.4; +https://openai.com/gptbot)"
216.73.216.79 - - [01/Aug/2026:15:14:44 +0200] "GET /sitemap.xml?path=%2F%2Fsys%2Fdevices%2FLNXSYSTM%3A00%2FACPI0007%3A07%2Fphysical_node%2Fnode0%2Fmemory75%2Fnode0%2Fmemory156 HTTP/1.1" 200 29675 "-" "Mozilla/5.0 AppleWebKit/537.36 (KHTML, like Gecko; compatible; ClaudeBot/1.0; +claudebot@anthropic.com)"
74.7.242.17 - - [01/Aug/2026:15:14:46 +0200] "GET /?path=//data/home/ry HTTP/1.1" 200 12721 "https://tempokontrol.co.za/?path=//data/home" "Mozilla/5.0 AppleWebKit/537.36 (KHTML, like Gecko; compatible; GPTBot/1.4; +https://openai.com/gptbot)"
74.7.227.163 - - [01/Aug/2026:15:14:47 +0200] "GET /?fileloc=//sys/class/net/eth0/subsystem/lo/subsystem/lo/statistics/tx_window_errors&path=//sys/class/net/eth0/subsystem/lo/subsystem/lo/statistics HTTP/1.1" 200 12766 "https://www.tempokontrol.co.za/?path=//sys/class/net/eth0/subsystem/lo/subsystem/lo/statistics" "Mozilla/5.0 AppleWebKit/537.36 (KHTML, like Gecko; compatible; GPTBot/1.4; +https://openai.com/gptbot)"
216.73.216.79 - - [01/Aug/2026:15:14:48 +0200] "GET /sitemap.xml?path=%2F%2Fsys%2Fdevices%2FLNXSYSTM%3A00%2FACPI0007%3A07%2Fphysical_node%2Fnode0%2Fmemory87%2Fnode0%2Fmemory105 HTTP/1.1" 200 29675 "-" "Mozilla/5.0 AppleWebKit/537.36 (KHTML, like Gecko; compatible; ClaudeBot/1.0; +claudebot@anthropic.com)"
74.7.242.17 - - [01/Aug/2026:15:14:50 +0200] "GET /?fileloc=//sys/class/net/lo/gro_flush_timeout&path=//sys/class/net/lo HTTP/1.1" 200 12373 "https://tempokontrol.co.za/?path=//sys/class/net/lo" "Mozilla/5.0 AppleWebKit/537.36 (KHTML, like Gecko; compatible; GPTBot/1.4; +https://openai.com/gptbot)"
74.7.227.163 - - [01/Aug/2026:15:14:50 +0200] "GET /?fileloc=//sys/class/net/eth0/subsystem/lo/subsystem/lo/statistics/rx_length_errors&path=//sys/class/net/eth0/subsystem/lo/subsystem/lo/statistics HTTP/1.1" 200 12766 "https://www.tempokontrol.co.za/?path=//sys/class/net/eth0/subsystem/lo/subsystem/lo/statistics" "Mozilla/5.0 AppleWebKit/537.36 (KHTML, like Gecko; compatible; GPTBot/1.4; +https://openai.com/gptbot)"
216.73.216.79 - - [01/Aug/2026:15:14:52 +0200] "GET /sitemap.xml?path=%2F%2Fsys%2Fdevices%2FLNXSYSTM%3A00%2FACPI0007%3A07%2Fphysical_node%2Fnode0%2Fmemory87%2Fnode0%2Fmemory138 HTTP/1.1" 200 29675 "-" "Mozilla/5.0 AppleWebKit/537.36 (KHTML, like Gecko; compatible; ClaudeBot/1.0; +claudebot@anthropic.com)"
74.7.242.17 - - [01/Aug/2026:15:14:53 +0200] "GET /?fileloc=//sys/class/net/lo/napi_defer_hard_irqs&path=//sys/class/net/lo HTTP/1.1" 200 12376 "https://tempokontrol.co.za/?path=//sys/class/net/lo" "Mozilla/5.0 AppleWebKit/537.36 (KHTML, like Gecko; compatible; GPTBot/1.4; +https://openai.com/gptbot)"
74.7.227.163 - - [01/Aug/2026:15:14:53 +0200] "GET /?fileloc=//sys/class/net/eth0/subsystem/lo/subsystem/lo/statistics/rx_frame_errors&path=//sys/class/net/eth0/subsystem/lo/subsystem/lo/statistics HTTP/1.1" 200 12765 "https://www.tempokontrol.co.za/?path=//sys/class/net/eth0/subsystem/lo/subsystem/lo/statistics" "Mozilla/5.0 AppleWebKit/537.36 (KHTML, like Gecko; compatible; GPTBot/1.4; +https://openai.com/gptbot)"
216.73.216.79 - - [01/Aug/2026:15:14:56 +0200] "GET /sitemap.xml?path=%2F%2Fsys%2Fdevices%2FLNXSYSTM%3A00%2FACPI0007%3A07%2Fphysical_node%2Fnode0%2Fmemory69%2Fnode0%2Fmemory142 HTTP/1.1" 200 29675 "-" "Mozilla/5.0 AppleWebKit/537.36 (KHTML, like Gecko; compatible; ClaudeBot/1.0; +claudebot@anthropic.com)"
74.7.242.17 - - [01/Aug/2026:15:14:56 +0200] "GET /?fileloc=//sys/class/net/lo/carrier_down_count&path=//sys/class/net/lo HTTP/1.1" 200 12374 "https://tempokontrol.co.za/?path=//sys/class/net/lo" "Mozilla/5.0 AppleWebKit/537.36 (KHTML, like Gecko; compatible; GPTBot/1.4; +https://openai.com/gptbot)"
74.7.227.163 - - [01/Aug/2026:15:14:56 +0200] "GET /?fileloc=//sys/class/net/eth0/subsystem/lo/subsystem/lo/statistics/rx_missed_errors&path=//sys/class/net/eth0/subsystem/lo/subsystem/lo/statistics HTTP/1.1" 200 12766 "https://www.tempokontrol.co.za/?path=//sys/class/net/eth0/subsystem/lo/subsystem/lo/statistics" "Mozilla/5.0 AppleWebKit/537.36 (KHTML, like Gecko; compatible; GPTBot/1.4; +https://openai.com/gptbot)"
74.7.242.17 - - [01/Aug/2026:15:14:59 +0200] "GET /?fileloc=//sys/class/net/lo/carrier_changes&path=//sys/class/net/lo HTTP/1.1" 200 12371 "https://tempokontrol.co.za/?path=//sys/class/net/lo" "Mozilla/5.0 AppleWebKit/537.36 (KHTML, like Gecko; compatible; GPTBot/1.4; +https://openai.com/gptbot)"
74.7.227.163 - - [01/Aug/2026:15:14:59 +0200] "GET /?fileloc=//sys/class/net/eth0/subsystem/lo/subsystem/lo/statistics/tx_carrier_errors&path=//sys/class/net/eth0/subsystem/lo/subsystem/lo/statistics HTTP/1.1" 200 12767 "https://www.tempokontrol.co.za/?path=//sys/class/net/eth0/subsystem/lo/subsystem/lo/statistics" "Mozilla/5.0 AppleWebKit/537.36 (KHTML, like Gecko; compatible; GPTBot/1.4; +https://openai.com/gptbot)"
216.73.216.79 - - [01/Aug/2026:15:14:59 +0200] "GET /sitemap.xml?path=%2F%2Fsys%2Fdevices%2FLNXSYSTM%3A00%2FACPI0007%3A07%2Fphysical_node%2Fnode0%2Fmemory75%2Fnode0%2Fmemory50 HTTP/1.1" 200 29636 "-" "Mozilla/5.0 AppleWebKit/537.36 (KHTML, like Gecko; compatible; ClaudeBot/1.0; +claudebot@anthropic.com)"
74.7.242.17 - - [01/Aug/2026:15:15:02 +0200] "GET /?fileloc=//sys/class/net/eth0/uevent&path=//sys/class/net/eth0 HTTP/1.1" 200 12391 "https://tempokontrol.co.za/?path=//sys/class/net/eth0" "Mozilla/5.0 AppleWebKit/537.36 (KHTML, like Gecko; compatible; GPTBot/1.4; +https://openai.com/gptbot)"
74.7.227.163 - - [01/Aug/2026:15:15:03 +0200] "GET /?fileloc=//sys/class/net/eth0/subsystem/lo/subsystem/lo/statistics/tx_aborted_errors&path=//sys/class/net/eth0/subsystem/lo/subsystem/lo/statistics HTTP/1.1" 200 12767 "https://www.tempokontrol.co.za/?path=//sys/class/net/eth0/subsystem/lo/subsystem/lo/statistics" "Mozilla/5.0 AppleWebKit/537.36 (KHTML, like Gecko; compatible; GPTBot/1.4; +https://openai.com/gptbot)"
216.73.216.79 - - [01/Aug/2026:15:15:03 +0200] "GET /sitemap.xml?path=%2F%2Fsys%2Fdevices%2FLNXSYSTM%3A00%2FACPI0007%3A07%2Fphysical_node%2Fnode0%2Fmemory69%2Fnode0%2Fmemory92 HTTP/1.1" 200 29636 "-" "Mozilla/5.0 AppleWebKit/537.36 (KHTML, like Gecko; compatible; ClaudeBot/1.0; +claudebot@anthropic.com)"
74.7.242.17 - - [01/Aug/2026:15:15:05 +0200] "GET /?fileloc=//sys/class/net/eth0/flags&path=//sys/class/net/eth0 HTTP/1.1" 200 12372 "https://tempokontrol.co.za/?path=//sys/class/net/eth0" "Mozilla/5.0 AppleWebKit/537.36 (KHTML, like Gecko; compatible; GPTBot/1.4; +https://openai.com/gptbot)"
74.7.227.163 - - [01/Aug/2026:15:15:06 +0200] "GET /?fileloc=//sys/class/net/eth0/subsystem/lo/subsystem/lo/statistics/rx_bytes&path=//sys/class/net/eth0/subsystem/lo/subsystem/lo/statistics HTTP/1.1" 200 12767 "https://www.tempokontrol.co.za/?path=//sys/class/net/eth0/subsystem/lo/subsystem/lo/statistics" "Mozilla/5.0 AppleWebKit/537.36 (KHTML, like Gecko; compatible; GPTBot/1.4; +https://openai.com/gptbot)"
216.73.216.79 - - [01/Aug/2026:15:15:07 +0200] "GET /sitemap.xml?path=%2F%2Fsys%2Fdevices%2FLNXSYSTM%3A00%2FACPI0007%3A07%2Fphysical_node%2Fnode0%2Fmemory87%2Fnode0%2Fmemory142 HTTP/1.1" 200 29675 "-" "Mozilla/5.0 AppleWebKit/537.36 (KHTML, like Gecko; compatible; ClaudeBot/1.0; +claudebot@anthropic.com)"
74.7.242.17 - - [01/Aug/2026:15:15:09 +0200] "GET /?fileloc=//sys/class/net/eth0/carrier&path=//sys/class/net/eth0 HTTP/1.1" 200 12369 "https://tempokontrol.co.za/?path=//sys/class/net/eth0" "Mozilla/5.0 AppleWebKit/537.36 (KHTML, like Gecko; compatible; GPTBot/1.4; +https://openai.com/gptbot)"
74.7.227.163 - - [01/Aug/2026:15:15:09 +0200] "GET /?fileloc=//sys/class/net/eth0/subsystem/lo/subsystem/lo/statistics/tx_bytes&path=//sys/class/net/eth0/subsystem/lo/subsystem/lo/statistics HTTP/1.1" 200 12767 "https://www.tempokontrol.co.za/?path=//sys/class/net/eth0/subsystem/lo/subsystem/lo/statistics" "Mozilla/5.0 AppleWebKit/537.36 (KHTML, like Gecko; compatible; GPTBot/1.4; +https://openai.com/gptbot)"
192.178.6.103 - - [01/Aug/2026:15:15:08 +0200] "GET /?q=f6o2r4e6w6o1r6d6616 HTTP/1.1" 200 794982 "-" "Mozilla/5.0 (Linux; Android 6.0.1; Nexus 5X Build/MMB29P) AppleWebKit/537.36 (KHTML, like Gecko) Chrome/150.0.7871.186 Mobile Safari/537.36 (compatible; Googlebot/2.1; +http://www.google.com/bot.html)"
216.73.216.79 - - [01/Aug/2026:15:15:11 +0200] "GET /sitemap.xml?path=%2F%2Fsys%2Fdevices%2FLNXSYSTM%3A00%2FACPI0007%3A07%2Fphysical_node%2Fnode0%2Fmemory69%2Fnode0%2Fmemory43 HTTP/1.1" 200 29636 "-" "Mozilla/5.0 AppleWebKit/537.36 (KHTML, like Gecko; compatible; ClaudeBot/1.0; +claudebot@anthropic.com)"
74.7.242.17 - - [01/Aug/2026:15:15:12 +0200] "GET /?fileloc=//sys/class/net/eth0/duplex&path=//sys/class/net/eth0 HTTP/1.1" 200 12371 "https://tempokontrol.co.za/?path=//sys/class/net/eth0" "Mozilla/5.0 AppleWebKit/537.36 (KHTML, like Gecko; compatible; GPTBot/1.4; +https://openai.com/gptbot)"
74.7.227.163 - - [01/Aug/2026:15:15:12 +0200] "GET /?fileloc=//sys/class/net/eth0/subsystem/lo/subsystem/lo/statistics/tx_errors&path=//sys/class/net/eth0/subsystem/lo/subsystem/lo/statistics HTTP/1.1" 200 12759 "https://www.tempokontrol.co.za/?path=//sys/class/net/eth0/subsystem/lo/subsystem/lo/statistics" "Mozilla/5.0 AppleWebKit/537.36 (KHTML, like Gecko; compatible; GPTBot/1.4; +https://openai.com/gptbot)"
74.7.242.17 - - [01/Aug/2026:15:15:15 +0200] "GET /?fileloc=//sys/class/net/eth0/speed&path=//sys/class/net/eth0 HTTP/1.1" 200 12371 "https://tempokontrol.co.za/?path=//sys/class/net/eth0" "Mozilla/5.0 AppleWebKit/537.36 (KHTML, like Gecko; compatible; GPTBot/1.4; +https://openai.com/gptbot)"
74.7.227.163 - - [01/Aug/2026:15:15:15 +0200] "GET /?fileloc=//sys/class/net/eth0/subsystem/lo/subsystem/lo/statistics/rx_errors&path=//sys/class/net/eth0/subsystem/lo/subsystem/lo/statistics HTTP/1.1" 200 12759 "https://www.tempokontrol.co.za/?path=//sys/class/net/eth0/subsystem/lo/subsystem/lo/statistics" "Mozilla/5.0 AppleWebKit/537.36 (KHTML, like Gecko; compatible; GPTBot/1.4; +https://openai.com/gptbot)"
216.73.216.79 - - [01/Aug/2026:15:15:15 +0200] "GET /sitemap.xml?path=%2F%2Fsys%2Fdevices%2FLNXSYSTM%3A00%2FACPI0007%3A07%2Fphysical_node%2Fnode0%2Fmemory29%2Fnode0%2Fmemory92 HTTP/1.1" 200 29636 "-" "Mozilla/5.0 AppleWebKit/537.36 (KHTML, like Gecko; compatible; ClaudeBot/1.0; +claudebot@anthropic.com)"
74.7.242.17 - - [01/Aug/2026:15:15:18 +0200] "GET /?fileloc=//sys/class/net/eth0/ifalias&path=//sys/class/net/eth0 HTTP/1.1" 200 12367 "https://tempokontrol.co.za/?path=//sys/class/net/eth0" "Mozilla/5.0 AppleWebKit/537.36 (KHTML, like Gecko; compatible; GPTBot/1.4; +https://openai.com/gptbot)"
74.7.227.163 - - [01/Aug/2026:15:15:19 +0200] "GET /?fileloc=//sys/class/net/eth0/subsystem/lo/subsystem/lo/statistics/rx_over_errors&path=//sys/class/net/eth0/subsystem/lo/subsystem/lo/statistics HTTP/1.1" 200 12764 "https://www.tempokontrol.co.za/?path=//sys/class/net/eth0/subsystem/lo/subsystem/lo/statistics" "Mozilla/5.0 AppleWebKit/537.36 (KHTML, like Gecko; compatible; GPTBot/1.4; +https://openai.com/gptbot)"
216.73.216.79 - - [01/Aug/2026:15:15:19 +0200] "GET /sitemap.xml?path=%2F%2Fsys%2Fdevices%2FLNXSYSTM%3A00%2FACPI0007%3A07%2Fphysical_node%2Fnode0%2Fmemory87%2Fnode0%2Fmemory92 HTTP/1.1" 200 29636 "-" "Mozilla/5.0 AppleWebKit/537.36 (KHTML, like Gecko; compatible; ClaudeBot/1.0; +claudebot@anthropic.com)"
74.7.242.17 - - [01/Aug/2026:15:15:21 +0200] "GET /?fileloc=//sys/class/net/eth0/testing&path=//sys/class/net/eth0 HTTP/1.1" 200 12369 "https://tempokontrol.co.za/?path=//sys/class/net/eth0" "Mozilla/5.0 AppleWebKit/537.36 (KHTML, like Gecko; compatible; GPTBot/1.4; +https://openai.com/gptbot)"
74.7.227.163 - - [01/Aug/2026:15:15:22 +0200] "GET /?fileloc=//sys/class/net/eth0/subsystem/lo/subsystem/lo/statistics/tx_fifo_errors&path=//sys/class/net/eth0/subsystem/lo/subsystem/lo/statistics HTTP/1.1" 200 12764 "https://www.tempokontrol.co.za/?path=//sys/class/net/eth0/subsystem/lo/subsystem/lo/statistics" "Mozilla/5.0 AppleWebKit/537.36 (KHTML, like Gecko; compatible; GPTBot/1.4; +https://openai.com/gptbot)"
216.73.216.79 - - [01/Aug/2026:15:15:23 +0200] "GET /sitemap.xml?path=%2F%2Fsys%2Fdevices%2FLNXSYSTM%3A00%2FACPI0007%3A07%2Fphysical_node%2Fnode0%2Fmemory75%2Fnode0%2Fmemory103 HTTP/1.1" 200 29675 "-" "Mozilla/5.0 AppleWebKit/537.36 (KHTML, like Gecko; compatible; ClaudeBot/1.0; +claudebot@anthropic.com)"
74.7.242.17 - - [01/Aug/2026:15:15:24 +0200] "GET /?fileloc=//sys/class/net/eth0/address&path=//sys/class/net/eth0 HTTP/1.1" 200 12385 "https://tempokontrol.co.za/?path=//sys/class/net/eth0" "Mozilla/5.0 AppleWebKit/537.36 (KHTML, like Gecko; compatible; GPTBot/1.4; +https://openai.com/gptbot)"
74.7.227.163 - - [01/Aug/2026:15:15:25 +0200] "GET /?fileloc=//sys/class/net/eth0/subsystem/lo/subsystem/lo/statistics/rx_crc_errors&path=//sys/class/net/eth0/subsystem/lo/subsystem/lo/statistics HTTP/1.1" 200 12763 "https://www.tempokontrol.co.za/?path=//sys/class/net/eth0/subsystem/lo/subsystem/lo/statistics" "Mozilla/5.0 AppleWebKit/537.36 (KHTML, like Gecko; compatible; GPTBot/1.4; +https://openai.com/gptbot)"
216.73.216.79 - - [01/Aug/2026:15:15:27 +0200] "GET /sitemap.xml?path=%2F%2Fsys%2Fdevices%2FLNXSYSTM%3A00%2FACPI0007%3A07%2Fphysical_node%2Fnode0%2Fmemory87%2Fnode0%2Fmemory43 HTTP/1.1" 200 29636 "-" "Mozilla/5.0 AppleWebKit/537.36 (KHTML, like Gecko; compatible; ClaudeBot/1.0; +claudebot@anthropic.com)"
74.7.242.17 - - [01/Aug/2026:15:15:28 +0200] "GET /?fileloc=//sys/class/net/eth0/iflink&path=//sys/class/net/eth0 HTTP/1.1" 200 12368 "https://tempokontrol.co.za/?path=//sys/class/net/eth0" "Mozilla/5.0 AppleWebKit/537.36 (KHTML, like Gecko; compatible; GPTBot/1.4; +https://openai.com/gptbot)"
74.7.227.163 - - [01/Aug/2026:15:15:28 +0200] "GET /?fileloc=//sys/class/net/eth0/subsystem/lo/subsystem/lo/statistics/rx_fifo_errors&path=//sys/class/net/eth0/subsystem/lo/subsystem/lo/statistics HTTP/1.1" 200 12764 "https://www.tempokontrol.co.za/?path=//sys/class/net/eth0/subsystem/lo/subsystem/lo/statistics" "Mozilla/5.0 AppleWebKit/537.36 (KHTML, like Gecko; compatible; GPTBot/1.4; +https://openai.com/gptbot)"
74.7.242.17 - - [01/Aug/2026:15:15:31 +0200] "GET /?fileloc=//sys/class/net/eth0/ifindex&path=//sys/class/net/eth0 HTTP/1.1" 200 12369 "https://tempokontrol.co.za/?path=//sys/class/net/eth0" "Mozilla/5.0 AppleWebKit/537.36 (KHTML, like Gecko; compatible; GPTBot/1.4; +https://openai.com/gptbot)"
74.7.227.163 - - [01/Aug/2026:15:15:31 +0200] "GET /?fileloc=//sys/class/net/eth0/subsystem/lo/subsystem/lo/statistics/tx_heartbeat_errors&path=//sys/class/net/eth0/subsystem/lo/subsystem/lo/statistics HTTP/1.1" 200 12769 "https://www.tempokontrol.co.za/?path=//sys/class/net/eth0/subsystem/lo/subsystem/lo/statistics" "Mozilla/5.0 AppleWebKit/537.36 (KHTML, like Gecko; compatible; GPTBot/1.4; +https://openai.com/gptbot)"
216.73.216.79 - - [01/Aug/2026:15:15:31 +0200] "GET /sitemap.xml?path=%2F%2Fsys%2Fdevices%2FLNXSYSTM%3A00%2FACPI0007%3A07%2Fphysical_node%2Fnode0%2Fmemory29%2Fnode0%2Fmemory43 HTTP/1.1" 200 29636 "-" "Mozilla/5.0 AppleWebKit/537.36 (KHTML, like Gecko; compatible; ClaudeBot/1.0; +claudebot@anthropic.com)"
74.7.242.17 - - [01/Aug/2026:15:15:34 +0200] "GET /?fileloc=//sys/class/net/eth0/dormant&path=//sys/class/net/eth0 HTTP/1.1" 200 12369 "https://tempokontrol.co.za/?path=//sys/class/net/eth0" "Mozilla/5.0 AppleWebKit/537.36 (KHTML, like Gecko; compatible; GPTBot/1.4; +https://openai.com/gptbot)"
74.7.227.163 - - [01/Aug/2026:15:15:34 +0200] "GET /?fileloc=//sys/class/net/eth0/subsystem/lo/subsystem/lo/statistics/tx_packets&path=//sys/class/net/eth0/subsystem/lo/subsystem/lo/statistics HTTP/1.1" 200 12766 "https://www.tempokontrol.co.za/?path=//sys/class/net/eth0/subsystem/lo/subsystem/lo/statistics" "Mozilla/5.0 AppleWebKit/537.36 (KHTML, like Gecko; compatible; GPTBot/1.4; +https://openai.com/gptbot)"
216.73.216.79 - - [01/Aug/2026:15:15:35 +0200] "GET /sitemap.xml?path=%2F%2Fsys%2Fdevices%2FLNXSYSTM%3A00%2FACPI0007%3A07%2Fphysical_node%2Fnode0%2Fmemory69%2Fnode0%2Fmemory112 HTTP/1.1" 200 29675 "-" "Mozilla/5.0 AppleWebKit/537.36 (KHTML, like Gecko; compatible; ClaudeBot/1.0; +claudebot@anthropic.com)"
74.7.242.17 - - [01/Aug/2026:15:15:37 +0200] "GET /?fileloc=//sys/class/net/eth0/phys_port_name&path=//sys/class/net/eth0 HTTP/1.1" 200 12374 "https://tempokontrol.co.za/?path=//sys/class/net/eth0" "Mozilla/5.0 AppleWebKit/537.36 (KHTML, like Gecko; compatible; GPTBot/1.4; +https://openai.com/gptbot)"
74.7.227.163 - - [01/Aug/2026:15:15:38 +0200] "GET /?fileloc=//sys/class/net/eth0/subsystem/lo/subsystem/lo/statistics/multicast&path=//sys/class/net/eth0/subsystem/lo/subsystem/lo/statistics HTTP/1.1" 200 12759 "https://www.tempokontrol.co.za/?path=//sys/class/net/eth0/subsystem/lo/subsystem/lo/statistics" "Mozilla/5.0 AppleWebKit/537.36 (KHTML, like Gecko; compatible; GPTBot/1.4; +https://openai.com/gptbot)"
216.73.216.79 - - [01/Aug/2026:15:15:39 +0200] "GET /sitemap.xml?path=%2F%2Fsys%2Fdev%2Fchar%2F7%3A134%2Fsubsystem%2Fvcs5%2Fpower HTTP/1.1" 200 20733 "-" "Mozilla/5.0 AppleWebKit/537.36 (KHTML, like Gecko; compatible; ClaudeBot/1.0; +claudebot@anthropic.com)"
74.7.242.17 - - [01/Aug/2026:15:15:40 +0200] "GET /?fileloc=//sys/class/net/eth0/phys_switch_id&path=//sys/class/net/eth0 HTTP/1.1" 200 12374 "https://tempokontrol.co.za/?path=//sys/class/net/eth0" "Mozilla/5.0 AppleWebKit/537.36 (KHTML, like Gecko; compatible; GPTBot/1.4; +https://openai.com/gptbot)"
74.7.227.163 - - [01/Aug/2026:15:15:41 +0200] "GET /?fileloc=//sys/class/net/eth0/subsystem/lo/subsystem/lo/statistics/rx_packets&path=//sys/class/net/eth0/subsystem/lo/subsystem/lo/statistics HTTP/1.1" 200 12766 "https://www.tempokontrol.co.za/?path=//sys/class/net/eth0/subsystem/lo/subsystem/lo/statistics" "Mozilla/5.0 AppleWebKit/537.36 (KHTML, like Gecko; compatible; GPTBot/1.4; +https://openai.com/gptbot)"
74.7.242.17 - - [01/Aug/2026:15:15:43 +0200] "GET /?fileloc=//sys/class/net/eth0/link_mode&path=//sys/class/net/eth0 HTTP/1.1" 200 12371 "https://tempokontrol.co.za/?path=//sys/class/net/eth0" "Mozilla/5.0 AppleWebKit/537.36 (KHTML, like Gecko; compatible; GPTBot/1.4; +https://openai.com/gptbot)"
216.73.216.79 - - [01/Aug/2026:15:15:43 +0200] "GET /sitemap.xml?path=%2F%2Fvar%2Fsoftaculous%2Fraphael%2Fphp56 HTTP/1.1" 200 14303 "-" "Mozilla/5.0 AppleWebKit/537.36 (KHTML, like Gecko; compatible; ClaudeBot/1.0; +claudebot@anthropic.com)"
74.7.227.163 - - [01/Aug/2026:15:15:44 +0200] "GET /?fileloc=//sys/class/net/eth0/subsystem/lo/subsystem/lo/statistics/collisions&path=//sys/class/net/eth0/subsystem/lo/subsystem/lo/statistics HTTP/1.1" 200 12760 "https://www.tempokontrol.co.za/?path=//sys/class/net/eth0/subsystem/lo/subsystem/lo/statistics" "Mozilla/5.0 AppleWebKit/537.36 (KHTML, like Gecko; compatible; GPTBot/1.4; +https://openai.com/gptbot)"
74.7.242.17 - - [01/Aug/2026:15:15:46 +0200] "GET /?fileloc=//sys/class/net/eth0/proto_down&path=//sys/class/net/eth0 HTTP/1.1" 200 12372 "https://tempokontrol.co.za/?path=//sys/class/net/eth0" "Mozilla/5.0 AppleWebKit/537.36 (KHTML, like Gecko; compatible; GPTBot/1.4; +https://openai.com/gptbot)"
74.7.227.163 - - [01/Aug/2026:15:15:47 +0200] "GET /?fileloc=//sys/class/net/eth0/subsystem/lo/subsystem/lo/statistics/rx_compressed&path=//sys/class/net/eth0/subsystem/lo/subsystem/lo/statistics HTTP/1.1" 200 12763 "https://www.tempokontrol.co.za/?path=//sys/class/net/eth0/subsystem/lo/subsystem/lo/statistics" "Mozilla/5.0 AppleWebKit/537.36 (KHTML, like Gecko; compatible; GPTBot/1.4; +https://openai.com/gptbot)"
216.73.216.79 - - [01/Aug/2026:15:15:47 +0200] "GET /sitemap.xml?path=%2F%2Fsys%2Fdev%2Fchar%2F4%3A32%2Fsubsystem%2Ftty6%2Fpower HTTP/1.1" 200 20708 "-" "Mozilla/5.0 AppleWebKit/537.36 (KHTML, like Gecko; compatible; ClaudeBot/1.0; +claudebot@anthropic.com)"
74.7.242.17 - - [01/Aug/2026:15:15:49 +0200] "GET /?fileloc=//sys/class/net/lo/broadcast&path=//sys/class/net/lo HTTP/1.1" 200 12381 "https://tempokontrol.co.za/?path=//sys/class/net/lo" "Mozilla/5.0 AppleWebKit/537.36 (KHTML, like Gecko; compatible; GPTBot/1.4; +https://openai.com/gptbot)"
74.7.227.163 - - [01/Aug/2026:15:15:50 +0200] "GET /?fileloc=//sys/class/net/eth0/subsystem/lo/subsystem/lo/statistics/tx_compressed&path=//sys/class/net/eth0/subsystem/lo/subsystem/lo/statistics HTTP/1.1" 200 12763 "https://www.tempokontrol.co.za/?path=//sys/class/net/eth0/subsystem/lo/subsystem/lo/statistics" "Mozilla/5.0 AppleWebKit/537.36 (KHTML, like Gecko; compatible; GPTBot/1.4; +https://openai.com/gptbot)"
216.73.216.79 - - [01/Aug/2026:15:15:51 +0200] "GET /sitemap.xml?path=%2F%2Fsys%2Fdev%2Fchar%2F4%3A56%2Fsubsystem%2Ftty63%2Fsubsystem%2Ftty27 HTTP/1.1" 200 19003 "-" "Mozilla/5.0 AppleWebKit/537.36 (KHTML, like Gecko; compatible; ClaudeBot/1.0; +claudebot@anthropic.com)"
74.7.242.17 - - [01/Aug/2026:15:15:53 +0200] "GET /?fileloc=//sys/class/net/lo/operstate&path=//sys/class/net/lo HTTP/1.1" 200 12371 "https://tempokontrol.co.za/?path=//sys/class/net/lo" "Mozilla/5.0 AppleWebKit/537.36 (KHTML, like Gecko; compatible; GPTBot/1.4; +https://openai.com/gptbot)"
74.7.227.163 - - [01/Aug/2026:15:15:53 +0200] "GET /?path=//sys/class/net/eth0/device/net/eth0/subsystem/eth0/subsystem/lo/subsystem/lo/subsystem/eth0/device/net/eth0/device/subsystem/drivers/hv_utils/module/drivers/vmbus:hv_utils/module HTTP/1.1" 200 41211 "https://www.tempokontrol.co.za/?path=//sys/class/net/eth0/device/net/eth0/subsystem/eth0/subsystem/lo/subsystem/lo/subsystem/eth0/device/net/eth0/device/subsystem/drivers/hv_utils/module/drivers/vmbus:hv_utils" "Mozilla/5.0 AppleWebKit/537.36 (KHTML, like Gecko; compatible; GPTBot/1.4; +https://openai.com/gptbot)"
216.73.216.79 - - [01/Aug/2026:15:15:55 +0200] "GET /sitemap.xml?fileloc=%2F%2Fsys%2Ffs%2Fcgroup%2Fsys-kernel-debug.mount%2Fmemory.events.local&path=%2F%2Fsys%2Ffs%2Fcgroup%2Fsys-kernel-debug.mount HTTP/1.1" 200 12483 "-" "Mozilla/5.0 AppleWebKit/537.36 (KHTML, like Gecko; compatible; ClaudeBot/1.0; +claudebot@anthropic.com)"
74.7.242.17 - - [01/Aug/2026:15:15:56 +0200] "GET /?fileloc=//sys/class/net/eth0/carrier_down_count&path=//sys/class/net/eth0 HTTP/1.1" 200 12380 "https://tempokontrol.co.za/?path=//sys/class/net/eth0" "Mozilla/5.0 AppleWebKit/537.36 (KHTML, like Gecko; compatible; GPTBot/1.4; +https://openai.com/gptbot)"
74.7.227.163 - - [01/Aug/2026:15:15:57 +0200] "GET /?path=//sys/class/net/eth0/device/net/eth0/subsystem/lo/subsystem/lo/subsystem/eth0/subsystem/eth0/device/net/eth0/device/subsystem/drivers/hv_utils/module/drivers/vmbus:hv_utils/module HTTP/1.1" 200 41203 "https://www.tempokontrol.co.za/?path=//sys/class/net/eth0/device/net/eth0/subsystem/lo/subsystem/lo/subsystem/eth0/subsystem/eth0/device/net/eth0/device/subsystem/drivers/hv_utils/module/drivers/vmbus:hv_utils" "Mozilla/5.0 AppleWebKit/537.36 (KHTML, like Gecko; compatible; GPTBot/1.4; +https://openai.com/gptbot)"
216.73.216.79 - - [01/Aug/2026:15:15:59 +0200] "GET /sitemap.xml?fileloc=%2F%2Fsys%2Fdev%2Fchar%2F4%3A65%2Fuartclk&path=%2F%2Fsys%2Fdev%2Fchar%2F4%3A65 HTTP/1.1" 200 12369 "-" "Mozilla/5.0 AppleWebKit/537.36 (KHTML, like Gecko; compatible; ClaudeBot/1.0; +claudebot@anthropic.com)"
74.7.242.17 - - [01/Aug/2026:15:15:59 +0200] "GET /?fileloc=//sys/class/net/eth0/operstate&path=//sys/class/net/eth0 HTTP/1.1" 200 12372 "https://tempokontrol.co.za/?path=//sys/class/net/eth0" "Mozilla/5.0 AppleWebKit/537.36 (KHTML, like Gecko; compatible; GPTBot/1.4; +https://openai.com/gptbot)"
74.7.227.163 - - [01/Aug/2026:15:16:00 +0200] "GET /?path=//sys/class/net/eth0/device/net/eth0/subsystem/eth0/subsystem/lo/subsystem/lo/subsystem/eth0/device/net/eth0/device/subsystem/drivers/hv_netvsc/module/drivers/vmbus:hv_netvsc/module HTTP/1.1" 200 41314 "https://www.tempokontrol.co.za/?path=//sys/class/net/eth0/device/net/eth0/subsystem/eth0/subsystem/lo/subsystem/lo/subsystem/eth0/device/net/eth0/device/subsystem/drivers/hv_netvsc/module/drivers/vmbus:hv_netvsc" "Mozilla/5.0 AppleWebKit/537.36 (KHTML, like Gecko; compatible; GPTBot/1.4; +https://openai.com/gptbot)"
74.7.242.17 - - [01/Aug/2026:15:16:02 +0200] "GET /?fileloc=//sys/class/net/eth0/broadcast&path=//sys/class/net/eth0 HTTP/1.1" 200 12387 "https://tempokontrol.co.za/?path=//sys/class/net/eth0" "Mozilla/5.0 AppleWebKit/537.36 (KHTML, like Gecko; compatible; GPTBot/1.4; +https://openai.com/gptbot)"
216.73.216.79 - - [01/Aug/2026:15:16:02 +0200] "GET /sitemap.xml?path=%2Fhome%2Ftn%2Fwww%2Fwp-includes%2Fcss%2Fdist%2Feditor%2Feditor HTTP/1.1" 200 19282 "-" "Mozilla/5.0 AppleWebKit/537.36 (KHTML, like Gecko; compatible; ClaudeBot/1.0; +claudebot@anthropic.com)"
74.7.227.163 - - [01/Aug/2026:15:16:03 +0200] "GET /?path=//sys/class/net/eth0/device/net/eth0/subsystem/lo/subsystem/lo/subsystem/eth0/subsystem/eth0/device/net/eth0/device/subsystem/drivers/hv_storvsc/module/drivers/vmbus:hv_storvsc/module HTTP/1.1" 200 41409 "https://www.tempokontrol.co.za/?path=//sys/class/net/eth0/device/net/eth0/subsystem/lo/subsystem/lo/subsystem/eth0/subsystem/eth0/device/net/eth0/device/subsystem/drivers/hv_storvsc/module/drivers/vmbus:hv_storvsc" "Mozilla/5.0 AppleWebKit/537.36 (KHTML, like Gecko; compatible; GPTBot/1.4; +https://openai.com/gptbot)"
74.7.242.17 - - [01/Aug/2026:15:16:05 +0200] "GET /?fileloc=//sys/class/net/eth0/threaded&path=//sys/class/net/eth0 HTTP/1.1" 200 12370 "https://tempokontrol.co.za/?path=//sys/class/net/eth0" "Mozilla/5.0 AppleWebKit/537.36 (KHTML, like Gecko; compatible; GPTBot/1.4; +https://openai.com/gptbot)"
74.7.227.163 - - [01/Aug/2026:15:16:06 +0200] "GET /?path=//sys/class/net/eth0/device/net/eth0/subsystem/lo/subsystem/lo/subsystem/eth0/subsystem/eth0/device/net/eth0/device/subsystem/drivers/hv_netvsc/module/drivers/vmbus:hv_netvsc/module HTTP/1.1" 200 41306 "https://www.tempokontrol.co.za/?path=//sys/class/net/eth0/device/net/eth0/subsystem/lo/subsystem/lo/subsystem/eth0/subsystem/eth0/device/net/eth0/device/subsystem/drivers/hv_netvsc/module/drivers/vmbus:hv_netvsc" "Mozilla/5.0 AppleWebKit/537.36 (KHTML, like Gecko; compatible; GPTBot/1.4; +https://openai.com/gptbot)"
216.73.216.79 - - [01/Aug/2026:15:16:06 +0200] "GET /sitemap.xml?fileloc=%2F%2Fsys%2Fkernel%2Fslab%2Fkmalloc-8k%2Fmin_partial&path=%2F%2Fsys%2Fkernel%2Fslab%2Fkmalloc-8k HTTP/1.1" 200 12398 "-" "Mozilla/5.0 AppleWebKit/537.36 (KHTML, like Gecko; compatible; ClaudeBot/1.0; +claudebot@anthropic.com)"
74.7.242.17 - - [01/Aug/2026:15:16:08 +0200] "GET /?fileloc=//sys/class/net/eth0/addr_assign_type&path=//sys/class/net/eth0 HTTP/1.1" 200 12378 "https://tempokontrol.co.za/?path=//sys/class/net/eth0" "Mozilla/5.0 AppleWebKit/537.36 (KHTML, like Gecko; compatible; GPTBot/1.4; +https://openai.com/gptbot)"
74.7.227.163 - - [01/Aug/2026:15:16:09 +0200] "GET /?path=//sys/class/net/eth0/device/net/eth0/subsystem/eth0/subsystem/lo/subsystem/lo/subsystem/eth0/device/net/eth0/device/subsystem/drivers/hv_storvsc/module/drivers/vmbus:hv_storvsc/module HTTP/1.1" 200 41417 "https://www.tempokontrol.co.za/?path=//sys/class/net/eth0/device/net/eth0/subsystem/eth0/subsystem/lo/subsystem/lo/subsystem/eth0/device/net/eth0/device/subsystem/drivers/hv_storvsc/module/drivers/vmbus:hv_storvsc" "Mozilla/5.0 AppleWebKit/537.36 (KHTML, like Gecko; compatible; GPTBot/1.4; +https://openai.com/gptbot)"
216.73.216.79 - - [01/Aug/2026:15:16:10 +0200] "GET /sitemap.xml?fileloc=%2F%2Fsys%2Fdev%2Fchar%2F4%3A39%2Fsubsystem%2Ftty60%2Fdev&path=%2F%2Fsys%2Fdev%2Fchar%2F4%3A39%2Fsubsystem%2Ftty60 HTTP/1.1" 200 12500 "-" "Mozilla/5.0 AppleWebKit/537.36 (KHTML, like Gecko; compatible; ClaudeBot/1.0; +claudebot@anthropic.com)"
74.7.242.17 - - [01/Aug/2026:15:16:12 +0200] "GET /?fileloc=//sys/class/net/eth0/name_assign_type&path=//sys/class/net/eth0 HTTP/1.1" 200 12376 "https://tempokontrol.co.za/?path=//sys/class/net/eth0" "Mozilla/5.0 AppleWebKit/537.36 (KHTML, like Gecko; compatible; GPTBot/1.4; +https://openai.com/gptbot)"
74.7.227.163 - - [01/Aug/2026:15:16:13 +0200] "GET /?path=//sys/class/net/eth0/subsystem/lo/subsystem/eth0 HTTP/1.1" 200 71561 "https://www.tempokontrol.co.za/?path=//sys/class/net/eth0/subsystem/lo/subsystem" "Mozilla/5.0 AppleWebKit/537.36 (KHTML, like Gecko; compatible; GPTBot/1.4; +https://openai.com/gptbot)"
216.73.216.79 - - [01/Aug/2026:15:16:14 +0200] "GET /sitemap.xml?fileloc=%2F%2Fsys%2Fdev%2Fchar%2F10%3A183%2Fsubsystem%2Ffuse%2Fdev&path=%2F%2Fsys%2Fdev%2Fchar%2F10%3A183%2Fsubsystem%2Ffuse HTTP/1.1" 200 12509 "-" "Mozilla/5.0 AppleWebKit/537.36 (KHTML, like Gecko; compatible; ClaudeBot/1.0; +claudebot@anthropic.com)"
74.7.242.17 - - [01/Aug/2026:15:16:15 +0200] "GET /?fileloc=//sys/class/net/eth0/carrier_up_count&path=//sys/class/net/eth0 HTTP/1.1" 200 12378 "https://tempokontrol.co.za/?path=//sys/class/net/eth0" "Mozilla/5.0 AppleWebKit/537.36 (KHTML, like Gecko; compatible; GPTBot/1.4; +https://openai.com/gptbot)"
74.7.227.163 - - [01/Aug/2026:15:16:16 +0200] "GET /?path=//sys/class/net/eth0/subsystem/lo/subsystem/lo/queues HTTP/1.1" 200 15967 "https://www.tempokontrol.co.za/?path=//sys/class/net/eth0/subsystem/lo/subsystem/lo" "Mozilla/5.0 AppleWebKit/537.36 (KHTML, like Gecko; compatible; GPTBot/1.4; +https://openai.com/gptbot)"
74.7.242.17 - - [01/Aug/2026:15:16:18 +0200] "GET /?fileloc=//sys/class/net/eth0/netdev_group&path=//sys/class/net/eth0 HTTP/1.1" 200 12374 "https://tempokontrol.co.za/?path=//sys/class/net/eth0" "Mozilla/5.0 AppleWebKit/537.36 (KHTML, like Gecko; compatible; GPTBot/1.4; +https://openai.com/gptbot)"
74.7.227.163 - - [01/Aug/2026:15:16:19 +0200] "GET /?path=//sys/class/net/eth0/subsystem/eth0/subsystem/eth0/queues HTTP/1.1" 200 41927 "https://www.tempokontrol.co.za/?path=//sys/class/net/eth0/subsystem/eth0/subsystem/eth0" "Mozilla/5.0 AppleWebKit/537.36 (KHTML, like Gecko; compatible; GPTBot/1.4; +https://openai.com/gptbot)"
216.73.216.79 - - [01/Aug/2026:15:16:18 +0200] "GET /sitemap.xml?path=%2F%2Fvar%2Fsoftaculous%2Fuvdesk%2Fphp56 HTTP/1.1" 200 20244 "-" "Mozilla/5.0 AppleWebKit/537.36 (KHTML, like Gecko; compatible; ClaudeBot/1.0; +claudebot@anthropic.com)"
74.7.242.17 - - [01/Aug/2026:15:16:21 +0200] "GET /?fileloc=//sys/class/net/eth0/napi_defer_hard_irqs&path=//sys/class/net/eth0 HTTP/1.1" 200 12382 "https://tempokontrol.co.za/?path=//sys/class/net/eth0" "Mozilla/5.0 AppleWebKit/537.36 (KHTML, like Gecko; compatible; GPTBot/1.4; +https://openai.com/gptbot)"
216.73.216.79 - - [01/Aug/2026:15:16:22 +0200] "GET /sitemap.xml?path=%2F%2Fvar%2Fsoftaculous%2Flivehelper%2Fphp56 HTTP/1.1" 200 20341 "-" "Mozilla/5.0 AppleWebKit/537.36 (KHTML, like Gecko; compatible; ClaudeBot/1.0; +claudebot@anthropic.com)"
74.7.227.163 - - [01/Aug/2026:15:16:22 +0200] "GET /?path=//sys/class/net/eth0/device/net/eth0/subsystem/eth0/subsystem/lo/subsystem/lo/subsystem/eth0/device/net/eth0/device/subsystem/drivers/hv_utils/module/notes HTTP/1.1" 200 19114 "https://www.tempokontrol.co.za/?path=//sys/class/net/eth0/device/net/eth0/subsystem/eth0/subsystem/lo/subsystem/lo/subsystem/eth0/device/net/eth0/device/subsystem/drivers/hv_utils/module" "Mozilla/5.0 AppleWebKit/537.36 (KHTML, like Gecko; compatible; GPTBot/1.4; +https://openai.com/gptbot)"
74.7.242.17 - - [01/Aug/2026:15:16:24 +0200] "GET /?fileloc=//sys/class/net/eth0/gro_flush_timeout&path=//sys/class/net/eth0 HTTP/1.1" 200 12379 "https://tempokontrol.co.za/?path=//sys/class/net/eth0" "Mozilla/5.0 AppleWebKit/537.36 (KHTML, like Gecko; compatible; GPTBot/1.4; +https://openai.com/gptbot)"
74.7.227.163 - - [01/Aug/2026:15:16:25 +0200] "GET /?path=//sys/class/net/eth0/device/net/eth0/subsystem/lo/subsystem/lo/subsystem/eth0/subsystem/eth0/device/net/eth0/device/subsystem/drivers/hv_netvsc/module/notes HTTP/1.1" 200 19118 "https://www.tempokontrol.co.za/?path=//sys/class/net/eth0/device/net/eth0/subsystem/lo/subsystem/lo/subsystem/eth0/subsystem/eth0/device/net/eth0/device/subsystem/drivers/hv_netvsc/module" "Mozilla/5.0 AppleWebKit/537.36 (KHTML, like Gecko; compatible; GPTBot/1.4; +https://openai.com/gptbot)"
