74.7.227.163 - - [01/Aug/2026:14:42:35 +0200] "GET /?fileloc=//sys/class/net/eth0/device/net/eth0/subsystem/eth0/device/channels/21/cpu&path=//sys/class/net/eth0/device/net/eth0/subsystem/eth0/device/channels/21 HTTP/1.1" 200 13019 "https://www.tempokontrol.co.za/?path=//sys/class/net/eth0/device/net/eth0/subsystem/eth0/device/channels/21" "Mozilla/5.0 AppleWebKit/537.36 (KHTML, like Gecko; compatible; GPTBot/1.4; +https://openai.com/gptbot)"
216.73.217.106 - - [01/Aug/2026:14:42:37 +0200] "GET /sitemap.xml?fileloc=%2F%2Fsys%2Fdev%2Fblock%2F8%3A192%2Fpartscan&path=%2F%2Fsys%2Fdev%2Fblock%2F8%3A192 HTTP/1.1" 200 12371 "-" "Mozilla/5.0 AppleWebKit/537.36 (KHTML, like Gecko; compatible; ClaudeBot/1.0; +claudebot@anthropic.com)"
74.7.242.17 - - [01/Aug/2026:14:42:38 +0200] "GET /favicon.ico?fileloc=/home/tn/www/wp-content/plugins/wp-file-manager/lib/img/volume_icon_local.png&path=/home/tn/www/wp-content/plugins/wp-file-manager/lib/img HTTP/1.1" 200 13313 "https://tempokontrol.co.za/favicon.ico?path=/home/tn/www/wp-content/plugins/wp-file-manager/lib/img" "Mozilla/5.0 AppleWebKit/537.36 (KHTML, like Gecko; compatible; GPTBot/1.4; +https://openai.com/gptbot)"
216.73.217.106 - - [01/Aug/2026:14:42:40 +0200] "GET /sitemap.xml?path=%2F%2Fsys%2Fbus%2Fclockevents%2Fdevices%2Fclockevent5 HTTP/1.1" 200 20282 "-" "Mozilla/5.0 AppleWebKit/537.36 (KHTML, like Gecko; compatible; ClaudeBot/1.0; +claudebot@anthropic.com)"
74.7.242.17 - - [01/Aug/2026:14:42:42 +0200] "GET /favicon.ico?fileloc=/home/tn/www/wp-content/plugins/wp-file-manager/lib/img/editor-icons.png&path=/home/tn/www/wp-content/plugins/wp-file-manager/lib/img HTTP/1.1" 200 17792 "https://tempokontrol.co.za/favicon.ico?path=/home/tn/www/wp-content/plugins/wp-file-manager/lib/img" "Mozilla/5.0 AppleWebKit/537.36 (KHTML, like Gecko; compatible; GPTBot/1.4; +https://openai.com/gptbot)"
74.7.242.17 - - [01/Aug/2026:14:42:45 +0200] "GET /favicon.ico?fileloc=/home/tn/www/wp-content/plugins/wp-file-manager/lib/img/arrows-active.png&path=/home/tn/www/wp-content/plugins/wp-file-manager/lib/img HTTP/1.1" 200 12954 "https://tempokontrol.co.za/favicon.ico?path=/home/tn/www/wp-content/plugins/wp-file-manager/lib/img" "Mozilla/5.0 AppleWebKit/537.36 (KHTML, like Gecko; compatible; GPTBot/1.4; +https://openai.com/gptbot)"
216.73.217.106 - - [01/Aug/2026:14:42:44 +0200] "GET /sitemap.xml?fileloc=%2F%2Fproc%2F4054935%2Fauxv&path=%2F%2Fproc%2F4054935 HTTP/1.1" 200 12279 "-" "Mozilla/5.0 AppleWebKit/537.36 (KHTML, like Gecko; compatible; ClaudeBot/1.0; +claudebot@anthropic.com)"
216.73.217.106 - - [01/Aug/2026:14:42:47 +0200] "GET /sitemap.xml?fileloc=%2F%2Fproc%2F1363%2Floginuid&path=%2F%2Fproc%2F1363 HTTP/1.1" 200 12284 "-" "Mozilla/5.0 AppleWebKit/537.36 (KHTML, like Gecko; compatible; ClaudeBot/1.0; +claudebot@anthropic.com)"
74.7.242.17 - - [01/Aug/2026:14:42:48 +0200] "GET /favicon.ico?fileloc=/home/tn/www/wp-content/plugins/wp-file-manager/lib/img/edit_tuiimgedit.png&path=/home/tn/www/wp-content/plugins/wp-file-manager/lib/img HTTP/1.1" 200 13022 "https://tempokontrol.co.za/favicon.ico?path=/home/tn/www/wp-content/plugins/wp-file-manager/lib/img" "Mozilla/5.0 AppleWebKit/537.36 (KHTML, like Gecko; compatible; GPTBot/1.4; +https://openai.com/gptbot)"
216.73.217.106 - - [01/Aug/2026:14:42:50 +0200] "GET /sitemap.xml?fileloc=%2F%2Flib64%2FlibXv.so.1&path=%2F%2Flib64 HTTP/1.1" 200 45060 "-" "Mozilla/5.0 AppleWebKit/537.36 (KHTML, like Gecko; compatible; ClaudeBot/1.0; +claudebot@anthropic.com)"
74.7.242.17 - - [01/Aug/2026:14:42:51 +0200] "GET /favicon.ico?fileloc=/home/tn/www/wp-content/plugins/wp-file-manager/lib/img/icons-big.png&path=/home/tn/www/wp-content/plugins/wp-file-manager/lib/img HTTP/1.1" 200 25010 "https://tempokontrol.co.za/favicon.ico?path=/home/tn/www/wp-content/plugins/wp-file-manager/lib/img" "Mozilla/5.0 AppleWebKit/537.36 (KHTML, like Gecko; compatible; GPTBot/1.4; +https://openai.com/gptbot)"
216.73.217.106 - - [01/Aug/2026:14:42:53 +0200] "GET /sitemap.xml?fileloc=%2F%2Flib%2Ftmpfiles.d%2Fselinux-policy.conf&path=%2F%2Flib%2Ftmpfiles.d HTTP/1.1" 200 12436 "-" "Mozilla/5.0 AppleWebKit/537.36 (KHTML, like Gecko; compatible; ClaudeBot/1.0; +claudebot@anthropic.com)"
74.7.242.17 - - [01/Aug/2026:14:42:54 +0200] "GET /favicon.ico?fileloc=/home/tn/www/wp-content/plugins/wp-file-manager/lib/img/spinner-mini-bk.gif&path=/home/tn/www/wp-content/plugins/wp-file-manager/lib/img HTTP/1.1" 200 15480 "https://tempokontrol.co.za/favicon.ico?path=/home/tn/www/wp-content/plugins/wp-file-manager/lib/img" "Mozilla/5.0 AppleWebKit/537.36 (KHTML, like Gecko; compatible; GPTBot/1.4; +https://openai.com/gptbot)"
216.73.217.106 - - [01/Aug/2026:14:42:56 +0200] "GET /sitemap.xml?fileloc=%2F%2Flib64%2FlibBrokenLocale.so.1&path=%2F%2Flib64 HTTP/1.1" 200 29048 "-" "Mozilla/5.0 AppleWebKit/537.36 (KHTML, like Gecko; compatible; ClaudeBot/1.0; +claudebot@anthropic.com)"
74.7.242.17 - - [01/Aug/2026:14:42:57 +0200] "GET /favicon.ico?fileloc=/home/tn/www/wp-content/plugins/wp-file-manager/lib/img/tui-icon-a.svg&path=/home/tn/www/wp-content/plugins/wp-file-manager/lib/img HTTP/1.1" 200 38371 "https://tempokontrol.co.za/favicon.ico?path=/home/tn/www/wp-content/plugins/wp-file-manager/lib/img" "Mozilla/5.0 AppleWebKit/537.36 (KHTML, like Gecko; compatible; GPTBot/1.4; +https://openai.com/gptbot)"
74.7.242.17 - - [01/Aug/2026:14:43:00 +0200] "GET /favicon.ico?fileloc=/home/tn/www/wp-content/plugins/wp-file-manager/lib/img/dialogs.png&path=/home/tn/www/wp-content/plugins/wp-file-manager/lib/img HTTP/1.1" 200 23537 "https://tempokontrol.co.za/favicon.ico?path=/home/tn/www/wp-content/plugins/wp-file-manager/lib/img" "Mozilla/5.0 AppleWebKit/537.36 (KHTML, like Gecko; compatible; GPTBot/1.4; +https://openai.com/gptbot)"
74.7.227.163 - - [01/Aug/2026:14:43:00 +0200] "GET /?fileloc=//sys/class/net/eth0/device/net/eth0/subsystem/eth0/device/channels/21/pending&path=//sys/class/net/eth0/device/net/eth0/subsystem/eth0/device/channels/21 HTTP/1.1" 200 13023 "https://www.tempokontrol.co.za/?path=//sys/class/net/eth0/device/net/eth0/subsystem/eth0/device/channels/21" "Mozilla/5.0 AppleWebKit/537.36 (KHTML, like Gecko; compatible; GPTBot/1.4; +https://openai.com/gptbot)"
216.73.217.106 - - [01/Aug/2026:14:42:59 +0200] "GET /sitemap.xml?fileloc=%2F%2Flib64%2Flibmpfr.so.6&path=%2F%2Flib64 HTTP/1.1" 200 1200115 "-" "Mozilla/5.0 AppleWebKit/537.36 (KHTML, like Gecko; compatible; ClaudeBot/1.0; +claudebot@anthropic.com)"
216.73.217.106 - - [01/Aug/2026:14:43:02 +0200] "GET /sitemap.xml?fileloc=%2F%2Flib64%2Flibexempi.so.8&path=%2F%2Flib64 HTTP/1.1" 200 2203646 "-" "Mozilla/5.0 AppleWebKit/537.36 (KHTML, like Gecko; compatible; ClaudeBot/1.0; +claudebot@anthropic.com)"
74.7.242.17 - - [01/Aug/2026:14:43:03 +0200] "GET /favicon.ico?fileloc=/home/tn/www/wp-content/plugins/wp-file-manager/lib/img/tui-icon-d.svg&path=/home/tn/www/wp-content/plugins/wp-file-manager/lib/img HTTP/1.1" 200 37746 "https://tempokontrol.co.za/favicon.ico?path=/home/tn/www/wp-content/plugins/wp-file-manager/lib/img" "Mozilla/5.0 AppleWebKit/537.36 (KHTML, like Gecko; compatible; GPTBot/1.4; +https://openai.com/gptbot)"
74.7.242.17 - - [01/Aug/2026:14:43:06 +0200] "GET /favicon.ico?fileloc=/home/tn/www/wp-content/plugins/wp-file-manager/lib/img/resize.png&path=/home/tn/www/wp-content/plugins/wp-file-manager/lib/img HTTP/1.1" 200 12806 "https://tempokontrol.co.za/favicon.ico?path=/home/tn/www/wp-content/plugins/wp-file-manager/lib/img" "Mozilla/5.0 AppleWebKit/537.36 (KHTML, like Gecko; compatible; GPTBot/1.4; +https://openai.com/gptbot)"
216.73.217.106 - - [01/Aug/2026:14:43:05 +0200] "GET /sitemap.xml?fileloc=%2F%2Flib64%2Flibprotobuf.so.25&path=%2F%2Flib64 HTTP/1.1" 200 5333369 "-" "Mozilla/5.0 AppleWebKit/537.36 (KHTML, like Gecko; compatible; ClaudeBot/1.0; +claudebot@anthropic.com)"
216.73.217.106 - - [01/Aug/2026:14:43:08 +0200] "GET /sitemap.xml?fileloc=%2F%2Flib64%2Flibcairo-gobject.so.2.11704.0&path=%2F%2Flib64 HTTP/1.1" 200 63258 "-" "Mozilla/5.0 AppleWebKit/537.36 (KHTML, like Gecko; compatible; ClaudeBot/1.0; +claudebot@anthropic.com)"
74.7.242.17 - - [01/Aug/2026:14:43:09 +0200] "GET /favicon.ico?fileloc=/home/tn/www/wp-content/plugins/wp-file-manager/lib/img/progress.gif&path=/home/tn/www/wp-content/plugins/wp-file-manager/lib/img HTTP/1.1" 200 13825 "https://tempokontrol.co.za/favicon.ico?path=/home/tn/www/wp-content/plugins/wp-file-manager/lib/img" "Mozilla/5.0 AppleWebKit/537.36 (KHTML, like Gecko; compatible; GPTBot/1.4; +https://openai.com/gptbot)"
216.73.217.106 - - [01/Aug/2026:14:43:11 +0200] "GET /sitemap.xml?fileloc=%2F%2Fproc%2F1363%2Fauxv&path=%2F%2Fproc%2F1363 HTTP/1.1" 200 12270 "-" "Mozilla/5.0 AppleWebKit/537.36 (KHTML, like Gecko; compatible; ClaudeBot/1.0; +claudebot@anthropic.com)"
74.7.242.17 - - [01/Aug/2026:14:43:13 +0200] "GET /favicon.ico?fileloc=/home/tn/www/wp-content/plugins/wp-file-manager/lib/img/fm_close_icon.png&path=/home/tn/www/wp-content/plugins/wp-file-manager/lib/img HTTP/1.1" 200 15051 "https://tempokontrol.co.za/favicon.ico?path=/home/tn/www/wp-content/plugins/wp-file-manager/lib/img" "Mozilla/5.0 AppleWebKit/537.36 (KHTML, like Gecko; compatible; GPTBot/1.4; +https://openai.com/gptbot)"
216.73.217.106 - - [01/Aug/2026:14:43:14 +0200] "GET /sitemap.xml?fileloc=%2F%2Flib64%2Fxtables%2Flibxt_NFQUEUE.so&path=%2F%2Flib64%2Fxtables HTTP/1.1" 200 31786 "-" "Mozilla/5.0 AppleWebKit/537.36 (KHTML, like Gecko; compatible; ClaudeBot/1.0; +claudebot@anthropic.com)"
74.7.242.17 - - [01/Aug/2026:14:43:16 +0200] "GET /favicon.ico?fileloc=/home/tn/www/wp-content/plugins/wp-file-manager/lib/img/arrows-normal.png&path=/home/tn/www/wp-content/plugins/wp-file-manager/lib/img HTTP/1.1" 200 13016 "https://tempokontrol.co.za/favicon.ico?path=/home/tn/www/wp-content/plugins/wp-file-manager/lib/img" "Mozilla/5.0 AppleWebKit/537.36 (KHTML, like Gecko; compatible; GPTBot/1.4; +https://openai.com/gptbot)"
216.73.217.106 - - [01/Aug/2026:14:43:17 +0200] "GET /sitemap.xml?fileloc=%2F%2Fproc%2F1307%2Fautogroup&path=%2F%2Fproc%2F1307 HTTP/1.1" 200 12275 "-" "Mozilla/5.0 AppleWebKit/537.36 (KHTML, like Gecko; compatible; ClaudeBot/1.0; +claudebot@anthropic.com)"
74.7.242.17 - - [01/Aug/2026:14:43:19 +0200] "GET /favicon.ico?fileloc=/home/tn/www/wp-content/plugins/wp-file-manager/lib/img/edit_simplemde.png&path=/home/tn/www/wp-content/plugins/wp-file-manager/lib/img HTTP/1.1" 200 12949 "https://tempokontrol.co.za/favicon.ico?path=/home/tn/www/wp-content/plugins/wp-file-manager/lib/img" "Mozilla/5.0 AppleWebKit/537.36 (KHTML, like Gecko; compatible; GPTBot/1.4; +https://openai.com/gptbot)"
216.73.217.106 - - [01/Aug/2026:14:43:20 +0200] "GET /sitemap.xml?fileloc=%2F%2Fproc%2F4056865%2Fpagemap&path=%2F%2Fproc%2F4056865 HTTP/1.1" 200 12282 "-" "Mozilla/5.0 AppleWebKit/537.36 (KHTML, like Gecko; compatible; ClaudeBot/1.0; +claudebot@anthropic.com)"
74.7.242.17 - - [01/Aug/2026:14:43:22 +0200] "GET /favicon.ico?fileloc=/home/tn/www/wp-content/plugins/wp-file-manager/lib/img/volume_icon_ftp.png&path=/home/tn/www/wp-content/plugins/wp-file-manager/lib/img HTTP/1.1" 200 13367 "https://tempokontrol.co.za/favicon.ico?path=/home/tn/www/wp-content/plugins/wp-file-manager/lib/img" "Mozilla/5.0 AppleWebKit/537.36 (KHTML, like Gecko; compatible; GPTBot/1.4; +https://openai.com/gptbot)"
74.7.227.163 - - [01/Aug/2026:14:43:23 +0200] "GET /?fileloc=//sys/class/net/eth0/device/net/eth0/subsystem/eth0/device/channels/19/events&path=//sys/class/net/eth0/device/net/eth0/subsystem/eth0/device/channels/19 HTTP/1.1" 200 13022 "https://www.tempokontrol.co.za/?path=//sys/class/net/eth0/device/net/eth0/subsystem/eth0/device/channels/19" "Mozilla/5.0 AppleWebKit/537.36 (KHTML, like Gecko; compatible; GPTBot/1.4; +https://openai.com/gptbot)"
216.73.217.106 - - [01/Aug/2026:14:43:23 +0200] "GET /sitemap.xml?fileloc=%2F%2Fetc%2Fexim.conf.mailman2.exiscan.dist&path=%2F%2Fetc HTTP/1.1" 200 42891 "-" "Mozilla/5.0 AppleWebKit/537.36 (KHTML, like Gecko; compatible; ClaudeBot/1.0; +claudebot@anthropic.com)"
74.7.242.17 - - [01/Aug/2026:14:43:25 +0200] "GET /favicon.ico?fileloc=/home/tn/www/wp-content/plugins/wp-file-manager/lib/img/edit_aceeditor.png&path=/home/tn/www/wp-content/plugins/wp-file-manager/lib/img HTTP/1.1" 200 13615 "https://tempokontrol.co.za/favicon.ico?path=/home/tn/www/wp-content/plugins/wp-file-manager/lib/img" "Mozilla/5.0 AppleWebKit/537.36 (KHTML, like Gecko; compatible; GPTBot/1.4; +https://openai.com/gptbot)"
216.73.217.106 - - [01/Aug/2026:14:43:26 +0200] "GET /sitemap.xml?fileloc=%2F%2Fetc%2Fprofile.d%2Flocallib.sh&path=%2F%2Fetc%2Fprofile.d HTTP/1.1" 200 12636 "-" "Mozilla/5.0 AppleWebKit/537.36 (KHTML, like Gecko; compatible; ClaudeBot/1.0; +claudebot@anthropic.com)"
74.7.242.17 - - [01/Aug/2026:14:43:28 +0200] "GET /favicon.ico?fileloc=/home/tn/www/wp-content/plugins/wp-file-manager/lib/img/edit_tinymce.png&path=/home/tn/www/wp-content/plugins/wp-file-manager/lib/img HTTP/1.1" 200 13105 "https://tempokontrol.co.za/favicon.ico?path=/home/tn/www/wp-content/plugins/wp-file-manager/lib/img" "Mozilla/5.0 AppleWebKit/537.36 (KHTML, like Gecko; compatible; GPTBot/1.4; +https://openai.com/gptbot)"
216.73.217.106 - - [01/Aug/2026:14:43:29 +0200] "GET /sitemap.xml?fileloc=%2F%2Flib64%2Flibteam.so.5&path=%2F%2Flib64 HTTP/1.1" 200 96905 "-" "Mozilla/5.0 AppleWebKit/537.36 (KHTML, like Gecko; compatible; ClaudeBot/1.0; +claudebot@anthropic.com)"
74.7.242.17 - - [01/Aug/2026:14:43:31 +0200] "GET /favicon.ico?fileloc=/home/tn/www/wp-content/plugins/wp-file-manager/lib/img/volume_icon_ftp.svg&path=/home/tn/www/wp-content/plugins/wp-file-manager/lib/img HTTP/1.1" 200 28330 "https://tempokontrol.co.za/favicon.ico?path=/home/tn/www/wp-content/plugins/wp-file-manager/lib/img" "Mozilla/5.0 AppleWebKit/537.36 (KHTML, like Gecko; compatible; GPTBot/1.4; +https://openai.com/gptbot)"
216.73.217.106 - - [01/Aug/2026:14:43:32 +0200] "GET /sitemap.xml?fileloc=%2F%2Flib64%2Flibexiv2.so.27&path=%2F%2Flib64 HTTP/1.1" 200 3973115 "-" "Mozilla/5.0 AppleWebKit/537.36 (KHTML, like Gecko; compatible; ClaudeBot/1.0; +claudebot@anthropic.com)"
74.7.242.17 - - [01/Aug/2026:14:43:34 +0200] "GET /favicon.ico?fileloc=/home/tn/www/wp-content/plugins/wp-file-manager/lib/img/quicklook-icons.png&path=/home/tn/www/wp-content/plugins/wp-file-manager/lib/img HTTP/1.1" 200 15554 "https://tempokontrol.co.za/favicon.ico?path=/home/tn/www/wp-content/plugins/wp-file-manager/lib/img" "Mozilla/5.0 AppleWebKit/537.36 (KHTML, like Gecko; compatible; GPTBot/1.4; +https://openai.com/gptbot)"
74.7.242.17 - - [01/Aug/2026:14:43:38 +0200] "GET /favicon.ico?fileloc=/home/tn/www/wp-content/plugins/wp-file-manager/lib/img/volume_icon_googledrive.png&path=/home/tn/www/wp-content/plugins/wp-file-manager/lib/img HTTP/1.1" 200 13918 "https://tempokontrol.co.za/favicon.ico?path=/home/tn/www/wp-content/plugins/wp-file-manager/lib/img" "Mozilla/5.0 AppleWebKit/537.36 (KHTML, like Gecko; compatible; GPTBot/1.4; +https://openai.com/gptbot)"
216.73.217.106 - - [01/Aug/2026:14:43:38 +0200] "GET /sitemap.xml?fileloc=%2F%2Flib64%2Flibthai.so.0&path=%2F%2Flib64 HTTP/1.1" 200 72621 "-" "Mozilla/5.0 AppleWebKit/537.36 (KHTML, like Gecko; compatible; ClaudeBot/1.0; +claudebot@anthropic.com)"
74.7.242.17 - - [01/Aug/2026:14:43:41 +0200] "GET /favicon.ico?fileloc=/home/tn/www/wp-content/plugins/wp-file-manager/lib/img/volume_icon_onedrive.svg&path=/home/tn/www/wp-content/plugins/wp-file-manager/lib/img HTTP/1.1" 200 13319 "https://tempokontrol.co.za/favicon.ico?path=/home/tn/www/wp-content/plugins/wp-file-manager/lib/img" "Mozilla/5.0 AppleWebKit/537.36 (KHTML, like Gecko; compatible; GPTBot/1.4; +https://openai.com/gptbot)"
216.73.217.106 - - [01/Aug/2026:14:43:41 +0200] "GET /sitemap.xml?fileloc=%2Fhome%2Ftn%2Fwww%2Ferror_log&path=%2Fhome%2Ftn%2Fwww HTTP/1.1" 200 12945 "-" "Mozilla/5.0 AppleWebKit/537.36 (KHTML, like Gecko; compatible; ClaudeBot/1.0; +claudebot@anthropic.com)"
74.7.227.163 - - [01/Aug/2026:14:43:43 +0200] "GET /?fileloc=//sys/class/net/eth0/device/net/eth0/subsystem/eth0/device/channels/14/events&path=//sys/class/net/eth0/device/net/eth0/subsystem/eth0/device/channels/14 HTTP/1.1" 200 13022 "https://www.tempokontrol.co.za/?path=//sys/class/net/eth0/device/net/eth0/subsystem/eth0/device/channels/14" "Mozilla/5.0 AppleWebKit/537.36 (KHTML, like Gecko; compatible; GPTBot/1.4; +https://openai.com/gptbot)"
74.7.242.17 - - [01/Aug/2026:14:43:44 +0200] "GET /favicon.ico?fileloc=/home/tn/www/wp-content/plugins/wp-file-manager/lib/img/volume_icon_network.png&path=/home/tn/www/wp-content/plugins/wp-file-manager/lib/img HTTP/1.1" 200 14236 "https://tempokontrol.co.za/favicon.ico?path=/home/tn/www/wp-content/plugins/wp-file-manager/lib/img" "Mozilla/5.0 AppleWebKit/537.36 (KHTML, like Gecko; compatible; GPTBot/1.4; +https://openai.com/gptbot)"
216.73.217.106 - - [01/Aug/2026:14:43:44 +0200] "GET /sitemap.xml?fileloc=%2F%2Flib64%2FlibOpenEXRUtil-3_1.so.30.1.0&path=%2F%2Flib64 HTTP/1.1" 200 321195 "-" "Mozilla/5.0 AppleWebKit/537.36 (KHTML, like Gecko; compatible; ClaudeBot/1.0; +claudebot@anthropic.com)"
74.7.242.17 - - [01/Aug/2026:14:43:47 +0200] "GET /favicon.ico?fileloc=/home/tn/www/wp-content/plugins/wp-file-manager/lib/img/quicklook-bg.png&path=/home/tn/www/wp-content/plugins/wp-file-manager/lib/img HTTP/1.1" 200 12804 "https://tempokontrol.co.za/favicon.ico?path=/home/tn/www/wp-content/plugins/wp-file-manager/lib/img" "Mozilla/5.0 AppleWebKit/537.36 (KHTML, like Gecko; compatible; GPTBot/1.4; +https://openai.com/gptbot)"
216.73.217.106 - - [01/Aug/2026:14:43:47 +0200] "GET /sitemap.xml?fileloc=%2F%2Flib64%2Flibnfsidmap%2Fregex.so&path=%2F%2Flib64%2Flibnfsidmap HTTP/1.1" 200 36863 "-" "Mozilla/5.0 AppleWebKit/537.36 (KHTML, like Gecko; compatible; ClaudeBot/1.0; +claudebot@anthropic.com)"
74.7.242.17 - - [01/Aug/2026:14:43:50 +0200] "GET /favicon.ico?fileloc=/home/tn/www/wp-content/plugins/wp-file-manager/lib/img/volume_icon_trash.png&path=/home/tn/www/wp-content/plugins/wp-file-manager/lib/img HTTP/1.1" 200 13953 "https://tempokontrol.co.za/favicon.ico?path=/home/tn/www/wp-content/plugins/wp-file-manager/lib/img" "Mozilla/5.0 AppleWebKit/537.36 (KHTML, like Gecko; compatible; GPTBot/1.4; +https://openai.com/gptbot)"
216.73.217.106 - - [01/Aug/2026:14:43:50 +0200] "GET /sitemap.xml?fileloc=%2F%2Flib64%2Fdovecot%2Fvar_expand_crypt.so&path=%2F%2Flib64%2Fdovecot HTTP/1.1" 200 43653 "-" "Mozilla/5.0 AppleWebKit/537.36 (KHTML, like Gecko; compatible; ClaudeBot/1.0; +claudebot@anthropic.com)"
74.7.242.17 - - [01/Aug/2026:14:43:53 +0200] "GET /favicon.ico?fileloc=/home/tn/www/wp-content/plugins/wp-file-manager/lib/img/edit_ckeditor.png&path=/home/tn/www/wp-content/plugins/wp-file-manager/lib/img HTTP/1.1" 200 13985 "https://tempokontrol.co.za/favicon.ico?path=/home/tn/www/wp-content/plugins/wp-file-manager/lib/img" "Mozilla/5.0 AppleWebKit/537.36 (KHTML, like Gecko; compatible; GPTBot/1.4; +https://openai.com/gptbot)"
216.73.217.106 - - [01/Aug/2026:14:43:53 +0200] "GET /sitemap.xml?fileloc=%2F%2Fproc%2F4054935%2Fwchan&path=%2F%2Fproc%2F4054935 HTTP/1.1" 200 12280 "-" "Mozilla/5.0 AppleWebKit/537.36 (KHTML, like Gecko; compatible; ClaudeBot/1.0; +claudebot@anthropic.com)"
74.7.242.17 - - [01/Aug/2026:14:43:56 +0200] "GET /favicon.ico?fileloc=/home/tn/www/wp-content/plugins/wp-file-manager/lib/img/volume_icon_sql.svg&path=/home/tn/www/wp-content/plugins/wp-file-manager/lib/img HTTP/1.1" 200 23480 "https://tempokontrol.co.za/favicon.ico?path=/home/tn/www/wp-content/plugins/wp-file-manager/lib/img" "Mozilla/5.0 AppleWebKit/537.36 (KHTML, like Gecko; compatible; GPTBot/1.4; +https://openai.com/gptbot)"
216.73.217.106 - - [01/Aug/2026:14:43:56 +0200] "GET /sitemap.xml?fileloc=%2F%2Fproc%2F2010620%2Ftimens_offsets&path=%2F%2Fproc%2F2010620 HTTP/1.1" 200 12289 "-" "Mozilla/5.0 AppleWebKit/537.36 (KHTML, like Gecko; compatible; ClaudeBot/1.0; +claudebot@anthropic.com)"
74.7.242.17 - - [01/Aug/2026:14:44:00 +0200] "GET /favicon.ico?fileloc=/home/tn/www/wp-content/plugins/wp-file-manager/lib/img/edit_codemirror.png&path=/home/tn/www/wp-content/plugins/wp-file-manager/lib/img HTTP/1.1" 200 13615 "https://tempokontrol.co.za/favicon.ico?path=/home/tn/www/wp-content/plugins/wp-file-manager/lib/img" "Mozilla/5.0 AppleWebKit/537.36 (KHTML, like Gecko; compatible; GPTBot/1.4; +https://openai.com/gptbot)"
216.73.217.106 - - [01/Aug/2026:14:43:59 +0200] "GET /sitemap.xml?fileloc=%2F%2Fhome%2Ftn%2F.softaculous%2Finstallations.php&path=%2F%2Fhome%2Ftn%2F.softaculous HTTP/1.1" 200 14175 "-" "Mozilla/5.0 AppleWebKit/537.36 (KHTML, like Gecko; compatible; ClaudeBot/1.0; +claudebot@anthropic.com)"
74.7.227.163 - - [01/Aug/2026:14:44:00 +0200] "GET /?fileloc=//sys/class/net/eth0/device/net/eth0/subsystem/eth0/device/channels/14/cpu&path=//sys/class/net/eth0/device/net/eth0/subsystem/eth0/device/channels/14 HTTP/1.1" 200 13019 "https://www.tempokontrol.co.za/?path=//sys/class/net/eth0/device/net/eth0/subsystem/eth0/device/channels/14" "Mozilla/5.0 AppleWebKit/537.36 (KHTML, like Gecko; compatible; GPTBot/1.4; +https://openai.com/gptbot)"
216.73.217.106 - - [01/Aug/2026:14:44:02 +0200] "GET /sitemap.xml?fileloc=%2F%2Flib64%2Flibfwupd.so.2&path=%2F%2Flib64 HTTP/1.1" 200 786397 "-" "Mozilla/5.0 AppleWebKit/537.36 (KHTML, like Gecko; compatible; ClaudeBot/1.0; +claudebot@anthropic.com)"
74.7.242.17 - - [01/Aug/2026:14:44:03 +0200] "GET /favicon.ico?fileloc=/home/tn/www/wp-content/plugins/wp-file-manager/lib/img/volume_icon_box.png&path=/home/tn/www/wp-content/plugins/wp-file-manager/lib/img HTTP/1.1" 200 13810 "https://tempokontrol.co.za/favicon.ico?path=/home/tn/www/wp-content/plugins/wp-file-manager/lib/img" "Mozilla/5.0 AppleWebKit/537.36 (KHTML, like Gecko; compatible; GPTBot/1.4; +https://openai.com/gptbot)"
216.73.217.106 - - [01/Aug/2026:14:44:05 +0200] "GET /sitemap.xml?fileloc=%2F%2Fproc%2F90%2Fksm_merging_pages&path=%2F%2Fproc%2F90 HTTP/1.1" 200 12277 "-" "Mozilla/5.0 AppleWebKit/537.36 (KHTML, like Gecko; compatible; ClaudeBot/1.0; +claudebot@anthropic.com)"
74.7.242.17 - - [01/Aug/2026:14:44:06 +0200] "GET /favicon.ico?fileloc=/home/tn/www/wp-content/plugins/wp-file-manager/lib/img/volume_icon_trash.svg&path=/home/tn/www/wp-content/plugins/wp-file-manager/lib/img HTTP/1.1" 200 23257 "https://tempokontrol.co.za/favicon.ico?path=/home/tn/www/wp-content/plugins/wp-file-manager/lib/img" "Mozilla/5.0 AppleWebKit/537.36 (KHTML, like Gecko; compatible; GPTBot/1.4; +https://openai.com/gptbot)"
216.73.217.106 - - [01/Aug/2026:14:44:08 +0200] "GET /sitemap.xml?fileloc=%2F%2Fetc%2Fprofile.d%2Fcolorsysstat.csh&path=%2F%2Fetc%2Fprofile.d HTTP/1.1" 200 12372 "-" "Mozilla/5.0 AppleWebKit/537.36 (KHTML, like Gecko; compatible; ClaudeBot/1.0; +claudebot@anthropic.com)"
74.7.242.17 - - [01/Aug/2026:14:44:09 +0200] "GET /favicon.ico?fileloc=/home/tn/www/wp-content/plugins/wp-file-manager/lib/img/edit_pixlreditor.png&path=/home/tn/www/wp-content/plugins/wp-file-manager/lib/img HTTP/1.1" 200 14334 "https://tempokontrol.co.za/favicon.ico?path=/home/tn/www/wp-content/plugins/wp-file-manager/lib/img" "Mozilla/5.0 AppleWebKit/537.36 (KHTML, like Gecko; compatible; GPTBot/1.4; +https://openai.com/gptbot)"
216.73.217.106 - - [01/Aug/2026:14:44:11 +0200] "GET /sitemap.xml?fileloc=%2F%2Flib64%2Flibevent_pthreads-2.1.so.7.0.1&path=%2F%2Flib64 HTTP/1.1" 200 29982 "-" "Mozilla/5.0 AppleWebKit/537.36 (KHTML, like Gecko; compatible; ClaudeBot/1.0; +claudebot@anthropic.com)"
74.7.242.17 - - [01/Aug/2026:14:44:12 +0200] "GET /favicon.ico?fileloc=/home/tn/www/wp-content/plugins/wp-file-manager/lib/img/volume_icon_zip.svg&path=/home/tn/www/wp-content/plugins/wp-file-manager/lib/img HTTP/1.1" 200 26441 "https://tempokontrol.co.za/favicon.ico?path=/home/tn/www/wp-content/plugins/wp-file-manager/lib/img" "Mozilla/5.0 AppleWebKit/537.36 (KHTML, like Gecko; compatible; GPTBot/1.4; +https://openai.com/gptbot)"
216.73.217.106 - - [01/Aug/2026:14:44:14 +0200] "GET /sitemap.xml?fileloc=%2F%2Fproc%2F1959%2Fpagemap&path=%2F%2Fproc%2F1959 HTTP/1.1" 200 12273 "-" "Mozilla/5.0 AppleWebKit/537.36 (KHTML, like Gecko; compatible; ClaudeBot/1.0; +claudebot@anthropic.com)"
74.7.242.17 - - [01/Aug/2026:14:44:15 +0200] "GET /favicon.ico?fileloc=/home/tn/www/wp-content/plugins/wp-file-manager/lib/img/volume_icon_googledrive.svg&path=/home/tn/www/wp-content/plugins/wp-file-manager/lib/img HTTP/1.1" 200 13076 "https://tempokontrol.co.za/favicon.ico?path=/home/tn/www/wp-content/plugins/wp-file-manager/lib/img" "Mozilla/5.0 AppleWebKit/537.36 (KHTML, like Gecko; compatible; GPTBot/1.4; +https://openai.com/gptbot)"
216.73.217.106 - - [01/Aug/2026:14:44:17 +0200] "GET /sitemap.xml?fileloc=%2F%2Flib64%2Flibnfsidmap%2Fstatic.so&path=%2F%2Flib64%2Flibnfsidmap HTTP/1.1" 200 48906 "-" "Mozilla/5.0 AppleWebKit/537.36 (KHTML, like Gecko; compatible; ClaudeBot/1.0; +claudebot@anthropic.com)"
74.7.242.17 - - [01/Aug/2026:14:44:19 +0200] "GET /favicon.ico?fileloc=/home/tn/www/wp-content/plugins/wp-file-manager/lib/img/edit_pixlrexpress.png&path=/home/tn/www/wp-content/plugins/wp-file-manager/lib/img HTTP/1.1" 200 14417 "https://tempokontrol.co.za/favicon.ico?path=/home/tn/www/wp-content/plugins/wp-file-manager/lib/img" "Mozilla/5.0 AppleWebKit/537.36 (KHTML, like Gecko; compatible; GPTBot/1.4; +https://openai.com/gptbot)"
216.73.217.106 - - [01/Aug/2026:14:44:20 +0200] "GET /sitemap.xml?fileloc=%2F%2Fetc%2Fexim.conf.localopts&path=%2F%2Fetc HTTP/1.1" 200 14336 "-" "Mozilla/5.0 AppleWebKit/537.36 (KHTML, like Gecko; compatible; ClaudeBot/1.0; +claudebot@anthropic.com)"
74.7.242.17 - - [01/Aug/2026:14:44:22 +0200] "GET /favicon.ico?fileloc=/home/tn/www/wp-content/plugins/wp-file-manager/lib/img/volume_icon_local.svg&path=/home/tn/www/wp-content/plugins/wp-file-manager/lib/img HTTP/1.1" 200 32381 "https://tempokontrol.co.za/favicon.ico?path=/home/tn/www/wp-content/plugins/wp-file-manager/lib/img" "Mozilla/5.0 AppleWebKit/537.36 (KHTML, like Gecko; compatible; GPTBot/1.4; +https://openai.com/gptbot)"
216.73.217.106 - - [01/Aug/2026:14:44:23 +0200] "GET /sitemap.xml?fileloc=%2F%2Flib64%2Flibrpmsign.so.9.1.3&path=%2F%2Flib64 HTTP/1.1" 200 49269 "-" "Mozilla/5.0 AppleWebKit/537.36 (KHTML, like Gecko; compatible; ClaudeBot/1.0; +claudebot@anthropic.com)"
74.7.242.17 - - [01/Aug/2026:14:44:25 +0200] "GET /favicon.ico?fileloc=/home/tn/www/wp-content/plugins/wp-file-manager/lib/img/volume_icon_sql.png&path=/home/tn/www/wp-content/plugins/wp-file-manager/lib/img HTTP/1.1" 200 13770 "https://tempokontrol.co.za/favicon.ico?path=/home/tn/www/wp-content/plugins/wp-file-manager/lib/img" "Mozilla/5.0 AppleWebKit/537.36 (KHTML, like Gecko; compatible; GPTBot/1.4; +https://openai.com/gptbot)"
216.73.217.106 - - [01/Aug/2026:14:44:26 +0200] "GET /sitemap.xml?fileloc=%2F%2Flib64%2Fxtables%2Flibxt_tcp.so&path=%2F%2Flib64%2Fxtables HTTP/1.1" 200 32230 "-" "Mozilla/5.0 AppleWebKit/537.36 (KHTML, like Gecko; compatible; ClaudeBot/1.0; +claudebot@anthropic.com)"
74.7.242.17 - - [01/Aug/2026:14:44:28 +0200] "GET /favicon.ico?fileloc=/home/tn/www/wp-content/plugins/wp-file-manager/lib/img/edit_zohooffice.png&path=/home/tn/www/wp-content/plugins/wp-file-manager/lib/img HTTP/1.1" 200 13405 "https://tempokontrol.co.za/favicon.ico?path=/home/tn/www/wp-content/plugins/wp-file-manager/lib/img" "Mozilla/5.0 AppleWebKit/537.36 (KHTML, like Gecko; compatible; GPTBot/1.4; +https://openai.com/gptbot)"
74.7.242.17 - - [01/Aug/2026:14:44:31 +0200] "GET /favicon.ico?fileloc=/home/tn/www/wp-content/plugins/wp-file-manager/lib/img/volume_icon_network.svg&path=/home/tn/www/wp-content/plugins/wp-file-manager/lib/img HTTP/1.1" 200 31111 "https://tempokontrol.co.za/favicon.ico?path=/home/tn/www/wp-content/plugins/wp-file-manager/lib/img" "Mozilla/5.0 AppleWebKit/537.36 (KHTML, like Gecko; compatible; GPTBot/1.4; +https://openai.com/gptbot)"
74.7.242.17 - - [01/Aug/2026:14:44:35 +0200] "GET /favicon.ico?fileloc=/home/tn/www/wp-content/plugins/wp-file-manager/lib/img/volume_icon_onedrive.png&path=/home/tn/www/wp-content/plugins/wp-file-manager/lib/img HTTP/1.1" 200 13040 "https://tempokontrol.co.za/favicon.ico?path=/home/tn/www/wp-content/plugins/wp-file-manager/lib/img" "Mozilla/5.0 AppleWebKit/537.36 (KHTML, like Gecko; compatible; GPTBot/1.4; +https://openai.com/gptbot)"
74.7.227.163 - - [01/Aug/2026:14:44:36 +0200] "GET /?fileloc=//sys/class/net/eth0/device/net/eth0/subsystem/eth0/device/channels/16/pending&path=//sys/class/net/eth0/device/net/eth0/subsystem/eth0/device/channels/16 HTTP/1.1" 200 13023 "https://www.tempokontrol.co.za/?path=//sys/class/net/eth0/device/net/eth0/subsystem/eth0/device/channels/16" "Mozilla/5.0 AppleWebKit/537.36 (KHTML, like Gecko; compatible; GPTBot/1.4; +https://openai.com/gptbot)"
74.7.242.17 - - [01/Aug/2026:14:44:38 +0200] "GET /favicon.ico?fileloc=/home/tn/www/wp-content/plugins/wp-file-manager/lib/img/volume_icon_zip.png&path=/home/tn/www/wp-content/plugins/wp-file-manager/lib/img HTTP/1.1" 200 13515 "https://tempokontrol.co.za/favicon.ico?path=/home/tn/www/wp-content/plugins/wp-file-manager/lib/img" "Mozilla/5.0 AppleWebKit/537.36 (KHTML, like Gecko; compatible; GPTBot/1.4; +https://openai.com/gptbot)"
74.7.242.17 - - [01/Aug/2026:14:44:41 +0200] "GET /favicon.ico?fileloc=/home/tn/www/wp-content/plugins/wp-file-manager/lib/img/edit_creativecloud.png&path=/home/tn/www/wp-content/plugins/wp-file-manager/lib/img HTTP/1.1" 200 13891 "https://tempokontrol.co.za/favicon.ico?path=/home/tn/www/wp-content/plugins/wp-file-manager/lib/img" "Mozilla/5.0 AppleWebKit/537.36 (KHTML, like Gecko; compatible; GPTBot/1.4; +https://openai.com/gptbot)"
192.178.6.104 - - [01/Aug/2026:14:44:38 +0200] "GET /haggada/unicapsular/32235864250 HTTP/1.1" 200 797599 "-" "Mozilla/5.0 (Linux; Android 6.0.1; Nexus 5X Build/MMB29P) AppleWebKit/537.36 (KHTML, like Gecko) Chrome/150.0.7871.186 Mobile Safari/537.36 (compatible; GoogleOther)"
216.73.216.79 - - [01/Aug/2026:14:44:43 +0200] "GET /sitemap.xml?fileloc=%2F%2Fsys%2Fdevices%2FLNXSYSTM%3A00%2FACPI0007%3A07%2Fphysical_node%2Fnode0%2Fmemory50%2Fphys_index&path=%2F%2Fsys%2Fdevices%2FLNXSYSTM%3A00%2FACPI0007%3A07%2Fphysical_node%2Fnode0%2Fmemory50 HTTP/1.1" 200 12737 "-" "Mozilla/5.0 AppleWebKit/537.36 (KHTML, like Gecko; compatible; ClaudeBot/1.0; +claudebot@anthropic.com)"
74.7.242.17 - - [01/Aug/2026:14:44:44 +0200] "GET /favicon.ico?fileloc=/home/tn/www/wp-content/plugins/wp-file-manager/lib/img/volume_icon_dropbox.svg&path=/home/tn/www/wp-content/plugins/wp-file-manager/lib/img HTTP/1.1" 200 13127 "https://tempokontrol.co.za/favicon.ico?path=/home/tn/www/wp-content/plugins/wp-file-manager/lib/img" "Mozilla/5.0 AppleWebKit/537.36 (KHTML, like Gecko; compatible; GPTBot/1.4; +https://openai.com/gptbot)"
216.73.216.79 - - [01/Aug/2026:14:44:46 +0200] "GET /sitemap.xml?fileloc=%2F%2Flib64%2Fgraphviz%2Flibgvplugin_xlib.so.6.0.0&path=%2F%2Flib64%2Fgraphviz HTTP/1.1" 200 41594 "-" "Mozilla/5.0 AppleWebKit/537.36 (KHTML, like Gecko; compatible; ClaudeBot/1.0; +claudebot@anthropic.com)"
74.7.242.17 - - [01/Aug/2026:14:44:47 +0200] "GET /favicon.ico?fileloc=/home/tn/www/wp-content/plugins/wp-file-manager/lib/img/volume_icon_dropbox.png&path=/home/tn/www/wp-content/plugins/wp-file-manager/lib/img HTTP/1.1" 200 13458 "https://tempokontrol.co.za/favicon.ico?path=/home/tn/www/wp-content/plugins/wp-file-manager/lib/img" "Mozilla/5.0 AppleWebKit/537.36 (KHTML, like Gecko; compatible; GPTBot/1.4; +https://openai.com/gptbot)"
216.73.216.79 - - [01/Aug/2026:14:44:49 +0200] "GET /sitemap.xml?fileloc=%2F%2Fvar%2Fsoftaculous%2Fpeel%2Fclone.php&path=%2F%2Fvar%2Fsoftaculous%2Fpeel HTTP/1.1" 200 18365 "-" "Mozilla/5.0 AppleWebKit/537.36 (KHTML, like Gecko; compatible; ClaudeBot/1.0; +claudebot@anthropic.com)"
74.7.242.17 - - [01/Aug/2026:14:44:50 +0200] "GET /favicon.ico?fileloc=/home/tn/www/wp-content/plugins/wp-file-manager/lib/img/volume_icon_box.svg&path=/home/tn/www/wp-content/plugins/wp-file-manager/lib/img HTTP/1.1" 200 13497 "https://tempokontrol.co.za/favicon.ico?path=/home/tn/www/wp-content/plugins/wp-file-manager/lib/img" "Mozilla/5.0 AppleWebKit/537.36 (KHTML, like Gecko; compatible; GPTBot/1.4; +https://openai.com/gptbot)"
216.73.216.79 - - [01/Aug/2026:14:44:52 +0200] "GET /sitemap.xml?fileloc=%2F%2Fvar%2Fsoftaculous%2Fpydio%2Fedit.php&path=%2F%2Fvar%2Fsoftaculous%2Fpydio HTTP/1.1" 200 16973 "-" "Mozilla/5.0 AppleWebKit/537.36 (KHTML, like Gecko; compatible; ClaudeBot/1.0; +claudebot@anthropic.com)"
74.7.242.17 - - [01/Aug/2026:14:44:53 +0200] "GET /favicon.ico?fileloc=/home/tn/www/wp-content/plugins/wp-file-manager/lib/img/black-search.png&path=/home/tn/www/wp-content/plugins/wp-file-manager/lib/img HTTP/1.1" 200 14168 "https://tempokontrol.co.za/favicon.ico?path=/home/tn/www/wp-content/plugins/wp-file-manager/lib/img" "Mozilla/5.0 AppleWebKit/537.36 (KHTML, like Gecko; compatible; GPTBot/1.4; +https://openai.com/gptbot)"
216.73.216.79 - - [01/Aug/2026:14:44:55 +0200] "GET /sitemap.xml?fileloc=%2F%2Flib64%2Fperl5%2FTime%2FPiece.pm&path=%2F%2Flib64%2Fperl5%2FTime HTTP/1.1" 200 47147 "-" "Mozilla/5.0 AppleWebKit/537.36 (KHTML, like Gecko; compatible; ClaudeBot/1.0; +claudebot@anthropic.com)"
74.7.242.17 - - [01/Aug/2026:14:44:57 +0200] "GET /favicon.ico?fileloc=/home/tn/www/wp-content/plugins/wp-file-manager/lib/php/elFinderVolumeTrashMySQL.class.php&path=/home/tn/www/wp-content/plugins/wp-file-manager/lib/php HTTP/1.1" 200 14698 "https://tempokontrol.co.za/favicon.ico?path=/home/tn/www/wp-content/plugins/wp-file-manager/lib/php" "Mozilla/5.0 AppleWebKit/537.36 (KHTML, like Gecko; compatible; GPTBot/1.4; +https://openai.com/gptbot)"
216.73.216.79 - - [01/Aug/2026:14:44:58 +0200] "GET /sitemap.xml?fileloc=%2F%2Fvar%2Fsoftaculous%2Fhumogen%2Fextend.php&path=%2F%2Fvar%2Fsoftaculous%2Fhumogen HTTP/1.1" 200 16466 "-" "Mozilla/5.0 AppleWebKit/537.36 (KHTML, like Gecko; compatible; ClaudeBot/1.0; +claudebot@anthropic.com)"
74.7.242.17 - - [01/Aug/2026:14:45:00 +0200] "GET /favicon.ico?fileloc=/home/tn/www/wp-content/plugins/wp-file-manager/lib/php/mime.types&path=/home/tn/www/wp-content/plugins/wp-file-manager/lib/php HTTP/1.1" 200 37585 "https://tempokontrol.co.za/favicon.ico?path=/home/tn/www/wp-content/plugins/wp-file-manager/lib/php" "Mozilla/5.0 AppleWebKit/537.36 (KHTML, like Gecko; compatible; GPTBot/1.4; +https://openai.com/gptbot)"
216.73.216.79 - - [01/Aug/2026:14:45:01 +0200] "GET /sitemap.xml?fileloc=%2F%2Fsys%2Fdevices%2FLNXSYSTM%3A00%2FACPI0007%3A07%2Fphysical_node%2Fnode0%2Fmemory103%2Fphys_index&path=%2F%2Fsys%2Fdevices%2FLNXSYSTM%3A00%2FACPI0007%3A07%2Fphysical_node%2Fnode0%2Fmemory103 HTTP/1.1" 200 12740 "-" "Mozilla/5.0 AppleWebKit/537.36 (KHTML, like Gecko; compatible; ClaudeBot/1.0; +claudebot@anthropic.com)"
74.7.242.17 - - [01/Aug/2026:14:45:03 +0200] "GET /favicon.ico?fileloc=/home/tn/www/wp-content/plugins/wp-file-manager/lib/php/autoload.php&path=/home/tn/www/wp-content/plugins/wp-file-manager/lib/php HTTP/1.1" 200 16107 "https://tempokontrol.co.za/favicon.ico?path=/home/tn/www/wp-content/plugins/wp-file-manager/lib/php" "Mozilla/5.0 AppleWebKit/537.36 (KHTML, like Gecko; compatible; GPTBot/1.4; +https://openai.com/gptbot)"
216.73.216.79 - - [01/Aug/2026:14:45:04 +0200] "GET /sitemap.xml?fileloc=%2Fhome%2Ftn%2Fwww%2Fwp-includes%2Fblocks%2Flatest-comments%2Fstyle-rtl.css&path=%2Fhome%2Ftn%2Fwww%2Fwp-includes%2Fblocks%2Flatest-comments HTTP/1.1" 200 14003 "-" "Mozilla/5.0 AppleWebKit/537.36 (KHTML, like Gecko; compatible; ClaudeBot/1.0; +claudebot@anthropic.com)"
74.7.242.17 - - [01/Aug/2026:14:45:06 +0200] "GET /favicon.ico?fileloc=/home/tn/www/wp-content/plugins/wp-file-manager/lib/php/elFinderSession.php&path=/home/tn/www/wp-content/plugins/wp-file-manager/lib/php HTTP/1.1" 200 22188 "https://tempokontrol.co.za/favicon.ico?path=/home/tn/www/wp-content/plugins/wp-file-manager/lib/php" "Mozilla/5.0 AppleWebKit/537.36 (KHTML, like Gecko; compatible; GPTBot/1.4; +https://openai.com/gptbot)"
216.73.216.79 - - [01/Aug/2026:14:45:07 +0200] "GET /sitemap.xml?fileloc=%2F%2Fvar%2Fsoftaculous%2Fwp66%2Fupgrade.php&path=%2F%2Fvar%2Fsoftaculous%2Fwp66 HTTP/1.1" 200 27076 "-" "Mozilla/5.0 AppleWebKit/537.36 (KHTML, like Gecko; compatible; ClaudeBot/1.0; +claudebot@anthropic.com)"
74.7.242.17 - - [01/Aug/2026:14:45:09 +0200] "GET /favicon.ico?fileloc=/home/tn/www/wp-content/plugins/wp-file-manager/lib/php/elFinderPlugin.php&path=/home/tn/www/wp-content/plugins/wp-file-manager/lib/php HTTP/1.1" 200 16309 "https://tempokontrol.co.za/favicon.ico?path=/home/tn/www/wp-content/plugins/wp-file-manager/lib/php" "Mozilla/5.0 AppleWebKit/537.36 (KHTML, like Gecko; compatible; GPTBot/1.4; +https://openai.com/gptbot)"
216.73.216.79 - - [01/Aug/2026:14:45:10 +0200] "GET /sitemap.xml?fileloc=%2F%2Fsys%2Fdev%2Fchar%2F246%3A5%2Fdevice%2Fdriver%2F0%3A0%3A0%3A11%2Fmodalias&path=%2F%2Fsys%2Fdev%2Fchar%2F246%3A5%2Fdevice%2Fdriver%2F0%3A0%3A0%3A11 HTTP/1.1" 200 12590 "-" "Mozilla/5.0 AppleWebKit/537.36 (KHTML, like Gecko; compatible; ClaudeBot/1.0; +claudebot@anthropic.com)"
74.7.242.17 - - [01/Aug/2026:14:45:12 +0200] "GET /favicon.ico?fileloc=/home/tn/www/wp-content/plugins/wp-file-manager/lib/php/elFinderConnector.class.php&path=/home/tn/www/wp-content/plugins/wp-file-manager/lib/php HTTP/1.1" 200 27086 "https://tempokontrol.co.za/favicon.ico?path=/home/tn/www/wp-content/plugins/wp-file-manager/lib/php" "Mozilla/5.0 AppleWebKit/537.36 (KHTML, like Gecko; compatible; GPTBot/1.4; +https://openai.com/gptbot)"
216.73.216.79 - - [01/Aug/2026:14:45:13 +0200] "GET /sitemap.xml?fileloc=%2F%2Flib%2Fudev%2Fhwdb.d%2F60-sensor.hwdb&path=%2F%2Flib%2Fudev%2Fhwdb.d HTTP/1.1" 200 63365 "-" "Mozilla/5.0 AppleWebKit/537.36 (KHTML, like Gecko; compatible; ClaudeBot/1.0; +claudebot@anthropic.com)"
74.7.227.163 - - [01/Aug/2026:14:45:14 +0200] "GET /?fileloc=//sys/class/net/eth0/device/net/eth0/subsystem/eth0/device/channels/20/cpu&path=//sys/class/net/eth0/device/net/eth0/subsystem/eth0/device/channels/20 HTTP/1.1" 200 13019 "https://www.tempokontrol.co.za/?path=//sys/class/net/eth0/device/net/eth0/subsystem/eth0/device/channels/20" "Mozilla/5.0 AppleWebKit/537.36 (KHTML, like Gecko; compatible; GPTBot/1.4; +https://openai.com/gptbot)"
74.7.242.17 - - [01/Aug/2026:14:45:15 +0200] "GET /favicon.ico?fileloc=/home/tn/www/wp-content/plugins/wp-file-manager/lib/php/elFinderSessionInterface.php&path=/home/tn/www/wp-content/plugins/wp-file-manager/lib/php HTTP/1.1" 200 13835 "https://tempokontrol.co.za/favicon.ico?path=/home/tn/www/wp-content/plugins/wp-file-manager/lib/php" "Mozilla/5.0 AppleWebKit/537.36 (KHTML, like Gecko; compatible; GPTBot/1.4; +https://openai.com/gptbot)"
216.73.216.79 - - [01/Aug/2026:14:45:16 +0200] "GET /sitemap.xml?path=%2F%2Fsys%2Fdevices%2FLNXSYSTM%3A00%2FACPI0007%3A07%2Fsubsystem%2Fdevices%2FPNP0003%3A00 HTTP/1.1" 200 23979 "-" "Mozilla/5.0 AppleWebKit/537.36 (KHTML, like Gecko; compatible; ClaudeBot/1.0; +claudebot@anthropic.com)"
74.7.242.17 - - [01/Aug/2026:14:45:18 +0200] "GET /favicon.ico?fileloc=/home/tn/www/wp-content/plugins/wp-file-manager/lib/php/elFinder.class.php&path=/home/tn/www/wp-content/plugins/wp-file-manager/lib/php HTTP/1.1" 200 226554 "https://tempokontrol.co.za/favicon.ico?path=/home/tn/www/wp-content/plugins/wp-file-manager/lib/php" "Mozilla/5.0 AppleWebKit/537.36 (KHTML, like Gecko; compatible; GPTBot/1.4; +https://openai.com/gptbot)"
216.73.216.79 - - [01/Aug/2026:14:45:19 +0200] "GET /sitemap.xml?fileloc=%2F%2Fvar%2Fsoftaculous%2Fframadate%2Fedit.xml&path=%2F%2Fvar%2Fsoftaculous%2Fframadate HTTP/1.1" 200 13014 "-" "Mozilla/5.0 AppleWebKit/537.36 (KHTML, like Gecko; compatible; ClaudeBot/1.0; +claudebot@anthropic.com)"
74.7.242.17 - - [01/Aug/2026:14:45:22 +0200] "GET /favicon.ico?fileloc=/home/tn/www/wp-content/plugins/wp-file-manager/lib/php/elFinderVolumeBox.class.php&path=/home/tn/www/wp-content/plugins/wp-file-manager/lib/php HTTP/1.1" 200 81751 "https://tempokontrol.co.za/favicon.ico?path=/home/tn/www/wp-content/plugins/wp-file-manager/lib/php" "Mozilla/5.0 AppleWebKit/537.36 (KHTML, like Gecko; compatible; GPTBot/1.4; +https://openai.com/gptbot)"
216.73.216.79 - - [01/Aug/2026:14:45:22 +0200] "GET /sitemap.xml?fileloc=%2F%2Fproc%2F83%2Fnet%2Frpc%2Fauth.unix.ip%2Fcontent&path=%2F%2Fproc%2F83%2Fnet%2Frpc%2Fauth.unix.ip HTTP/1.1" 200 12432 "-" "Mozilla/5.0 AppleWebKit/537.36 (KHTML, like Gecko; compatible; ClaudeBot/1.0; +claudebot@anthropic.com)"
74.7.242.17 - - [01/Aug/2026:14:45:25 +0200] "GET /favicon.ico?fileloc=/home/tn/www/wp-content/plugins/wp-file-manager/lib/php/elFinderVolumeGroup.class.php&path=/home/tn/www/wp-content/plugins/wp-file-manager/lib/php HTTP/1.1" 200 18571 "https://tempokontrol.co.za/favicon.ico?path=/home/tn/www/wp-content/plugins/wp-file-manager/lib/php" "Mozilla/5.0 AppleWebKit/537.36 (KHTML, like Gecko; compatible; GPTBot/1.4; +https://openai.com/gptbot)"
216.73.216.79 - - [01/Aug/2026:14:45:25 +0200] "GET /sitemap.xml?fileloc=%2F%2Fvar%2Fsoftaculous%2Fajaxchat%2Fclone.php&path=%2F%2Fvar%2Fsoftaculous%2Fajaxchat HTTP/1.1" 200 16233 "-" "Mozilla/5.0 AppleWebKit/537.36 (KHTML, like Gecko; compatible; ClaudeBot/1.0; +claudebot@anthropic.com)"
74.7.242.17 - - [01/Aug/2026:14:45:28 +0200] "GET /favicon.ico?fileloc=/home/tn/www/wp-content/plugins/wp-file-manager/lib/php/elFinderVolumeSFTPphpseclib.class.php&path=/home/tn/www/wp-content/plugins/wp-file-manager/lib/php HTTP/1.1" 200 43927 "https://tempokontrol.co.za/favicon.ico?path=/home/tn/www/wp-content/plugins/wp-file-manager/lib/php" "Mozilla/5.0 AppleWebKit/537.36 (KHTML, like Gecko; compatible; GPTBot/1.4; +https://openai.com/gptbot)"
216.73.216.79 - - [01/Aug/2026:14:45:28 +0200] "GET /sitemap.xml?fileloc=%2Fhome%2Ftn%2Fwww%2Fwp-includes%2Fblocks%2Fnextpage%2Fblock.json&path=%2Fhome%2Ftn%2Fwww%2Fwp-includes%2Fblocks%2Fnextpage HTTP/1.1" 200 13356 "-" "Mozilla/5.0 AppleWebKit/537.36 (KHTML, like Gecko; compatible; ClaudeBot/1.0; +claudebot@anthropic.com)"
74.7.242.17 - - [01/Aug/2026:14:45:31 +0200] "GET /favicon.ico?fileloc=/home/tn/www/wp-content/plugins/wp-file-manager/lib/php/elFinderVolumeTrash.class.php&path=/home/tn/www/wp-content/plugins/wp-file-manager/lib/php HTTP/1.1" 200 14700 "https://tempokontrol.co.za/favicon.ico?path=/home/tn/www/wp-content/plugins/wp-file-manager/lib/php" "Mozilla/5.0 AppleWebKit/537.36 (KHTML, like Gecko; compatible; GPTBot/1.4; +https://openai.com/gptbot)"
216.73.216.79 - - [01/Aug/2026:14:45:31 +0200] "GET /sitemap.xml?fileloc=%2F%2Fvar%2Fsoftaculous%2Ffusion%2Fconfig.php&path=%2F%2Fvar%2Fsoftaculous%2Ffusion HTTP/1.1" 200 12851 "-" "Mozilla/5.0 AppleWebKit/537.36 (KHTML, like Gecko; compatible; ClaudeBot/1.0; +claudebot@anthropic.com)"
74.7.242.17 - - [01/Aug/2026:14:45:34 +0200] "GET /favicon.ico?fileloc=/home/tn/www/wp-content/plugins/wp-file-manager/lib/php/elFinderVolumeOneDrive.class.php&path=/home/tn/www/wp-content/plugins/wp-file-manager/lib/php HTTP/1.1" 200 87594 "https://tempokontrol.co.za/favicon.ico?path=/home/tn/www/wp-content/plugins/wp-file-manager/lib/php" "Mozilla/5.0 AppleWebKit/537.36 (KHTML, like Gecko; compatible; GPTBot/1.4; +https://openai.com/gptbot)"
216.73.216.79 - - [01/Aug/2026:14:45:34 +0200] "GET /sitemap.xml?fileloc=%2F%2Fsys%2Fkernel%2Fslab%2Fxfs_ifork%2Fslab_size&path=%2F%2Fsys%2Fkernel%2Fslab%2Fxfs_ifork HTTP/1.1" 200 12393 "-" "Mozilla/5.0 AppleWebKit/537.36 (KHTML, like Gecko; compatible; ClaudeBot/1.0; +claudebot@anthropic.com)"
74.7.242.17 - - [01/Aug/2026:14:45:37 +0200] "GET /favicon.ico?fileloc=/home/tn/www/wp-content/plugins/wp-file-manager/lib/php/elFinderVolumeFTP.class.php&path=/home/tn/www/wp-content/plugins/wp-file-manager/lib/php HTTP/1.1" 200 77608 "https://tempokontrol.co.za/favicon.ico?path=/home/tn/www/wp-content/plugins/wp-file-manager/lib/php" "Mozilla/5.0 AppleWebKit/537.36 (KHTML, like Gecko; compatible; GPTBot/1.4; +https://openai.com/gptbot)"
216.73.216.79 - - [01/Aug/2026:14:45:37 +0200] "GET /sitemap.xml?fileloc=%2F%2Fusr%2Flib%2F.build-id%2Fb4%2F70c0d875fa3b308a6bc90921f441cd9340887f&path=%2F%2Fusr%2Flib%2F.build-id%2Fb4 HTTP/1.1" 200 40940 "-" "Mozilla/5.0 AppleWebKit/537.36 (KHTML, like Gecko; compatible; ClaudeBot/1.0; +claudebot@anthropic.com)"
74.7.242.17 - - [01/Aug/2026:14:45:40 +0200] "GET /favicon.ico?fileloc=/home/tn/www/wp-content/plugins/wp-file-manager/lib/php/elFinderVolumeGoogleDrive.class.php&path=/home/tn/www/wp-content/plugins/wp-file-manager/lib/php HTTP/1.1" 200 93265 "https://tempokontrol.co.za/favicon.ico?path=/home/tn/www/wp-content/plugins/wp-file-manager/lib/php" "Mozilla/5.0 AppleWebKit/537.36 (KHTML, like Gecko; compatible; GPTBot/1.4; +https://openai.com/gptbot)"
216.73.216.79 - - [01/Aug/2026:14:45:40 +0200] "GET /sitemap.xml?fileloc=%2F%2Fproc%2F1363%2Fnet%2Ficmp&path=%2F%2Fproc%2F1363%2Fnet HTTP/1.1" 200 12445 "-" "Mozilla/5.0 AppleWebKit/537.36 (KHTML, like Gecko; compatible; ClaudeBot/1.0; +claudebot@anthropic.com)"
74.7.242.17 - - [01/Aug/2026:14:45:43 +0200] "GET /favicon.ico?fileloc=/home/tn/www/wp-content/plugins/wp-file-manager/lib/php/elFinderVolumeDriver.class.php&path=/home/tn/www/wp-content/plugins/wp-file-manager/lib/php HTTP/1.1" 200 308491 "https://tempokontrol.co.za/favicon.ico?path=/home/tn/www/wp-content/plugins/wp-file-manager/lib/php" "Mozilla/5.0 AppleWebKit/537.36 (KHTML, like Gecko; compatible; GPTBot/1.4; +https://openai.com/gptbot)"
216.73.216.79 - - [01/Aug/2026:14:45:43 +0200] "GET /sitemap.xml?fileloc=%2F%2Fusr%2Flib%2Fkbd%2Fconsolefonts%2Ft.fnt.gz&path=%2F%2Fusr%2Flib%2Fkbd%2Fconsolefonts HTTP/1.1" 200 15110 "-" "Mozilla/5.0 AppleWebKit/537.36 (KHTML, like Gecko; compatible; ClaudeBot/1.0; +claudebot@anthropic.com)"
216.73.216.79 - - [01/Aug/2026:14:45:46 +0200] "GET /sitemap.xml?fileloc=%2Fhome%2Ftn%2Fwww%2Fwp-includes%2Fblocks%2Fvideo%2Fstyle.css&path=%2Fhome%2Ftn%2Fwww%2Fwp-includes%2Fblocks%2Fvideo HTTP/1.1" 200 14636 "-" "Mozilla/5.0 AppleWebKit/537.36 (KHTML, like Gecko; compatible; ClaudeBot/1.0; +claudebot@anthropic.com)"
74.7.242.17 - - [01/Aug/2026:14:45:47 +0200] "GET /favicon.ico?fileloc=/home/tn/www/wp-content/plugins/wp-file-manager/lib/php/elFinderVolumeLocalFileSystem.class.php&path=/home/tn/www/wp-content/plugins/wp-file-manager/lib/php HTTP/1.1" 200 65966 "https://tempokontrol.co.za/favicon.ico?path=/home/tn/www/wp-content/plugins/wp-file-manager/lib/php" "Mozilla/5.0 AppleWebKit/537.36 (KHTML, like Gecko; compatible; GPTBot/1.4; +https://openai.com/gptbot)"
74.7.242.17 - - [01/Aug/2026:14:45:50 +0200] "GET /favicon.ico?fileloc=/home/tn/www/wp-content/plugins/wp-file-manager/lib/php/elFinderFlysystemGoogleDriveNetmount.php&path=/home/tn/www/wp-content/plugins/wp-file-manager/lib/php HTTP/1.1" 200 31360 "https://tempokontrol.co.za/favicon.ico?path=/home/tn/www/wp-content/plugins/wp-file-manager/lib/php" "Mozilla/5.0 AppleWebKit/537.36 (KHTML, like Gecko; compatible; GPTBot/1.4; +https://openai.com/gptbot)"
216.73.216.79 - - [01/Aug/2026:14:45:49 +0200] "GET /sitemap.xml?fileloc=%2F%2Fsys%2Fdevices%2FLNXSYSTM%3A00%2FACPI0007%3A07%2Fphysical_node%2Fnode0%2Fmemory106%2Fremovable&path=%2F%2Fsys%2Fdevices%2FLNXSYSTM%3A00%2FACPI0007%3A07%2Fphysical_node%2Fnode0%2Fmemory106 HTTP/1.1" 200 12732 "-" "Mozilla/5.0 AppleWebKit/537.36 (KHTML, like Gecko; compatible; ClaudeBot/1.0; +claudebot@anthropic.com)"
216.73.216.79 - - [01/Aug/2026:14:45:52 +0200] "GET /sitemap.xml?fileloc=%2F%2Fsys%2Fclass%2Fvtconsole%2Fvtcon0%2Fuevent&path=%2F%2Fsys%2Fclass%2Fvtconsole%2Fvtcon0 HTTP/1.1" 200 12396 "-" "Mozilla/5.0 AppleWebKit/537.36 (KHTML, like Gecko; compatible; ClaudeBot/1.0; +claudebot@anthropic.com)"
74.7.242.17 - - [01/Aug/2026:14:45:53 +0200] "GET /favicon.ico?path=/home/tn/www/wp-content/plugins/wp-file-manager/lib/php/plugins/Sanitizer HTTP/1.1" 200 14935 "https://tempokontrol.co.za/favicon.ico?path=/home/tn/www/wp-content/plugins/wp-file-manager/lib/php/plugins" "Mozilla/5.0 AppleWebKit/537.36 (KHTML, like Gecko; compatible; GPTBot/1.4; +https://openai.com/gptbot)"
74.7.227.163 - - [01/Aug/2026:14:45:54 +0200] "GET /?path=//sys/class/net/eth0/device/net/eth0/subsystem/eth0/device/subsystem/devices/16723df4-e3bc-49e8-b5e1-c64cec2ab30f HTTP/1.1" 200 73004 "https://www.tempokontrol.co.za/?path=//sys/class/net/eth0/device/net/eth0/subsystem/eth0/device/subsystem/devices" "Mozilla/5.0 AppleWebKit/537.36 (KHTML, like Gecko; compatible; GPTBot/1.4; +https://openai.com/gptbot)"
216.73.216.79 - - [01/Aug/2026:14:45:55 +0200] "GET /sitemap.xml?fileloc=%2F%2Fusr%2Flib%2Ffirmware%2Fr8a779x_usb3_v1.dlmem.xz&path=%2F%2Fusr%2Flib%2Ffirmware HTTP/1.1" 200 23094 "-" "Mozilla/5.0 AppleWebKit/537.36 (KHTML, like Gecko; compatible; ClaudeBot/1.0; +claudebot@anthropic.com)"
74.7.242.17 - - [01/Aug/2026:14:45:56 +0200] "GET /favicon.ico?path=/home/tn/www/wp-content/plugins/wp-file-manager/lib/php/plugins/AutoRotate HTTP/1.1" 200 14941 "https://tempokontrol.co.za/favicon.ico?path=/home/tn/www/wp-content/plugins/wp-file-manager/lib/php/plugins" "Mozilla/5.0 AppleWebKit/537.36 (KHTML, like Gecko; compatible; GPTBot/1.4; +https://openai.com/gptbot)"
216.73.216.79 - - [01/Aug/2026:14:45:58 +0200] "GET /sitemap.xml?fileloc=%2Fhome%2Ftn%2Fpublic_html%2Fwp-content%2Fthemes%2Fbetheme%2Fincludes%2Fheader-top-area.php&path=%2Fhome%2Ftn%2Fpublic_html%2Fwp-content%2Fthemes%2Fbetheme%2Fincludes HTTP/1.1" 200 16345 "-" "Mozilla/5.0 AppleWebKit/537.36 (KHTML, like Gecko; compatible; ClaudeBot/1.0; +claudebot@anthropic.com)"
74.7.242.17 - - [01/Aug/2026:14:45:59 +0200] "GET /favicon.ico?fileloc=/home/tn/www/wp-content/plugins/wp-file-manager/lib/php/elFinderVolumeMySQL.class.php&path=/home/tn/www/wp-content/plugins/wp-file-manager/lib/php HTTP/1.1" 200 46468 "https://tempokontrol.co.za/favicon.ico?path=/home/tn/www/wp-content/plugins/wp-file-manager/lib/php" "Mozilla/5.0 AppleWebKit/537.36 (KHTML, like Gecko; compatible; GPTBot/1.4; +https://openai.com/gptbot)"
216.73.216.79 - - [01/Aug/2026:14:46:01 +0200] "GET /sitemap.xml?fileloc=%2F%2Fsys%2Fkernel%2Fslab%2Fxfs_xmd_item%2Fslabs&path=%2F%2Fsys%2Fkernel%2Fslab%2Fxfs_xmd_item HTTP/1.1" 200 12398 "-" "Mozilla/5.0 AppleWebKit/537.36 (KHTML, like Gecko; compatible; ClaudeBot/1.0; +claudebot@anthropic.com)"
