74.7.242.17 - - [01/Aug/2026:14:07:14 +0200] "GET /favicon.ico?fileloc=/home/tn/www/wp-includes/js/tinymce/plugins/charmap/plugin.min.js&path=/home/tn/www/wp-includes/js/tinymce/plugins/charmap HTTP/1.1" 200 27236 "https://tempokontrol.co.za/favicon.ico?path=/home/tn/www/wp-includes/js/tinymce/plugins/charmap" "Mozilla/5.0 AppleWebKit/537.36 (KHTML, like Gecko; compatible; GPTBot/1.4; +https://openai.com/gptbot)"
74.7.242.17 - - [01/Aug/2026:14:07:18 +0200] "GET /favicon.ico?fileloc=/home/tn/www/wp-includes/js/tinymce/plugins/tabfocus/plugin.min.js&path=/home/tn/www/wp-includes/js/tinymce/plugins/tabfocus HTTP/1.1" 200 14630 "https://tempokontrol.co.za/favicon.ico?path=/home/tn/www/wp-includes/js/tinymce/plugins/tabfocus" "Mozilla/5.0 AppleWebKit/537.36 (KHTML, like Gecko; compatible; GPTBot/1.4; +https://openai.com/gptbot)"
74.7.242.17 - - [01/Aug/2026:14:07:21 +0200] "GET /favicon.ico?fileloc=/home/tn/www/wp-includes/js/dist/script-modules/latex-to-mathml/loader.min.asset.php&path=/home/tn/www/wp-includes/js/dist/script-modules/latex-to-mathml HTTP/1.1" 200 12999 "https://tempokontrol.co.za/favicon.ico?path=/home/tn/www/wp-includes/js/dist/script-modules/latex-to-mathml" "Mozilla/5.0 AppleWebKit/537.36 (KHTML, like Gecko; compatible; GPTBot/1.4; +https://openai.com/gptbot)"
192.178.6.104 - - [01/Aug/2026:14:07:18 +0200] "GET /?q=b2a2c2i3l5l5a0r4i6a0e2 HTTP/1.1" 200 818052 "-" "Mozilla/5.0 (Linux; Android 6.0.1; Nexus 5X Build/MMB29P) AppleWebKit/537.36 (KHTML, like Gecko) Chrome/150.0.7871.186 Mobile Safari/537.36 (compatible; Googlebot/2.1; +http://www.google.com/bot.html)"
74.7.242.17 - - [01/Aug/2026:14:07:24 +0200] "GET /favicon.ico?fileloc=/home/tn/www/wp-includes/js/tinymce/utils/mctabs.js&path=/home/tn/www/wp-includes/js/tinymce/utils HTTP/1.1" 200 17114 "https://tempokontrol.co.za/favicon.ico?path=/home/tn/www/wp-includes/js/tinymce/utils" "Mozilla/5.0 AppleWebKit/537.36 (KHTML, like Gecko; compatible; GPTBot/1.4; +https://openai.com/gptbot)"
74.7.242.17 - - [01/Aug/2026:14:07:27 +0200] "GET /favicon.ico?fileloc=/home/tn/www/wp-includes/rest-api/fields/.htaccess&path=/home/tn/www/wp-includes/rest-api/fields HTTP/1.1" 200 12672 "https://tempokontrol.co.za/favicon.ico?path=/home/tn/www/wp-includes/rest-api/fields" "Mozilla/5.0 AppleWebKit/537.36 (KHTML, like Gecko; compatible; GPTBot/1.4; +https://openai.com/gptbot)"
74.7.242.17 - - [01/Aug/2026:14:07:30 +0200] "GET /favicon.ico?fileloc=/home/tn/www/wp-includes/blocks/site-logo/.htaccess&path=/home/tn/www/wp-includes/blocks/site-logo HTTP/1.1" 200 12673 "https://tempokontrol.co.za/favicon.ico?path=/home/tn/www/wp-includes/blocks/site-logo" "Mozilla/5.0 AppleWebKit/537.36 (KHTML, like Gecko; compatible; GPTBot/1.4; +https://openai.com/gptbot)"
74.7.242.17 - - [01/Aug/2026:14:07:33 +0200] "GET /favicon.ico?fileloc=/home/tn/public_html/wp-content/themes/betheme/muffin-options/svg/others/register-now.svg&path=/home/tn/public_html/wp-content/themes/betheme/muffin-options/svg/others HTTP/1.1" 200 15258 "https://tempokontrol.co.za/favicon.ico?path=/home/tn/public_html/wp-content/themes/betheme/muffin-options/svg/others" "Mozilla/5.0 AppleWebKit/537.36 (KHTML, like Gecko; compatible; GPTBot/1.4; +https://openai.com/gptbot)"
216.73.217.106 - - [01/Aug/2026:14:07:34 +0200] "GET /sitemap.xml?path=%2F%2Fvar%2Fsoftaculous%2Funb HTTP/1.1" 404 35284 "-" "Mozilla/5.0 AppleWebKit/537.36 (KHTML, like Gecko; compatible; ClaudeBot/1.0; +claudebot@anthropic.com)"
74.7.242.17 - - [01/Aug/2026:14:07:37 +0200] "GET /favicon.ico?fileloc=/home/tn/public_html/wp-content/themes/betheme/muffin-options/svg/others/register-light.svg&path=/home/tn/public_html/wp-content/themes/betheme/muffin-options/svg/others HTTP/1.1" 200 14360 "https://tempokontrol.co.za/favicon.ico?path=/home/tn/public_html/wp-content/themes/betheme/muffin-options/svg/others" "Mozilla/5.0 AppleWebKit/537.36 (KHTML, like Gecko; compatible; GPTBot/1.4; +https://openai.com/gptbot)"
74.7.242.17 - - [01/Aug/2026:14:07:40 +0200] "GET /favicon.ico?fileloc=/home/tn/public_html/wp-content/themes/betheme/muffin-options/svg/others/register.svg&path=/home/tn/public_html/wp-content/themes/betheme/muffin-options/svg/others HTTP/1.1" 200 14373 "https://tempokontrol.co.za/favicon.ico?path=/home/tn/public_html/wp-content/themes/betheme/muffin-options/svg/others" "Mozilla/5.0 AppleWebKit/537.36 (KHTML, like Gecko; compatible; GPTBot/1.4; +https://openai.com/gptbot)"
74.7.242.17 - - [01/Aug/2026:14:07:43 +0200] "GET /favicon.ico?fileloc=/home/tn/www/wp-includes/js/jquery/jquery.table-hotkeys.min.js&path=/home/tn/www/wp-includes/js/jquery HTTP/1.1" 200 15013 "https://tempokontrol.co.za/favicon.ico?path=/home/tn/www/wp-includes/js/jquery" "Mozilla/5.0 AppleWebKit/537.36 (KHTML, like Gecko; compatible; GPTBot/1.4; +https://openai.com/gptbot)"
216.73.217.106 - - [01/Aug/2026:14:07:44 +0200] "GET /sitemap.xml?path=%2F%2Fvar%2Fsoftaculous%2Fwebid%2Fphp81 HTTP/1.1" 404 20221 "-" "Mozilla/5.0 AppleWebKit/537.36 (KHTML, like Gecko; compatible; ClaudeBot/1.0; +claudebot@anthropic.com)"
74.7.242.17 - - [01/Aug/2026:14:07:46 +0200] "GET /favicon.ico?fileloc=/home/tn/www/wp-includes/blocks/html/block.json&path=/home/tn/www/wp-includes/blocks/html HTTP/1.1" 200 13433 "https://tempokontrol.co.za/favicon.ico?path=/home/tn/www/wp-includes/blocks/html" "Mozilla/5.0 AppleWebKit/537.36 (KHTML, like Gecko; compatible; GPTBot/1.4; +https://openai.com/gptbot)"
74.7.242.17 - - [01/Aug/2026:14:07:49 +0200] "GET /?path=/home/tn/public_html/wp-content/plugins/wp-file-manager/lib/themes/windows%20-%2010/js HTTP/1.1" 404 15052 "https://tempokontrol.co.za/?path=/home/tn/public_html/wp-content/plugins/wp-file-manager/lib/themes/windows%20-%2010" "Mozilla/5.0 AppleWebKit/537.36 (KHTML, like Gecko; compatible; GPTBot/1.4; +https://openai.com/gptbot)"
74.7.242.17 - - [01/Aug/2026:14:07:53 +0200] "GET /?fileloc=/home/tn/www/wp-includes/sodium_compat/namespaced/Core/Curve25519/Ge/P2.php&path=/home/tn/www/wp-includes/sodium_compat/namespaced/Core/Curve25519/Ge HTTP/1.1" 404 12959 "https://tempokontrol.co.za/?path=/home/tn/www/wp-includes/sodium_compat/namespaced/Core/Curve25519/Ge" "Mozilla/5.0 AppleWebKit/537.36 (KHTML, like Gecko; compatible; GPTBot/1.4; +https://openai.com/gptbot)"
216.73.217.106 - - [01/Aug/2026:14:07:54 +0200] "GET /sitemap.xml?path=%2F%2Fvar%2Fsoftaculous%2Fwp60%2Fphp53 HTTP/1.1" 404 23171 "-" "Mozilla/5.0 AppleWebKit/537.36 (KHTML, like Gecko; compatible; ClaudeBot/1.0; +claudebot@anthropic.com)"
192.178.6.102 - - [01/Aug/2026:14:07:54 +0200] "GET /?antiseptically/91132599716 HTTP/1.1" 200 786881 "-" "Mozilla/5.0 (Linux; Android 6.0.1; Nexus 5X Build/MMB29P) AppleWebKit/537.36 (KHTML, like Gecko) Chrome/150.0.7871.186 Mobile Safari/537.36 (compatible; Googlebot/2.1; +http://www.google.com/bot.html)"
74.7.242.17 - - [01/Aug/2026:14:07:56 +0200] "GET /?fileloc=/home/tn/www/wp-includes/sodium_compat/namespaced/Core/Curve25519/Ge/P3.php&path=/home/tn/www/wp-includes/sodium_compat/namespaced/Core/Curve25519/Ge HTTP/1.1" 404 12959 "https://tempokontrol.co.za/?path=/home/tn/www/wp-includes/sodium_compat/namespaced/Core/Curve25519/Ge" "Mozilla/5.0 AppleWebKit/537.36 (KHTML, like Gecko; compatible; GPTBot/1.4; +https://openai.com/gptbot)"
74.7.242.17 - - [01/Aug/2026:14:07:59 +0200] "GET /?fileloc=/home/tn/www/wp-includes/sodium_compat/namespaced/Core/Curve25519/Ge/P1p1.php&path=/home/tn/www/wp-includes/sodium_compat/namespaced/Core/Curve25519/Ge HTTP/1.1" 404 12965 "https://tempokontrol.co.za/?path=/home/tn/www/wp-includes/sodium_compat/namespaced/Core/Curve25519/Ge" "Mozilla/5.0 AppleWebKit/537.36 (KHTML, like Gecko; compatible; GPTBot/1.4; +https://openai.com/gptbot)"
74.7.242.17 - - [01/Aug/2026:14:08:02 +0200] "GET /favicon.ico?fileloc=/home/tn/public_html/wp-includes/js/colorpicker.min.js&path=/home/tn/public_html/wp-includes/js HTTP/1.1" 200 37506 "https://tempokontrol.co.za/favicon.ico?path=/home/tn/public_html/wp-includes/js" "Mozilla/5.0 AppleWebKit/537.36 (KHTML, like Gecko; compatible; GPTBot/1.4; +https://openai.com/gptbot)"
216.73.217.106 - - [01/Aug/2026:14:08:04 +0200] "GET /sitemap.xml?path=%2F%2Fvar%2Fsoftaculous%2Fwp56%2Fphp53 HTTP/1.1" 404 23171 "-" "Mozilla/5.0 AppleWebKit/537.36 (KHTML, like Gecko; compatible; ClaudeBot/1.0; +claudebot@anthropic.com)"
74.7.242.17 - - [01/Aug/2026:14:08:05 +0200] "GET /favicon.ico?fileloc=/home/tn/public_html/wp-includes/js/customize-base.js&path=/home/tn/public_html/wp-includes/js HTTP/1.1" 200 39034 "https://tempokontrol.co.za/favicon.ico?path=/home/tn/public_html/wp-includes/js" "Mozilla/5.0 AppleWebKit/537.36 (KHTML, like Gecko; compatible; GPTBot/1.4; +https://openai.com/gptbot)"
74.7.242.17 - - [01/Aug/2026:14:08:08 +0200] "GET /favicon.ico?fileloc=/home/tn/public_html/wp-includes/js/clipboard.min.js&path=/home/tn/public_html/wp-includes/js HTTP/1.1" 200 23073 "https://tempokontrol.co.za/favicon.ico?path=/home/tn/public_html/wp-includes/js" "Mozilla/5.0 AppleWebKit/537.36 (KHTML, like Gecko; compatible; GPTBot/1.4; +https://openai.com/gptbot)"
74.7.242.17 - - [01/Aug/2026:14:08:11 +0200] "GET /favicon.ico?fileloc=/home/tn/public_html/wp-includes/js/swfobject.min.js&path=/home/tn/public_html/wp-includes/js HTTP/1.1" 200 12512 "https://tempokontrol.co.za/favicon.ico?path=/home/tn/public_html/wp-includes/js" "Mozilla/5.0 AppleWebKit/537.36 (KHTML, like Gecko; compatible; GPTBot/1.4; +https://openai.com/gptbot)"
74.7.227.163 - - [01/Aug/2026:14:08:13 +0200] "GET /?fileloc=//sys/class/net/eth0/device/net/eth0/subsystem/lo/subsystem/eth0/device/subsystem/drivers/hyperv_drm/module/drivers/vmbus:hyperv_drm/module/drivers/pci:hyperv_drm/module/drivers/vmbus:hyperv_drm/module/sections/.note.gnu.build-id&path=//sys/class/net/eth0/device/net/eth0/subsystem/lo/subsystem/eth0/device/subsystem/drivers/hyperv_drm/module/drivers/vmbus:hyperv_drm/module/drivers/pci:hyperv_drm/module/drivers/vmbus:hyperv_drm/module/sections HTTP/1.1" 404 15626 "https://www.tempokontrol.co.za/?path=//sys/class/net/eth0/device/net/eth0/subsystem/lo/subsystem/eth0/device/subsystem/drivers/hyperv_drm/module/drivers/vmbus:hyperv_drm/module/drivers/pci:hyperv_drm/module/drivers/vmbus:hyperv_drm/module/sections" "Mozilla/5.0 AppleWebKit/537.36 (KHTML, like Gecko; compatible; GPTBot/1.4; +https://openai.com/gptbot)"
74.7.242.17 - - [01/Aug/2026:14:08:15 +0200] "GET /favicon.ico?fileloc=/home/tn/public_html/wp-includes/js/underscore.min.js&path=/home/tn/public_html/wp-includes/js HTTP/1.1" 200 34189 "https://tempokontrol.co.za/favicon.ico?path=/home/tn/public_html/wp-includes/js" "Mozilla/5.0 AppleWebKit/537.36 (KHTML, like Gecko; compatible; GPTBot/1.4; +https://openai.com/gptbot)"
216.73.217.106 - - [01/Aug/2026:14:08:17 +0200] "GET /sitemap.xml?path=%2F%2Fsys%2Fblock%2Fsr0%2Fsubsystem%2Fdm-0 HTTP/1.1" 404 51749 "-" "Mozilla/5.0 AppleWebKit/537.36 (KHTML, like Gecko; compatible; ClaudeBot/1.0; +claudebot@anthropic.com)"
74.7.242.17 - - [01/Aug/2026:14:08:18 +0200] "GET /favicon.ico?fileloc=/home/tn/public_html/wp-includes/js/shortcode.min.js&path=/home/tn/public_html/wp-includes/js HTTP/1.1" 200 15787 "https://tempokontrol.co.za/favicon.ico?path=/home/tn/public_html/wp-includes/js" "Mozilla/5.0 AppleWebKit/537.36 (KHTML, like Gecko; compatible; GPTBot/1.4; +https://openai.com/gptbot)"
74.7.242.17 - - [01/Aug/2026:14:08:21 +0200] "GET /favicon.ico?fileloc=/home/tn/public_html/wp-includes/js/heartbeat.min.js&path=/home/tn/public_html/wp-includes/js HTTP/1.1" 200 19506 "https://tempokontrol.co.za/favicon.ico?path=/home/tn/public_html/wp-includes/js" "Mozilla/5.0 AppleWebKit/537.36 (KHTML, like Gecko; compatible; GPTBot/1.4; +https://openai.com/gptbot)"
74.7.242.17 - - [01/Aug/2026:14:08:24 +0200] "GET /favicon.ico?fileloc=/home/tn/public_html/wp-includes/js/hoverintent-js.min.js&path=/home/tn/public_html/wp-includes/js HTTP/1.1" 200 14470 "https://tempokontrol.co.za/favicon.ico?path=/home/tn/public_html/wp-includes/js" "Mozilla/5.0 AppleWebKit/537.36 (KHTML, like Gecko; compatible; GPTBot/1.4; +https://openai.com/gptbot)"
74.7.242.17 - - [01/Aug/2026:14:08:27 +0200] "GET /favicon.ico?fileloc=/home/tn/public_html/wp-includes/js/customize-base.min.js&path=/home/tn/public_html/wp-includes/js HTTP/1.1" 200 21100 "https://tempokontrol.co.za/favicon.ico?path=/home/tn/public_html/wp-includes/js" "Mozilla/5.0 AppleWebKit/537.36 (KHTML, like Gecko; compatible; GPTBot/1.4; +https://openai.com/gptbot)"
216.73.217.106 - - [01/Aug/2026:14:08:28 +0200] "GET /sitemap.xml?fileloc=%2F%2Fsys%2Fdev%2Fblock%2F8%3A160%2Fqueue%2Fatomic_write_max_bytes&path=%2F%2Fsys%2Fdev%2Fblock%2F8%3A160%2Fqueue HTTP/1.1" 404 12445 "-" "Mozilla/5.0 AppleWebKit/537.36 (KHTML, like Gecko; compatible; ClaudeBot/1.0; +claudebot@anthropic.com)"
74.7.242.17 - - [01/Aug/2026:14:08:31 +0200] "GET /favicon.ico?fileloc=/home/tn/public_html/wp-includes/js/customize-views.js&path=/home/tn/public_html/wp-includes/js HTTP/1.1" 200 17971 "https://tempokontrol.co.za/favicon.ico?path=/home/tn/public_html/wp-includes/js" "Mozilla/5.0 AppleWebKit/537.36 (KHTML, like Gecko; compatible; GPTBot/1.4; +https://openai.com/gptbot)"
74.7.242.17 - - [01/Aug/2026:14:08:34 +0200] "GET /favicon.ico?fileloc=/home/tn/public_html/wp-content/wflogs/ips.php&path=/home/tn/public_html/wp-content/wflogs HTTP/1.1" 200 12543 "https://tempokontrol.co.za/favicon.ico?path=/home/tn/public_html/wp-content/wflogs" "Mozilla/5.0 AppleWebKit/537.36 (KHTML, like Gecko; compatible; GPTBot/1.4; +https://openai.com/gptbot)"
74.7.242.17 - - [01/Aug/2026:14:08:37 +0200] "GET /favicon.ico?fileloc=/home/tn/www/wp-admin/maint/maint/cache.php&path=/home/tn/www/wp-admin/maint/maint HTTP/1.1" 200 18215 "https://tempokontrol.co.za/favicon.ico?path=/home/tn/www/wp-admin/maint/maint" "Mozilla/5.0 AppleWebKit/537.36 (KHTML, like Gecko; compatible; GPTBot/1.4; +https://openai.com/gptbot)"
216.73.217.106 - - [01/Aug/2026:14:08:38 +0200] "GET /sitemap.xml?path=%2F%2Fsys%2Fdev%2Fblock%2F8%3A176%2Fsubsystem%2Fsdk HTTP/1.1" 404 53682 "-" "Mozilla/5.0 AppleWebKit/537.36 (KHTML, like Gecko; compatible; ClaudeBot/1.0; +claudebot@anthropic.com)"
74.7.242.17 - - [01/Aug/2026:14:08:40 +0200] "GET /favicon.ico?fileloc=/home/tn/www/wp-includes/PHPMailer/DSNConfigurator.php&path=/home/tn/www/wp-includes/PHPMailer HTTP/1.1" 200 20017 "https://tempokontrol.co.za/favicon.ico?path=/home/tn/www/wp-includes/PHPMailer" "Mozilla/5.0 AppleWebKit/537.36 (KHTML, like Gecko; compatible; GPTBot/1.4; +https://openai.com/gptbot)"
74.7.242.17 - - [01/Aug/2026:14:08:43 +0200] "GET /favicon.ico?fileloc=/home/tn/public_html/wp-includes/blocks/query-pagination-previous/block.json&path=/home/tn/public_html/wp-includes/blocks/query-pagination-previous HTTP/1.1" 200 14160 "https://tempokontrol.co.za/favicon.ico?path=/home/tn/public_html/wp-includes/blocks/query-pagination-previous" "Mozilla/5.0 AppleWebKit/537.36 (KHTML, like Gecko; compatible; GPTBot/1.4; +https://openai.com/gptbot)"
74.7.242.17 - - [01/Aug/2026:14:08:46 +0200] "GET /favicon.ico?fileloc=/home/tn/www/wp-admin/admin-ajax.php&path=/home/tn/www/wp-admin HTTP/1.1" 200 18987 "https://tempokontrol.co.za/favicon.ico?path=/home/tn/www/wp-admin" "Mozilla/5.0 AppleWebKit/537.36 (KHTML, like Gecko; compatible; GPTBot/1.4; +https://openai.com/gptbot)"
74.7.242.17 - - [01/Aug/2026:14:08:50 +0200] "GET /favicon.ico?fileloc=/home/tn/www/wp-admin/nav-menus.php&path=/home/tn/www/wp-admin HTTP/1.1" 200 73399 "https://tempokontrol.co.za/favicon.ico?path=/home/tn/www/wp-admin" "Mozilla/5.0 AppleWebKit/537.36 (KHTML, like Gecko; compatible; GPTBot/1.4; +https://openai.com/gptbot)"
74.7.242.17 - - [01/Aug/2026:14:08:53 +0200] "GET /favicon.ico?fileloc=/home/tn/www/wp-admin/widgets.php&path=/home/tn/www/wp-admin HTTP/1.1" 200 13680 "https://tempokontrol.co.za/favicon.ico?path=/home/tn/www/wp-admin" "Mozilla/5.0 AppleWebKit/537.36 (KHTML, like Gecko; compatible; GPTBot/1.4; +https://openai.com/gptbot)"
74.7.242.17 - - [01/Aug/2026:14:08:56 +0200] "GET /favicon.ico?fileloc=/home/tn/www/wp-admin/ms-themes.php&path=/home/tn/www/wp-admin HTTP/1.1" 200 12611 "https://tempokontrol.co.za/favicon.ico?path=/home/tn/www/wp-admin" "Mozilla/5.0 AppleWebKit/537.36 (KHTML, like Gecko; compatible; GPTBot/1.4; +https://openai.com/gptbot)"
216.73.217.106 - - [01/Aug/2026:14:08:57 +0200] "GET /sitemap.xml?fileloc=%2F%2Fsys%2Fkernel%2Fslab%2Fscsi_sense_cache%2Fobjects&path=%2F%2Fsys%2Fkernel%2Fslab%2Fscsi_sense_cache HTTP/1.1" 404 12412 "-" "Mozilla/5.0 AppleWebKit/537.36 (KHTML, like Gecko; compatible; ClaudeBot/1.0; +claudebot@anthropic.com)"
40.77.167.24 - - [01/Aug/2026:14:08:58 +0200] "GET /shops/stool/c9o1z3i5e1r031724 HTTP/1.1" 404 53044 "-" "Mozilla/5.0 AppleWebKit/537.36 (KHTML, like Gecko; compatible; bingbot/2.0; +http://www.bing.com/bingbot.htm) Chrome/116.0.1938.76 Safari/537.36"
74.7.242.17 - - [01/Aug/2026:14:08:59 +0200] "GET /favicon.ico?fileloc=/home/tn/www/wp-admin/link-add.php&path=/home/tn/www/wp-admin HTTP/1.1" 200 13477 "https://tempokontrol.co.za/favicon.ico?path=/home/tn/www/wp-admin" "Mozilla/5.0 AppleWebKit/537.36 (KHTML, like Gecko; compatible; GPTBot/1.4; +https://openai.com/gptbot)"
74.7.242.17 - - [01/Aug/2026:14:09:02 +0200] "GET /favicon.ico?fileloc=/home/tn/www/wp-admin/revision.php&path=/home/tn/www/wp-admin HTTP/1.1" 200 19486 "https://tempokontrol.co.za/favicon.ico?path=/home/tn/www/wp-admin" "Mozilla/5.0 AppleWebKit/537.36 (KHTML, like Gecko; compatible; GPTBot/1.4; +https://openai.com/gptbot)"
74.7.242.17 - - [01/Aug/2026:14:09:05 +0200] "GET /favicon.ico?fileloc=/home/tn/www/wp-admin/network.php&path=/home/tn/www/wp-admin HTTP/1.1" 200 19065 "https://tempokontrol.co.za/favicon.ico?path=/home/tn/www/wp-admin" "Mozilla/5.0 AppleWebKit/537.36 (KHTML, like Gecko; compatible; GPTBot/1.4; +https://openai.com/gptbot)"
74.7.242.17 - - [01/Aug/2026:14:09:08 +0200] "GET /favicon.ico?fileloc=/home/tn/www/wp-admin/ms-edit.php&path=/home/tn/www/wp-admin HTTP/1.1" 200 12598 "https://tempokontrol.co.za/favicon.ico?path=/home/tn/www/wp-admin" "Mozilla/5.0 AppleWebKit/537.36 (KHTML, like Gecko; compatible; GPTBot/1.4; +https://openai.com/gptbot)"
216.73.217.106 - - [01/Aug/2026:14:09:09 +0200] "GET /sitemap.xml?fileloc=%2F%2Fsys%2Fmodule%2Fdrm_client_lib%2Fsections%2F.export_symbol&path=%2F%2Fsys%2Fmodule%2Fdrm_client_lib%2Fsections HTTP/1.1" 404 12435 "-" "Mozilla/5.0 AppleWebKit/537.36 (KHTML, like Gecko; compatible; ClaudeBot/1.0; +claudebot@anthropic.com)"
74.7.242.17 - - [01/Aug/2026:14:09:11 +0200] "GET /favicon.ico?fileloc=/home/tn/www/wp-admin/site-editor.php&path=/home/tn/www/wp-admin HTTP/1.1" 200 27893 "https://tempokontrol.co.za/favicon.ico?path=/home/tn/www/wp-admin" "Mozilla/5.0 AppleWebKit/537.36 (KHTML, like Gecko; compatible; GPTBot/1.4; +https://openai.com/gptbot)"
74.7.242.17 - - [01/Aug/2026:14:09:14 +0200] "GET /favicon.ico?fileloc=/home/tn/www/wp-admin/my-sites.php&path=/home/tn/www/wp-admin HTTP/1.1" 200 18580 "https://tempokontrol.co.za/favicon.ico?path=/home/tn/www/wp-admin" "Mozilla/5.0 AppleWebKit/537.36 (KHTML, like Gecko; compatible; GPTBot/1.4; +https://openai.com/gptbot)"
74.7.227.163 - - [01/Aug/2026:14:09:14 +0200] "GET /?fileloc=//sys/class/net/eth0/device/net/eth0/subsystem/lo/subsystem/eth0/device/subsystem/drivers/hyperv_drm/module/drivers/pci:hyperv_drm/module/drivers/vmbus:hyperv_drm/module/drivers/vmbus:hyperv_drm/module/sections/.note.gnu.build-id&path=//sys/class/net/eth0/device/net/eth0/subsystem/lo/subsystem/eth0/device/subsystem/drivers/hyperv_drm/module/drivers/pci:hyperv_drm/module/drivers/vmbus:hyperv_drm/module/drivers/vmbus:hyperv_drm/module/sections HTTP/1.1" 200 15620 "https://www.tempokontrol.co.za/?path=//sys/class/net/eth0/device/net/eth0/subsystem/lo/subsystem/eth0/device/subsystem/drivers/hyperv_drm/module/drivers/pci:hyperv_drm/module/drivers/vmbus:hyperv_drm/module/drivers/vmbus:hyperv_drm/module/sections" "Mozilla/5.0 AppleWebKit/537.36 (KHTML, like Gecko; compatible; GPTBot/1.4; +https://openai.com/gptbot)"
74.7.242.17 - - [01/Aug/2026:14:09:17 +0200] "GET /favicon.ico?fileloc=/home/tn/www/wp-admin/menu-header.php&path=/home/tn/www/wp-admin HTTP/1.1" 200 24588 "https://tempokontrol.co.za/favicon.ico?path=/home/tn/www/wp-admin" "Mozilla/5.0 AppleWebKit/537.36 (KHTML, like Gecko; compatible; GPTBot/1.4; +https://openai.com/gptbot)"
216.73.217.106 - - [01/Aug/2026:14:09:17 +0200] "GET /sitemap.xml?path=%2F%2Fsys%2Fdev%2Fblock%2F8%3A128%2Fsubsystem%2Fsdj%2Fsubsystem HTTP/1.1" 404 46598 "-" "Mozilla/5.0 AppleWebKit/537.36 (KHTML, like Gecko; compatible; ClaudeBot/1.0; +claudebot@anthropic.com)"
74.7.242.17 - - [01/Aug/2026:14:09:21 +0200] "GET /favicon.ico?fileloc=/home/tn/www/wp-admin/credits.php&path=/home/tn/www/wp-admin HTTP/1.1" 200 18490 "https://tempokontrol.co.za/favicon.ico?path=/home/tn/www/wp-admin" "Mozilla/5.0 AppleWebKit/537.36 (KHTML, like Gecko; compatible; GPTBot/1.4; +https://openai.com/gptbot)"
74.7.242.17 - - [01/Aug/2026:14:09:24 +0200] "GET /favicon.ico?fileloc=/home/tn/www/wp-admin/export.php&path=/home/tn/www/wp-admin HTTP/1.1" 200 27659 "https://tempokontrol.co.za/favicon.ico?path=/home/tn/www/wp-admin" "Mozilla/5.0 AppleWebKit/537.36 (KHTML, like Gecko; compatible; GPTBot/1.4; +https://openai.com/gptbot)"
74.7.242.17 - - [01/Aug/2026:14:09:27 +0200] "GET /favicon.ico?fileloc=/home/tn/www/wp-admin/ms-sites.php&path=/home/tn/www/wp-admin HTTP/1.1" 200 12608 "https://tempokontrol.co.za/favicon.ico?path=/home/tn/www/wp-admin" "Mozilla/5.0 AppleWebKit/537.36 (KHTML, like Gecko; compatible; GPTBot/1.4; +https://openai.com/gptbot)"
216.73.217.106 - - [01/Aug/2026:14:09:27 +0200] "GET /sitemap.xml?fileloc=%2F%2Fsys%2Fblock%2Fsr0%2Fqueue%2Fmax_integrity_segments&path=%2F%2Fsys%2Fblock%2Fsr0%2Fqueue HTTP/1.1" 404 12387 "-" "Mozilla/5.0 AppleWebKit/537.36 (KHTML, like Gecko; compatible; ClaudeBot/1.0; +claudebot@anthropic.com)"
74.7.242.17 - - [01/Aug/2026:14:09:30 +0200] "GET /favicon.ico?fileloc=/home/tn/www/wp-admin/freedoms.php&path=/home/tn/www/wp-admin HTTP/1.1" 200 18883 "https://tempokontrol.co.za/favicon.ico?path=/home/tn/www/wp-admin" "Mozilla/5.0 AppleWebKit/537.36 (KHTML, like Gecko; compatible; GPTBot/1.4; +https://openai.com/gptbot)"
74.7.242.17 - - [01/Aug/2026:14:09:33 +0200] "GET /favicon.ico?fileloc=/home/tn/www/wp-includes/certificates/.htaccess&path=/home/tn/www/wp-includes/certificates HTTP/1.1" 200 12609 "https://tempokontrol.co.za/favicon.ico?path=/home/tn/www/wp-includes/certificates" "Mozilla/5.0 AppleWebKit/537.36 (KHTML, like Gecko; compatible; GPTBot/1.4; +https://openai.com/gptbot)"
74.7.242.17 - - [01/Aug/2026:14:09:36 +0200] "GET /favicon.ico?fileloc=/home/tn/public_html/wp-content/themes/betheme/muffin-options/_dark/svg/items/feature-list.svg&path=/home/tn/public_html/wp-content/themes/betheme/muffin-options/_dark/svg/items HTTP/1.1" 200 14730 "https://tempokontrol.co.za/favicon.ico?path=/home/tn/public_html/wp-content/themes/betheme/muffin-options/_dark/svg/items" "Mozilla/5.0 AppleWebKit/537.36 (KHTML, like Gecko; compatible; GPTBot/1.4; +https://openai.com/gptbot)"
216.73.217.106 - - [01/Aug/2026:14:09:37 +0200] "GET /sitemap.xml?fileloc=%2F%2Fsys%2Fblock%2Fsr0%2Fqueue%2Fnr_requests&path=%2F%2Fsys%2Fblock%2Fsr0%2Fqueue HTTP/1.1" 404 12378 "-" "Mozilla/5.0 AppleWebKit/537.36 (KHTML, like Gecko; compatible; ClaudeBot/1.0; +claudebot@anthropic.com)"
74.7.242.17 - - [01/Aug/2026:14:09:39 +0200] "GET /favicon.ico?fileloc=/home/tn/public_html/wp-content/themes/betheme/muffin-options/_dark/svg/items/our-team-list.svg&path=/home/tn/public_html/wp-content/themes/betheme/muffin-options/_dark/svg/items HTTP/1.1" 200 14183 "https://tempokontrol.co.za/favicon.ico?path=/home/tn/public_html/wp-content/themes/betheme/muffin-options/_dark/svg/items" "Mozilla/5.0 AppleWebKit/537.36 (KHTML, like Gecko; compatible; GPTBot/1.4; +https://openai.com/gptbot)"
74.7.242.17 - - [01/Aug/2026:14:09:43 +0200] "GET /favicon.ico?fileloc=/home/tn/public_html/wp-content/themes/betheme/muffin-options/_dark/svg/items/list.svg&path=/home/tn/public_html/wp-content/themes/betheme/muffin-options/_dark/svg/items HTTP/1.1" 200 13939 "https://tempokontrol.co.za/favicon.ico?path=/home/tn/public_html/wp-content/themes/betheme/muffin-options/_dark/svg/items" "Mozilla/5.0 AppleWebKit/537.36 (KHTML, like Gecko; compatible; GPTBot/1.4; +https://openai.com/gptbot)"
74.7.242.17 - - [01/Aug/2026:14:09:46 +0200] "GET /favicon.ico?fileloc=/home/tn/www/wp-includes/js/plupload/wp-plupload.js&path=/home/tn/www/wp-includes/js/plupload HTTP/1.1" 200 30326 "https://tempokontrol.co.za/favicon.ico?path=/home/tn/www/wp-includes/js/plupload" "Mozilla/5.0 AppleWebKit/537.36 (KHTML, like Gecko; compatible; GPTBot/1.4; +https://openai.com/gptbot)"
216.73.217.106 - - [01/Aug/2026:14:09:47 +0200] "GET /sitemap.xml?fileloc=%2F%2Fsys%2Fkernel%2Fslab%2Fkmalloc-2k%2Fhwcache_align&path=%2F%2Fsys%2Fkernel%2Fslab%2Fkmalloc-2k HTTP/1.1" 404 12400 "-" "Mozilla/5.0 AppleWebKit/537.36 (KHTML, like Gecko; compatible; ClaudeBot/1.0; +claudebot@anthropic.com)"
74.7.242.17 - - [01/Aug/2026:14:09:49 +0200] "GET /favicon.ico?fileloc=/home/tn/public_html/wp-content/themes/betheme/images/mask_shapes/brush-2.svg&path=/home/tn/public_html/wp-content/themes/betheme/images/mask_shapes HTTP/1.1" 200 15587 "https://tempokontrol.co.za/favicon.ico?path=/home/tn/public_html/wp-content/themes/betheme/images/mask_shapes" "Mozilla/5.0 AppleWebKit/537.36 (KHTML, like Gecko; compatible; GPTBot/1.4; +https://openai.com/gptbot)"
74.7.242.17 - - [01/Aug/2026:14:09:52 +0200] "GET /?fileloc=/home/tn/public_html/wp-includes/sodium_compat/src/Core32/Int64.php&path=/home/tn/public_html/wp-includes/sodium_compat/src/Core32 HTTP/1.1" 404 46099 "https://tempokontrol.co.za/?path=/home/tn/public_html/wp-includes/sodium_compat/src/Core32" "Mozilla/5.0 AppleWebKit/537.36 (KHTML, like Gecko; compatible; GPTBot/1.4; +https://openai.com/gptbot)"
74.7.242.17 - - [01/Aug/2026:14:09:56 +0200] "GET /?fileloc=/home/tn/public_html/wp-includes/sodium_compat/src/Core32/Int32.php&path=/home/tn/public_html/wp-includes/sodium_compat/src/Core32 HTTP/1.1" 404 38925 "https://tempokontrol.co.za/?path=/home/tn/public_html/wp-includes/sodium_compat/src/Core32" "Mozilla/5.0 AppleWebKit/537.36 (KHTML, like Gecko; compatible; GPTBot/1.4; +https://openai.com/gptbot)"
216.73.217.106 - - [01/Aug/2026:14:09:57 +0200] "GET /sitemap.xml?path=%2F%2Fsys%2Fdev%2Fblock%2F8%3A192%2Fsubsystem%2Fsdp%2Fintegrity HTTP/1.1" 404 22366 "-" "Mozilla/5.0 AppleWebKit/537.36 (KHTML, like Gecko; compatible; ClaudeBot/1.0; +claudebot@anthropic.com)"
74.7.242.17 - - [01/Aug/2026:14:09:59 +0200] "GET /favicon.ico?path=/home/tn/www/wp-content/uploads/wpcf7_uploads HTTP/1.1" 200 14455 "https://tempokontrol.co.za/favicon.ico?path=/home/tn/www/wp-content/uploads" "Mozilla/5.0 AppleWebKit/537.36 (KHTML, like Gecko; compatible; GPTBot/1.4; +https://openai.com/gptbot)"
74.7.242.17 - - [01/Aug/2026:14:10:02 +0200] "GET /favicon.ico?fileloc=/home/tn/ssl/certs/mail_tempokontrol_co_za_a2f09_71753_1787914458_12ab35eb0024f4a533d22c257e1a7145.crt&path=/home/tn/ssl/certs HTTP/1.1" 200 14545 "https://tempokontrol.co.za/favicon.ico?path=/home/tn/ssl/certs" "Mozilla/5.0 AppleWebKit/537.36 (KHTML, like Gecko; compatible; GPTBot/1.4; +https://openai.com/gptbot)"
74.7.242.17 - - [01/Aug/2026:14:10:05 +0200] "GET /favicon.ico?fileloc=/home/tn/public_html/wp-content/themes/betheme/muffin-options/img/select/mobile-minimal/1.png&path=/home/tn/public_html/wp-content/themes/betheme/muffin-options/img/select/mobile-minimal HTTP/1.1" 200 13963 "https://tempokontrol.co.za/favicon.ico?path=/home/tn/public_html/wp-content/themes/betheme/muffin-options/img/select/mobile-minimal" "Mozilla/5.0 AppleWebKit/537.36 (KHTML, like Gecko; compatible; GPTBot/1.4; +https://openai.com/gptbot)"
74.7.242.17 - - [01/Aug/2026:14:10:08 +0200] "GET /favicon.ico?fileloc=/home/tn/public_html/wp-content/themes/betheme/muffin-options/img/select/mobile-minimal/2.png&path=/home/tn/public_html/wp-content/themes/betheme/muffin-options/img/select/mobile-minimal HTTP/1.1" 200 14095 "https://tempokontrol.co.za/favicon.ico?path=/home/tn/public_html/wp-content/themes/betheme/muffin-options/img/select/mobile-minimal" "Mozilla/5.0 AppleWebKit/537.36 (KHTML, like Gecko; compatible; GPTBot/1.4; +https://openai.com/gptbot)"
216.73.217.106 - - [01/Aug/2026:14:10:08 +0200] "GET /sitemap.xml?fileloc=%2F%2Fsys%2Fkernel%2Fslab%2Fkmalloc-8k%2Fpartial&path=%2F%2Fsys%2Fkernel%2Fslab%2Fkmalloc-8k HTTP/1.1" 404 12394 "-" "Mozilla/5.0 AppleWebKit/537.36 (KHTML, like Gecko; compatible; ClaudeBot/1.0; +claudebot@anthropic.com)"
74.7.242.17 - - [01/Aug/2026:14:10:11 +0200] "GET /favicon.ico?fileloc=/home/tn/public_html/wp-content/themes/betheme/muffin-options/img/select/mobile-minimal/6.png&path=/home/tn/public_html/wp-content/themes/betheme/muffin-options/img/select/mobile-minimal HTTP/1.1" 200 14095 "https://tempokontrol.co.za/favicon.ico?path=/home/tn/public_html/wp-content/themes/betheme/muffin-options/img/select/mobile-minimal" "Mozilla/5.0 AppleWebKit/537.36 (KHTML, like Gecko; compatible; GPTBot/1.4; +https://openai.com/gptbot)"
74.7.242.17 - - [01/Aug/2026:14:10:14 +0200] "GET /favicon.ico?fileloc=/home/tn/public_html/wp-content/themes/betheme/muffin-options/img/select/mobile-minimal/4.png&path=/home/tn/public_html/wp-content/themes/betheme/muffin-options/img/select/mobile-minimal HTTP/1.1" 200 14094 "https://tempokontrol.co.za/favicon.ico?path=/home/tn/public_html/wp-content/themes/betheme/muffin-options/img/select/mobile-minimal" "Mozilla/5.0 AppleWebKit/537.36 (KHTML, like Gecko; compatible; GPTBot/1.4; +https://openai.com/gptbot)"
74.7.242.17 - - [01/Aug/2026:14:10:17 +0200] "GET /favicon.ico?fileloc=/home/tn/public_html/wp-content/themes/betheme/muffin-options/img/select/mobile-minimal/3.png&path=/home/tn/public_html/wp-content/themes/betheme/muffin-options/img/select/mobile-minimal HTTP/1.1" 200 14084 "https://tempokontrol.co.za/favicon.ico?path=/home/tn/public_html/wp-content/themes/betheme/muffin-options/img/select/mobile-minimal" "Mozilla/5.0 AppleWebKit/537.36 (KHTML, like Gecko; compatible; GPTBot/1.4; +https://openai.com/gptbot)"
74.7.227.163 - - [01/Aug/2026:14:10:19 +0200] "GET /?fileloc=//sys/class/net/eth0/device/net/eth0/subsystem/lo/subsystem/eth0/device/subsystem/drivers/hyperv_drm/module/drivers/pci:hyperv_drm/module/drivers/pci:hyperv_drm/module/drivers/vmbus:hyperv_drm/module/notes/.note.gnu.build-id&path=//sys/class/net/eth0/device/net/eth0/subsystem/lo/subsystem/eth0/device/subsystem/drivers/hyperv_drm/module/drivers/pci:hyperv_drm/module/drivers/pci:hyperv_drm/module/drivers/vmbus:hyperv_drm/module/notes HTTP/1.1" 404 15651 "https://www.tempokontrol.co.za/?path=//sys/class/net/eth0/device/net/eth0/subsystem/lo/subsystem/eth0/device/subsystem/drivers/hyperv_drm/module/drivers/pci:hyperv_drm/module/drivers/pci:hyperv_drm/module/drivers/vmbus:hyperv_drm/module/notes" "Mozilla/5.0 AppleWebKit/537.36 (KHTML, like Gecko; compatible; GPTBot/1.4; +https://openai.com/gptbot)"
74.7.242.17 - - [01/Aug/2026:14:10:21 +0200] "GET /favicon.ico?fileloc=/home/tn/public_html/wp-content/themes/betheme/muffin-options/img/select/mobile-minimal/5.png&path=/home/tn/public_html/wp-content/themes/betheme/muffin-options/img/select/mobile-minimal HTTP/1.1" 200 14090 "https://tempokontrol.co.za/favicon.ico?path=/home/tn/public_html/wp-content/themes/betheme/muffin-options/img/select/mobile-minimal" "Mozilla/5.0 AppleWebKit/537.36 (KHTML, like Gecko; compatible; GPTBot/1.4; +https://openai.com/gptbot)"
216.73.217.106 - - [01/Aug/2026:14:10:20 +0200] "GET /sitemap.xml?path=%2F%2Fusr%2Flib%2Ffirmware%2Fkaweth HTTP/1.1" 404 18803 "-" "Mozilla/5.0 AppleWebKit/537.36 (KHTML, like Gecko; compatible; ClaudeBot/1.0; +claudebot@anthropic.com)"
74.7.242.17 - - [01/Aug/2026:14:10:24 +0200] "GET /favicon.ico?fileloc=/home/tn/public_html/wp-content/themes/betheme/visual-builder/assets/_dark/svg/others/global-styles-list.svg&path=/home/tn/public_html/wp-content/themes/betheme/visual-builder/assets/_dark/svg/others HTTP/1.1" 200 14325 "https://tempokontrol.co.za/favicon.ico?path=/home/tn/public_html/wp-content/themes/betheme/visual-builder/assets/_dark/svg/others" "Mozilla/5.0 AppleWebKit/537.36 (KHTML, like Gecko; compatible; GPTBot/1.4; +https://openai.com/gptbot)"
74.7.242.17 - - [01/Aug/2026:14:10:27 +0200] "GET /favicon.ico?fileloc=/home/tn/public_html/wp-content/themes/betheme/visual-builder/assets/_dark/svg/editor/ordered-list.svg&path=/home/tn/public_html/wp-content/themes/betheme/visual-builder/assets/_dark/svg/editor HTTP/1.1" 200 14228 "https://tempokontrol.co.za/favicon.ico?path=/home/tn/public_html/wp-content/themes/betheme/visual-builder/assets/_dark/svg/editor" "Mozilla/5.0 AppleWebKit/537.36 (KHTML, like Gecko; compatible; GPTBot/1.4; +https://openai.com/gptbot)"
216.73.217.106 - - [01/Aug/2026:14:10:28 +0200] "GET /sitemap.xml?path=%2F%2Fsys%2Fdevices%2FLNXSYSTM%3A00%2FACPI0007%3A07%2Fphysical_node%2Fnode0%2Fmemory74%2Fnode0%2Fmemory3 HTTP/1.1" 404 29597 "-" "Mozilla/5.0 AppleWebKit/537.36 (KHTML, like Gecko; compatible; ClaudeBot/1.0; +claudebot@anthropic.com)"
74.7.242.17 - - [01/Aug/2026:14:10:30 +0200] "GET /favicon.ico?fileloc=/home/tn/public_html/wp-content/themes/betheme/visual-builder/assets/_dark/svg/others/list-expanded.svg&path=/home/tn/public_html/wp-content/themes/betheme/visual-builder/assets/_dark/svg/others HTTP/1.1" 200 14001 "https://tempokontrol.co.za/favicon.ico?path=/home/tn/public_html/wp-content/themes/betheme/visual-builder/assets/_dark/svg/others" "Mozilla/5.0 AppleWebKit/537.36 (KHTML, like Gecko; compatible; GPTBot/1.4; +https://openai.com/gptbot)"
74.7.242.17 - - [01/Aug/2026:14:10:33 +0200] "GET /favicon.ico?fileloc=/home/tn/public_html/wp-content/themes/betheme/muffin-options/_dark/svg/editor/unordered-list.svg&path=/home/tn/public_html/wp-content/themes/betheme/muffin-options/_dark/svg/editor HTTP/1.1" 200 14005 "https://tempokontrol.co.za/favicon.ico?path=/home/tn/public_html/wp-content/themes/betheme/muffin-options/_dark/svg/editor" "Mozilla/5.0 AppleWebKit/537.36 (KHTML, like Gecko; compatible; GPTBot/1.4; +https://openai.com/gptbot)"
74.7.242.17 - - [01/Aug/2026:14:10:36 +0200] "GET /favicon.ico?fileloc=/home/tn/public_html/wp-content/themes/betheme/visual-builder/assets/_dark/svg/editor/unordered-list.svg&path=/home/tn/public_html/wp-content/themes/betheme/visual-builder/assets/_dark/svg/editor HTTP/1.1" 200 14129 "https://tempokontrol.co.za/favicon.ico?path=/home/tn/public_html/wp-content/themes/betheme/visual-builder/assets/_dark/svg/editor" "Mozilla/5.0 AppleWebKit/537.36 (KHTML, like Gecko; compatible; GPTBot/1.4; +https://openai.com/gptbot)"
216.73.217.106 - - [01/Aug/2026:14:10:38 +0200] "GET /sitemap.xml?path=%2F%2Fsys%2Fdevices%2FLNXSYSTM%3A00%2FACPI0007%3A07%2Fphysical_node%2Fnode0%2Fmemory43%2Fnode0%2Fmemory3 HTTP/1.1" 404 29597 "-" "Mozilla/5.0 AppleWebKit/537.36 (KHTML, like Gecko; compatible; ClaudeBot/1.0; +claudebot@anthropic.com)"
74.7.242.17 - - [01/Aug/2026:14:10:39 +0200] "GET /?fileloc=/home/tn/public_html/wp-includes/js/tinymce/skins/wordpress/images/gallery-2x.png&path=/home/tn/public_html/wp-includes/js/tinymce/skins/wordpress/images HTTP/1.1" 404 13654 "https://tempokontrol.co.za/?path=/home/tn/public_html/wp-includes/js/tinymce/skins/wordpress/images" "Mozilla/5.0 AppleWebKit/537.36 (KHTML, like Gecko; compatible; GPTBot/1.4; +https://openai.com/gptbot)"
74.7.242.17 - - [01/Aug/2026:14:10:43 +0200] "GET /favicon.ico?fileloc=/home/tn/public_html/wp-content/themes/betheme/page.php&path=/home/tn/public_html/wp-content/themes/betheme HTTP/1.1" 200 14593 "https://tempokontrol.co.za/favicon.ico?path=/home/tn/public_html/wp-content/themes/betheme" "Mozilla/5.0 AppleWebKit/537.36 (KHTML, like Gecko; compatible; GPTBot/1.4; +https://openai.com/gptbot)"
74.7.242.17 - - [01/Aug/2026:14:10:46 +0200] "GET /favicon.ico?fileloc=/home/tn/public_html/wp-includes/customize/class-wp-customize-themes-section.php&path=/home/tn/public_html/wp-includes/customize HTTP/1.1" 200 21053 "https://tempokontrol.co.za/favicon.ico?path=/home/tn/public_html/wp-includes/customize" "Mozilla/5.0 AppleWebKit/537.36 (KHTML, like Gecko; compatible; GPTBot/1.4; +https://openai.com/gptbot)"
74.7.242.17 - - [01/Aug/2026:14:10:49 +0200] "GET /favicon.ico?path=/home/tn/www/wp-includes/blocks/comment-content HTTP/1.1" 200 22346 "https://tempokontrol.co.za/favicon.ico?path=/home/tn/www/wp-includes/blocks" "Mozilla/5.0 AppleWebKit/537.36 (KHTML, like Gecko; compatible; GPTBot/1.4; +https://openai.com/gptbot)"
216.73.217.106 - - [01/Aug/2026:14:10:50 +0200] "GET /sitemap.xml?path=%2F%2Fsys%2Fdevices%2FLNXSYSTM%3A00%2FACPI0007%3A07%2Fphysical_node%2Fnode0%2Fmemory69%2Fnode0%2Fmemory41 HTTP/1.1" 404 29636 "-" "Mozilla/5.0 AppleWebKit/537.36 (KHTML, like Gecko; compatible; ClaudeBot/1.0; +claudebot@anthropic.com)"
74.7.242.17 - - [01/Aug/2026:14:10:52 +0200] "GET /favicon.ico?fileloc=/home/tn/public_html/wp-includes/SimplePie/library/SimplePie/File.php&path=/home/tn/public_html/wp-includes/SimplePie/library/SimplePie HTTP/1.1" 200 13260 "https://tempokontrol.co.za/favicon.ico?path=/home/tn/public_html/wp-includes/SimplePie/library/SimplePie" "Mozilla/5.0 AppleWebKit/537.36 (KHTML, like Gecko; compatible; GPTBot/1.4; +https://openai.com/gptbot)"
192.178.6.102 - - [01/Aug/2026:14:10:54 +0200] "GET /?q=h2u4m5o7r8s3o8m4e57 HTTP/1.1" 404 53044 "-" "Mozilla/5.0 (Linux; Android 6.0.1; Nexus 5X Build/MMB29P) AppleWebKit/537.36 (KHTML, like Gecko) Chrome/150.0.7871.186 Mobile Safari/537.36 (compatible; Googlebot/2.1; +http://www.google.com/bot.html)"
74.7.242.17 - - [01/Aug/2026:14:10:55 +0200] "GET /favicon.ico?fileloc=/home/tn/public_html/wp-includes/SimplePie/library/SimplePie/IRI.php&path=/home/tn/public_html/wp-includes/SimplePie/library/SimplePie HTTP/1.1" 200 13252 "https://tempokontrol.co.za/favicon.ico?path=/home/tn/public_html/wp-includes/SimplePie/library/SimplePie" "Mozilla/5.0 AppleWebKit/537.36 (KHTML, like Gecko; compatible; GPTBot/1.4; +https://openai.com/gptbot)"
74.7.242.17 - - [01/Aug/2026:14:10:58 +0200] "GET /favicon.ico?fileloc=/home/tn/public_html/wp-includes/SimplePie/library/SimplePie/Cache/Base.php&path=/home/tn/public_html/wp-includes/SimplePie/library/SimplePie/Cache HTTP/1.1" 200 13403 "https://tempokontrol.co.za/favicon.ico?path=/home/tn/public_html/wp-includes/SimplePie/library/SimplePie/Cache" "Mozilla/5.0 AppleWebKit/537.36 (KHTML, like Gecko; compatible; GPTBot/1.4; +https://openai.com/gptbot)"
216.73.217.106 - - [01/Aug/2026:14:10:59 +0200] "GET /sitemap.xml?path=%2F%2Fsys%2Fdevices%2FLNXSYSTM%3A00%2FACPI0007%3A07%2Fphysical_node%2Fnode0%2Fmemory87%2Fnode0%2Fcpu4 HTTP/1.1" 404 35288 "-" "Mozilla/5.0 AppleWebKit/537.36 (KHTML, like Gecko; compatible; ClaudeBot/1.0; +claudebot@anthropic.com)"
74.7.242.17 - - [01/Aug/2026:14:11:01 +0200] "GET /favicon.ico?fileloc=/home/tn/public_html/wp-includes/SimplePie/library/SimplePie/Core.php&path=/home/tn/public_html/wp-includes/SimplePie/library/SimplePie HTTP/1.1" 200 12989 "https://tempokontrol.co.za/favicon.ico?path=/home/tn/public_html/wp-includes/SimplePie/library/SimplePie" "Mozilla/5.0 AppleWebKit/537.36 (KHTML, like Gecko; compatible; GPTBot/1.4; +https://openai.com/gptbot)"
74.7.242.17 - - [01/Aug/2026:14:11:04 +0200] "GET /favicon.ico?fileloc=/home/tn/public_html/wp-includes/SimplePie/library/SimplePie/Cache/DB.php&path=/home/tn/public_html/wp-includes/SimplePie/library/SimplePie/Cache HTTP/1.1" 200 13388 "https://tempokontrol.co.za/favicon.ico?path=/home/tn/public_html/wp-includes/SimplePie/library/SimplePie/Cache" "Mozilla/5.0 AppleWebKit/537.36 (KHTML, like Gecko; compatible; GPTBot/1.4; +https://openai.com/gptbot)"
74.7.242.17 - - [01/Aug/2026:14:11:07 +0200] "GET /favicon.ico?fileloc=/home/tn/public_html/wp-includes/SimplePie/library/SimplePie/Parser.php&path=/home/tn/public_html/wp-includes/SimplePie/library/SimplePie HTTP/1.1" 200 13276 "https://tempokontrol.co.za/favicon.ico?path=/home/tn/public_html/wp-includes/SimplePie/library/SimplePie" "Mozilla/5.0 AppleWebKit/537.36 (KHTML, like Gecko; compatible; GPTBot/1.4; +https://openai.com/gptbot)"
216.73.217.106 - - [01/Aug/2026:14:11:09 +0200] "GET /sitemap.xml?path=%2F%2Fsys%2Fdevices%2FLNXSYSTM%3A00%2FACPI0007%3A07%2Fphysical_node%2Fnode0%2Fmemory75%2Fnode0%2Fcpu3 HTTP/1.1" 404 35288 "-" "Mozilla/5.0 AppleWebKit/537.36 (KHTML, like Gecko; compatible; ClaudeBot/1.0; +claudebot@anthropic.com)"
74.7.242.17 - - [01/Aug/2026:14:11:11 +0200] "GET /favicon.ico?fileloc=/home/tn/public_html/wp-includes/SimplePie/library/SimplePie/Misc.php&path=/home/tn/public_html/wp-includes/SimplePie/library/SimplePie HTTP/1.1" 200 13260 "https://tempokontrol.co.za/favicon.ico?path=/home/tn/public_html/wp-includes/SimplePie/library/SimplePie" "Mozilla/5.0 AppleWebKit/537.36 (KHTML, like Gecko; compatible; GPTBot/1.4; +https://openai.com/gptbot)"
74.7.242.17 - - [01/Aug/2026:14:11:14 +0200] "GET /favicon.ico?fileloc=/home/tn/public_html/wp-includes/SimplePie/library/SimplePie/Author.php&path=/home/tn/public_html/wp-includes/SimplePie/library/SimplePie HTTP/1.1" 200 13276 "https://tempokontrol.co.za/favicon.ico?path=/home/tn/public_html/wp-includes/SimplePie/library/SimplePie" "Mozilla/5.0 AppleWebKit/537.36 (KHTML, like Gecko; compatible; GPTBot/1.4; +https://openai.com/gptbot)"
74.7.242.17 - - [01/Aug/2026:14:11:17 +0200] "GET /favicon.ico?fileloc=/home/tn/public_html/wp-includes/SimplePie/library/SimplePie/Credit.php&path=/home/tn/public_html/wp-includes/SimplePie/library/SimplePie HTTP/1.1" 200 13276 "https://tempokontrol.co.za/favicon.ico?path=/home/tn/public_html/wp-includes/SimplePie/library/SimplePie" "Mozilla/5.0 AppleWebKit/537.36 (KHTML, like Gecko; compatible; GPTBot/1.4; +https://openai.com/gptbot)"
74.7.227.163 - - [01/Aug/2026:14:11:17 +0200] "GET /?fileloc=//sys/class/net/eth0/device/net/eth0/subsystem/lo/subsystem/eth0/device/subsystem/drivers/hyperv_drm/module/drivers/pci:hyperv_drm/module/drivers/pci:hyperv_drm/module/drivers/vmbus:hyperv_drm/module/sections/.note.gnu.build-id&path=//sys/class/net/eth0/device/net/eth0/subsystem/lo/subsystem/eth0/device/subsystem/drivers/hyperv_drm/module/drivers/pci:hyperv_drm/module/drivers/pci:hyperv_drm/module/drivers/vmbus:hyperv_drm/module/sections HTTP/1.1" 404 15604 "https://www.tempokontrol.co.za/?path=//sys/class/net/eth0/device/net/eth0/subsystem/lo/subsystem/eth0/device/subsystem/drivers/hyperv_drm/module/drivers/pci:hyperv_drm/module/drivers/pci:hyperv_drm/module/drivers/vmbus:hyperv_drm/module/sections" "Mozilla/5.0 AppleWebKit/537.36 (KHTML, like Gecko; compatible; GPTBot/1.4; +https://openai.com/gptbot)"
74.7.242.17 - - [01/Aug/2026:14:11:20 +0200] "GET /favicon.ico?fileloc=/home/tn/public_html/wp-includes/SimplePie/library/SimplePie/Rating.php&path=/home/tn/public_html/wp-includes/SimplePie/library/SimplePie HTTP/1.1" 200 13276 "https://tempokontrol.co.za/favicon.ico?path=/home/tn/public_html/wp-includes/SimplePie/library/SimplePie" "Mozilla/5.0 AppleWebKit/537.36 (KHTML, like Gecko; compatible; GPTBot/1.4; +https://openai.com/gptbot)"
216.73.217.106 - - [01/Aug/2026:14:11:20 +0200] "GET /sitemap.xml?fileloc=%2F%2Fsys%2Fkernel%2Fslab%2Ffs_cache%2Freclaim_account&path=%2F%2Fsys%2Fkernel%2Fslab%2Ffs_cache HTTP/1.1" 404 12396 "-" "Mozilla/5.0 AppleWebKit/537.36 (KHTML, like Gecko; compatible; ClaudeBot/1.0; +claudebot@anthropic.com)"
74.7.242.17 - - [01/Aug/2026:14:11:23 +0200] "GET /favicon.ico?fileloc=/home/tn/www/wp-includes/blocks/comment-content/.htaccess&path=/home/tn/www/wp-includes/blocks/comment-content HTTP/1.1" 200 12691 "https://tempokontrol.co.za/favicon.ico?path=/home/tn/www/wp-includes/blocks/comment-content" "Mozilla/5.0 AppleWebKit/537.36 (KHTML, like Gecko; compatible; GPTBot/1.4; +https://openai.com/gptbot)"
74.7.242.17 - - [01/Aug/2026:14:11:27 +0200] "GET /favicon.ico?fileloc=/home/tn/www/wp-includes/blocks/comment-content/block.json&path=/home/tn/www/wp-includes/blocks/comment-content HTTP/1.1" 200 14387 "https://tempokontrol.co.za/favicon.ico?path=/home/tn/www/wp-includes/blocks/comment-content" "Mozilla/5.0 AppleWebKit/537.36 (KHTML, like Gecko; compatible; GPTBot/1.4; +https://openai.com/gptbot)"
74.7.242.17 - - [01/Aug/2026:14:11:30 +0200] "GET /favicon.ico?fileloc=/home/tn/public_html/wp-includes/SimplePie/library/SimplePie/Cache/File.php&path=/home/tn/public_html/wp-includes/SimplePie/library/SimplePie/Cache HTTP/1.1" 200 13395 "https://tempokontrol.co.za/favicon.ico?path=/home/tn/public_html/wp-includes/SimplePie/library/SimplePie/Cache" "Mozilla/5.0 AppleWebKit/537.36 (KHTML, like Gecko; compatible; GPTBot/1.4; +https://openai.com/gptbot)"
216.73.217.106 - - [01/Aug/2026:14:11:30 +0200] "GET /sitemap.xml?fileloc=%2F%2Fsys%2Fkernel%2Fslab%2Fskbuff_head_cache%2Fpoison&path=%2F%2Fsys%2Fkernel%2Fslab%2Fskbuff_head_cache HTTP/1.1" 404 12414 "-" "Mozilla/5.0 AppleWebKit/537.36 (KHTML, like Gecko; compatible; ClaudeBot/1.0; +claudebot@anthropic.com)"
74.7.242.17 - - [01/Aug/2026:14:11:33 +0200] "GET /favicon.ico?fileloc=/home/tn/public_html/wp-includes/SimplePie/library/SimplePie/Cache/Redis.php&path=/home/tn/public_html/wp-includes/SimplePie/library/SimplePie/Cache HTTP/1.1" 200 13403 "https://tempokontrol.co.za/favicon.ico?path=/home/tn/public_html/wp-includes/SimplePie/library/SimplePie/Cache" "Mozilla/5.0 AppleWebKit/537.36 (KHTML, like Gecko; compatible; GPTBot/1.4; +https://openai.com/gptbot)"
74.7.242.17 - - [01/Aug/2026:14:11:36 +0200] "GET /favicon.ico?fileloc=/home/tn/public_html/wp-includes/SimplePie/src/Cache/CallableNameFilter.php&path=/home/tn/public_html/wp-includes/SimplePie/src/Cache HTTP/1.1" 200 14191 "https://tempokontrol.co.za/favicon.ico?path=/home/tn/public_html/wp-includes/SimplePie/src/Cache" "Mozilla/5.0 AppleWebKit/537.36 (KHTML, like Gecko; compatible; GPTBot/1.4; +https://openai.com/gptbot)"
74.7.242.17 - - [01/Aug/2026:14:11:39 +0200] "GET /favicon.ico?fileloc=/home/tn/public_html/wp-includes/SimplePie/library/SimplePie/Source.php&path=/home/tn/public_html/wp-includes/SimplePie/library/SimplePie HTTP/1.1" 200 13276 "https://tempokontrol.co.za/favicon.ico?path=/home/tn/public_html/wp-includes/SimplePie/library/SimplePie" "Mozilla/5.0 AppleWebKit/537.36 (KHTML, like Gecko; compatible; GPTBot/1.4; +https://openai.com/gptbot)"
216.73.217.106 - - [01/Aug/2026:14:11:40 +0200] "GET /sitemap.xml?path=%2F%2Fsys%2Fdevices%2Fvirtual%2Fblock%2Fdm-2%2Fsubsystem%2Fsdl HTTP/1.1" 404 54906 "-" "Mozilla/5.0 AppleWebKit/537.36 (KHTML, like Gecko; compatible; ClaudeBot/1.0; +claudebot@anthropic.com)"
74.7.242.17 - - [01/Aug/2026:14:11:42 +0200] "GET /favicon.ico?fileloc=/home/tn/public_html/wp-includes/SimplePie/library/SimplePie/Cache.php&path=/home/tn/public_html/wp-includes/SimplePie/library/SimplePie HTTP/1.1" 200 13268 "https://tempokontrol.co.za/favicon.ico?path=/home/tn/public_html/wp-includes/SimplePie/library/SimplePie" "Mozilla/5.0 AppleWebKit/537.36 (KHTML, like Gecko; compatible; GPTBot/1.4; +https://openai.com/gptbot)"
157.55.39.59 - - [01/Aug/2026:14:11:44 +0200] "GET /?q=a9u2d5i3t3r6e4s6s873 HTTP/1.1" 404 53044 "-" "Mozilla/5.0 AppleWebKit/537.36 (KHTML, like Gecko; compatible; bingbot/2.0; +http://www.bing.com/bingbot.htm) Chrome/116.0.1938.76 Safari/537.36"
74.7.242.17 - - [01/Aug/2026:14:11:46 +0200] "GET /favicon.ico?fileloc=/home/tn/public_html/wp-includes/SimplePie/library/SimplePie/Item.php&path=/home/tn/public_html/wp-includes/SimplePie/library/SimplePie HTTP/1.1" 200 13260 "https://tempokontrol.co.za/favicon.ico?path=/home/tn/public_html/wp-includes/SimplePie/library/SimplePie" "Mozilla/5.0 AppleWebKit/537.36 (KHTML, like Gecko; compatible; GPTBot/1.4; +https://openai.com/gptbot)"
74.7.242.17 - - [01/Aug/2026:14:11:49 +0200] "GET /favicon.ico?fileloc=/home/tn/public_html/wp-includes/SimplePie/library/SimplePie/Parse/Date.php&path=/home/tn/public_html/wp-includes/SimplePie/library/SimplePie/Parse HTTP/1.1" 200 13395 "https://tempokontrol.co.za/favicon.ico?path=/home/tn/public_html/wp-includes/SimplePie/library/SimplePie/Parse" "Mozilla/5.0 AppleWebKit/537.36 (KHTML, like Gecko; compatible; GPTBot/1.4; +https://openai.com/gptbot)"
216.73.217.106 - - [01/Aug/2026:14:11:50 +0200] "GET /sitemap.xml?path=%2Fhome%2Ftn%2Fpublic_html%2Fwp-content%2Fplugins%2Fwp-file-manager%2Flanguages HTTP/1.1" 404 192210 "-" "Mozilla/5.0 AppleWebKit/537.36 (KHTML, like Gecko; compatible; ClaudeBot/1.0; +claudebot@anthropic.com)"
74.7.242.17 - - [01/Aug/2026:14:11:52 +0200] "GET /?fileloc=/home/tn/public_html/wp-includes/sodium_compat/src/PHP52/SplFixedArray.php&path=/home/tn/public_html/wp-includes/sodium_compat/src/PHP52 HTTP/1.1" 404 17680 "https://tempokontrol.co.za/?path=/home/tn/public_html/wp-includes/sodium_compat/src/PHP52" "Mozilla/5.0 AppleWebKit/537.36 (KHTML, like Gecko; compatible; GPTBot/1.4; +https://openai.com/gptbot)"
74.7.242.17 - - [01/Aug/2026:14:11:56 +0200] "GET /favicon.ico?fileloc=/home/tn/ssl/certs/webmail_tempokontrol_co_za_a6260_64d73_1782641027_0e3c28a32fc42aa45a26f7a70e0c6d55.crt&path=/home/tn/ssl/certs HTTP/1.1" 200 14552 "https://tempokontrol.co.za/favicon.ico?path=/home/tn/ssl/certs" "Mozilla/5.0 AppleWebKit/537.36 (KHTML, like Gecko; compatible; GPTBot/1.4; +https://openai.com/gptbot)"
74.7.242.17 - - [01/Aug/2026:14:11:58 +0200] "GET /?fileloc=/home/tn/public_html/wp-includes/images/icon-library/login.svg&path=/home/tn/public_html/wp-includes/images/icon-library HTTP/1.1" 404 12946 "https://tempokontrol.co.za/?path=/home/tn/public_html/wp-includes/images/icon-library" "Mozilla/5.0 AppleWebKit/537.36 (KHTML, like Gecko; compatible; GPTBot/1.4; +https://openai.com/gptbot)"
216.73.217.106 - - [01/Aug/2026:14:12:01 +0200] "GET /sitemap.xml?path=%2F%2Fvar%2Fsoftaculous%2Fchyrp%2Fphp56 HTTP/1.1" 404 18745 "-" "Mozilla/5.0 AppleWebKit/537.36 (KHTML, like Gecko; compatible; ClaudeBot/1.0; +claudebot@anthropic.com)"
