74.7.227.163 - - [01/Aug/2026:15:58:44 +0200] "GET /?path=//sys/class/net/eth0/subsystem/lo/subsystem/eth0/device/net/eth0/subsystem/lo/subsystem/eth0/device/channels/15 HTTP/1.1" 200 41267 "https://www.tempokontrol.co.za/?path=//sys/class/net/eth0/subsystem/lo/subsystem/eth0/device/net/eth0/subsystem/lo/subsystem/eth0/device/channels" "Mozilla/5.0 AppleWebKit/537.36 (KHTML, like Gecko; compatible; GPTBot/1.4; +https://openai.com/gptbot)"
216.73.216.79 - - [01/Aug/2026:15:58:45 +0200] "GET /sitemap.xml?fileloc=%2F%2Fvar%2Frun%2Fudev%2Fdata%2Fc202%3A5&path=%2F%2Fvar%2Frun%2Fudev%2Fdata HTTP/1.1" 200 12360 "-" "Mozilla/5.0 AppleWebKit/537.36 (KHTML, like Gecko; compatible; ClaudeBot/1.0; +claudebot@anthropic.com)"
74.7.242.17 - - [01/Aug/2026:15:58:46 +0200] "GET /?path=//sys/class/net/lo/subsystem/lo/subsystem/eth0/subsystem/eth0 HTTP/1.1" 200 73634 "https://tempokontrol.co.za/?path=//sys/class/net/lo/subsystem/lo/subsystem/eth0/subsystem" "Mozilla/5.0 AppleWebKit/537.36 (KHTML, like Gecko; compatible; GPTBot/1.4; +https://openai.com/gptbot)"
74.7.227.163 - - [01/Aug/2026:15:58:47 +0200] "GET /?path=//sys/class/net/eth0/subsystem/lo/subsystem/eth0/device/net/eth0/device/net/eth0/device/subsystem/drivers/hv_storvsc/module/drivers/vmbus:hv_storvsc/module/notes HTTP/1.1" 200 19053 "https://www.tempokontrol.co.za/?path=//sys/class/net/eth0/subsystem/lo/subsystem/eth0/device/net/eth0/device/net/eth0/device/subsystem/drivers/hv_storvsc/module/drivers/vmbus:hv_storvsc/module" "Mozilla/5.0 AppleWebKit/537.36 (KHTML, like Gecko; compatible; GPTBot/1.4; +https://openai.com/gptbot)"
216.73.216.79 - - [01/Aug/2026:15:58:48 +0200] "GET /sitemap.xml?fileloc=%2F%2Fetc%2Fagent360.ini&path=%2F%2Fetc HTTP/1.1" 200 12233 "-" "Mozilla/5.0 AppleWebKit/537.36 (KHTML, like Gecko; compatible; ClaudeBot/1.0; +claudebot@anthropic.com)"
74.7.242.17 - - [01/Aug/2026:15:58:49 +0200] "GET /?fileloc=//sys/class/net/lo/subsystem/eth0/subsystem/lo/subsystem/lo/power/runtime_suspended_time&path=//sys/class/net/lo/subsystem/eth0/subsystem/lo/subsystem/lo/power HTTP/1.1" 200 12949 "https://tempokontrol.co.za/?path=//sys/class/net/lo/subsystem/eth0/subsystem/lo/subsystem/lo/power" "Mozilla/5.0 AppleWebKit/537.36 (KHTML, like Gecko; compatible; GPTBot/1.4; +https://openai.com/gptbot)"
74.7.227.163 - - [01/Aug/2026:15:58:50 +0200] "GET /?path=//sys/class/net/eth0/subsystem/lo/subsystem/eth0/device/net/eth0/device/net/eth0/device/subsystem/drivers/hv_storvsc/module/drivers/vmbus:hv_storvsc/module/drivers HTTP/1.1" 200 16799 "https://www.tempokontrol.co.za/?path=//sys/class/net/eth0/subsystem/lo/subsystem/eth0/device/net/eth0/device/net/eth0/device/subsystem/drivers/hv_storvsc/module/drivers/vmbus:hv_storvsc/module" "Mozilla/5.0 AppleWebKit/537.36 (KHTML, like Gecko; compatible; GPTBot/1.4; +https://openai.com/gptbot)"
216.73.216.79 - - [01/Aug/2026:15:58:51 +0200] "GET /sitemap.xml?fileloc=%2F%2Fproc%2F1306%2Fsched&path=%2F%2Fproc%2F1306 HTTP/1.1" 200 13982 "-" "Mozilla/5.0 AppleWebKit/537.36 (KHTML, like Gecko; compatible; ClaudeBot/1.0; +claudebot@anthropic.com)"
74.7.242.17 - - [01/Aug/2026:15:58:52 +0200] "GET /?fileloc=//sys/class/net/lo/subsystem/lo/subsystem/eth0/subsystem/lo/power/runtime_suspended_time&path=//sys/class/net/lo/subsystem/lo/subsystem/eth0/subsystem/lo/power HTTP/1.1" 200 12945 "https://tempokontrol.co.za/?path=//sys/class/net/lo/subsystem/lo/subsystem/eth0/subsystem/lo/power" "Mozilla/5.0 AppleWebKit/537.36 (KHTML, like Gecko; compatible; GPTBot/1.4; +https://openai.com/gptbot)"
74.7.227.163 - - [01/Aug/2026:15:58:53 +0200] "GET /?path=//sys/class/net/eth0/subsystem/lo/subsystem/eth0/device/net/eth0/device/net/eth0/device/subsystem/drivers/hyperv_drm/module/drivers/pci:hyperv_drm/module/holders HTTP/1.1" 200 14985 "https://www.tempokontrol.co.za/?path=//sys/class/net/eth0/subsystem/lo/subsystem/eth0/device/net/eth0/device/net/eth0/device/subsystem/drivers/hyperv_drm/module/drivers/pci:hyperv_drm/module" "Mozilla/5.0 AppleWebKit/537.36 (KHTML, like Gecko; compatible; GPTBot/1.4; +https://openai.com/gptbot)"
216.73.216.79 - - [01/Aug/2026:15:58:54 +0200] "GET /sitemap.xml?fileloc=%2F%2Fvar%2Frun%2Fudev%2Fdata%2Fc4%3A36&path=%2F%2Fvar%2Frun%2Fudev%2Fdata HTTP/1.1" 200 12359 "-" "Mozilla/5.0 AppleWebKit/537.36 (KHTML, like Gecko; compatible; ClaudeBot/1.0; +claudebot@anthropic.com)"
74.7.242.17 - - [01/Aug/2026:15:58:55 +0200] "GET /?fileloc=//sys/class/net/lo/subsystem/lo/subsystem/eth0/subsystem/lo/power/autosuspend_delay_ms&path=//sys/class/net/lo/subsystem/lo/subsystem/eth0/subsystem/lo/power HTTP/1.1" 200 12941 "https://tempokontrol.co.za/?path=//sys/class/net/lo/subsystem/lo/subsystem/eth0/subsystem/lo/power" "Mozilla/5.0 AppleWebKit/537.36 (KHTML, like Gecko; compatible; GPTBot/1.4; +https://openai.com/gptbot)"
74.7.227.163 - - [01/Aug/2026:15:58:57 +0200] "GET /?path=//sys/class/net/eth0/subsystem/lo/subsystem/eth0/device/net/eth0/device/net/eth0/device/subsystem/drivers/hyperv_drm/module/drivers/pci:hyperv_drm/module/drivers HTTP/1.1" 200 18577 "https://www.tempokontrol.co.za/?path=//sys/class/net/eth0/subsystem/lo/subsystem/eth0/device/net/eth0/device/net/eth0/device/subsystem/drivers/hyperv_drm/module/drivers/pci:hyperv_drm/module" "Mozilla/5.0 AppleWebKit/537.36 (KHTML, like Gecko; compatible; GPTBot/1.4; +https://openai.com/gptbot)"
216.73.216.79 - - [01/Aug/2026:15:58:57 +0200] "GET /sitemap.xml?fileloc=%2F%2Fsbin%2Fdelpart&path=%2F%2Fsbin HTTP/1.1" 200 30375 "-" "Mozilla/5.0 AppleWebKit/537.36 (KHTML, like Gecko; compatible; ClaudeBot/1.0; +claudebot@anthropic.com)"
74.7.242.17 - - [01/Aug/2026:15:58:58 +0200] "GET /?fileloc=//sys/class/net/lo/subsystem/eth0/subsystem/lo/subsystem/lo/power/autosuspend_delay_ms&path=//sys/class/net/lo/subsystem/eth0/subsystem/lo/subsystem/lo/power HTTP/1.1" 200 12945 "https://tempokontrol.co.za/?path=//sys/class/net/lo/subsystem/eth0/subsystem/lo/subsystem/lo/power" "Mozilla/5.0 AppleWebKit/537.36 (KHTML, like Gecko; compatible; GPTBot/1.4; +https://openai.com/gptbot)"
74.7.227.163 - - [01/Aug/2026:15:59:00 +0200] "GET /?path=//sys/class/net/eth0/subsystem/lo/subsystem/eth0/device/net/eth0/device/net/eth0/device/subsystem/drivers/hv_storvsc/module/drivers/vmbus:hv_storvsc/module/holders HTTP/1.1" 200 14993 "https://www.tempokontrol.co.za/?path=//sys/class/net/eth0/subsystem/lo/subsystem/eth0/device/net/eth0/device/net/eth0/device/subsystem/drivers/hv_storvsc/module/drivers/vmbus:hv_storvsc/module" "Mozilla/5.0 AppleWebKit/537.36 (KHTML, like Gecko; compatible; GPTBot/1.4; +https://openai.com/gptbot)"
216.73.216.79 - - [01/Aug/2026:15:59:00 +0200] "GET /sitemap.xml?fileloc=%2F%2Fsbin%2Fvgsplit&path=%2F%2Fsbin HTTP/1.1" 200 4175163 "-" "Mozilla/5.0 AppleWebKit/537.36 (KHTML, like Gecko; compatible; ClaudeBot/1.0; +claudebot@anthropic.com)"
74.7.242.17 - - [01/Aug/2026:15:59:02 +0200] "GET /?fileloc=//sys/class/net/eth0/subsystem/lo/subsystem/eth0/flags&path=//sys/class/net/eth0/subsystem/lo/subsystem/eth0 HTTP/1.1" 200 12666 "https://tempokontrol.co.za/?path=//sys/class/net/eth0/subsystem/lo/subsystem/eth0" "Mozilla/5.0 AppleWebKit/537.36 (KHTML, like Gecko; compatible; GPTBot/1.4; +https://openai.com/gptbot)"
74.7.227.163 - - [01/Aug/2026:15:59:03 +0200] "GET /?path=//sys/class/net/eth0/subsystem/lo/subsystem/eth0/device/net/eth0/device/net/eth0/device/subsystem/drivers/hyperv_drm/module/drivers/pci:hyperv_drm/module/sections HTTP/1.1" 200 61741 "https://www.tempokontrol.co.za/?path=//sys/class/net/eth0/subsystem/lo/subsystem/eth0/device/net/eth0/device/net/eth0/device/subsystem/drivers/hyperv_drm/module/drivers/pci:hyperv_drm/module" "Mozilla/5.0 AppleWebKit/537.36 (KHTML, like Gecko; compatible; GPTBot/1.4; +https://openai.com/gptbot)"
74.7.242.17 - - [01/Aug/2026:15:59:05 +0200] "GET /?fileloc=//sys/class/net/lo/subsystem/eth0/subsystem/lo/power/control&path=//sys/class/net/lo/subsystem/eth0/subsystem/lo/power HTTP/1.1" 200 12741 "https://tempokontrol.co.za/?path=//sys/class/net/lo/subsystem/eth0/subsystem/lo/power" "Mozilla/5.0 AppleWebKit/537.36 (KHTML, like Gecko; compatible; GPTBot/1.4; +https://openai.com/gptbot)"
74.7.227.163 - - [01/Aug/2026:15:59:06 +0200] "GET /?path=//sys/class/net/eth0/subsystem/lo/subsystem/eth0/device/net/eth0/device/net/eth0/device/subsystem/drivers/hv_storvsc/module/drivers/vmbus:hv_storvsc/module/parameters HTTP/1.1" 200 25397 "https://www.tempokontrol.co.za/?path=//sys/class/net/eth0/subsystem/lo/subsystem/eth0/device/net/eth0/device/net/eth0/device/subsystem/drivers/hv_storvsc/module/drivers/vmbus:hv_storvsc/module" "Mozilla/5.0 AppleWebKit/537.36 (KHTML, like Gecko; compatible; GPTBot/1.4; +https://openai.com/gptbot)"
216.73.216.79 - - [01/Aug/2026:15:59:06 +0200] "GET /sitemap.xml?fileloc=%2F%2Fvar%2Frun%2Fudev%2Fdata%2Fc4%3A17&path=%2F%2Fvar%2Frun%2Fudev%2Fdata HTTP/1.1" 200 12359 "-" "Mozilla/5.0 AppleWebKit/537.36 (KHTML, like Gecko; compatible; ClaudeBot/1.0; +claudebot@anthropic.com)"
74.7.242.17 - - [01/Aug/2026:15:59:08 +0200] "GET /?fileloc=//sys/class/net/lo/subsystem/lo/subsystem/eth0/device/id&path=//sys/class/net/lo/subsystem/lo/subsystem/eth0/device HTTP/1.1" 200 12733 "https://tempokontrol.co.za/?path=//sys/class/net/lo/subsystem/lo/subsystem/eth0/device" "Mozilla/5.0 AppleWebKit/537.36 (KHTML, like Gecko; compatible; GPTBot/1.4; +https://openai.com/gptbot)"
74.7.227.163 - - [01/Aug/2026:15:59:09 +0200] "GET /?fileloc=//sys/class/net/eth0/subsystem/lo/subsystem/eth0/device/net/eth0/subsystem/lo/subsystem/lo/power/autosuspend_delay_ms&path=//sys/class/net/eth0/subsystem/lo/subsystem/eth0/device/net/eth0/subsystem/lo/subsystem/lo/power HTTP/1.1" 200 13540 "https://www.tempokontrol.co.za/?path=//sys/class/net/eth0/subsystem/lo/subsystem/eth0/device/net/eth0/subsystem/lo/subsystem/lo/power" "Mozilla/5.0 AppleWebKit/537.36 (KHTML, like Gecko; compatible; GPTBot/1.4; +https://openai.com/gptbot)"
216.73.216.79 - - [01/Aug/2026:15:59:09 +0200] "GET /sitemap.xml?fileloc=%2F%2Fsbin%2Flvmdump&path=%2F%2Fsbin HTTP/1.1" 200 26112 "-" "Mozilla/5.0 AppleWebKit/537.36 (KHTML, like Gecko; compatible; ClaudeBot/1.0; +claudebot@anthropic.com)"
74.7.242.17 - - [01/Aug/2026:15:59:11 +0200] "GET /?fileloc=//sys/class/net/lo/subsystem/lo/subsystem/eth0/device/state&path=//sys/class/net/lo/subsystem/lo/subsystem/eth0/device HTTP/1.1" 200 12735 "https://tempokontrol.co.za/?path=//sys/class/net/lo/subsystem/lo/subsystem/eth0/device" "Mozilla/5.0 AppleWebKit/537.36 (KHTML, like Gecko; compatible; GPTBot/1.4; +https://openai.com/gptbot)"
74.7.227.163 - - [01/Aug/2026:15:59:12 +0200] "GET /?fileloc=//sys/class/net/eth0/subsystem/lo/subsystem/eth0/device/net/eth0/subsystem/lo/subsystem/lo/power/runtime_suspended_time&path=//sys/class/net/eth0/subsystem/lo/subsystem/eth0/device/net/eth0/subsystem/lo/subsystem/lo/power HTTP/1.1" 200 13544 "https://www.tempokontrol.co.za/?path=//sys/class/net/eth0/subsystem/lo/subsystem/eth0/device/net/eth0/subsystem/lo/subsystem/lo/power" "Mozilla/5.0 AppleWebKit/537.36 (KHTML, like Gecko; compatible; GPTBot/1.4; +https://openai.com/gptbot)"
216.73.216.79 - - [01/Aug/2026:15:59:12 +0200] "GET /sitemap.xml?fileloc=%2F%2Fvar%2Frun%2Fudev%2Fdata%2Fc4%3A66&path=%2F%2Fvar%2Frun%2Fudev%2Fdata HTTP/1.1" 200 12393 "-" "Mozilla/5.0 AppleWebKit/537.36 (KHTML, like Gecko; compatible; ClaudeBot/1.0; +claudebot@anthropic.com)"
74.7.242.17 - - [01/Aug/2026:15:59:14 +0200] "GET /?fileloc=//sys/class/net/lo/subsystem/lo/subsystem/eth0/device/vendor&path=//sys/class/net/lo/subsystem/lo/subsystem/eth0/device HTTP/1.1" 200 12741 "https://tempokontrol.co.za/?path=//sys/class/net/lo/subsystem/lo/subsystem/eth0/device" "Mozilla/5.0 AppleWebKit/537.36 (KHTML, like Gecko; compatible; GPTBot/1.4; +https://openai.com/gptbot)"
216.73.216.79 - - [01/Aug/2026:15:59:15 +0200] "GET /sitemap.xml?fileloc=%2F%2Fvar%2Frun%2Fudev%2Fdata%2Fc21%3A2&path=%2F%2Fvar%2Frun%2Fudev%2Fdata HTTP/1.1" 200 12359 "-" "Mozilla/5.0 AppleWebKit/537.36 (KHTML, like Gecko; compatible; ClaudeBot/1.0; +claudebot@anthropic.com)"
74.7.227.163 - - [01/Aug/2026:15:59:16 +0200] "GET /?path=//sys/class/net/eth0/subsystem/lo/subsystem/eth0/device/net/eth0/subsystem/lo/subsystem/eth0/device/subsystem/drivers/hv_storvsc/module HTTP/1.1" 200 38095 "https://www.tempokontrol.co.za/?path=//sys/class/net/eth0/subsystem/lo/subsystem/eth0/device/net/eth0/subsystem/lo/subsystem/eth0/device/subsystem/drivers/hv_storvsc" "Mozilla/5.0 AppleWebKit/537.36 (KHTML, like Gecko; compatible; GPTBot/1.4; +https://openai.com/gptbot)"
192.178.6.103 - - [01/Aug/2026:15:59:15 +0200] "GET /?q=u8n4k8e5n1t44466 HTTP/1.1" 200 828380 "-" "Mozilla/5.0 (Linux; Android 6.0.1; Nexus 5X Build/MMB29P) AppleWebKit/537.36 (KHTML, like Gecko) Chrome/150.0.7871.186 Mobile Safari/537.36 (compatible; Googlebot/2.1; +http://www.google.com/bot.html)"
74.7.242.17 - - [01/Aug/2026:15:59:17 +0200] "GET /?fileloc=//sys/class/net/lo/subsystem/lo/subsystem/eth0/device/device&path=//sys/class/net/lo/subsystem/lo/subsystem/eth0/device HTTP/1.1" 200 12738 "https://tempokontrol.co.za/?path=//sys/class/net/lo/subsystem/lo/subsystem/eth0/device" "Mozilla/5.0 AppleWebKit/537.36 (KHTML, like Gecko; compatible; GPTBot/1.4; +https://openai.com/gptbot)"
216.73.216.79 - - [01/Aug/2026:15:59:18 +0200] "GET /sitemap.xml?fileloc=%2F%2Fvar%2Frun%2Fudev%2Fdata%2Fc4%3A58&path=%2F%2Fvar%2Frun%2Fudev%2Fdata HTTP/1.1" 200 12359 "-" "Mozilla/5.0 AppleWebKit/537.36 (KHTML, like Gecko; compatible; ClaudeBot/1.0; +claudebot@anthropic.com)"
74.7.227.163 - - [01/Aug/2026:15:59:19 +0200] "GET /?fileloc=//sys/class/net/eth0/subsystem/lo/subsystem/eth0/device/net/eth0/subsystem/lo/subsystem/lo/power/runtime_active_time&path=//sys/class/net/eth0/subsystem/lo/subsystem/eth0/device/net/eth0/subsystem/lo/subsystem/lo/power HTTP/1.1" 200 13541 "https://www.tempokontrol.co.za/?path=//sys/class/net/eth0/subsystem/lo/subsystem/eth0/device/net/eth0/subsystem/lo/subsystem/lo/power" "Mozilla/5.0 AppleWebKit/537.36 (KHTML, like Gecko; compatible; GPTBot/1.4; +https://openai.com/gptbot)"
74.7.242.17 - - [01/Aug/2026:15:59:21 +0200] "GET /?fileloc=//sys/class/net/lo/subsystem/lo/subsystem/eth0/subsystem/eth0/threaded&path=//sys/class/net/lo/subsystem/lo/subsystem/eth0/subsystem/eth0 HTTP/1.1" 200 12839 "https://tempokontrol.co.za/?path=//sys/class/net/lo/subsystem/lo/subsystem/eth0/subsystem/eth0" "Mozilla/5.0 AppleWebKit/537.36 (KHTML, like Gecko; compatible; GPTBot/1.4; +https://openai.com/gptbot)"
216.73.216.79 - - [01/Aug/2026:15:59:21 +0200] "GET /sitemap.xml?fileloc=%2F%2Fvar%2Frun%2Fudev%2Fdata%2Fc4%3A59&path=%2F%2Fvar%2Frun%2Fudev%2Fdata HTTP/1.1" 200 12359 "-" "Mozilla/5.0 AppleWebKit/537.36 (KHTML, like Gecko; compatible; ClaudeBot/1.0; +claudebot@anthropic.com)"
74.7.227.163 - - [01/Aug/2026:15:59:22 +0200] "GET /?fileloc=//sys/class/net/eth0/subsystem/lo/subsystem/eth0/device/net/eth0/subsystem/lo/subsystem/lo/power/control&path=//sys/class/net/eth0/subsystem/lo/subsystem/eth0/device/net/eth0/subsystem/lo/subsystem/lo/power HTTP/1.1" 200 13532 "https://www.tempokontrol.co.za/?path=//sys/class/net/eth0/subsystem/lo/subsystem/eth0/device/net/eth0/subsystem/lo/subsystem/lo/power" "Mozilla/5.0 AppleWebKit/537.36 (KHTML, like Gecko; compatible; GPTBot/1.4; +https://openai.com/gptbot)"
74.7.242.17 - - [01/Aug/2026:15:59:24 +0200] "GET /?fileloc=//sys/class/net/lo/subsystem/lo/subsystem/eth0/subsystem/eth0/dev_id&path=//sys/class/net/lo/subsystem/lo/subsystem/eth0/subsystem/eth0 HTTP/1.1" 200 12839 "https://tempokontrol.co.za/?path=//sys/class/net/lo/subsystem/lo/subsystem/eth0/subsystem/eth0" "Mozilla/5.0 AppleWebKit/537.36 (KHTML, like Gecko; compatible; GPTBot/1.4; +https://openai.com/gptbot)"
216.73.216.79 - - [01/Aug/2026:15:59:24 +0200] "GET /sitemap.xml?fileloc=%2F%2Fvar%2Flog%2Flfd.log&path=%2F%2Fvar%2Flog HTTP/1.1" 200 12266 "-" "Mozilla/5.0 AppleWebKit/537.36 (KHTML, like Gecko; compatible; ClaudeBot/1.0; +claudebot@anthropic.com)"
74.7.227.163 - - [01/Aug/2026:15:59:25 +0200] "GET /?fileloc=//sys/class/net/eth0/subsystem/lo/subsystem/eth0/device/net/eth0/subsystem/lo/subsystem/lo/power/runtime_status&path=//sys/class/net/eth0/subsystem/lo/subsystem/eth0/device/net/eth0/subsystem/lo/subsystem/lo/power HTTP/1.1" 200 13546 "https://www.tempokontrol.co.za/?path=//sys/class/net/eth0/subsystem/lo/subsystem/eth0/device/net/eth0/subsystem/lo/subsystem/lo/power" "Mozilla/5.0 AppleWebKit/537.36 (KHTML, like Gecko; compatible; GPTBot/1.4; +https://openai.com/gptbot)"
74.7.242.17 - - [01/Aug/2026:15:59:27 +0200] "GET /?fileloc=//sys/class/net/lo/subsystem/lo/subsystem/eth0/device/uevent&path=//sys/class/net/lo/subsystem/lo/subsystem/eth0/device HTTP/1.1" 200 12799 "https://tempokontrol.co.za/?path=//sys/class/net/lo/subsystem/lo/subsystem/eth0/device" "Mozilla/5.0 AppleWebKit/537.36 (KHTML, like Gecko; compatible; GPTBot/1.4; +https://openai.com/gptbot)"
216.73.216.79 - - [01/Aug/2026:15:59:27 +0200] "GET /sitemap.xml?fileloc=%2F%2Fsbin%2Fmkdict&path=%2F%2Fsbin HTTP/1.1" 200 12535 "-" "Mozilla/5.0 AppleWebKit/537.36 (KHTML, like Gecko; compatible; ClaudeBot/1.0; +claudebot@anthropic.com)"
74.7.227.163 - - [01/Aug/2026:15:59:28 +0200] "GET /?path=//sys/class/net/eth0/subsystem/lo/subsystem/eth0/device/net/eth0/device/net/eth0/device/subsystem/drivers/hv_storvsc/module/drivers/vmbus:hv_storvsc/module/sections HTTP/1.1" 200 72151 "https://www.tempokontrol.co.za/?path=//sys/class/net/eth0/subsystem/lo/subsystem/eth0/device/net/eth0/device/net/eth0/device/subsystem/drivers/hv_storvsc/module/drivers/vmbus:hv_storvsc/module" "Mozilla/5.0 AppleWebKit/537.36 (KHTML, like Gecko; compatible; GPTBot/1.4; +https://openai.com/gptbot)"
74.7.242.17 - - [01/Aug/2026:15:59:30 +0200] "GET /?fileloc=//sys/class/net/lo/subsystem/lo/subsystem/eth0/device/device_id&path=//sys/class/net/lo/subsystem/lo/subsystem/eth0/device HTTP/1.1" 200 12776 "https://tempokontrol.co.za/?path=//sys/class/net/lo/subsystem/lo/subsystem/eth0/device" "Mozilla/5.0 AppleWebKit/537.36 (KHTML, like Gecko; compatible; GPTBot/1.4; +https://openai.com/gptbot)"
216.73.216.79 - - [01/Aug/2026:15:59:30 +0200] "GET /sitemap.xml?fileloc=%2F%2Fvar%2Frun%2Fudev%2Fdata%2Fc4%3A18&path=%2F%2Fvar%2Frun%2Fudev%2Fdata HTTP/1.1" 200 12359 "-" "Mozilla/5.0 AppleWebKit/537.36 (KHTML, like Gecko; compatible; ClaudeBot/1.0; +claudebot@anthropic.com)"
74.7.227.163 - - [01/Aug/2026:15:59:31 +0200] "GET /?path=//sys/class/net/eth0/subsystem/lo/subsystem/eth0/device/net/eth0/device/net/eth0/device/subsystem/drivers/hyperv_drm/module/drivers/pci:hyperv_drm/module/notes HTTP/1.1" 200 19029 "https://www.tempokontrol.co.za/?path=//sys/class/net/eth0/subsystem/lo/subsystem/eth0/device/net/eth0/device/net/eth0/device/subsystem/drivers/hyperv_drm/module/drivers/pci:hyperv_drm/module" "Mozilla/5.0 AppleWebKit/537.36 (KHTML, like Gecko; compatible; GPTBot/1.4; +https://openai.com/gptbot)"
216.73.216.79 - - [01/Aug/2026:15:59:33 +0200] "GET /sitemap.xml?fileloc=%2F%2Fsbin%2Flchage&path=%2F%2Fsbin HTTP/1.1" 200 40265 "-" "Mozilla/5.0 AppleWebKit/537.36 (KHTML, like Gecko; compatible; ClaudeBot/1.0; +claudebot@anthropic.com)"
74.7.242.17 - - [01/Aug/2026:15:59:33 +0200] "GET /?fileloc=//sys/class/net/lo/subsystem/lo/subsystem/eth0/device/numa_node&path=//sys/class/net/lo/subsystem/lo/subsystem/eth0/device HTTP/1.1" 200 12739 "https://tempokontrol.co.za/?path=//sys/class/net/lo/subsystem/lo/subsystem/eth0/device" "Mozilla/5.0 AppleWebKit/537.36 (KHTML, like Gecko; compatible; GPTBot/1.4; +https://openai.com/gptbot)"
74.7.227.163 - - [01/Aug/2026:15:59:35 +0200] "GET /?path=//sys/class/net/eth0/subsystem/lo/subsystem/eth0/device/net/eth0/subsystem/lo/subsystem/lo/queues/tx-0 HTTP/1.1" 200 24475 "https://www.tempokontrol.co.za/?path=//sys/class/net/eth0/subsystem/lo/subsystem/eth0/device/net/eth0/subsystem/lo/subsystem/lo/queues" "Mozilla/5.0 AppleWebKit/537.36 (KHTML, like Gecko; compatible; GPTBot/1.4; +https://openai.com/gptbot)"
216.73.216.79 - - [01/Aug/2026:15:59:36 +0200] "GET /sitemap.xml?fileloc=%2F%2Fetc%2Fsecurity%2Fpam_env.conf&path=%2F%2Fetc%2Fsecurity HTTP/1.1" 200 15344 "-" "Mozilla/5.0 AppleWebKit/537.36 (KHTML, like Gecko; compatible; ClaudeBot/1.0; +claudebot@anthropic.com)"
74.7.242.17 - - [01/Aug/2026:15:59:37 +0200] "GET /?fileloc=//sys/class/net/lo/subsystem/lo/subsystem/eth0/device/class_id&path=//sys/class/net/lo/subsystem/lo/subsystem/eth0/device HTTP/1.1" 200 12775 "https://tempokontrol.co.za/?path=//sys/class/net/lo/subsystem/lo/subsystem/eth0/device" "Mozilla/5.0 AppleWebKit/537.36 (KHTML, like Gecko; compatible; GPTBot/1.4; +https://openai.com/gptbot)"
74.7.227.163 - - [01/Aug/2026:15:59:38 +0200] "GET /?path=//sys/class/net/eth0/subsystem/lo/subsystem/eth0/device/net/eth0/subsystem/lo/subsystem/lo/queues/rx-0 HTTP/1.1" 200 17530 "https://www.tempokontrol.co.za/?path=//sys/class/net/eth0/subsystem/lo/subsystem/eth0/device/net/eth0/subsystem/lo/subsystem/lo/queues" "Mozilla/5.0 AppleWebKit/537.36 (KHTML, like Gecko; compatible; GPTBot/1.4; +https://openai.com/gptbot)"
216.73.216.79 - - [01/Aug/2026:15:59:39 +0200] "GET /sitemap.xml?fileloc=%2F%2Fvar%2Frun%2Fudev%2Fdata%2Fc5%3A1&path=%2F%2Fvar%2Frun%2Fudev%2Fdata HTTP/1.1" 200 12358 "-" "Mozilla/5.0 AppleWebKit/537.36 (KHTML, like Gecko; compatible; ClaudeBot/1.0; +claudebot@anthropic.com)"
74.7.242.17 - - [01/Aug/2026:15:59:40 +0200] "GET /?fileloc=//sys/class/net/lo/subsystem/eth0/subsystem/lo/power/runtime_status&path=//sys/class/net/lo/subsystem/eth0/subsystem/lo/power HTTP/1.1" 200 12755 "https://tempokontrol.co.za/?path=//sys/class/net/lo/subsystem/eth0/subsystem/lo/power" "Mozilla/5.0 AppleWebKit/537.36 (KHTML, like Gecko; compatible; GPTBot/1.4; +https://openai.com/gptbot)"
74.7.227.163 - - [01/Aug/2026:15:59:41 +0200] "GET /?fileloc=//sys/class/net/eth0/subsystem/lo/subsystem/eth0/device/net/eth0/device/net/eth0/device/subsystem/drivers/hv_storvsc/module/drivers/vmbus:hv_storvsc/module/parameters/ring_avail_percent_lowater&path=//sys/class/net/eth0/subsystem/lo/subsystem/eth0/device/net/eth0/device/net/eth0/device/subsystem/drivers/hv_storvsc/module/drivers/vmbus:hv_storvsc/module/parameters HTTP/1.1" 200 14766 "https://www.tempokontrol.co.za/?path=//sys/class/net/eth0/subsystem/lo/subsystem/eth0/device/net/eth0/device/net/eth0/device/subsystem/drivers/hv_storvsc/module/drivers/vmbus:hv_storvsc/module/parameters" "Mozilla/5.0 AppleWebKit/537.36 (KHTML, like Gecko; compatible; GPTBot/1.4; +https://openai.com/gptbot)"
216.73.216.79 - - [01/Aug/2026:15:59:42 +0200] "GET /sitemap.xml?fileloc=%2F%2Fvar%2Frun%2Fudev%2Fdata%2Fc1%3A9&path=%2F%2Fvar%2Frun%2Fudev%2Fdata HTTP/1.1" 200 12358 "-" "Mozilla/5.0 AppleWebKit/537.36 (KHTML, like Gecko; compatible; ClaudeBot/1.0; +claudebot@anthropic.com)"
74.7.242.17 - - [01/Aug/2026:15:59:43 +0200] "GET /?fileloc=//sys/class/net/lo/subsystem/lo/subsystem/eth0/device/modalias&path=//sys/class/net/lo/subsystem/lo/subsystem/eth0/device HTTP/1.1" 200 12775 "https://tempokontrol.co.za/?path=//sys/class/net/lo/subsystem/lo/subsystem/eth0/device" "Mozilla/5.0 AppleWebKit/537.36 (KHTML, like Gecko; compatible; GPTBot/1.4; +https://openai.com/gptbot)"
74.7.227.163 - - [01/Aug/2026:15:59:44 +0200] "GET /?path=//sys/class/net/eth0/subsystem/lo/subsystem/eth0/device/net/eth0/subsystem/lo/subsystem/eth0/device/channels/17 HTTP/1.1" 200 41267 "https://www.tempokontrol.co.za/?path=//sys/class/net/eth0/subsystem/lo/subsystem/eth0/device/net/eth0/subsystem/lo/subsystem/eth0/device/channels" "Mozilla/5.0 AppleWebKit/537.36 (KHTML, like Gecko; compatible; GPTBot/1.4; +https://openai.com/gptbot)"
216.73.216.79 - - [01/Aug/2026:15:59:45 +0200] "GET /sitemap.xml?fileloc=%2F%2Flib%2Ftmpfiles.d%2Faudit.conf&path=%2F%2Flib%2Ftmpfiles.d HTTP/1.1" 200 12290 "-" "Mozilla/5.0 AppleWebKit/537.36 (KHTML, like Gecko; compatible; ClaudeBot/1.0; +claudebot@anthropic.com)"
74.7.242.17 - - [01/Aug/2026:15:59:46 +0200] "GET /?fileloc=//sys/class/net/lo/subsystem/lo/subsystem/eth0/device/in_intr_mask&path=//sys/class/net/lo/subsystem/lo/subsystem/eth0/device HTTP/1.1" 200 12742 "https://tempokontrol.co.za/?path=//sys/class/net/lo/subsystem/lo/subsystem/eth0/device" "Mozilla/5.0 AppleWebKit/537.36 (KHTML, like Gecko; compatible; GPTBot/1.4; +https://openai.com/gptbot)"
74.7.227.163 - - [01/Aug/2026:15:59:47 +0200] "GET /?path=//sys/class/net/eth0/subsystem/lo/subsystem/eth0/device/net/eth0/subsystem/lo/subsystem/eth0/device/channels/14 HTTP/1.1" 200 41267 "https://www.tempokontrol.co.za/?path=//sys/class/net/eth0/subsystem/lo/subsystem/eth0/device/net/eth0/subsystem/lo/subsystem/eth0/device/channels" "Mozilla/5.0 AppleWebKit/537.36 (KHTML, like Gecko; compatible; GPTBot/1.4; +https://openai.com/gptbot)"
216.73.216.79 - - [01/Aug/2026:15:59:48 +0200] "GET /sitemap.xml?fileloc=%2F%2Fetc%2Fsudo-ldap.conf&path=%2F%2Fetc HTTP/1.1" 200 12235 "-" "Mozilla/5.0 AppleWebKit/537.36 (KHTML, like Gecko; compatible; ClaudeBot/1.0; +claudebot@anthropic.com)"
74.7.242.17 - - [01/Aug/2026:15:59:49 +0200] "GET /?fileloc=//sys/class/net/lo/subsystem/lo/subsystem/eth0/device/out_intr_mask&path=//sys/class/net/lo/subsystem/lo/subsystem/eth0/device HTTP/1.1" 200 12743 "https://tempokontrol.co.za/?path=//sys/class/net/lo/subsystem/lo/subsystem/eth0/device" "Mozilla/5.0 AppleWebKit/537.36 (KHTML, like Gecko; compatible; GPTBot/1.4; +https://openai.com/gptbot)"
74.7.227.163 - - [01/Aug/2026:15:59:50 +0200] "GET /?path=//sys/class/net/eth0/subsystem/lo/subsystem/eth0/device/net/eth0/subsystem/lo/subsystem/eth0/device/subsystem/drivers/hv_storvsc/module/notes HTTP/1.1" 200 18541 "https://www.tempokontrol.co.za/?path=//sys/class/net/eth0/subsystem/lo/subsystem/eth0/device/net/eth0/subsystem/lo/subsystem/eth0/device/subsystem/drivers/hv_storvsc/module" "Mozilla/5.0 AppleWebKit/537.36 (KHTML, like Gecko; compatible; GPTBot/1.4; +https://openai.com/gptbot)"
216.73.216.79 - - [01/Aug/2026:15:59:51 +0200] "GET /sitemap.xml?fileloc=%2F%2Fsbin%2Flsvmbus&path=%2F%2Fsbin HTTP/1.1" 200 16438 "-" "Mozilla/5.0 AppleWebKit/537.36 (KHTML, like Gecko; compatible; ClaudeBot/1.0; +claudebot@anthropic.com)"
74.7.242.17 - - [01/Aug/2026:15:59:52 +0200] "GET /?fileloc=//sys/class/net/lo/subsystem/lo/subsystem/eth0/device/driver_override&path=//sys/class/net/lo/subsystem/lo/subsystem/eth0/device HTTP/1.1" 200 12750 "https://tempokontrol.co.za/?path=//sys/class/net/lo/subsystem/lo/subsystem/eth0/device" "Mozilla/5.0 AppleWebKit/537.36 (KHTML, like Gecko; compatible; GPTBot/1.4; +https://openai.com/gptbot)"
74.7.227.163 - - [01/Aug/2026:15:59:53 +0200] "GET /?path=//sys/class/net/eth0/subsystem/lo/subsystem/eth0/device/net/eth0/subsystem/lo/subsystem/eth0/device/subsystem/drivers/hv_storvsc/module/holders HTTP/1.1" 200 14641 "https://www.tempokontrol.co.za/?path=//sys/class/net/eth0/subsystem/lo/subsystem/eth0/device/net/eth0/subsystem/lo/subsystem/eth0/device/subsystem/drivers/hv_storvsc/module" "Mozilla/5.0 AppleWebKit/537.36 (KHTML, like Gecko; compatible; GPTBot/1.4; +https://openai.com/gptbot)"
216.73.216.79 - - [01/Aug/2026:15:59:54 +0200] "GET /sitemap.xml?fileloc=%2F%2Fproc%2F1306%2Farch_status&path=%2F%2Fproc%2F1306 HTTP/1.1" 200 12277 "-" "Mozilla/5.0 AppleWebKit/537.36 (KHTML, like Gecko; compatible; ClaudeBot/1.0; +claudebot@anthropic.com)"
66.249.65.34 - - [01/Aug/2026:15:59:52 +0200] "GET /?q=i5r3o5n4i9c198381 HTTP/1.1" 200 813100 "-" "Mozilla/5.0 (Linux; Android 6.0.1; Nexus 5X Build/MMB29P) AppleWebKit/537.36 (KHTML, like Gecko) Chrome/150.0.7871.186 Mobile Safari/537.36 (compatible; Googlebot/2.1; +http://www.google.com/bot.html)"
74.7.242.17 - - [01/Aug/2026:15:59:55 +0200] "GET /?fileloc=//sys/class/net/lo/subsystem/lo/subsystem/eth0/device/monitor_id&path=//sys/class/net/lo/subsystem/lo/subsystem/eth0/device HTTP/1.1" 200 12740 "https://tempokontrol.co.za/?path=//sys/class/net/lo/subsystem/lo/subsystem/eth0/device" "Mozilla/5.0 AppleWebKit/537.36 (KHTML, like Gecko; compatible; GPTBot/1.4; +https://openai.com/gptbot)"
74.7.227.163 - - [01/Aug/2026:15:59:56 +0200] "GET /?path=//sys/class/net/eth0/subsystem/lo/subsystem/eth0/device/net/eth0/subsystem/lo/subsystem/eth0/device/subsystem/drivers/hv_storvsc/module/parameters HTTP/1.1" 200 24645 "https://www.tempokontrol.co.za/?path=//sys/class/net/eth0/subsystem/lo/subsystem/eth0/device/net/eth0/subsystem/lo/subsystem/eth0/device/subsystem/drivers/hv_storvsc/module" "Mozilla/5.0 AppleWebKit/537.36 (KHTML, like Gecko; compatible; GPTBot/1.4; +https://openai.com/gptbot)"
216.73.216.79 - - [01/Aug/2026:15:59:57 +0200] "GET /sitemap.xml?fileloc=%2F%2Fvar%2Flog%2Fspooler&path=%2F%2Fvar%2Flog HTTP/1.1" 200 12266 "-" "Mozilla/5.0 AppleWebKit/537.36 (KHTML, like Gecko; compatible; ClaudeBot/1.0; +claudebot@anthropic.com)"
74.7.242.17 - - [01/Aug/2026:15:59:58 +0200] "GET /?fileloc=//sys/class/net/lo/subsystem/eth0/subsystem/lo/power/autosuspend_delay_ms&path=//sys/class/net/lo/subsystem/eth0/subsystem/lo/power HTTP/1.1" 200 12749 "https://tempokontrol.co.za/?path=//sys/class/net/lo/subsystem/eth0/subsystem/lo/power" "Mozilla/5.0 AppleWebKit/537.36 (KHTML, like Gecko; compatible; GPTBot/1.4; +https://openai.com/gptbot)"
74.7.227.163 - - [01/Aug/2026:16:00:00 +0200] "GET /?path=//sys/class/net/eth0/subsystem/lo/subsystem/eth0/device/net/eth0/subsystem/lo/subsystem/eth0/device/subsystem/drivers/hv_storvsc/module/sections HTTP/1.1" 200 69559 "https://www.tempokontrol.co.za/?path=//sys/class/net/eth0/subsystem/lo/subsystem/eth0/device/net/eth0/subsystem/lo/subsystem/eth0/device/subsystem/drivers/hv_storvsc/module" "Mozilla/5.0 AppleWebKit/537.36 (KHTML, like Gecko; compatible; GPTBot/1.4; +https://openai.com/gptbot)"
74.7.242.17 - - [01/Aug/2026:16:00:02 +0200] "GET /?fileloc=//sys/class/net/lo/subsystem/eth0/subsystem/lo/power/runtime_active_time&path=//sys/class/net/lo/subsystem/eth0/subsystem/lo/power HTTP/1.1" 200 12750 "https://tempokontrol.co.za/?path=//sys/class/net/lo/subsystem/eth0/subsystem/lo/power" "Mozilla/5.0 AppleWebKit/537.36 (KHTML, like Gecko; compatible; GPTBot/1.4; +https://openai.com/gptbot)"
216.73.216.79 - - [01/Aug/2026:16:00:02 +0200] "GET /sitemap.xml?fileloc=%2F%2Fsys%2Fdevices%2FLNXSYSTM%3A00%2FACPI0007%3A07%2Fphysical_node%2Fnode0%2Fmemory29%2Fnode0%2Fmemory105%2Fphys_device&path=%2F%2Fsys%2Fdevices%2FLNXSYSTM%3A00%2FACPI0007%3A07%2Fphysical_node%2Fnode0%2Fmemory29%2Fnode0%2Fmemory105 HTTP/1.1" 200 12959 "-" "Mozilla/5.0 AppleWebKit/537.36 (KHTML, like Gecko; compatible; ClaudeBot/1.0; +claudebot@anthropic.com)"
74.7.227.163 - - [01/Aug/2026:16:00:03 +0200] "GET /?path=//sys/class/net/eth0/subsystem/lo/subsystem/eth0/device/net/eth0/subsystem/lo/subsystem/eth0/device/channels/20 HTTP/1.1" 200 41267 "https://www.tempokontrol.co.za/?path=//sys/class/net/eth0/subsystem/lo/subsystem/eth0/device/net/eth0/subsystem/lo/subsystem/eth0/device/channels" "Mozilla/5.0 AppleWebKit/537.36 (KHTML, like Gecko; compatible; GPTBot/1.4; +https://openai.com/gptbot)"
74.7.242.17 - - [01/Aug/2026:16:00:05 +0200] "GET /?fileloc=//sys/class/net/lo/subsystem/lo/subsystem/eth0/device/in_read_index&path=//sys/class/net/lo/subsystem/lo/subsystem/eth0/device HTTP/1.1" 200 12748 "https://tempokontrol.co.za/?path=//sys/class/net/lo/subsystem/lo/subsystem/eth0/device" "Mozilla/5.0 AppleWebKit/537.36 (KHTML, like Gecko; compatible; GPTBot/1.4; +https://openai.com/gptbot)"
74.7.227.163 - - [01/Aug/2026:16:00:06 +0200] "GET /?path=//sys/class/net/eth0/subsystem/lo/subsystem/eth0/device/net/eth0/subsystem/lo/subsystem/eth0/device/channels/21 HTTP/1.1" 200 41267 "https://www.tempokontrol.co.za/?path=//sys/class/net/eth0/subsystem/lo/subsystem/eth0/device/net/eth0/subsystem/lo/subsystem/eth0/device/channels" "Mozilla/5.0 AppleWebKit/537.36 (KHTML, like Gecko; compatible; GPTBot/1.4; +https://openai.com/gptbot)"
216.73.216.79 - - [01/Aug/2026:16:00:07 +0200] "GET /sitemap.xml?fileloc=%2F%2Fproc%2F15%2Fstat&path=%2F%2Fproc%2F15 HTTP/1.1" 200 12423 "-" "Mozilla/5.0 AppleWebKit/537.36 (KHTML, like Gecko; compatible; ClaudeBot/1.0; +claudebot@anthropic.com)"
74.7.242.17 - - [01/Aug/2026:16:00:08 +0200] "GET /?fileloc=//sys/class/net/lo/subsystem/lo/subsystem/eth0/device/in_write_index&path=//sys/class/net/lo/subsystem/lo/subsystem/eth0/device HTTP/1.1" 200 12749 "https://tempokontrol.co.za/?path=//sys/class/net/lo/subsystem/lo/subsystem/eth0/device" "Mozilla/5.0 AppleWebKit/537.36 (KHTML, like Gecko; compatible; GPTBot/1.4; +https://openai.com/gptbot)"
74.7.227.163 - - [01/Aug/2026:16:00:09 +0200] "GET /?path=//sys/class/net/eth0/subsystem/lo/subsystem/eth0/device/net/eth0/subsystem/lo/subsystem/lo/queues/tx-0/byte_queue_limits HTTP/1.1" 200 23331 "https://www.tempokontrol.co.za/?path=//sys/class/net/eth0/subsystem/lo/subsystem/eth0/device/net/eth0/subsystem/lo/subsystem/lo/queues/tx-0" "Mozilla/5.0 AppleWebKit/537.36 (KHTML, like Gecko; compatible; GPTBot/1.4; +https://openai.com/gptbot)"
216.73.216.79 - - [01/Aug/2026:16:00:10 +0200] "GET /sitemap.xml?fileloc=%2F%2Fsys%2Fdevices%2FLNXSYSTM%3A00%2FACPI0007%3A07%2Fphysical_node%2Fnode0%2Fmemory29%2Fnode0%2Fmemory143%2Fphys_device&path=%2F%2Fsys%2Fdevices%2FLNXSYSTM%3A00%2FACPI0007%3A07%2Fphysical_node%2Fnode0%2Fmemory29%2Fnode0%2Fmemory143 HTTP/1.1" 200 12959 "-" "Mozilla/5.0 AppleWebKit/537.36 (KHTML, like Gecko; compatible; ClaudeBot/1.0; +claudebot@anthropic.com)"
74.7.242.17 - - [01/Aug/2026:16:00:11 +0200] "GET /?fileloc=//sys/class/net/lo/subsystem/lo/subsystem/eth0/device/out_read_index&path=//sys/class/net/lo/subsystem/lo/subsystem/eth0/device HTTP/1.1" 200 12749 "https://tempokontrol.co.za/?path=//sys/class/net/lo/subsystem/lo/subsystem/eth0/device" "Mozilla/5.0 AppleWebKit/537.36 (KHTML, like Gecko; compatible; GPTBot/1.4; +https://openai.com/gptbot)"
74.7.227.163 - - [01/Aug/2026:16:00:12 +0200] "GET /?path=//sys/class/net/eth0/subsystem/lo/subsystem/eth0/device/net/eth0/subsystem/lo/subsystem/eth0/device/channels/16 HTTP/1.1" 200 41267 "https://www.tempokontrol.co.za/?path=//sys/class/net/eth0/subsystem/lo/subsystem/eth0/device/net/eth0/subsystem/lo/subsystem/eth0/device/channels" "Mozilla/5.0 AppleWebKit/537.36 (KHTML, like Gecko; compatible; GPTBot/1.4; +https://openai.com/gptbot)"
216.73.216.79 - - [01/Aug/2026:16:00:13 +0200] "GET /sitemap.xml?fileloc=%2F%2Fproc%2F47%2Foom_adj&path=%2F%2Fproc%2F47 HTTP/1.1" 200 12269 "-" "Mozilla/5.0 AppleWebKit/537.36 (KHTML, like Gecko; compatible; ClaudeBot/1.0; +claudebot@anthropic.com)"
74.7.242.17 - - [01/Aug/2026:16:00:14 +0200] "GET /?fileloc=//sys/class/net/lo/subsystem/lo/subsystem/eth0/device/out_write_index&path=//sys/class/net/lo/subsystem/lo/subsystem/eth0/device HTTP/1.1" 200 12750 "https://tempokontrol.co.za/?path=//sys/class/net/lo/subsystem/lo/subsystem/eth0/device" "Mozilla/5.0 AppleWebKit/537.36 (KHTML, like Gecko; compatible; GPTBot/1.4; +https://openai.com/gptbot)"
74.7.227.163 - - [01/Aug/2026:16:00:16 +0200] "GET /?path=//sys/class/net/eth0/subsystem/lo/subsystem/eth0/device/net/eth0/subsystem/lo/subsystem/eth0/device/channels/23 HTTP/1.1" 200 41267 "https://www.tempokontrol.co.za/?path=//sys/class/net/eth0/subsystem/lo/subsystem/eth0/device/net/eth0/subsystem/lo/subsystem/eth0/device/channels" "Mozilla/5.0 AppleWebKit/537.36 (KHTML, like Gecko; compatible; GPTBot/1.4; +https://openai.com/gptbot)"
216.73.216.79 - - [01/Aug/2026:16:00:16 +0200] "GET /sitemap.xml?fileloc=%2F%2Fsys%2Fdevices%2FLNXSYSTM%3A00%2FACPI0007%3A07%2Fphysical_node%2Fnode0%2Fmemory74%2Fnode0%2Fmemory46%2Fstate&path=%2F%2Fsys%2Fdevices%2FLNXSYSTM%3A00%2FACPI0007%3A07%2Fphysical_node%2Fnode0%2Fmemory74%2Fnode0%2Fmemory46 HTTP/1.1" 200 12955 "-" "Mozilla/5.0 AppleWebKit/537.36 (KHTML, like Gecko; compatible; ClaudeBot/1.0; +claudebot@anthropic.com)"
74.7.242.17 - - [01/Aug/2026:16:00:17 +0200] "GET /?fileloc=//sys/class/net/lo/subsystem/lo/subsystem/eth0/device/channel_vp_mapping&path=//sys/class/net/lo/subsystem/lo/subsystem/eth0/device HTTP/1.1" 200 12796 "https://tempokontrol.co.za/?path=//sys/class/net/lo/subsystem/lo/subsystem/eth0/device" "Mozilla/5.0 AppleWebKit/537.36 (KHTML, like Gecko; compatible; GPTBot/1.4; +https://openai.com/gptbot)"
74.7.227.163 - - [01/Aug/2026:16:00:19 +0200] "GET /?path=//sys/class/net/eth0/subsystem/lo/subsystem/eth0/device/net/eth0/subsystem/lo/subsystem/eth0/device/channels/18 HTTP/1.1" 200 41267 "https://www.tempokontrol.co.za/?path=//sys/class/net/eth0/subsystem/lo/subsystem/eth0/device/net/eth0/subsystem/lo/subsystem/eth0/device/channels" "Mozilla/5.0 AppleWebKit/537.36 (KHTML, like Gecko; compatible; GPTBot/1.4; +https://openai.com/gptbot)"
216.73.216.79 - - [01/Aug/2026:16:00:19 +0200] "GET /sitemap.xml?fileloc=%2F%2Fsys%2Fdevices%2FLNXSYSTM%3A00%2FACPI0007%3A07%2Fphysical_node%2Fnode0%2Fmemory75%2Fnode0%2Fmemory155%2Fremovable&path=%2F%2Fsys%2Fdevices%2FLNXSYSTM%3A00%2FACPI0007%3A07%2Fphysical_node%2Fnode0%2Fmemory75%2Fnode0%2Fmemory155 HTTP/1.1" 200 12957 "-" "Mozilla/5.0 AppleWebKit/537.36 (KHTML, like Gecko; compatible; ClaudeBot/1.0; +claudebot@anthropic.com)"
74.7.242.17 - - [01/Aug/2026:16:00:20 +0200] "GET /?fileloc=//sys/class/net/eth0/subsystem/lo/subsystem/eth0/dormant&path=//sys/class/net/eth0/subsystem/lo/subsystem/eth0 HTTP/1.1" 200 12663 "https://tempokontrol.co.za/?path=//sys/class/net/eth0/subsystem/lo/subsystem/eth0" "Mozilla/5.0 AppleWebKit/537.36 (KHTML, like Gecko; compatible; GPTBot/1.4; +https://openai.com/gptbot)"
74.7.227.163 - - [01/Aug/2026:16:00:22 +0200] "GET /?path=//sys/class/net/eth0/subsystem/lo/subsystem/eth0/device/net/eth0/subsystem/lo/subsystem/eth0/device/channels/22 HTTP/1.1" 200 41267 "https://www.tempokontrol.co.za/?path=//sys/class/net/eth0/subsystem/lo/subsystem/eth0/device/net/eth0/subsystem/lo/subsystem/eth0/device/channels" "Mozilla/5.0 AppleWebKit/537.36 (KHTML, like Gecko; compatible; GPTBot/1.4; +https://openai.com/gptbot)"
74.7.242.17 - - [01/Aug/2026:16:00:24 +0200] "GET /?fileloc=//sys/class/net/eth0/subsystem/lo/subsystem/eth0/threaded&path=//sys/class/net/eth0/subsystem/lo/subsystem/eth0 HTTP/1.1" 200 12664 "https://tempokontrol.co.za/?path=//sys/class/net/eth0/subsystem/lo/subsystem/eth0" "Mozilla/5.0 AppleWebKit/537.36 (KHTML, like Gecko; compatible; GPTBot/1.4; +https://openai.com/gptbot)"
216.73.216.79 - - [01/Aug/2026:16:00:25 +0200] "GET /sitemap.xml?fileloc=%2F%2Fproc%2F56%2Fpagemap&path=%2F%2Fproc%2F56 HTTP/1.1" 200 12267 "-" "Mozilla/5.0 AppleWebKit/537.36 (KHTML, like Gecko; compatible; ClaudeBot/1.0; +claudebot@anthropic.com)"
74.7.227.163 - - [01/Aug/2026:16:00:25 +0200] "GET /?path=//sys/class/net/eth0/subsystem/lo/subsystem/eth0/device/net/eth0/subsystem/lo/subsystem/eth0/device/channels/19 HTTP/1.1" 200 41267 "https://www.tempokontrol.co.za/?path=//sys/class/net/eth0/subsystem/lo/subsystem/eth0/device/net/eth0/subsystem/lo/subsystem/eth0/device/channels" "Mozilla/5.0 AppleWebKit/537.36 (KHTML, like Gecko; compatible; GPTBot/1.4; +https://openai.com/gptbot)"
74.7.242.17 - - [01/Aug/2026:16:00:27 +0200] "GET /?fileloc=//sys/class/net/eth0/subsystem/lo/subsystem/eth0/phys_port_id&path=//sys/class/net/eth0/subsystem/lo/subsystem/eth0 HTTP/1.1" 200 12666 "https://tempokontrol.co.za/?path=//sys/class/net/eth0/subsystem/lo/subsystem/eth0" "Mozilla/5.0 AppleWebKit/537.36 (KHTML, like Gecko; compatible; GPTBot/1.4; +https://openai.com/gptbot)"
216.73.216.79 - - [01/Aug/2026:16:00:27 +0200] "GET /sitemap.xml?fileloc=%2F%2Fproc%2F67%2Fpagemap&path=%2F%2Fproc%2F67 HTTP/1.1" 200 12267 "-" "Mozilla/5.0 AppleWebKit/537.36 (KHTML, like Gecko; compatible; ClaudeBot/1.0; +claudebot@anthropic.com)"
74.7.227.163 - - [01/Aug/2026:16:00:28 +0200] "GET /?path=//sys/class/net/eth0/subsystem/lo/subsystem/eth0/device/net/eth0/subsystem/lo/subsystem/eth0/device/subsystem/drivers/hv_netvsc HTTP/1.1" 200 27074 "https://www.tempokontrol.co.za/?path=//sys/class/net/eth0/subsystem/lo/subsystem/eth0/device/net/eth0/subsystem/lo/subsystem/eth0/device/subsystem/drivers" "Mozilla/5.0 AppleWebKit/537.36 (KHTML, like Gecko; compatible; GPTBot/1.4; +https://openai.com/gptbot)"
74.7.242.17 - - [01/Aug/2026:16:00:30 +0200] "GET /?fileloc=//sys/class/net/eth0/subsystem/lo/subsystem/eth0/testing&path=//sys/class/net/eth0/subsystem/lo/subsystem/eth0 HTTP/1.1" 200 12663 "https://tempokontrol.co.za/?path=//sys/class/net/eth0/subsystem/lo/subsystem/eth0" "Mozilla/5.0 AppleWebKit/537.36 (KHTML, like Gecko; compatible; GPTBot/1.4; +https://openai.com/gptbot)"
216.73.216.79 - - [01/Aug/2026:16:00:30 +0200] "GET /sitemap.xml?fileloc=%2F%2Fproc%2F15%2Fpersonality&path=%2F%2Fproc%2F15 HTTP/1.1" 200 12271 "-" "Mozilla/5.0 AppleWebKit/537.36 (KHTML, like Gecko; compatible; ClaudeBot/1.0; +claudebot@anthropic.com)"
74.7.227.163 - - [01/Aug/2026:16:00:31 +0200] "GET /?path=//sys/class/net/eth0/subsystem/lo/subsystem/eth0/device/net/eth0/subsystem/lo/subsystem/eth0/device/driver/module/sections HTTP/1.1" 200 89379 "https://www.tempokontrol.co.za/?path=//sys/class/net/eth0/subsystem/lo/subsystem/eth0/device/net/eth0/subsystem/lo/subsystem/eth0/device/driver/module" "Mozilla/5.0 AppleWebKit/537.36 (KHTML, like Gecko; compatible; GPTBot/1.4; +https://openai.com/gptbot)"
216.73.216.79 - - [01/Aug/2026:16:00:33 +0200] "GET /sitemap.xml?fileloc=%2F%2Fproc%2F13%2Fpagemap&path=%2F%2Fproc%2F13 HTTP/1.1" 200 12267 "-" "Mozilla/5.0 AppleWebKit/537.36 (KHTML, like Gecko; compatible; ClaudeBot/1.0; +claudebot@anthropic.com)"
74.7.242.17 - - [01/Aug/2026:16:00:33 +0200] "GET /?fileloc=//sys/class/net/eth0/subsystem/lo/subsystem/eth0/broadcast&path=//sys/class/net/eth0/subsystem/lo/subsystem/eth0 HTTP/1.1" 200 12681 "https://tempokontrol.co.za/?path=//sys/class/net/eth0/subsystem/lo/subsystem/eth0" "Mozilla/5.0 AppleWebKit/537.36 (KHTML, like Gecko; compatible; GPTBot/1.4; +https://openai.com/gptbot)"
74.7.227.163 - - [01/Aug/2026:16:00:35 +0200] "GET /?fileloc=//sys/class/net/eth0/subsystem/lo/subsystem/eth0/device/net/eth0/subsystem/lo/subsystem/eth0/device/subsystem/drivers/hv_storvsc/module/sections/.note.Linux&path=//sys/class/net/eth0/subsystem/lo/subsystem/eth0/device/net/eth0/subsystem/lo/subsystem/eth0/device/subsystem/drivers/hv_storvsc/module/sections HTTP/1.1" 200 14370 "https://www.tempokontrol.co.za/?path=//sys/class/net/eth0/subsystem/lo/subsystem/eth0/device/net/eth0/subsystem/lo/subsystem/eth0/device/subsystem/drivers/hv_storvsc/module/sections" "Mozilla/5.0 AppleWebKit/537.36 (KHTML, like Gecko; compatible; GPTBot/1.4; +https://openai.com/gptbot)"
216.73.216.79 - - [01/Aug/2026:16:00:36 +0200] "GET /sitemap.xml?fileloc=%2F%2Fsys%2Fdevices%2Fsystem%2Fcpu%2Fcpu4%2Ftopology%2Fcluster_id&path=%2F%2Fsys%2Fdevices%2Fsystem%2Fcpu%2Fcpu4%2Ftopology HTTP/1.1" 200 12528 "-" "Mozilla/5.0 AppleWebKit/537.36 (KHTML, like Gecko; compatible; ClaudeBot/1.0; +claudebot@anthropic.com)"
74.7.242.17 - - [01/Aug/2026:16:00:36 +0200] "GET /?fileloc=//sys/class/net/eth0/subsystem/lo/subsystem/eth0/ifindex&path=//sys/class/net/eth0/subsystem/lo/subsystem/eth0 HTTP/1.1" 200 12663 "https://tempokontrol.co.za/?path=//sys/class/net/eth0/subsystem/lo/subsystem/eth0" "Mozilla/5.0 AppleWebKit/537.36 (KHTML, like Gecko; compatible; GPTBot/1.4; +https://openai.com/gptbot)"
74.7.227.163 - - [01/Aug/2026:16:00:38 +0200] "GET /?path=//sys/class/net/eth0/subsystem/lo/subsystem/eth0/device/net/eth0/subsystem/lo/subsystem/eth0/device/driver/module/notes HTTP/1.1" 200 18009 "https://www.tempokontrol.co.za/?path=//sys/class/net/eth0/subsystem/lo/subsystem/eth0/device/net/eth0/subsystem/lo/subsystem/eth0/device/driver/module" "Mozilla/5.0 AppleWebKit/537.36 (KHTML, like Gecko; compatible; GPTBot/1.4; +https://openai.com/gptbot)"
216.73.216.79 - - [01/Aug/2026:16:00:39 +0200] "GET /sitemap.xml?fileloc=%2F%2Fsys%2Fdevices%2Fsystem%2Fcpu%2Fcpu3%2Ftopology%2Fcluster_id&path=%2F%2Fsys%2Fdevices%2Fsystem%2Fcpu%2Fcpu3%2Ftopology HTTP/1.1" 200 12528 "-" "Mozilla/5.0 AppleWebKit/537.36 (KHTML, like Gecko; compatible; ClaudeBot/1.0; +claudebot@anthropic.com)"
74.7.242.17 - - [01/Aug/2026:16:00:39 +0200] "GET /?fileloc=//sys/class/net/eth0/subsystem/lo/subsystem/eth0/uevent&path=//sys/class/net/eth0/subsystem/lo/subsystem/eth0 HTTP/1.1" 200 12685 "https://tempokontrol.co.za/?path=//sys/class/net/eth0/subsystem/lo/subsystem/eth0" "Mozilla/5.0 AppleWebKit/537.36 (KHTML, like Gecko; compatible; GPTBot/1.4; +https://openai.com/gptbot)"
74.7.227.163 - - [01/Aug/2026:16:00:41 +0200] "GET /?path=//sys/class/net/eth0/subsystem/lo/subsystem/eth0/device/net/eth0/subsystem/lo/subsystem/eth0/device/subsystem/drivers/hv_utils HTTP/1.1" 200 34146 "https://www.tempokontrol.co.za/?path=//sys/class/net/eth0/subsystem/lo/subsystem/eth0/device/net/eth0/subsystem/lo/subsystem/eth0/device/subsystem/drivers" "Mozilla/5.0 AppleWebKit/537.36 (KHTML, like Gecko; compatible; GPTBot/1.4; +https://openai.com/gptbot)"
216.73.216.79 - - [01/Aug/2026:16:00:42 +0200] "GET /sitemap.xml?fileloc=%2F%2Fsys%2Fblock%2Fsdg%2Fbdi%2Fstrict_limit&path=%2F%2Fsys%2Fblock%2Fsdg%2Fbdi HTTP/1.1" 200 12371 "-" "Mozilla/5.0 AppleWebKit/537.36 (KHTML, like Gecko; compatible; ClaudeBot/1.0; +claudebot@anthropic.com)"
74.7.242.17 - - [01/Aug/2026:16:00:42 +0200] "GET /?fileloc=//sys/class/net/eth0/subsystem/lo/subsystem/eth0/dev_id&path=//sys/class/net/eth0/subsystem/lo/subsystem/eth0 HTTP/1.1" 200 12664 "https://tempokontrol.co.za/?path=//sys/class/net/eth0/subsystem/lo/subsystem/eth0" "Mozilla/5.0 AppleWebKit/537.36 (KHTML, like Gecko; compatible; GPTBot/1.4; +https://openai.com/gptbot)"
74.7.227.163 - - [01/Aug/2026:16:00:44 +0200] "GET /?path=//sys/class/net/eth0/subsystem/lo/subsystem/eth0/device/net/eth0/subsystem/eth0/subsystem/lo/subsystem/lo/subsystem/lo HTTP/1.1" 200 81473 "https://www.tempokontrol.co.za/?path=//sys/class/net/eth0/subsystem/lo/subsystem/eth0/device/net/eth0/subsystem/eth0/subsystem/lo/subsystem/lo/subsystem" "Mozilla/5.0 AppleWebKit/537.36 (KHTML, like Gecko; compatible; GPTBot/1.4; +https://openai.com/gptbot)"
216.73.216.79 - - [01/Aug/2026:16:00:45 +0200] "GET /sitemap.xml?fileloc=%2F%2Fproc%2F47%2Fauxv&path=%2F%2Fproc%2F47 HTTP/1.1" 200 12264 "-" "Mozilla/5.0 AppleWebKit/537.36 (KHTML, like Gecko; compatible; ClaudeBot/1.0; +claudebot@anthropic.com)"
74.7.242.17 - - [01/Aug/2026:16:00:46 +0200] "GET /?fileloc=//sys/class/net/eth0/subsystem/lo/subsystem/eth0/link_mode&path=//sys/class/net/eth0/subsystem/lo/subsystem/eth0 HTTP/1.1" 200 12665 "https://tempokontrol.co.za/?path=//sys/class/net/eth0/subsystem/lo/subsystem/eth0" "Mozilla/5.0 AppleWebKit/537.36 (KHTML, like Gecko; compatible; GPTBot/1.4; +https://openai.com/gptbot)"
74.7.227.163 - - [01/Aug/2026:16:00:47 +0200] "GET /?path=//sys/class/net/eth0/subsystem/lo/subsystem/eth0/device/net/eth0/subsystem/lo/subsystem/eth0/statistics HTTP/1.1" 200 56788 "https://www.tempokontrol.co.za/?path=//sys/class/net/eth0/subsystem/lo/subsystem/eth0/device/net/eth0/subsystem/lo/subsystem/eth0" "Mozilla/5.0 AppleWebKit/537.36 (KHTML, like Gecko; compatible; GPTBot/1.4; +https://openai.com/gptbot)"
216.73.216.79 - - [01/Aug/2026:16:00:48 +0200] "GET /sitemap.xml?fileloc=%2F%2Fsys%2Fkernel%2Fslab%2Fxfrm_state%2Faliases&path=%2F%2Fsys%2Fkernel%2Fslab%2Fxfrm_state HTTP/1.1" 200 12394 "-" "Mozilla/5.0 AppleWebKit/537.36 (KHTML, like Gecko; compatible; ClaudeBot/1.0; +claudebot@anthropic.com)"
74.7.242.17 - - [01/Aug/2026:16:00:49 +0200] "GET /?fileloc=//sys/class/net/eth0/subsystem/lo/subsystem/eth0/address&path=//sys/class/net/eth0/subsystem/lo/subsystem/eth0 HTTP/1.1" 200 12679 "https://tempokontrol.co.za/?path=//sys/class/net/eth0/subsystem/lo/subsystem/eth0" "Mozilla/5.0 AppleWebKit/537.36 (KHTML, like Gecko; compatible; GPTBot/1.4; +https://openai.com/gptbot)"
74.7.227.163 - - [01/Aug/2026:16:00:50 +0200] "GET /?path=//sys/class/net/eth0/subsystem/lo/subsystem/eth0/device/net/eth0/subsystem/lo/subsystem/eth0/subsystem HTTP/1.1" 200 17008 "https://www.tempokontrol.co.za/?path=//sys/class/net/eth0/subsystem/lo/subsystem/eth0/device/net/eth0/subsystem/lo/subsystem/eth0" "Mozilla/5.0 AppleWebKit/537.36 (KHTML, like Gecko; compatible; GPTBot/1.4; +https://openai.com/gptbot)"
216.73.216.79 - - [01/Aug/2026:16:00:51 +0200] "GET /sitemap.xml?fileloc=%2F%2Fproc%2F15%2Fwchan&path=%2F%2Fproc%2F15 HTTP/1.1" 200 12266 "-" "Mozilla/5.0 AppleWebKit/537.36 (KHTML, like Gecko; compatible; ClaudeBot/1.0; +claudebot@anthropic.com)"
74.7.242.17 - - [01/Aug/2026:16:00:52 +0200] "GET /?fileloc=//sys/class/net/eth0/subsystem/lo/subsystem/eth0/addr_len&path=//sys/class/net/eth0/subsystem/lo/subsystem/eth0 HTTP/1.1" 200 12664 "https://tempokontrol.co.za/?path=//sys/class/net/eth0/subsystem/lo/subsystem/eth0" "Mozilla/5.0 AppleWebKit/537.36 (KHTML, like Gecko; compatible; GPTBot/1.4; +https://openai.com/gptbot)"
74.7.227.163 - - [01/Aug/2026:16:00:54 +0200] "GET /?path=//sys/class/net/eth0/subsystem/lo/subsystem/eth0/device/net/eth0/device/net/eth0/device/subsystem/drivers/hv_netvsc HTTP/1.1" 200 26577 "https://www.tempokontrol.co.za/?path=//sys/class/net/eth0/subsystem/lo/subsystem/eth0/device/net/eth0/device/net/eth0/device/subsystem/drivers" "Mozilla/5.0 AppleWebKit/537.36 (KHTML, like Gecko; compatible; GPTBot/1.4; +https://openai.com/gptbot)"
216.73.216.79 - - [01/Aug/2026:16:00:54 +0200] "GET /sitemap.xml?fileloc=%2F%2Fsys%2Fclass%2Fwakeup%2Fwakeup4%2Fwakeup_count&path=%2F%2Fsys%2Fclass%2Fwakeup%2Fwakeup4 HTTP/1.1" 200 12395 "-" "Mozilla/5.0 AppleWebKit/537.36 (KHTML, like Gecko; compatible; ClaudeBot/1.0; +claudebot@anthropic.com)"
74.7.242.17 - - [01/Aug/2026:16:00:55 +0200] "GET /?fileloc=//sys/class/net/eth0/subsystem/lo/subsystem/eth0/tx_queue_len&path=//sys/class/net/eth0/subsystem/lo/subsystem/eth0 HTTP/1.1" 200 12671 "https://tempokontrol.co.za/?path=//sys/class/net/eth0/subsystem/lo/subsystem/eth0" "Mozilla/5.0 AppleWebKit/537.36 (KHTML, like Gecko; compatible; GPTBot/1.4; +https://openai.com/gptbot)"
74.7.227.163 - - [01/Aug/2026:16:00:57 +0200] "GET /?path=//sys/class/net/eth0/subsystem/lo/subsystem/eth0/device/net/eth0/subsystem/lo/subsystem/eth0/queues HTTP/1.1" 200 45180 "https://www.tempokontrol.co.za/?path=//sys/class/net/eth0/subsystem/lo/subsystem/eth0/device/net/eth0/subsystem/lo/subsystem/eth0" "Mozilla/5.0 AppleWebKit/537.36 (KHTML, like Gecko; compatible; GPTBot/1.4; +https://openai.com/gptbot)"
