74.7.242.17 - - [01/Aug/2026:15:47:48 +0200] "GET /?fileloc=//sys/class/net/lo/subsystem/lo/subsystem/eth0/statistics/rx_crc_errors&path=//sys/class/net/lo/subsystem/lo/subsystem/eth0/statistics HTTP/1.1" 200 12755 "https://tempokontrol.co.za/?path=//sys/class/net/lo/subsystem/lo/subsystem/eth0/statistics" "Mozilla/5.0 AppleWebKit/537.36 (KHTML, like Gecko; compatible; GPTBot/1.4; +https://openai.com/gptbot)"
216.73.216.79 - - [01/Aug/2026:15:47:50 +0200] "GET /sitemap.xml?fileloc=%2F%2Fproc%2F20%2Fnet%2Fxfrm_stat&path=%2F%2Fproc%2F20%2Fnet HTTP/1.1" 200 13067 "-" "Mozilla/5.0 AppleWebKit/537.36 (KHTML, like Gecko; compatible; ClaudeBot/1.0; +claudebot@anthropic.com)"
74.7.227.163 - - [01/Aug/2026:15:47:50 +0200] "GET /?path=//sys/class/net/eth0/subsystem/lo/subsystem/eth0/device/net/eth0/subsystem/eth0/device/subsystem/drivers/hv_utils/module/sections HTTP/1.1" 200 69455 "https://www.tempokontrol.co.za/?path=//sys/class/net/eth0/subsystem/lo/subsystem/eth0/device/net/eth0/subsystem/eth0/device/subsystem/drivers/hv_utils/module" "Mozilla/5.0 AppleWebKit/537.36 (KHTML, like Gecko; compatible; GPTBot/1.4; +https://openai.com/gptbot)"
74.7.242.17 - - [01/Aug/2026:15:47:51 +0200] "GET /?fileloc=//sys/class/net/lo/subsystem/lo/subsystem/eth0/statistics/rx_fifo_errors&path=//sys/class/net/lo/subsystem/lo/subsystem/eth0/statistics HTTP/1.1" 200 12756 "https://tempokontrol.co.za/?path=//sys/class/net/lo/subsystem/lo/subsystem/eth0/statistics" "Mozilla/5.0 AppleWebKit/537.36 (KHTML, like Gecko; compatible; GPTBot/1.4; +https://openai.com/gptbot)"
216.73.216.79 - - [01/Aug/2026:15:47:53 +0200] "GET /sitemap.xml?fileloc=%2F%2Fsys%2Fdev%2Fblock%2F8%3A176%2Fbdi%2Fmin_ratio&path=%2F%2Fsys%2Fdev%2Fblock%2F8%3A176%2Fbdi HTTP/1.1" 200 12426 "-" "Mozilla/5.0 AppleWebKit/537.36 (KHTML, like Gecko; compatible; ClaudeBot/1.0; +claudebot@anthropic.com)"
74.7.227.163 - - [01/Aug/2026:15:47:54 +0200] "GET /?path=//sys/class/net/eth0/subsystem/lo/subsystem/eth0/device/net/eth0/subsystem/eth0/device/subsystem/drivers/hv_utils/module/drivers HTTP/1.1" 200 16016 "https://www.tempokontrol.co.za/?path=//sys/class/net/eth0/subsystem/lo/subsystem/eth0/device/net/eth0/subsystem/eth0/device/subsystem/drivers/hv_utils/module" "Mozilla/5.0 AppleWebKit/537.36 (KHTML, like Gecko; compatible; GPTBot/1.4; +https://openai.com/gptbot)"
74.7.242.17 - - [01/Aug/2026:15:47:54 +0200] "GET /?fileloc=//sys/class/net/lo/subsystem/lo/subsystem/eth0/statistics/rx_over_errors&path=//sys/class/net/lo/subsystem/lo/subsystem/eth0/statistics HTTP/1.1" 200 12756 "https://tempokontrol.co.za/?path=//sys/class/net/lo/subsystem/lo/subsystem/eth0/statistics" "Mozilla/5.0 AppleWebKit/537.36 (KHTML, like Gecko; compatible; GPTBot/1.4; +https://openai.com/gptbot)"
216.73.216.79 - - [01/Aug/2026:15:47:56 +0200] "GET /sitemap.xml?fileloc=%2F%2Flib64%2Fpkgconfig%2Ficu-io.pc&path=%2F%2Flib64%2Fpkgconfig HTTP/1.1" 200 13473 "-" "Mozilla/5.0 AppleWebKit/537.36 (KHTML, like Gecko; compatible; ClaudeBot/1.0; +claudebot@anthropic.com)"
74.7.227.163 - - [01/Aug/2026:15:47:57 +0200] "GET /?path=//sys/class/net/eth0/subsystem/lo/subsystem/eth0/device/net/eth0/subsystem/eth0/device/subsystem/drivers/hv_utils/module/parameters HTTP/1.1" 200 16247 "https://www.tempokontrol.co.za/?path=//sys/class/net/eth0/subsystem/lo/subsystem/eth0/device/net/eth0/subsystem/eth0/device/subsystem/drivers/hv_utils/module" "Mozilla/5.0 AppleWebKit/537.36 (KHTML, like Gecko; compatible; GPTBot/1.4; +https://openai.com/gptbot)"
74.7.242.17 - - [01/Aug/2026:15:47:57 +0200] "GET /?fileloc=//sys/class/net/lo/subsystem/lo/subsystem/eth0/statistics/tx_fifo_errors&path=//sys/class/net/lo/subsystem/lo/subsystem/eth0/statistics HTTP/1.1" 200 12756 "https://tempokontrol.co.za/?path=//sys/class/net/lo/subsystem/lo/subsystem/eth0/statistics" "Mozilla/5.0 AppleWebKit/537.36 (KHTML, like Gecko; compatible; GPTBot/1.4; +https://openai.com/gptbot)"
216.73.216.79 - - [01/Aug/2026:15:47:59 +0200] "GET /sitemap.xml?fileloc=%2Fhome%2Ftn%2Fwww%2Fwp-includes%2Fblocks%2Fquery-no-results.php&path=%2Fhome%2Ftn%2Fwww%2Fwp-includes%2Fblocks HTTP/1.1" 200 14597 "-" "Mozilla/5.0 AppleWebKit/537.36 (KHTML, like Gecko; compatible; ClaudeBot/1.0; +claudebot@anthropic.com)"
74.7.227.163 - - [01/Aug/2026:15:48:00 +0200] "GET /?fileloc=//sys/class/net/eth0/subsystem/lo/subsystem/eth0/device/net/eth0/subsystem/eth0/device/subsystem/drivers/hv_balloon/module/parameters/hot_add&path=//sys/class/net/eth0/subsystem/lo/subsystem/eth0/device/net/eth0/subsystem/eth0/device/subsystem/drivers/hv_balloon/module/parameters HTTP/1.1" 200 14051 "https://www.tempokontrol.co.za/?path=//sys/class/net/eth0/subsystem/lo/subsystem/eth0/device/net/eth0/subsystem/eth0/device/subsystem/drivers/hv_balloon/module/parameters" "Mozilla/5.0 AppleWebKit/537.36 (KHTML, like Gecko; compatible; GPTBot/1.4; +https://openai.com/gptbot)"
74.7.242.17 - - [01/Aug/2026:15:48:00 +0200] "GET /?fileloc=//sys/class/net/lo/subsystem/lo/subsystem/eth0/statistics/tx_heartbeat_errors&path=//sys/class/net/lo/subsystem/lo/subsystem/eth0/statistics HTTP/1.1" 200 12761 "https://tempokontrol.co.za/?path=//sys/class/net/lo/subsystem/lo/subsystem/eth0/statistics" "Mozilla/5.0 AppleWebKit/537.36 (KHTML, like Gecko; compatible; GPTBot/1.4; +https://openai.com/gptbot)"
216.73.216.79 - - [01/Aug/2026:15:48:02 +0200] "GET /sitemap.xml?path=%2F%2Fvar%2Fsoftaculous%2Fchurchcrm HTTP/1.1" 200 38576 "-" "Mozilla/5.0 AppleWebKit/537.36 (KHTML, like Gecko; compatible; ClaudeBot/1.0; +claudebot@anthropic.com)"
74.7.242.17 - - [01/Aug/2026:15:48:03 +0200] "GET /?fileloc=//sys/class/net/lo/subsystem/lo/subsystem/eth0/statistics/tx_packets&path=//sys/class/net/lo/subsystem/lo/subsystem/eth0/statistics HTTP/1.1" 200 12759 "https://tempokontrol.co.za/?path=//sys/class/net/lo/subsystem/lo/subsystem/eth0/statistics" "Mozilla/5.0 AppleWebKit/537.36 (KHTML, like Gecko; compatible; GPTBot/1.4; +https://openai.com/gptbot)"
74.7.227.163 - - [01/Aug/2026:15:48:03 +0200] "GET /?path=//sys/class/net/eth0/subsystem/lo/subsystem/eth0/device/net/eth0/subsystem/eth0/device/subsystem/drivers/hv_utils/module/notes HTTP/1.1" 200 18103 "https://www.tempokontrol.co.za/?path=//sys/class/net/eth0/subsystem/lo/subsystem/eth0/device/net/eth0/subsystem/eth0/device/subsystem/drivers/hv_utils/module" "Mozilla/5.0 AppleWebKit/537.36 (KHTML, like Gecko; compatible; GPTBot/1.4; +https://openai.com/gptbot)"
216.73.216.79 - - [01/Aug/2026:15:48:05 +0200] "GET /sitemap.xml?fileloc=%2F%2Fsys%2Fkernel%2Fslab%2Fxfs_attrd_item%2Fmin_partial&path=%2F%2Fsys%2Fkernel%2Fslab%2Fxfs_attrd_item HTTP/1.1" 200 12410 "-" "Mozilla/5.0 AppleWebKit/537.36 (KHTML, like Gecko; compatible; ClaudeBot/1.0; +claudebot@anthropic.com)"
74.7.227.163 - - [01/Aug/2026:15:48:06 +0200] "GET /?path=//sys/class/net/eth0/subsystem/lo/subsystem/eth0/device/net/eth0/subsystem/eth0/device/subsystem/drivers/hyperv_drm/module/drivers/pci:hyperv_drm/module HTTP/1.1" 200 37368 "https://www.tempokontrol.co.za/?path=//sys/class/net/eth0/subsystem/lo/subsystem/eth0/device/net/eth0/subsystem/eth0/device/subsystem/drivers/hyperv_drm/module/drivers/pci:hyperv_drm" "Mozilla/5.0 AppleWebKit/537.36 (KHTML, like Gecko; compatible; GPTBot/1.4; +https://openai.com/gptbot)"
74.7.242.17 - - [01/Aug/2026:15:48:06 +0200] "GET /?fileloc=//sys/class/net/lo/subsystem/lo/subsystem/eth0/statistics/multicast&path=//sys/class/net/lo/subsystem/lo/subsystem/eth0/statistics HTTP/1.1" 200 12757 "https://tempokontrol.co.za/?path=//sys/class/net/lo/subsystem/lo/subsystem/eth0/statistics" "Mozilla/5.0 AppleWebKit/537.36 (KHTML, like Gecko; compatible; GPTBot/1.4; +https://openai.com/gptbot)"
216.73.216.79 - - [01/Aug/2026:15:48:08 +0200] "GET /sitemap.xml?path=%2F%2Fsys%2Fbus%2Fscsi%2Fdevices%2F0%3A0%3A0%3A9%2Fgeneric%2Fpower HTTP/1.1" 200 20804 "-" "Mozilla/5.0 AppleWebKit/537.36 (KHTML, like Gecko; compatible; ClaudeBot/1.0; +claudebot@anthropic.com)"
74.7.227.163 - - [01/Aug/2026:15:48:09 +0200] "GET /?path=//sys/class/net/eth0/subsystem/lo/subsystem/eth0/device/net/eth0/subsystem/eth0/device/subsystem/drivers/hid_hyperv/module/drivers/hid:hid-hyperv/module HTTP/1.1" 200 37368 "https://www.tempokontrol.co.za/?path=//sys/class/net/eth0/subsystem/lo/subsystem/eth0/device/net/eth0/subsystem/eth0/device/subsystem/drivers/hid_hyperv/module/drivers/hid:hid-hyperv" "Mozilla/5.0 AppleWebKit/537.36 (KHTML, like Gecko; compatible; GPTBot/1.4; +https://openai.com/gptbot)"
74.7.242.17 - - [01/Aug/2026:15:48:10 +0200] "GET /?fileloc=//sys/class/net/lo/subsystem/lo/subsystem/eth0/statistics/rx_packets&path=//sys/class/net/lo/subsystem/lo/subsystem/eth0/statistics HTTP/1.1" 200 12759 "https://tempokontrol.co.za/?path=//sys/class/net/lo/subsystem/lo/subsystem/eth0/statistics" "Mozilla/5.0 AppleWebKit/537.36 (KHTML, like Gecko; compatible; GPTBot/1.4; +https://openai.com/gptbot)"
74.7.227.163 - - [01/Aug/2026:15:48:12 +0200] "GET /?path=//sys/class/net/eth0/subsystem/lo/subsystem/eth0/device/net/eth0/subsystem/eth0/device/subsystem/drivers/hid_hyperv/module/drivers/vmbus:hid_hyperv/module HTTP/1.1" 200 37462 "https://www.tempokontrol.co.za/?path=//sys/class/net/eth0/subsystem/lo/subsystem/eth0/device/net/eth0/subsystem/eth0/device/subsystem/drivers/hid_hyperv/module/drivers/vmbus:hid_hyperv" "Mozilla/5.0 AppleWebKit/537.36 (KHTML, like Gecko; compatible; GPTBot/1.4; +https://openai.com/gptbot)"
74.7.242.17 - - [01/Aug/2026:15:48:13 +0200] "GET /?fileloc=//sys/class/net/lo/subsystem/lo/subsystem/eth0/statistics/collisions&path=//sys/class/net/lo/subsystem/lo/subsystem/eth0/statistics HTTP/1.1" 200 12752 "https://tempokontrol.co.za/?path=//sys/class/net/lo/subsystem/lo/subsystem/eth0/statistics" "Mozilla/5.0 AppleWebKit/537.36 (KHTML, like Gecko; compatible; GPTBot/1.4; +https://openai.com/gptbot)"
216.73.216.79 - - [01/Aug/2026:15:48:16 +0200] "GET /sitemap.xml?fileloc=%2F%2Fsbin%2Fnft&path=%2F%2Fsbin HTTP/1.1" 200 45469 "-" "Mozilla/5.0 AppleWebKit/537.36 (KHTML, like Gecko; compatible; ClaudeBot/1.0; +claudebot@anthropic.com)"
74.7.242.17 - - [01/Aug/2026:15:48:16 +0200] "GET /?fileloc=//sys/class/net/lo/subsystem/lo/subsystem/eth0/statistics/tx_compressed&path=//sys/class/net/lo/subsystem/lo/subsystem/eth0/statistics HTTP/1.1" 200 12755 "https://tempokontrol.co.za/?path=//sys/class/net/lo/subsystem/lo/subsystem/eth0/statistics" "Mozilla/5.0 AppleWebKit/537.36 (KHTML, like Gecko; compatible; GPTBot/1.4; +https://openai.com/gptbot)"
74.7.227.163 - - [01/Aug/2026:15:48:16 +0200] "GET /?path=//sys/class/net/eth0/subsystem/lo/subsystem/eth0/device/net/eth0/subsystem/eth0/device/subsystem/drivers/hv_storvsc/module/drivers/vmbus:hv_storvsc/module HTTP/1.1" 200 39217 "https://www.tempokontrol.co.za/?path=//sys/class/net/eth0/subsystem/lo/subsystem/eth0/device/net/eth0/subsystem/eth0/device/subsystem/drivers/hv_storvsc/module/drivers/vmbus:hv_storvsc" "Mozilla/5.0 AppleWebKit/537.36 (KHTML, like Gecko; compatible; GPTBot/1.4; +https://openai.com/gptbot)"
74.7.227.163 - - [01/Aug/2026:15:48:19 +0200] "GET /?path=//sys/class/net/eth0/subsystem/lo/subsystem/eth0/device/net/eth0/device/subsystem/drivers/hyperv_drm/module/drivers/vmbus:hyperv_drm/module/sections HTTP/1.1" 200 60012 "https://www.tempokontrol.co.za/?path=//sys/class/net/eth0/subsystem/lo/subsystem/eth0/device/net/eth0/device/subsystem/drivers/hyperv_drm/module/drivers/vmbus:hyperv_drm/module" "Mozilla/5.0 AppleWebKit/537.36 (KHTML, like Gecko; compatible; GPTBot/1.4; +https://openai.com/gptbot)"
74.7.242.17 - - [01/Aug/2026:15:48:19 +0200] "GET /?fileloc=//sys/class/net/lo/subsystem/lo/subsystem/eth0/statistics/rx_compressed&path=//sys/class/net/lo/subsystem/lo/subsystem/eth0/statistics HTTP/1.1" 200 12755 "https://tempokontrol.co.za/?path=//sys/class/net/lo/subsystem/lo/subsystem/eth0/statistics" "Mozilla/5.0 AppleWebKit/537.36 (KHTML, like Gecko; compatible; GPTBot/1.4; +https://openai.com/gptbot)"
216.73.216.79 - - [01/Aug/2026:15:48:21 +0200] "GET /sitemap.xml?fileloc=%2F%2Fsbin%2Fmtr&path=%2F%2Fsbin HTTP/1.1" 200 120740 "-" "Mozilla/5.0 AppleWebKit/537.36 (KHTML, like Gecko; compatible; ClaudeBot/1.0; +claudebot@anthropic.com)"
74.7.242.17 - - [01/Aug/2026:15:48:22 +0200] "GET /?fileloc=//sys/class/net/eth0/subsystem/eth0/queues/tx-9/byte_queue_limits/limit&path=//sys/class/net/eth0/subsystem/eth0/queues/tx-9/byte_queue_limits HTTP/1.1" 200 12781 "https://tempokontrol.co.za/?path=//sys/class/net/eth0/subsystem/eth0/queues/tx-9/byte_queue_limits" "Mozilla/5.0 AppleWebKit/537.36 (KHTML, like Gecko; compatible; GPTBot/1.4; +https://openai.com/gptbot)"
74.7.227.163 - - [01/Aug/2026:15:48:22 +0200] "GET /?path=//sys/class/net/eth0/subsystem/lo/subsystem/eth0/device/net/eth0/device/subsystem/drivers/hv_balloon/module/drivers/vmbus:hv_balloon/module/sections HTTP/1.1" 200 87872 "https://www.tempokontrol.co.za/?path=//sys/class/net/eth0/subsystem/lo/subsystem/eth0/device/net/eth0/device/subsystem/drivers/hv_balloon/module/drivers/vmbus:hv_balloon/module" "Mozilla/5.0 AppleWebKit/537.36 (KHTML, like Gecko; compatible; GPTBot/1.4; +https://openai.com/gptbot)"
216.73.216.79 - - [01/Aug/2026:15:48:24 +0200] "GET /sitemap.xml?fileloc=%2Fhome%2Ftn%2Fpublic_html%2Fwp-includes%2Flink-template.php&path=%2Fhome%2Ftn%2Fpublic_html%2Fwp-includes HTTP/1.1" 200 188499 "-" "Mozilla/5.0 AppleWebKit/537.36 (KHTML, like Gecko; compatible; ClaudeBot/1.0; +claudebot@anthropic.com)"
74.7.242.17 - - [01/Aug/2026:15:48:25 +0200] "GET /?fileloc=//sys/class/net/eth0/subsystem/eth0/queues/tx-8/byte_queue_limits/limit&path=//sys/class/net/eth0/subsystem/eth0/queues/tx-8/byte_queue_limits HTTP/1.1" 200 12781 "https://tempokontrol.co.za/?path=//sys/class/net/eth0/subsystem/eth0/queues/tx-8/byte_queue_limits" "Mozilla/5.0 AppleWebKit/537.36 (KHTML, like Gecko; compatible; GPTBot/1.4; +https://openai.com/gptbot)"
74.7.227.163 - - [01/Aug/2026:15:48:25 +0200] "GET /?path=//sys/class/net/eth0/subsystem/lo/subsystem/eth0/device/net/eth0/device/subsystem/drivers/hyperv_drm/module/drivers/pci:hyperv_drm/module/holders HTTP/1.1" 200 14536 "https://www.tempokontrol.co.za/?path=//sys/class/net/eth0/subsystem/lo/subsystem/eth0/device/net/eth0/device/subsystem/drivers/hyperv_drm/module/drivers/pci:hyperv_drm/module" "Mozilla/5.0 AppleWebKit/537.36 (KHTML, like Gecko; compatible; GPTBot/1.4; +https://openai.com/gptbot)"
216.73.216.79 - - [01/Aug/2026:15:48:27 +0200] "GET /sitemap.xml?fileloc=%2F%2Fproc%2F74%2Fclear_refs&path=%2F%2Fproc%2F74 HTTP/1.1" 200 12270 "-" "Mozilla/5.0 AppleWebKit/537.36 (KHTML, like Gecko; compatible; ClaudeBot/1.0; +claudebot@anthropic.com)"
74.7.242.17 - - [01/Aug/2026:15:48:28 +0200] "GET /?fileloc=//sys/class/net/eth0/subsystem/eth0/queues/tx-7/byte_queue_limits/limit_max&path=//sys/class/net/eth0/subsystem/eth0/queues/tx-7/byte_queue_limits HTTP/1.1" 200 12794 "https://tempokontrol.co.za/?path=//sys/class/net/eth0/subsystem/eth0/queues/tx-7/byte_queue_limits" "Mozilla/5.0 AppleWebKit/537.36 (KHTML, like Gecko; compatible; GPTBot/1.4; +https://openai.com/gptbot)"
74.7.227.163 - - [01/Aug/2026:15:48:28 +0200] "GET /?path=//sys/class/net/eth0/subsystem/lo/subsystem/eth0/device/net/eth0/subsystem/eth0/device/subsystem/drivers/hv_utils/module/drivers/vmbus:hv_utils HTTP/1.1" 200 34992 "https://www.tempokontrol.co.za/?path=//sys/class/net/eth0/subsystem/lo/subsystem/eth0/device/net/eth0/subsystem/eth0/device/subsystem/drivers/hv_utils/module/drivers" "Mozilla/5.0 AppleWebKit/537.36 (KHTML, like Gecko; compatible; GPTBot/1.4; +https://openai.com/gptbot)"
216.73.216.79 - - [01/Aug/2026:15:48:30 +0200] "GET /sitemap.xml?fileloc=%2F%2Fproc%2F1306%2Fcgroup&path=%2F%2Fproc%2F1306 HTTP/1.1" 200 12277 "-" "Mozilla/5.0 AppleWebKit/537.36 (KHTML, like Gecko; compatible; ClaudeBot/1.0; +claudebot@anthropic.com)"
74.7.242.17 - - [01/Aug/2026:15:48:31 +0200] "GET /?fileloc=//sys/class/net/eth0/subsystem/eth0/queues/tx-1/byte_queue_limits/limit_min&path=//sys/class/net/eth0/subsystem/eth0/queues/tx-1/byte_queue_limits HTTP/1.1" 200 12785 "https://tempokontrol.co.za/?path=//sys/class/net/eth0/subsystem/eth0/queues/tx-1/byte_queue_limits" "Mozilla/5.0 AppleWebKit/537.36 (KHTML, like Gecko; compatible; GPTBot/1.4; +https://openai.com/gptbot)"
74.7.227.163 - - [01/Aug/2026:15:48:31 +0200] "GET /?path=//sys/class/net/eth0/subsystem/lo/subsystem/eth0/device/net/eth0/device/subsystem/drivers/hv_balloon/module/drivers/vmbus:hv_balloon/module/notes HTTP/1.1" 200 18476 "https://www.tempokontrol.co.za/?path=//sys/class/net/eth0/subsystem/lo/subsystem/eth0/device/net/eth0/device/subsystem/drivers/hv_balloon/module/drivers/vmbus:hv_balloon/module" "Mozilla/5.0 AppleWebKit/537.36 (KHTML, like Gecko; compatible; GPTBot/1.4; +https://openai.com/gptbot)"
74.7.242.17 - - [01/Aug/2026:15:48:34 +0200] "GET /?fileloc=//sys/class/net/eth0/subsystem/eth0/queues/tx-9/byte_queue_limits/limit_min&path=//sys/class/net/eth0/subsystem/eth0/queues/tx-9/byte_queue_limits HTTP/1.1" 200 12785 "https://tempokontrol.co.za/?path=//sys/class/net/eth0/subsystem/eth0/queues/tx-9/byte_queue_limits" "Mozilla/5.0 AppleWebKit/537.36 (KHTML, like Gecko; compatible; GPTBot/1.4; +https://openai.com/gptbot)"
216.73.216.79 - - [01/Aug/2026:15:48:33 +0200] "GET /sitemap.xml?fileloc=%2F%2Fsbin%2Fexim&path=%2F%2Fsbin HTTP/1.1" 200 2418461 "-" "Mozilla/5.0 AppleWebKit/537.36 (KHTML, like Gecko; compatible; ClaudeBot/1.0; +claudebot@anthropic.com)"
74.7.227.163 - - [01/Aug/2026:15:48:35 +0200] "GET /?path=//sys/class/net/eth0/subsystem/lo/subsystem/eth0/device/net/eth0/device/subsystem/drivers/hyperv_drm/module/drivers/vmbus:hyperv_drm/module/notes HTTP/1.1" 200 18476 "https://www.tempokontrol.co.za/?path=//sys/class/net/eth0/subsystem/lo/subsystem/eth0/device/net/eth0/device/subsystem/drivers/hyperv_drm/module/drivers/vmbus:hyperv_drm/module" "Mozilla/5.0 AppleWebKit/537.36 (KHTML, like Gecko; compatible; GPTBot/1.4; +https://openai.com/gptbot)"
74.7.242.17 - - [01/Aug/2026:15:48:38 +0200] "GET /?fileloc=//sys/class/net/eth0/subsystem/eth0/queues/tx-1/byte_queue_limits/limit_max&path=//sys/class/net/eth0/subsystem/eth0/queues/tx-1/byte_queue_limits HTTP/1.1" 200 12794 "https://tempokontrol.co.za/?path=//sys/class/net/eth0/subsystem/eth0/queues/tx-1/byte_queue_limits" "Mozilla/5.0 AppleWebKit/537.36 (KHTML, like Gecko; compatible; GPTBot/1.4; +https://openai.com/gptbot)"
74.7.227.163 - - [01/Aug/2026:15:48:38 +0200] "GET /?path=//sys/class/net/eth0/subsystem/lo/subsystem/eth0/device/net/eth0/device/subsystem/drivers/hyperv_drm/module/drivers/pci:hyperv_drm/module/notes HTTP/1.1" 200 18452 "https://www.tempokontrol.co.za/?path=//sys/class/net/eth0/subsystem/lo/subsystem/eth0/device/net/eth0/device/subsystem/drivers/hyperv_drm/module/drivers/pci:hyperv_drm/module" "Mozilla/5.0 AppleWebKit/537.36 (KHTML, like Gecko; compatible; GPTBot/1.4; +https://openai.com/gptbot)"
216.73.216.79 - - [01/Aug/2026:15:48:39 +0200] "GET /sitemap.xml?fileloc=%2F%2Fproc%2F90%2Fgid_map&path=%2F%2Fproc%2F90 HTTP/1.1" 200 12300 "-" "Mozilla/5.0 AppleWebKit/537.36 (KHTML, like Gecko; compatible; ClaudeBot/1.0; +claudebot@anthropic.com)"
74.7.242.17 - - [01/Aug/2026:15:48:41 +0200] "GET /?fileloc=//sys/class/net/eth0/subsystem/eth0/queues/tx-9/byte_queue_limits/limit_max&path=//sys/class/net/eth0/subsystem/eth0/queues/tx-9/byte_queue_limits HTTP/1.1" 200 12794 "https://tempokontrol.co.za/?path=//sys/class/net/eth0/subsystem/eth0/queues/tx-9/byte_queue_limits" "Mozilla/5.0 AppleWebKit/537.36 (KHTML, like Gecko; compatible; GPTBot/1.4; +https://openai.com/gptbot)"
74.7.227.163 - - [01/Aug/2026:15:48:41 +0200] "GET /?path=//sys/class/net/eth0/subsystem/lo/subsystem/eth0/device/net/eth0/subsystem/eth0/device/subsystem/drivers/hyperv_drm/module/drivers/pci:hyperv_drm/module/sections HTTP/1.1" 200 61545 "https://www.tempokontrol.co.za/?path=//sys/class/net/eth0/subsystem/lo/subsystem/eth0/device/net/eth0/subsystem/eth0/device/subsystem/drivers/hyperv_drm/module/drivers/pci:hyperv_drm/module" "Mozilla/5.0 AppleWebKit/537.36 (KHTML, like Gecko; compatible; GPTBot/1.4; +https://openai.com/gptbot)"
216.73.216.79 - - [01/Aug/2026:15:48:42 +0200] "GET /sitemap.xml?fileloc=%2Fhome%2Ftn%2Fpublic_html%2Fwp-includes%2Fblocks%2Flatest-comments.php&path=%2Fhome%2Ftn%2Fpublic_html%2Fwp-includes%2Fblocks HTTP/1.1" 200 18977 "-" "Mozilla/5.0 AppleWebKit/537.36 (KHTML, like Gecko; compatible; ClaudeBot/1.0; +claudebot@anthropic.com)"
74.7.242.17 - - [01/Aug/2026:15:48:44 +0200] "GET /?fileloc=//sys/class/net/eth0/subsystem/eth0/queues/tx-8/byte_queue_limits/limit_max&path=//sys/class/net/eth0/subsystem/eth0/queues/tx-8/byte_queue_limits HTTP/1.1" 200 12794 "https://tempokontrol.co.za/?path=//sys/class/net/eth0/subsystem/eth0/queues/tx-8/byte_queue_limits" "Mozilla/5.0 AppleWebKit/537.36 (KHTML, like Gecko; compatible; GPTBot/1.4; +https://openai.com/gptbot)"
74.7.227.163 - - [01/Aug/2026:15:48:44 +0200] "GET /?path=//sys/class/net/eth0/subsystem/lo/subsystem/eth0/device/net/eth0/subsystem/eth0/device/subsystem/drivers/hid_hyperv/module/drivers/hid:hid-hyperv/module/sections HTTP/1.1" 200 59551 "https://www.tempokontrol.co.za/?path=//sys/class/net/eth0/subsystem/lo/subsystem/eth0/device/net/eth0/subsystem/eth0/device/subsystem/drivers/hid_hyperv/module/drivers/hid:hid-hyperv/module" "Mozilla/5.0 AppleWebKit/537.36 (KHTML, like Gecko; compatible; GPTBot/1.4; +https://openai.com/gptbot)"
216.73.216.79 - - [01/Aug/2026:15:48:45 +0200] "GET /sitemap.xml?fileloc=%2F%2Fsbin%2Farp&path=%2F%2Fsbin HTTP/1.1" 200 102912 "-" "Mozilla/5.0 AppleWebKit/537.36 (KHTML, like Gecko; compatible; ClaudeBot/1.0; +claudebot@anthropic.com)"
74.7.242.17 - - [01/Aug/2026:15:48:47 +0200] "GET /?fileloc=//sys/class/net/eth0/subsystem/eth0/queues/tx-0/byte_queue_limits/limit&path=//sys/class/net/eth0/subsystem/eth0/queues/tx-0/byte_queue_limits HTTP/1.1" 200 12781 "https://tempokontrol.co.za/?path=//sys/class/net/eth0/subsystem/eth0/queues/tx-0/byte_queue_limits" "Mozilla/5.0 AppleWebKit/537.36 (KHTML, like Gecko; compatible; GPTBot/1.4; +https://openai.com/gptbot)"
74.7.227.163 - - [01/Aug/2026:15:48:47 +0200] "GET /?path=//sys/class/net/eth0/subsystem/lo/subsystem/eth0/device/net/eth0/subsystem/eth0/device/subsystem/drivers/hid_hyperv/module/drivers/vmbus:hid_hyperv/module/sections HTTP/1.1" 200 59735 "https://www.tempokontrol.co.za/?path=//sys/class/net/eth0/subsystem/lo/subsystem/eth0/device/net/eth0/subsystem/eth0/device/subsystem/drivers/hid_hyperv/module/drivers/vmbus:hid_hyperv/module" "Mozilla/5.0 AppleWebKit/537.36 (KHTML, like Gecko; compatible; GPTBot/1.4; +https://openai.com/gptbot)"
216.73.216.79 - - [01/Aug/2026:15:48:48 +0200] "GET /sitemap.xml?fileloc=%2F%2Fetc%2Fsecurity%2Ftime.conf&path=%2F%2Fetc%2Fsecurity HTTP/1.1" 200 14580 "-" "Mozilla/5.0 AppleWebKit/537.36 (KHTML, like Gecko; compatible; ClaudeBot/1.0; +claudebot@anthropic.com)"
74.7.242.17 - - [01/Aug/2026:15:48:50 +0200] "GET /?path=//sys/class/net/eth0/subsystem/lo/subsystem/lo/statistics HTTP/1.1" 200 51623 "https://tempokontrol.co.za/?path=//sys/class/net/eth0/subsystem/lo/subsystem/lo" "Mozilla/5.0 AppleWebKit/537.36 (KHTML, like Gecko; compatible; GPTBot/1.4; +https://openai.com/gptbot)"
74.7.227.163 - - [01/Aug/2026:15:48:51 +0200] "GET /?path=//sys/class/net/eth0/subsystem/lo/subsystem/eth0/device/net/eth0/subsystem/eth0/device/subsystem/drivers/hid_hyperv/module/drivers/hid:hid-hyperv/module/notes HTTP/1.1" 200 18917 "https://www.tempokontrol.co.za/?path=//sys/class/net/eth0/subsystem/lo/subsystem/eth0/device/net/eth0/subsystem/eth0/device/subsystem/drivers/hid_hyperv/module/drivers/hid:hid-hyperv/module" "Mozilla/5.0 AppleWebKit/537.36 (KHTML, like Gecko; compatible; GPTBot/1.4; +https://openai.com/gptbot)"
216.73.216.79 - - [01/Aug/2026:15:48:51 +0200] "GET /sitemap.xml?fileloc=%2F%2Fvar%2Frun%2Fudev%2Fdata%2Fb253%3A2&path=%2F%2Fvar%2Frun%2Fudev%2Fdata HTTP/1.1" 200 13159 "-" "Mozilla/5.0 AppleWebKit/537.36 (KHTML, like Gecko; compatible; ClaudeBot/1.0; +claudebot@anthropic.com)"
74.7.242.17 - - [01/Aug/2026:15:48:53 +0200] "GET /?path=//sys/class/net/eth0/subsystem/eth0/queues/tx-4/byte_queue_limits HTTP/1.1" 200 21227 "https://tempokontrol.co.za/?path=//sys/class/net/eth0/subsystem/eth0/queues/tx-4" "Mozilla/5.0 AppleWebKit/537.36 (KHTML, like Gecko; compatible; GPTBot/1.4; +https://openai.com/gptbot)"
74.7.227.163 - - [01/Aug/2026:15:48:54 +0200] "GET /?fileloc=//sys/class/net/eth0/subsystem/lo/subsystem/eth0/device/net/eth0/device/subsystem/drivers/hyperv_drm/module/drivers/vmbus:hyperv_drm/module/sections/.strtab&path=//sys/class/net/eth0/subsystem/lo/subsystem/eth0/device/net/eth0/device/subsystem/drivers/hyperv_drm/module/drivers/vmbus:hyperv_drm/module/sections HTTP/1.1" 200 14273 "https://www.tempokontrol.co.za/?path=//sys/class/net/eth0/subsystem/lo/subsystem/eth0/device/net/eth0/device/subsystem/drivers/hyperv_drm/module/drivers/vmbus:hyperv_drm/module/sections" "Mozilla/5.0 AppleWebKit/537.36 (KHTML, like Gecko; compatible; GPTBot/1.4; +https://openai.com/gptbot)"
74.7.242.17 - - [01/Aug/2026:15:48:56 +0200] "GET /?path=//sys/class/net/eth0/subsystem/eth0/queues/tx-3/byte_queue_limits HTTP/1.1" 200 21227 "https://tempokontrol.co.za/?path=//sys/class/net/eth0/subsystem/eth0/queues/tx-3" "Mozilla/5.0 AppleWebKit/537.36 (KHTML, like Gecko; compatible; GPTBot/1.4; +https://openai.com/gptbot)"
74.7.227.163 - - [01/Aug/2026:15:48:57 +0200] "GET /?path=//sys/class/net/eth0/subsystem/lo/subsystem/eth0/device/net/eth0/subsystem/eth0/device/subsystem/drivers/hid_hyperv/module/drivers/hid:hid-hyperv/module/holders HTTP/1.1" 200 14881 "https://www.tempokontrol.co.za/?path=//sys/class/net/eth0/subsystem/lo/subsystem/eth0/device/net/eth0/subsystem/eth0/device/subsystem/drivers/hid_hyperv/module/drivers/hid:hid-hyperv/module" "Mozilla/5.0 AppleWebKit/537.36 (KHTML, like Gecko; compatible; GPTBot/1.4; +https://openai.com/gptbot)"
216.73.216.79 - - [01/Aug/2026:15:48:58 +0200] "GET /sitemap.xml?path=%2F%2Fsys%2Fdev%2Fchar%2F4%3A15%2Fsubsystem%2Ftty6 HTTP/1.1" 200 18609 "-" "Mozilla/5.0 AppleWebKit/537.36 (KHTML, like Gecko; compatible; ClaudeBot/1.0; +claudebot@anthropic.com)"
74.7.242.17 - - [01/Aug/2026:15:48:59 +0200] "GET /?path=//sys/class/net/eth0/subsystem/eth0/queues/tx-6/byte_queue_limits HTTP/1.1" 200 21227 "https://tempokontrol.co.za/?path=//sys/class/net/eth0/subsystem/eth0/queues/tx-6" "Mozilla/5.0 AppleWebKit/537.36 (KHTML, like Gecko; compatible; GPTBot/1.4; +https://openai.com/gptbot)"
216.73.216.79 - - [01/Aug/2026:15:49:00 +0200] "GET /sitemap.xml?path=%2F%2Fsys%2Fdev%2Fchar%2F4%3A54%2Fsubsystem%2Ftty44 HTTP/1.1" 200 18625 "-" "Mozilla/5.0 AppleWebKit/537.36 (KHTML, like Gecko; compatible; ClaudeBot/1.0; +claudebot@anthropic.com)"
74.7.227.163 - - [01/Aug/2026:15:49:00 +0200] "GET /?path=//sys/class/net/eth0/subsystem/lo/subsystem/eth0/device/net/eth0/subsystem/eth0/device/subsystem/drivers/hid_hyperv/module/drivers/vmbus:hid_hyperv/module/drivers HTTP/1.1" 200 18487 "https://www.tempokontrol.co.za/?path=//sys/class/net/eth0/subsystem/lo/subsystem/eth0/device/net/eth0/subsystem/eth0/device/subsystem/drivers/hid_hyperv/module/drivers/vmbus:hid_hyperv/module" "Mozilla/5.0 AppleWebKit/537.36 (KHTML, like Gecko; compatible; GPTBot/1.4; +https://openai.com/gptbot)"
74.7.242.17 - - [01/Aug/2026:15:49:02 +0200] "GET /?path=//sys/class/net/eth0/subsystem/eth0/queues/tx-2/byte_queue_limits HTTP/1.1" 200 21227 "https://tempokontrol.co.za/?path=//sys/class/net/eth0/subsystem/eth0/queues/tx-2" "Mozilla/5.0 AppleWebKit/537.36 (KHTML, like Gecko; compatible; GPTBot/1.4; +https://openai.com/gptbot)"
192.178.6.103 - - [01/Aug/2026:15:48:56 +0200] "GET /product/rose-touch-t-shirt-women/ HTTP/1.1" 200 840635 "-" "Mozilla/5.0 (Linux; Android 6.0.1; Nexus 5X Build/MMB29P) AppleWebKit/537.36 (KHTML, like Gecko) Chrome/150.0.7871.186 Mobile Safari/537.36 (compatible; Googlebot/2.1; +http://www.google.com/bot.html)"
216.73.216.79 - - [01/Aug/2026:15:49:03 +0200] "GET /sitemap.xml?path=%2F%2Fsys%2Fclass%2Fvc%2Fvcsa5 HTTP/1.1" 200 18297 "-" "Mozilla/5.0 AppleWebKit/537.36 (KHTML, like Gecko; compatible; ClaudeBot/1.0; +claudebot@anthropic.com)"
74.7.227.163 - - [01/Aug/2026:15:49:03 +0200] "GET /?path=//sys/class/net/eth0/subsystem/lo/subsystem/eth0/device/net/eth0/subsystem/eth0/device/subsystem/drivers/hv_utils/module/drivers/vmbus:hv_utils/module HTTP/1.1" 200 39011 "https://www.tempokontrol.co.za/?path=//sys/class/net/eth0/subsystem/lo/subsystem/eth0/device/net/eth0/subsystem/eth0/device/subsystem/drivers/hv_utils/module/drivers/vmbus:hv_utils" "Mozilla/5.0 AppleWebKit/537.36 (KHTML, like Gecko; compatible; GPTBot/1.4; +https://openai.com/gptbot)"
34.152.59.30 - - [01/Aug/2026:15:49:05 +0200] "GET /.env.dev HTTP/1.1" 401 36 "-" "crusader-worker/1.0"
34.152.59.30 - - [01/Aug/2026:15:49:05 +0200] "GET /.env.backup HTTP/1.1" 401 36 "-" "crusader-worker/1.0"
34.152.59.30 - - [01/Aug/2026:15:49:05 +0200] "GET /.env.prod HTTP/1.1" 401 36 "-" "crusader-worker/1.0"
34.152.59.30 - - [01/Aug/2026:15:49:05 +0200] "GET /.env.production HTTP/1.1" 401 36 "-" "crusader-worker/1.0"
34.152.59.30 - - [01/Aug/2026:15:49:05 +0200] "GET /.env.save HTTP/1.1" 401 36 "-" "crusader-worker/1.0"
34.152.59.30 - - [01/Aug/2026:15:49:05 +0200] "GET /.env.local HTTP/1.1" 401 36 "-" "crusader-worker/1.0"
34.152.59.30 - - [01/Aug/2026:15:49:05 +0200] "GET /.env.old HTTP/1.1" 401 36 "-" "crusader-worker/1.0"
34.152.59.30 - - [01/Aug/2026:15:49:05 +0200] "GET /.env.bak HTTP/1.1" 401 36 "-" "crusader-worker/1.0"
34.152.59.30 - - [01/Aug/2026:15:49:05 +0200] "GET /.env.example HTTP/1.1" 401 36 "-" "crusader-worker/1.0"
34.152.59.30 - - [01/Aug/2026:15:49:05 +0200] "GET /.env HTTP/1.1" 401 36 "-" "crusader-worker/1.0"
216.73.216.79 - - [01/Aug/2026:15:49:06 +0200] "GET /sitemap.xml?path=%2F%2Fsys%2Fkernel%2Fslab%2Fkmalloc-rcl-32 HTTP/1.1" 200 57851 "-" "Mozilla/5.0 AppleWebKit/537.36 (KHTML, like Gecko; compatible; ClaudeBot/1.0; +claudebot@anthropic.com)"
74.7.242.17 - - [01/Aug/2026:15:49:06 +0200] "GET /?path=//sys/class/net/lo/subsystem/lo/subsystem/eth0/subsystem/lo HTTP/1.1" 200 71882 "https://tempokontrol.co.za/?path=//sys/class/net/lo/subsystem/lo/subsystem/eth0/subsystem" "Mozilla/5.0 AppleWebKit/537.36 (KHTML, like Gecko; compatible; GPTBot/1.4; +https://openai.com/gptbot)"
74.7.227.163 - - [01/Aug/2026:15:49:06 +0200] "GET /?path=//sys/class/net/eth0/subsystem/lo/subsystem/eth0/device/net/eth0/subsystem/eth0/device/subsystem/drivers/hid_hyperv/module/drivers/vmbus:hid_hyperv/module/holders HTTP/1.1" 200 14889 "https://www.tempokontrol.co.za/?path=//sys/class/net/eth0/subsystem/lo/subsystem/eth0/device/net/eth0/subsystem/eth0/device/subsystem/drivers/hid_hyperv/module/drivers/vmbus:hid_hyperv/module" "Mozilla/5.0 AppleWebKit/537.36 (KHTML, like Gecko; compatible; GPTBot/1.4; +https://openai.com/gptbot)"
216.73.216.79 - - [01/Aug/2026:15:49:09 +0200] "GET /sitemap.xml?path=%2F%2Fsys%2Fdevices%2Fsystem%2Fclocksource%2Fpower HTTP/1.1" 200 20582 "-" "Mozilla/5.0 AppleWebKit/537.36 (KHTML, like Gecko; compatible; ClaudeBot/1.0; +claudebot@anthropic.com)"
74.7.242.17 - - [01/Aug/2026:15:49:09 +0200] "GET /?path=//sys/class/net/lo/subsystem/eth0/subsystem/lo/subsystem/lo HTTP/1.1" 200 71886 "https://tempokontrol.co.za/?path=//sys/class/net/lo/subsystem/eth0/subsystem/lo/subsystem" "Mozilla/5.0 AppleWebKit/537.36 (KHTML, like Gecko; compatible; GPTBot/1.4; +https://openai.com/gptbot)"
74.7.227.163 - - [01/Aug/2026:15:49:09 +0200] "GET /?path=//sys/class/net/eth0/subsystem/lo/subsystem/eth0/device/net/eth0/subsystem/eth0/device/subsystem/drivers/hv_storvsc/module/drivers/vmbus:hv_storvsc/module/parameters HTTP/1.1" 200 25273 "https://www.tempokontrol.co.za/?path=//sys/class/net/eth0/subsystem/lo/subsystem/eth0/device/net/eth0/subsystem/eth0/device/subsystem/drivers/hv_storvsc/module/drivers/vmbus:hv_storvsc/module" "Mozilla/5.0 AppleWebKit/537.36 (KHTML, like Gecko; compatible; GPTBot/1.4; +https://openai.com/gptbot)"
216.73.216.79 - - [01/Aug/2026:15:49:12 +0200] "GET /sitemap.xml?path=%2F%2Fsys%2Fdev%2Fchar%2F7%3A2%2Fsubsystem%2Fvcsa1 HTTP/1.1" 200 18607 "-" "Mozilla/5.0 AppleWebKit/537.36 (KHTML, like Gecko; compatible; ClaudeBot/1.0; +claudebot@anthropic.com)"
74.7.242.17 - - [01/Aug/2026:15:49:12 +0200] "GET /?path=//sys/class/net/lo/subsystem/lo/subsystem/lo HTTP/1.1" 200 69548 "https://tempokontrol.co.za/?path=//sys/class/net/lo/subsystem/lo/subsystem" "Mozilla/5.0 AppleWebKit/537.36 (KHTML, like Gecko; compatible; GPTBot/1.4; +https://openai.com/gptbot)"
52.167.144.169 - - [01/Aug/2026:15:49:10 +0200] "GET /?q=u9n2d2e9r6s3c3o0r6e52 HTTP/1.1" 200 812225 "-" "Mozilla/5.0 AppleWebKit/537.36 (KHTML, like Gecko; compatible; bingbot/2.0; +http://www.bing.com/bingbot.htm) Chrome/116.0.1938.76 Safari/537.36"
74.7.227.163 - - [01/Aug/2026:15:49:13 +0200] "GET /?path=//sys/class/net/eth0/subsystem/lo/subsystem/eth0/device/net/eth0/subsystem/eth0/device/subsystem/drivers/hv_storvsc/module/drivers/vmbus:hv_storvsc/module/sections HTTP/1.1" 200 71935 "https://www.tempokontrol.co.za/?path=//sys/class/net/eth0/subsystem/lo/subsystem/eth0/device/net/eth0/subsystem/eth0/device/subsystem/drivers/hv_storvsc/module/drivers/vmbus:hv_storvsc/module" "Mozilla/5.0 AppleWebKit/537.36 (KHTML, like Gecko; compatible; GPTBot/1.4; +https://openai.com/gptbot)"
216.73.216.79 - - [01/Aug/2026:15:49:15 +0200] "GET /sitemap.xml?fileloc=%2F%2Fsys%2Fdevices%2Fsystem%2Fnode%2Fnode0%2Fmemory118%2Fuevent&path=%2F%2Fsys%2Fdevices%2Fsystem%2Fnode%2Fnode0%2Fmemory118 HTTP/1.1" 200 12534 "-" "Mozilla/5.0 AppleWebKit/537.36 (KHTML, like Gecko; compatible; ClaudeBot/1.0; +claudebot@anthropic.com)"
74.7.242.17 - - [01/Aug/2026:15:49:15 +0200] "GET /?path=//sys/class/net/lo/subsystem/eth0/subsystem/lo/queues HTTP/1.1" 200 15963 "https://tempokontrol.co.za/?path=//sys/class/net/lo/subsystem/eth0/subsystem/lo" "Mozilla/5.0 AppleWebKit/537.36 (KHTML, like Gecko; compatible; GPTBot/1.4; +https://openai.com/gptbot)"
74.7.227.163 - - [01/Aug/2026:15:49:16 +0200] "GET /?path=//sys/class/net/eth0/subsystem/lo/subsystem/eth0/device/net/eth0/subsystem/eth0/device/subsystem/drivers/hv_storvsc/module/drivers/vmbus:hv_storvsc/module/drivers HTTP/1.1" 200 16692 "https://www.tempokontrol.co.za/?path=//sys/class/net/eth0/subsystem/lo/subsystem/eth0/device/net/eth0/subsystem/eth0/device/subsystem/drivers/hv_storvsc/module/drivers/vmbus:hv_storvsc/module" "Mozilla/5.0 AppleWebKit/537.36 (KHTML, like Gecko; compatible; GPTBot/1.4; +https://openai.com/gptbot)"
216.73.216.79 - - [01/Aug/2026:15:49:18 +0200] "GET /sitemap.xml?path=%2F%2Fsys%2Fdevices%2Fsystem%2Fcpu%2Fcpu4%2Fpower HTTP/1.1" 200 22120 "-" "Mozilla/5.0 AppleWebKit/537.36 (KHTML, like Gecko; compatible; ClaudeBot/1.0; +claudebot@anthropic.com)"
74.7.242.17 - - [01/Aug/2026:15:49:18 +0200] "GET /?fileloc=//sys/class/net/lo/subsystem/lo/type&path=//sys/class/net/lo/subsystem/lo HTTP/1.1" 200 12489 "https://tempokontrol.co.za/?path=//sys/class/net/lo/subsystem/lo" "Mozilla/5.0 AppleWebKit/537.36 (KHTML, like Gecko; compatible; GPTBot/1.4; +https://openai.com/gptbot)"
74.7.227.163 - - [01/Aug/2026:15:49:19 +0200] "GET /?path=//sys/class/net/eth0/subsystem/lo/subsystem/eth0/device/net/eth0/subsystem/eth0/device/subsystem/drivers/hv_storvsc/module/drivers/vmbus:hv_storvsc/module/holders HTTP/1.1" 200 14889 "https://www.tempokontrol.co.za/?path=//sys/class/net/eth0/subsystem/lo/subsystem/eth0/device/net/eth0/subsystem/eth0/device/subsystem/drivers/hv_storvsc/module/drivers/vmbus:hv_storvsc/module" "Mozilla/5.0 AppleWebKit/537.36 (KHTML, like Gecko; compatible; GPTBot/1.4; +https://openai.com/gptbot)"
216.73.216.79 - - [01/Aug/2026:15:49:21 +0200] "GET /sitemap.xml?path=%2F%2Fsys%2Fdev%2Fchar%2F4%3A46%2Fsubsystem%2Ftty50%2Fsubsystem HTTP/1.1" 200 112885 "-" "Mozilla/5.0 AppleWebKit/537.36 (KHTML, like Gecko; compatible; ClaudeBot/1.0; +claudebot@anthropic.com)"
74.7.242.17 - - [01/Aug/2026:15:49:21 +0200] "GET /?fileloc=//sys/power/state&path=//sys/power HTTP/1.1" 200 12286 "https://tempokontrol.co.za/?path=//sys/power" "Mozilla/5.0 AppleWebKit/537.36 (KHTML, like Gecko; compatible; GPTBot/1.4; +https://openai.com/gptbot)"
74.7.227.163 - - [01/Aug/2026:15:49:22 +0200] "GET /?path=//sys/class/net/eth0/subsystem/lo/subsystem/eth0/device/net/eth0/subsystem/eth0/device/subsystem/drivers/hyperv_drm/module/drivers/pci:hyperv_drm/module/notes HTTP/1.1" 200 18917 "https://www.tempokontrol.co.za/?path=//sys/class/net/eth0/subsystem/lo/subsystem/eth0/device/net/eth0/subsystem/eth0/device/subsystem/drivers/hyperv_drm/module/drivers/pci:hyperv_drm/module" "Mozilla/5.0 AppleWebKit/537.36 (KHTML, like Gecko; compatible; GPTBot/1.4; +https://openai.com/gptbot)"
216.73.216.79 - - [01/Aug/2026:15:49:24 +0200] "GET /sitemap.xml?path=%2F%2Fsys%2Fdev%2Fchar%2F10%3A183%2Fsubsystem%2Frfkill%2Fpower HTTP/1.1" 200 20804 "-" "Mozilla/5.0 AppleWebKit/537.36 (KHTML, like Gecko; compatible; ClaudeBot/1.0; +claudebot@anthropic.com)"
74.7.242.17 - - [01/Aug/2026:15:49:25 +0200] "GET /?fileloc=//sys/class/net/eth0/subsystem/lo/subsystem/lo/statistics/rx_dropped&path=//sys/class/net/eth0/subsystem/lo/subsystem/lo/statistics HTTP/1.1" 200 12760 "https://tempokontrol.co.za/?path=//sys/class/net/eth0/subsystem/lo/subsystem/lo/statistics" "Mozilla/5.0 AppleWebKit/537.36 (KHTML, like Gecko; compatible; GPTBot/1.4; +https://openai.com/gptbot)"
74.7.227.163 - - [01/Aug/2026:15:49:25 +0200] "GET /?path=//sys/class/net/eth0/subsystem/lo/subsystem/eth0/device/net/eth0/subsystem/eth0/device/subsystem/drivers/hyperv_drm/module/drivers/pci:hyperv_drm/module/drivers HTTP/1.1" 200 18467 "https://www.tempokontrol.co.za/?path=//sys/class/net/eth0/subsystem/lo/subsystem/eth0/device/net/eth0/subsystem/eth0/device/subsystem/drivers/hyperv_drm/module/drivers/pci:hyperv_drm/module" "Mozilla/5.0 AppleWebKit/537.36 (KHTML, like Gecko; compatible; GPTBot/1.4; +https://openai.com/gptbot)"
216.73.216.79 - - [01/Aug/2026:15:49:27 +0200] "GET /sitemap.xml?path=%2F%2Fsys%2Fkernel%2Fslab%2Fkmalloc-rcl-96 HTTP/1.1" 200 57851 "-" "Mozilla/5.0 AppleWebKit/537.36 (KHTML, like Gecko; compatible; ClaudeBot/1.0; +claudebot@anthropic.com)"
74.7.242.17 - - [01/Aug/2026:15:49:28 +0200] "GET /?fileloc=//sys/class/net/eth0/subsystem/lo/subsystem/lo/statistics/tx_dropped&path=//sys/class/net/eth0/subsystem/lo/subsystem/lo/statistics HTTP/1.1" 200 12760 "https://tempokontrol.co.za/?path=//sys/class/net/eth0/subsystem/lo/subsystem/lo/statistics" "Mozilla/5.0 AppleWebKit/537.36 (KHTML, like Gecko; compatible; GPTBot/1.4; +https://openai.com/gptbot)"
74.7.227.163 - - [01/Aug/2026:15:49:29 +0200] "GET /?path=//sys/class/net/eth0/subsystem/lo/subsystem/eth0/device/net/eth0/subsystem/eth0/device/subsystem/drivers/hyperv_drm/module/drivers/pci:hyperv_drm/module/holders HTTP/1.1" 200 14881 "https://www.tempokontrol.co.za/?path=//sys/class/net/eth0/subsystem/lo/subsystem/eth0/device/net/eth0/subsystem/eth0/device/subsystem/drivers/hyperv_drm/module/drivers/pci:hyperv_drm/module" "Mozilla/5.0 AppleWebKit/537.36 (KHTML, like Gecko; compatible; GPTBot/1.4; +https://openai.com/gptbot)"
216.73.216.79 - - [01/Aug/2026:15:49:30 +0200] "GET /sitemap.xml?path=%2F%2Fsys%2Fclass%2Ftty%2Ftty32%2Fsubsystem%2Ftty5 HTTP/1.1" 200 18648 "-" "Mozilla/5.0 AppleWebKit/537.36 (KHTML, like Gecko; compatible; ClaudeBot/1.0; +claudebot@anthropic.com)"
74.7.242.17 - - [01/Aug/2026:15:49:31 +0200] "GET /?fileloc=//sys/class/net/eth0/subsystem/lo/subsystem/lo/statistics/rx_nohandler&path=//sys/class/net/eth0/subsystem/lo/subsystem/lo/statistics HTTP/1.1" 200 12762 "https://tempokontrol.co.za/?path=//sys/class/net/eth0/subsystem/lo/subsystem/lo/statistics" "Mozilla/5.0 AppleWebKit/537.36 (KHTML, like Gecko; compatible; GPTBot/1.4; +https://openai.com/gptbot)"
74.7.227.163 - - [01/Aug/2026:15:49:32 +0200] "GET /?path=//sys/class/net/eth0/subsystem/lo/subsystem/eth0/device/net/eth0/subsystem/eth0/device/subsystem/drivers/hv_storvsc/module/drivers/vmbus:hv_storvsc/module/notes HTTP/1.1" 200 18941 "https://www.tempokontrol.co.za/?path=//sys/class/net/eth0/subsystem/lo/subsystem/eth0/device/net/eth0/subsystem/eth0/device/subsystem/drivers/hv_storvsc/module/drivers/vmbus:hv_storvsc/module" "Mozilla/5.0 AppleWebKit/537.36 (KHTML, like Gecko; compatible; GPTBot/1.4; +https://openai.com/gptbot)"
216.73.216.79 - - [01/Aug/2026:15:49:33 +0200] "GET /sitemap.xml?path=%2F%2Fsys%2Fdev%2Fchar%2F4%3A54%2Fsubsystem%2Ftty63 HTTP/1.1" 200 18625 "-" "Mozilla/5.0 AppleWebKit/537.36 (KHTML, like Gecko; compatible; ClaudeBot/1.0; +claudebot@anthropic.com)"
74.7.242.17 - - [01/Aug/2026:15:49:34 +0200] "GET /?fileloc=//sys/class/net/eth0/subsystem/lo/subsystem/lo/statistics/rx_length_errors&path=//sys/class/net/eth0/subsystem/lo/subsystem/lo/statistics HTTP/1.1" 200 12766 "https://tempokontrol.co.za/?path=//sys/class/net/eth0/subsystem/lo/subsystem/lo/statistics" "Mozilla/5.0 AppleWebKit/537.36 (KHTML, like Gecko; compatible; GPTBot/1.4; +https://openai.com/gptbot)"
74.7.227.163 - - [01/Aug/2026:15:49:35 +0200] "GET /?path=//sys/class/net/eth0/subsystem/lo/subsystem/eth0/device/net/eth0/subsystem/eth0/device/subsystem/drivers/hid_hyperv/module/drivers/vmbus:hid_hyperv/module/drivers/vmbus:hid_hyperv HTTP/1.1" 200 29228 "https://www.tempokontrol.co.za/?path=//sys/class/net/eth0/subsystem/lo/subsystem/eth0/device/net/eth0/subsystem/eth0/device/subsystem/drivers/hid_hyperv/module/drivers/vmbus:hid_hyperv/module/drivers" "Mozilla/5.0 AppleWebKit/537.36 (KHTML, like Gecko; compatible; GPTBot/1.4; +https://openai.com/gptbot)"
216.73.216.79 - - [01/Aug/2026:15:49:36 +0200] "GET /sitemap.xml?path=%2F%2Fsys%2Fdevices%2Fvirtual%2Ftty%2Ftty4 HTTP/1.1" 200 18512 "-" "Mozilla/5.0 AppleWebKit/537.36 (KHTML, like Gecko; compatible; ClaudeBot/1.0; +claudebot@anthropic.com)"
74.7.242.17 - - [01/Aug/2026:15:49:37 +0200] "GET /?fileloc=//sys/class/net/eth0/subsystem/lo/subsystem/lo/statistics/tx_window_errors&path=//sys/class/net/eth0/subsystem/lo/subsystem/lo/statistics HTTP/1.1" 200 12766 "https://tempokontrol.co.za/?path=//sys/class/net/eth0/subsystem/lo/subsystem/lo/statistics" "Mozilla/5.0 AppleWebKit/537.36 (KHTML, like Gecko; compatible; GPTBot/1.4; +https://openai.com/gptbot)"
74.7.227.163 - - [01/Aug/2026:15:49:38 +0200] "GET /?path=//sys/class/net/eth0/subsystem/lo/subsystem/eth0/device/net/eth0/subsystem/eth0/device/subsystem/drivers/hv_utils/module/drivers/vmbus:hv_utils/module/notes HTTP/1.1" 200 18887 "https://www.tempokontrol.co.za/?path=//sys/class/net/eth0/subsystem/lo/subsystem/eth0/device/net/eth0/subsystem/eth0/device/subsystem/drivers/hv_utils/module/drivers/vmbus:hv_utils/module" "Mozilla/5.0 AppleWebKit/537.36 (KHTML, like Gecko; compatible; GPTBot/1.4; +https://openai.com/gptbot)"
216.73.216.79 - - [01/Aug/2026:15:49:39 +0200] "GET /sitemap.xml?path=%2F%2Fsys%2Fclass%2Fvc%2Fvcs6 HTTP/1.1" 200 18281 "-" "Mozilla/5.0 AppleWebKit/537.36 (KHTML, like Gecko; compatible; ClaudeBot/1.0; +claudebot@anthropic.com)"
74.7.242.17 - - [01/Aug/2026:15:49:40 +0200] "GET /?fileloc=//sys/class/net/eth0/subsystem/lo/subsystem/lo/statistics/tx_aborted_errors&path=//sys/class/net/eth0/subsystem/lo/subsystem/lo/statistics HTTP/1.1" 200 12767 "https://tempokontrol.co.za/?path=//sys/class/net/eth0/subsystem/lo/subsystem/lo/statistics" "Mozilla/5.0 AppleWebKit/537.36 (KHTML, like Gecko; compatible; GPTBot/1.4; +https://openai.com/gptbot)"
74.7.227.163 - - [01/Aug/2026:15:49:41 +0200] "GET /?path=//sys/class/net/eth0/subsystem/lo/subsystem/eth0/device/net/eth0/subsystem/eth0/device/subsystem/drivers/hv_utils/module/drivers/vmbus:hv_utils/module/holders HTTP/1.1" 200 14867 "https://www.tempokontrol.co.za/?path=//sys/class/net/eth0/subsystem/lo/subsystem/eth0/device/net/eth0/subsystem/eth0/device/subsystem/drivers/hv_utils/module/drivers/vmbus:hv_utils/module" "Mozilla/5.0 AppleWebKit/537.36 (KHTML, like Gecko; compatible; GPTBot/1.4; +https://openai.com/gptbot)"
216.73.216.79 - - [01/Aug/2026:15:49:42 +0200] "GET /sitemap.xml?path=%2F%2Fsys%2Fdev%2Fchar%2F4%3A56%2Fsubsystem%2Ftty48 HTTP/1.1" 200 18625 "-" "Mozilla/5.0 AppleWebKit/537.36 (KHTML, like Gecko; compatible; ClaudeBot/1.0; +claudebot@anthropic.com)"
74.7.242.17 - - [01/Aug/2026:15:49:43 +0200] "GET /?fileloc=//sys/class/net/eth0/subsystem/lo/subsystem/lo/statistics/rx_missed_errors&path=//sys/class/net/eth0/subsystem/lo/subsystem/lo/statistics HTTP/1.1" 200 12766 "https://tempokontrol.co.za/?path=//sys/class/net/eth0/subsystem/lo/subsystem/lo/statistics" "Mozilla/5.0 AppleWebKit/537.36 (KHTML, like Gecko; compatible; GPTBot/1.4; +https://openai.com/gptbot)"
216.73.216.79 - - [01/Aug/2026:15:49:45 +0200] "GET /sitemap.xml?path=%2F%2Fsys%2Fblock%2Fsr0%2Fsubsystem%2Fsdf HTTP/1.1" 200 53012 "-" "Mozilla/5.0 AppleWebKit/537.36 (KHTML, like Gecko; compatible; ClaudeBot/1.0; +claudebot@anthropic.com)"
74.7.227.163 - - [01/Aug/2026:15:49:45 +0200] "GET /?path=//sys/class/net/eth0/subsystem/lo/subsystem/eth0/device/net/eth0/subsystem/eth0/device/subsystem/drivers/hv_utils/module/drivers/vmbus:hv_utils/module/parameters HTTP/1.1" 200 16911 "https://www.tempokontrol.co.za/?path=//sys/class/net/eth0/subsystem/lo/subsystem/eth0/device/net/eth0/subsystem/eth0/device/subsystem/drivers/hv_utils/module/drivers/vmbus:hv_utils/module" "Mozilla/5.0 AppleWebKit/537.36 (KHTML, like Gecko; compatible; GPTBot/1.4; +https://openai.com/gptbot)"
74.7.242.17 - - [01/Aug/2026:15:49:47 +0200] "GET /?fileloc=//sys/class/net/lo/subsystem/lo/subsystem/lo/carrier_down_count&path=//sys/class/net/lo/subsystem/lo/subsystem/lo HTTP/1.1" 200 12654 "https://tempokontrol.co.za/?path=//sys/class/net/lo/subsystem/lo/subsystem/lo" "Mozilla/5.0 AppleWebKit/537.36 (KHTML, like Gecko; compatible; GPTBot/1.4; +https://openai.com/gptbot)"
216.73.216.79 - - [01/Aug/2026:15:49:48 +0200] "GET /sitemap.xml?path=%2F%2Fsys%2Fdev%2Fchar%2F4%3A32%2Fsubsystem%2Ftty25 HTTP/1.1" 200 18625 "-" "Mozilla/5.0 AppleWebKit/537.36 (KHTML, like Gecko; compatible; ClaudeBot/1.0; +claudebot@anthropic.com)"
74.7.227.163 - - [01/Aug/2026:15:49:48 +0200] "GET /?path=//sys/class/net/eth0/subsystem/lo/subsystem/eth0/device/net/eth0/subsystem/eth0/device/subsystem/drivers/hv_utils/module/drivers/vmbus:hv_utils/module/drivers HTTP/1.1" 200 16650 "https://www.tempokontrol.co.za/?path=//sys/class/net/eth0/subsystem/lo/subsystem/eth0/device/net/eth0/subsystem/eth0/device/subsystem/drivers/hv_utils/module/drivers/vmbus:hv_utils/module" "Mozilla/5.0 AppleWebKit/537.36 (KHTML, like Gecko; compatible; GPTBot/1.4; +https://openai.com/gptbot)"
74.7.242.17 - - [01/Aug/2026:15:49:50 +0200] "GET /?fileloc=//sys/class/net/lo/subsystem/lo/subsystem/lo/addr_assign_type&path=//sys/class/net/lo/subsystem/lo/subsystem/lo HTTP/1.1" 200 12652 "https://tempokontrol.co.za/?path=//sys/class/net/lo/subsystem/lo/subsystem/lo" "Mozilla/5.0 AppleWebKit/537.36 (KHTML, like Gecko; compatible; GPTBot/1.4; +https://openai.com/gptbot)"
74.7.227.163 - - [01/Aug/2026:15:49:51 +0200] "GET /?path=//sys/class/net/eth0/subsystem/lo/subsystem/eth0/device/net/eth0/subsystem/eth0/device/subsystem/drivers/hid_hyperv/module/drivers/vmbus:hid_hyperv/module/notes HTTP/1.1" 200 18941 "https://www.tempokontrol.co.za/?path=//sys/class/net/eth0/subsystem/lo/subsystem/eth0/device/net/eth0/subsystem/eth0/device/subsystem/drivers/hid_hyperv/module/drivers/vmbus:hid_hyperv/module" "Mozilla/5.0 AppleWebKit/537.36 (KHTML, like Gecko; compatible; GPTBot/1.4; +https://openai.com/gptbot)"
74.7.242.17 - - [01/Aug/2026:15:49:53 +0200] "GET /?fileloc=//sys/class/net/lo/subsystem/lo/subsystem/lo/tx_queue_len&path=//sys/class/net/lo/subsystem/lo/subsystem/lo HTTP/1.1" 200 12651 "https://tempokontrol.co.za/?path=//sys/class/net/lo/subsystem/lo/subsystem/lo" "Mozilla/5.0 AppleWebKit/537.36 (KHTML, like Gecko; compatible; GPTBot/1.4; +https://openai.com/gptbot)"
74.7.227.163 - - [01/Aug/2026:15:49:54 +0200] "GET /?path=//sys/class/net/eth0/subsystem/lo/subsystem/eth0/device/net/eth0/subsystem/eth0/device/subsystem/drivers/hid_hyperv/module/drivers/hid:hid-hyperv/module/drivers HTTP/1.1" 200 18467 "https://www.tempokontrol.co.za/?path=//sys/class/net/eth0/subsystem/lo/subsystem/eth0/device/net/eth0/subsystem/eth0/device/subsystem/drivers/hid_hyperv/module/drivers/hid:hid-hyperv/module" "Mozilla/5.0 AppleWebKit/537.36 (KHTML, like Gecko; compatible; GPTBot/1.4; +https://openai.com/gptbot)"
74.7.242.17 - - [01/Aug/2026:15:49:56 +0200] "GET /?fileloc=//sys/class/net/lo/subsystem/lo/subsystem/lo/carrier_changes&path=//sys/class/net/lo/subsystem/lo/subsystem/lo HTTP/1.1" 200 12651 "https://tempokontrol.co.za/?path=//sys/class/net/lo/subsystem/lo/subsystem/lo" "Mozilla/5.0 AppleWebKit/537.36 (KHTML, like Gecko; compatible; GPTBot/1.4; +https://openai.com/gptbot)"
216.73.216.79 - - [01/Aug/2026:15:49:56 +0200] "GET /sitemap.xml?path=%2F%2Fsys%2Fblock%2Fsr0%2Fsubsystem%2Fsdd%2Fsubsystem HTTP/1.1" 200 46102 "-" "Mozilla/5.0 AppleWebKit/537.36 (KHTML, like Gecko; compatible; ClaudeBot/1.0; +claudebot@anthropic.com)"
74.7.227.163 - - [01/Aug/2026:15:49:57 +0200] "GET /?path=//sys/class/net/eth0/subsystem/lo/subsystem/eth0/device/net/eth0/subsystem/eth0/device/subsystem/drivers/hv_utils/module/drivers/vmbus:hv_utils/module/sections HTTP/1.1" 200 73479 "https://www.tempokontrol.co.za/?path=//sys/class/net/eth0/subsystem/lo/subsystem/eth0/device/net/eth0/subsystem/eth0/device/subsystem/drivers/hv_utils/module/drivers/vmbus:hv_utils/module" "Mozilla/5.0 AppleWebKit/537.36 (KHTML, like Gecko; compatible; GPTBot/1.4; +https://openai.com/gptbot)"
74.7.242.17 - - [01/Aug/2026:15:49:59 +0200] "GET /?fileloc=//sys/class/net/lo/subsystem/lo/subsystem/lo/phys_port_name&path=//sys/class/net/lo/subsystem/lo/subsystem/lo HTTP/1.1" 200 12648 "https://tempokontrol.co.za/?path=//sys/class/net/lo/subsystem/lo/subsystem/lo" "Mozilla/5.0 AppleWebKit/537.36 (KHTML, like Gecko; compatible; GPTBot/1.4; +https://openai.com/gptbot)"
