216.73.216.79 - - [01/Aug/2026:14:58:50 +0200] "GET /sitemap.xml?fileloc=%2F%2Fvar%2Fsoftaculous%2Fsoplanning%2Fnotes.txt&path=%2F%2Fvar%2Fsoftaculous%2Fsoplanning HTTP/1.1" 200 12694 "-" "Mozilla/5.0 AppleWebKit/537.36 (KHTML, like Gecko; compatible; ClaudeBot/1.0; +claudebot@anthropic.com)"
74.7.242.17 - - [01/Aug/2026:14:58:50 +0200] "GET /?fileloc=//lib64/libgdbm.so&path=//lib64 HTTP/1.1" 200 129019 "https://tempokontrol.co.za/?path=//lib64" "Mozilla/5.0 AppleWebKit/537.36 (KHTML, like Gecko; compatible; GPTBot/1.4; +https://openai.com/gptbot)"
74.7.227.163 - - [01/Aug/2026:14:58:52 +0200] "GET /?path=//sys/class/net/eth0/subsystem/eth0/queues/tx-7 HTTP/1.1" 200 22261 "https://www.tempokontrol.co.za/?path=//sys/class/net/eth0/subsystem/eth0/queues" "Mozilla/5.0 AppleWebKit/537.36 (KHTML, like Gecko; compatible; GPTBot/1.4; +https://openai.com/gptbot)"
216.73.216.79 - - [01/Aug/2026:14:58:52 +0200] "GET /sitemap.xml?fileloc=%2F%2Fusr%2Flib%2F.build-id%2F86%2Feae3c9a48e8a214caa2a2ab38b917d46d9823b&path=%2F%2Fusr%2Flib%2F.build-id%2F86 HTTP/1.1" 200 677580 "-" "Mozilla/5.0 AppleWebKit/537.36 (KHTML, like Gecko; compatible; ClaudeBot/1.0; +claudebot@anthropic.com)"
74.7.242.17 - - [01/Aug/2026:14:58:54 +0200] "GET /?fileloc=//lib64/libpq.so.5.13&path=//lib64 HTTP/1.1" 200 525961 "https://tempokontrol.co.za/?path=//lib64" "Mozilla/5.0 AppleWebKit/537.36 (KHTML, like Gecko; compatible; GPTBot/1.4; +https://openai.com/gptbot)"
74.7.227.163 - - [01/Aug/2026:14:58:55 +0200] "GET /?path=//sys/class/net/eth0/subsystem/eth0/queues/tx-8 HTTP/1.1" 200 22261 "https://www.tempokontrol.co.za/?path=//sys/class/net/eth0/subsystem/eth0/queues" "Mozilla/5.0 AppleWebKit/537.36 (KHTML, like Gecko; compatible; GPTBot/1.4; +https://openai.com/gptbot)"
216.73.216.79 - - [01/Aug/2026:14:58:55 +0200] "GET /sitemap.xml?fileloc=%2F%2Fusr%2Flib%2F.build-id%2Fec%2F8641962067d39cbcdb5e68795ac74331ee1d6a&path=%2F%2Fusr%2Flib%2F.build-id%2Fec HTTP/1.1" 200 58481 "-" "Mozilla/5.0 AppleWebKit/537.36 (KHTML, like Gecko; compatible; ClaudeBot/1.0; +claudebot@anthropic.com)"
74.7.242.17 - - [01/Aug/2026:14:58:57 +0200] "GET /?fileloc=//lib64/liblcms2.so.2&path=//lib64 HTTP/1.1" 200 634341 "https://tempokontrol.co.za/?path=//lib64" "Mozilla/5.0 AppleWebKit/537.36 (KHTML, like Gecko; compatible; GPTBot/1.4; +https://openai.com/gptbot)"
74.7.227.163 - - [01/Aug/2026:14:58:58 +0200] "GET /?fileloc=//sys/class/net/eth0/subsystem/eth0/queues/rx-1/rps_cpus&path=//sys/class/net/eth0/subsystem/eth0/queues/rx-1 HTTP/1.1" 200 12664 "https://www.tempokontrol.co.za/?path=//sys/class/net/eth0/subsystem/eth0/queues/rx-1" "Mozilla/5.0 AppleWebKit/537.36 (KHTML, like Gecko; compatible; GPTBot/1.4; +https://openai.com/gptbot)"
216.73.216.79 - - [01/Aug/2026:14:58:58 +0200] "GET /sitemap.xml?fileloc=%2F%2Fusr%2Flib%2F.build-id%2F41%2F030a027a4bd09b070ab5e3b9de9b73aa4f85ef&path=%2F%2Fusr%2Flib%2F.build-id%2F41 HTTP/1.1" 200 58616 "-" "Mozilla/5.0 AppleWebKit/537.36 (KHTML, like Gecko; compatible; ClaudeBot/1.0; +claudebot@anthropic.com)"
74.7.242.17 - - [01/Aug/2026:14:59:00 +0200] "GET /?fileloc=//lib64/libm.so.6&path=//lib64 HTTP/1.1" 200 1521605 "https://tempokontrol.co.za/?path=//lib64" "Mozilla/5.0 AppleWebKit/537.36 (KHTML, like Gecko; compatible; GPTBot/1.4; +https://openai.com/gptbot)"
216.73.216.79 - - [01/Aug/2026:14:59:01 +0200] "GET /sitemap.xml?fileloc=%2F%2Fusr%2Flib%2F.build-id%2Fda%2F4d6b4a3aa250da6380b87ad719c9a5fa368959&path=%2F%2Fusr%2Flib%2F.build-id%2Fda HTTP/1.1" 200 75179 "-" "Mozilla/5.0 AppleWebKit/537.36 (KHTML, like Gecko; compatible; ClaudeBot/1.0; +claudebot@anthropic.com)"
74.7.227.163 - - [01/Aug/2026:14:59:01 +0200] "GET /?fileloc=//sys/class/net/eth0/subsystem/eth0/queues/rx-0/rps_flow_cnt&path=//sys/class/net/eth0/subsystem/eth0/queues/rx-0 HTTP/1.1" 200 12666 "https://www.tempokontrol.co.za/?path=//sys/class/net/eth0/subsystem/eth0/queues/rx-0" "Mozilla/5.0 AppleWebKit/537.36 (KHTML, like Gecko; compatible; GPTBot/1.4; +https://openai.com/gptbot)"
74.7.242.17 - - [01/Aug/2026:14:59:03 +0200] "GET /?fileloc=//lib64/libc.so.6&path=//lib64 HTTP/1.1" 200 3820343 "https://tempokontrol.co.za/?path=//lib64" "Mozilla/5.0 AppleWebKit/537.36 (KHTML, like Gecko; compatible; GPTBot/1.4; +https://openai.com/gptbot)"
216.73.216.79 - - [01/Aug/2026:14:59:04 +0200] "GET /sitemap.xml?fileloc=%2F%2Fvar%2Fsoftaculous%2Fhumhub%2Finstall.xml&path=%2F%2Fvar%2Fsoftaculous%2Fhumhub HTTP/1.1" 200 17167 "-" "Mozilla/5.0 AppleWebKit/537.36 (KHTML, like Gecko; compatible; ClaudeBot/1.0; +claudebot@anthropic.com)"
74.7.227.163 - - [01/Aug/2026:14:59:04 +0200] "GET /?fileloc=//sys/class/net/eth0/subsystem/eth0/queues/rx-0/rps_cpus&path=//sys/class/net/eth0/subsystem/eth0/queues/rx-0 HTTP/1.1" 200 12664 "https://www.tempokontrol.co.za/?path=//sys/class/net/eth0/subsystem/eth0/queues/rx-0" "Mozilla/5.0 AppleWebKit/537.36 (KHTML, like Gecko; compatible; GPTBot/1.4; +https://openai.com/gptbot)"
74.7.242.17 - - [01/Aug/2026:14:59:06 +0200] "GET /?fileloc=//lib64/Mcrt1.o&path=//lib64 HTTP/1.1" 200 13213 "https://tempokontrol.co.za/?path=//lib64" "Mozilla/5.0 AppleWebKit/537.36 (KHTML, like Gecko; compatible; GPTBot/1.4; +https://openai.com/gptbot)"
74.7.227.163 - - [01/Aug/2026:14:59:07 +0200] "GET /?fileloc=//sys/class/net/eth0/subsystem/eth0/queues/tx-3/xps_cpus&path=//sys/class/net/eth0/subsystem/eth0/queues/tx-3 HTTP/1.1" 200 12664 "https://www.tempokontrol.co.za/?path=//sys/class/net/eth0/subsystem/eth0/queues/tx-3" "Mozilla/5.0 AppleWebKit/537.36 (KHTML, like Gecko; compatible; GPTBot/1.4; +https://openai.com/gptbot)"
74.7.242.17 - - [01/Aug/2026:14:59:10 +0200] "GET /?fileloc=//lib64/libXmu.so.6&path=//lib64 HTTP/1.1" 200 182486 "https://tempokontrol.co.za/?path=//lib64" "Mozilla/5.0 AppleWebKit/537.36 (KHTML, like Gecko; compatible; GPTBot/1.4; +https://openai.com/gptbot)"
74.7.227.163 - - [01/Aug/2026:14:59:10 +0200] "GET /?fileloc=//sys/class/net/eth0/subsystem/eth0/queues/tx-3/tx_timeout&path=//sys/class/net/eth0/subsystem/eth0/queues/tx-3 HTTP/1.1" 200 12664 "https://www.tempokontrol.co.za/?path=//sys/class/net/eth0/subsystem/eth0/queues/tx-3" "Mozilla/5.0 AppleWebKit/537.36 (KHTML, like Gecko; compatible; GPTBot/1.4; +https://openai.com/gptbot)"
74.7.242.17 - - [01/Aug/2026:14:59:13 +0200] "GET /?fileloc=//lib64/libICE.so.6&path=//lib64 HTTP/1.1" 200 170845 "https://tempokontrol.co.za/?path=//lib64" "Mozilla/5.0 AppleWebKit/537.36 (KHTML, like Gecko; compatible; GPTBot/1.4; +https://openai.com/gptbot)"
74.7.227.163 - - [01/Aug/2026:14:59:14 +0200] "GET /?fileloc=//sys/class/net/eth0/subsystem/eth0/queues/tx-3/xps_rxqs&path=//sys/class/net/eth0/subsystem/eth0/queues/tx-3 HTTP/1.1" 200 12678 "https://www.tempokontrol.co.za/?path=//sys/class/net/eth0/subsystem/eth0/queues/tx-3" "Mozilla/5.0 AppleWebKit/537.36 (KHTML, like Gecko; compatible; GPTBot/1.4; +https://openai.com/gptbot)"
74.7.242.17 - - [01/Aug/2026:14:59:16 +0200] "GET /?fileloc=//lib64/libfuse.so.2&path=//lib64 HTTP/1.1" 200 384024 "https://tempokontrol.co.za/?path=//lib64" "Mozilla/5.0 AppleWebKit/537.36 (KHTML, like Gecko; compatible; GPTBot/1.4; +https://openai.com/gptbot)"
74.7.227.163 - - [01/Aug/2026:14:59:17 +0200] "GET /?fileloc=//sys/class/net/eth0/subsystem/eth0/queues/tx-5/xps_cpus&path=//sys/class/net/eth0/subsystem/eth0/queues/tx-5 HTTP/1.1" 200 12664 "https://www.tempokontrol.co.za/?path=//sys/class/net/eth0/subsystem/eth0/queues/tx-5" "Mozilla/5.0 AppleWebKit/537.36 (KHTML, like Gecko; compatible; GPTBot/1.4; +https://openai.com/gptbot)"
74.7.242.17 - - [01/Aug/2026:14:59:19 +0200] "GET /?fileloc=//lib64/libmvec.so.1&path=//lib64 HTTP/1.1" 200 308934 "https://tempokontrol.co.za/?path=//lib64" "Mozilla/5.0 AppleWebKit/537.36 (KHTML, like Gecko; compatible; GPTBot/1.4; +https://openai.com/gptbot)"
216.73.216.79 - - [01/Aug/2026:14:59:07 +0200] "GET /sitemap.xml?fileloc=%2F%2Fusr%2Flib%2F.build-id%2F2b%2F8d061091eebf5b1f3705210943732d78ae91cb&path=%2F%2Fusr%2Flib%2F.build-id%2F2b HTTP/1.1" 200 1276121 "-" "Mozilla/5.0 AppleWebKit/537.36 (KHTML, like Gecko; compatible; ClaudeBot/1.0; +claudebot@anthropic.com)"
74.7.227.163 - - [01/Aug/2026:14:59:20 +0200] "GET /?fileloc=//sys/class/net/eth0/subsystem/eth0/queues/tx-5/tx_maxrate&path=//sys/class/net/eth0/subsystem/eth0/queues/tx-5 HTTP/1.1" 200 12664 "https://www.tempokontrol.co.za/?path=//sys/class/net/eth0/subsystem/eth0/queues/tx-5" "Mozilla/5.0 AppleWebKit/537.36 (KHTML, like Gecko; compatible; GPTBot/1.4; +https://openai.com/gptbot)"
216.73.216.79 - - [01/Aug/2026:14:59:21 +0200] "GET /sitemap.xml?fileloc=%2F%2Fusr%2Flib%2F.build-id%2Fb1%2Fd49aae2c495b1de59baea7d23a51aad7b78428&path=%2F%2Fusr%2Flib%2F.build-id%2Fb1 HTTP/1.1" 200 29945 "-" "Mozilla/5.0 AppleWebKit/537.36 (KHTML, like Gecko; compatible; ClaudeBot/1.0; +claudebot@anthropic.com)"
74.7.242.17 - - [01/Aug/2026:14:59:22 +0200] "GET /?fileloc=//lib64/libzstd.so.1&path=//lib64 HTTP/1.1" 200 1244266 "https://tempokontrol.co.za/?path=//lib64" "Mozilla/5.0 AppleWebKit/537.36 (KHTML, like Gecko; compatible; GPTBot/1.4; +https://openai.com/gptbot)"
74.7.227.163 - - [01/Aug/2026:14:59:23 +0200] "GET /?fileloc=//sys/class/net/eth0/subsystem/eth0/queues/tx-0/tx_timeout&path=//sys/class/net/eth0/subsystem/eth0/queues/tx-0 HTTP/1.1" 200 12664 "https://www.tempokontrol.co.za/?path=//sys/class/net/eth0/subsystem/eth0/queues/tx-0" "Mozilla/5.0 AppleWebKit/537.36 (KHTML, like Gecko; compatible; GPTBot/1.4; +https://openai.com/gptbot)"
74.7.242.17 - - [01/Aug/2026:14:59:25 +0200] "GET /?fileloc=//lib64/libpcre.so.1&path=//lib64 HTTP/1.1" 200 817323 "https://tempokontrol.co.za/?path=//lib64" "Mozilla/5.0 AppleWebKit/537.36 (KHTML, like Gecko; compatible; GPTBot/1.4; +https://openai.com/gptbot)"
74.7.227.163 - - [01/Aug/2026:14:59:26 +0200] "GET /?fileloc=//sys/class/net/eth0/subsystem/eth0/queues/tx-7/xps_cpus&path=//sys/class/net/eth0/subsystem/eth0/queues/tx-7 HTTP/1.1" 200 12664 "https://www.tempokontrol.co.za/?path=//sys/class/net/eth0/subsystem/eth0/queues/tx-7" "Mozilla/5.0 AppleWebKit/537.36 (KHTML, like Gecko; compatible; GPTBot/1.4; +https://openai.com/gptbot)"
216.73.216.79 - - [01/Aug/2026:14:59:27 +0200] "GET /sitemap.xml?fileloc=%2F%2Fsys%2Fbus%2Fscsi%2Fdevices%2F0%3A0%3A0%3A15%2Fvpd_pgb2&path=%2F%2Fsys%2Fbus%2Fscsi%2Fdevices%2F0%3A0%3A0%3A15 HTTP/1.1" 200 12453 "-" "Mozilla/5.0 AppleWebKit/537.36 (KHTML, like Gecko; compatible; ClaudeBot/1.0; +claudebot@anthropic.com)"
74.7.242.17 - - [01/Aug/2026:14:59:28 +0200] "GET /?fileloc=//lib64/libjcat.so.1&path=//lib64 HTTP/1.1" 200 151981 "https://tempokontrol.co.za/?path=//lib64" "Mozilla/5.0 AppleWebKit/537.36 (KHTML, like Gecko; compatible; GPTBot/1.4; +https://openai.com/gptbot)"
74.7.227.163 - - [01/Aug/2026:14:59:29 +0200] "GET /?fileloc=//sys/class/net/eth0/subsystem/eth0/queues/tx-0/xps_cpus&path=//sys/class/net/eth0/subsystem/eth0/queues/tx-0 HTTP/1.1" 200 12664 "https://www.tempokontrol.co.za/?path=//sys/class/net/eth0/subsystem/eth0/queues/tx-0" "Mozilla/5.0 AppleWebKit/537.36 (KHTML, like Gecko; compatible; GPTBot/1.4; +https://openai.com/gptbot)"
216.73.216.79 - - [01/Aug/2026:14:59:31 +0200] "GET /sitemap.xml?fileloc=%2F%2Flib%2F.build-id%2F10%2Fddfa571915e16b1ee6d25edd56a020c832f226&path=%2F%2Flib%2F.build-id%2F10 HTTP/1.1" 200 41927 "-" "Mozilla/5.0 AppleWebKit/537.36 (KHTML, like Gecko; compatible; ClaudeBot/1.0; +claudebot@anthropic.com)"
74.7.242.17 - - [01/Aug/2026:14:59:32 +0200] "GET /?fileloc=//lib64/libhwy.so.1&path=//lib64 HTTP/1.1" 200 104340 "https://tempokontrol.co.za/?path=//lib64" "Mozilla/5.0 AppleWebKit/537.36 (KHTML, like Gecko; compatible; GPTBot/1.4; +https://openai.com/gptbot)"
74.7.227.163 - - [01/Aug/2026:14:59:32 +0200] "GET /?fileloc=//sys/class/net/eth0/subsystem/eth0/queues/tx-0/traffic_class&path=//sys/class/net/eth0/subsystem/eth0/queues/tx-0 HTTP/1.1" 200 12667 "https://www.tempokontrol.co.za/?path=//sys/class/net/eth0/subsystem/eth0/queues/tx-0" "Mozilla/5.0 AppleWebKit/537.36 (KHTML, like Gecko; compatible; GPTBot/1.4; +https://openai.com/gptbot)"
74.7.242.17 - - [01/Aug/2026:14:59:35 +0200] "GET /?fileloc=//lib64/libdnf.so.2&path=//lib64 HTTP/1.1" 200 2595164 "https://tempokontrol.co.za/?path=//lib64" "Mozilla/5.0 AppleWebKit/537.36 (KHTML, like Gecko; compatible; GPTBot/1.4; +https://openai.com/gptbot)"
74.7.227.163 - - [01/Aug/2026:14:59:35 +0200] "GET /?fileloc=//sys/class/net/eth0/subsystem/eth0/queues/tx-7/traffic_class&path=//sys/class/net/eth0/subsystem/eth0/queues/tx-7 HTTP/1.1" 200 12667 "https://www.tempokontrol.co.za/?path=//sys/class/net/eth0/subsystem/eth0/queues/tx-7" "Mozilla/5.0 AppleWebKit/537.36 (KHTML, like Gecko; compatible; GPTBot/1.4; +https://openai.com/gptbot)"
216.73.216.79 - - [01/Aug/2026:14:59:36 +0200] "GET /sitemap.xml?fileloc=%2F%2Flib%2Fudev%2Fhwdb.d%2F60-autosuspend-chromiumos.hwdb&path=%2F%2Flib%2Fudev%2Fhwdb.d HTTP/1.1" 200 15218 "-" "Mozilla/5.0 AppleWebKit/537.36 (KHTML, like Gecko; compatible; ClaudeBot/1.0; +claudebot@anthropic.com)"
74.7.242.17 - - [01/Aug/2026:14:59:38 +0200] "GET /?fileloc=//lib64/libvmaf.so.1&path=//lib64 HTTP/1.1" 200 974582 "https://tempokontrol.co.za/?path=//lib64" "Mozilla/5.0 AppleWebKit/537.36 (KHTML, like Gecko; compatible; GPTBot/1.4; +https://openai.com/gptbot)"
74.7.227.163 - - [01/Aug/2026:14:59:38 +0200] "GET /?fileloc=//sys/class/net/eth0/subsystem/eth0/queues/tx-7/tx_timeout&path=//sys/class/net/eth0/subsystem/eth0/queues/tx-7 HTTP/1.1" 200 12664 "https://www.tempokontrol.co.za/?path=//sys/class/net/eth0/subsystem/eth0/queues/tx-7" "Mozilla/5.0 AppleWebKit/537.36 (KHTML, like Gecko; compatible; GPTBot/1.4; +https://openai.com/gptbot)"
216.73.216.79 - - [01/Aug/2026:14:59:41 +0200] "GET /sitemap.xml?fileloc=%2F%2Fsys%2Fbus%2Fscsi%2Fdevices%2F0%3A0%3A0%3A2%2Faccess_state&path=%2F%2Fsys%2Fbus%2Fscsi%2Fdevices%2F0%3A0%3A0%3A2 HTTP/1.1" 200 12442 "-" "Mozilla/5.0 AppleWebKit/537.36 (KHTML, like Gecko; compatible; ClaudeBot/1.0; +claudebot@anthropic.com)"
74.7.242.17 - - [01/Aug/2026:14:59:41 +0200] "GET /?fileloc=//lib64/librpm.so.9&path=//lib64 HTTP/1.1" 200 837124 "https://tempokontrol.co.za/?path=//lib64" "Mozilla/5.0 AppleWebKit/537.36 (KHTML, like Gecko; compatible; GPTBot/1.4; +https://openai.com/gptbot)"
74.7.227.163 - - [01/Aug/2026:14:59:42 +0200] "GET /?fileloc=//sys/class/net/eth0/subsystem/eth0/queues/rx-2/rps_cpus&path=//sys/class/net/eth0/subsystem/eth0/queues/rx-2 HTTP/1.1" 200 12664 "https://www.tempokontrol.co.za/?path=//sys/class/net/eth0/subsystem/eth0/queues/rx-2" "Mozilla/5.0 AppleWebKit/537.36 (KHTML, like Gecko; compatible; GPTBot/1.4; +https://openai.com/gptbot)"
74.7.242.17 - - [01/Aug/2026:14:59:44 +0200] "GET /?fileloc=//lib64/libmana.so.1&path=//lib64 HTTP/1.1" 200 78779 "https://tempokontrol.co.za/?path=//lib64" "Mozilla/5.0 AppleWebKit/537.36 (KHTML, like Gecko; compatible; GPTBot/1.4; +https://openai.com/gptbot)"
216.73.216.79 - - [01/Aug/2026:14:59:45 +0200] "GET /sitemap.xml?fileloc=%2F%2Fusr%2Flib%2F.build-id%2F8c%2F8b492ef1b7fe9f363d119f95cf24c2ca8bee9c&path=%2F%2Fusr%2Flib%2F.build-id%2F8c HTTP/1.1" 200 73434 "-" "Mozilla/5.0 AppleWebKit/537.36 (KHTML, like Gecko; compatible; ClaudeBot/1.0; +claudebot@anthropic.com)"
74.7.227.163 - - [01/Aug/2026:14:59:45 +0200] "GET /?fileloc=//sys/class/net/eth0/subsystem/eth0/queues/tx-7/tx_maxrate&path=//sys/class/net/eth0/subsystem/eth0/queues/tx-7 HTTP/1.1" 200 12664 "https://www.tempokontrol.co.za/?path=//sys/class/net/eth0/subsystem/eth0/queues/tx-7" "Mozilla/5.0 AppleWebKit/537.36 (KHTML, like Gecko; compatible; GPTBot/1.4; +https://openai.com/gptbot)"
74.7.242.17 - - [01/Aug/2026:14:59:48 +0200] "GET /?fileloc=//lib64/libgusb.so.2&path=//lib64 HTTP/1.1" 200 115651 "https://tempokontrol.co.za/?path=//lib64" "Mozilla/5.0 AppleWebKit/537.36 (KHTML, like Gecko; compatible; GPTBot/1.4; +https://openai.com/gptbot)"
74.7.227.163 - - [01/Aug/2026:14:59:48 +0200] "GET /?fileloc=//sys/class/net/eth0/subsystem/eth0/queues/tx-8/tx_maxrate&path=//sys/class/net/eth0/subsystem/eth0/queues/tx-8 HTTP/1.1" 200 12664 "https://www.tempokontrol.co.za/?path=//sys/class/net/eth0/subsystem/eth0/queues/tx-8" "Mozilla/5.0 AppleWebKit/537.36 (KHTML, like Gecko; compatible; GPTBot/1.4; +https://openai.com/gptbot)"
216.73.216.79 - - [01/Aug/2026:14:59:49 +0200] "GET /sitemap.xml?fileloc=%2F%2Fusr%2Flib%2F.build-id%2F18%2F2c974ca601f224d4925254dca0245a32cb6cd4&path=%2F%2Fusr%2Flib%2F.build-id%2F18 HTTP/1.1" 200 32006 "-" "Mozilla/5.0 AppleWebKit/537.36 (KHTML, like Gecko; compatible; ClaudeBot/1.0; +claudebot@anthropic.com)"
74.7.242.17 - - [01/Aug/2026:14:59:51 +0200] "GET /?fileloc=//lib64/libyajl.so.2&path=//lib64 HTTP/1.1" 200 76825 "https://tempokontrol.co.za/?path=//lib64" "Mozilla/5.0 AppleWebKit/537.36 (KHTML, like Gecko; compatible; GPTBot/1.4; +https://openai.com/gptbot)"
74.7.227.163 - - [01/Aug/2026:14:59:51 +0200] "GET /?fileloc=//sys/class/net/eth0/subsystem/eth0/queues/tx-3/tx_maxrate&path=//sys/class/net/eth0/subsystem/eth0/queues/tx-3 HTTP/1.1" 200 12664 "https://www.tempokontrol.co.za/?path=//sys/class/net/eth0/subsystem/eth0/queues/tx-3" "Mozilla/5.0 AppleWebKit/537.36 (KHTML, like Gecko; compatible; GPTBot/1.4; +https://openai.com/gptbot)"
74.7.242.17 - - [01/Aug/2026:14:59:54 +0200] "GET /?fileloc=//lib64/libestr.so.0&path=//lib64 HTTP/1.1" 200 33232 "https://tempokontrol.co.za/?path=//lib64" "Mozilla/5.0 AppleWebKit/537.36 (KHTML, like Gecko; compatible; GPTBot/1.4; +https://openai.com/gptbot)"
216.73.216.79 - - [01/Aug/2026:14:59:53 +0200] "GET /sitemap.xml?fileloc=%2F%2Flib%2F.build-id%2F8a%2Fde94def7bdd8fbd7af2fef36a37d8092a6b52c&path=%2F%2Flib%2F.build-id%2F8a HTTP/1.1" 200 1316570 "-" "Mozilla/5.0 AppleWebKit/537.36 (KHTML, like Gecko; compatible; ClaudeBot/1.0; +claudebot@anthropic.com)"
74.7.227.163 - - [01/Aug/2026:14:59:54 +0200] "GET /?fileloc=//sys/class/net/eth0/subsystem/eth0/queues/tx-5/tx_timeout&path=//sys/class/net/eth0/subsystem/eth0/queues/tx-5 HTTP/1.1" 200 12664 "https://www.tempokontrol.co.za/?path=//sys/class/net/eth0/subsystem/eth0/queues/tx-5" "Mozilla/5.0 AppleWebKit/537.36 (KHTML, like Gecko; compatible; GPTBot/1.4; +https://openai.com/gptbot)"
216.73.216.79 - - [01/Aug/2026:14:59:57 +0200] "GET /sitemap.xml?fileloc=%2F%2Fusr%2Flib%2Fmodules%2F5.14.0-687.29.1.el9_8.x86_64%2Fmodules.softdep&path=%2F%2Fusr%2Flib%2Fmodules%2F5.14.0-687.29.1.el9_8.x86_64 HTTP/1.1" 200 13491 "-" "Mozilla/5.0 AppleWebKit/537.36 (KHTML, like Gecko; compatible; ClaudeBot/1.0; +claudebot@anthropic.com)"
57.141.0.10 - - [01/Aug/2026:14:59:57 +0200] "GET /comments/feed/ HTTP/1.1" 200 53044 "-" "Mozilla/5.0 (Macintosh; Intel Mac OS X 10_15_7) AppleWebKit/537.36 (KHTML, like Gecko) Chrome/145.0.0.0 Safari/537.36 (compatible; meta-webindexer/1.1 (+https://developers.facebook.com/docs/sharing/webmasters/crawler))"
74.7.242.17 - - [01/Aug/2026:14:59:57 +0200] "GET /?fileloc=//lib64/libGLX.so.0&path=//lib64 HTTP/1.1" 200 221801 "https://tempokontrol.co.za/?path=//lib64" "Mozilla/5.0 AppleWebKit/537.36 (KHTML, like Gecko; compatible; GPTBot/1.4; +https://openai.com/gptbot)"
74.7.227.163 - - [01/Aug/2026:14:59:57 +0200] "GET /?fileloc=//sys/class/net/eth0/subsystem/eth0/queues/tx-7/xps_rxqs&path=//sys/class/net/eth0/subsystem/eth0/queues/tx-7 HTTP/1.1" 200 12678 "https://www.tempokontrol.co.za/?path=//sys/class/net/eth0/subsystem/eth0/queues/tx-7" "Mozilla/5.0 AppleWebKit/537.36 (KHTML, like Gecko; compatible; GPTBot/1.4; +https://openai.com/gptbot)"
74.7.242.17 - - [01/Aug/2026:15:00:00 +0200] "GET /?fileloc=//lib64/libXmuu.so.1&path=//lib64 HTTP/1.1" 200 40929 "https://tempokontrol.co.za/?path=//lib64" "Mozilla/5.0 AppleWebKit/537.36 (KHTML, like Gecko; compatible; GPTBot/1.4; +https://openai.com/gptbot)"
74.7.227.163 - - [01/Aug/2026:15:00:00 +0200] "GET /?fileloc=//sys/class/net/eth0/subsystem/eth0/queues/tx-0/tx_maxrate&path=//sys/class/net/eth0/subsystem/eth0/queues/tx-0 HTTP/1.1" 200 12664 "https://www.tempokontrol.co.za/?path=//sys/class/net/eth0/subsystem/eth0/queues/tx-0" "Mozilla/5.0 AppleWebKit/537.36 (KHTML, like Gecko; compatible; GPTBot/1.4; +https://openai.com/gptbot)"
216.73.216.79 - - [01/Aug/2026:15:00:01 +0200] "GET /sitemap.xml?fileloc=%2F%2Fvar%2Fsoftaculous%2Fkanboard%2Fnotes.txt&path=%2F%2Fvar%2Fsoftaculous%2Fkanboard HTTP/1.1" 200 13170 "-" "Mozilla/5.0 AppleWebKit/537.36 (KHTML, like Gecko; compatible; ClaudeBot/1.0; +claudebot@anthropic.com)"
74.7.242.17 - - [01/Aug/2026:15:00:03 +0200] "GET /?fileloc=//lib64/libX11.so.6&path=//lib64 HTTP/1.1" 200 2183740 "https://tempokontrol.co.za/?path=//lib64" "Mozilla/5.0 AppleWebKit/537.36 (KHTML, like Gecko; compatible; GPTBot/1.4; +https://openai.com/gptbot)"
74.7.227.163 - - [01/Aug/2026:15:00:04 +0200] "GET /?fileloc=//sys/class/net/eth0/subsystem/eth0/queues/tx-4/tx_maxrate&path=//sys/class/net/eth0/subsystem/eth0/queues/tx-4 HTTP/1.1" 200 12664 "https://www.tempokontrol.co.za/?path=//sys/class/net/eth0/subsystem/eth0/queues/tx-4" "Mozilla/5.0 AppleWebKit/537.36 (KHTML, like Gecko; compatible; GPTBot/1.4; +https://openai.com/gptbot)"
216.73.216.79 - - [01/Aug/2026:15:00:05 +0200] "GET /sitemap.xml?fileloc=%2F%2Flib64%2Fperl5%2Fvendor_perl%2Fversion.pod&path=%2F%2Flib64%2Fperl5%2Fvendor_perl HTTP/1.1" 200 23015 "-" "Mozilla/5.0 AppleWebKit/537.36 (KHTML, like Gecko; compatible; ClaudeBot/1.0; +claudebot@anthropic.com)"
74.7.242.17 - - [01/Aug/2026:15:00:07 +0200] "GET /?fileloc=//lib64/rcrt1.o&path=//lib64 HTTP/1.1" 200 15100 "https://tempokontrol.co.za/?path=//lib64" "Mozilla/5.0 AppleWebKit/537.36 (KHTML, like Gecko; compatible; GPTBot/1.4; +https://openai.com/gptbot)"
74.7.227.163 - - [01/Aug/2026:15:00:07 +0200] "GET /?fileloc=//sys/class/net/eth0/subsystem/eth0/queues/tx-8/traffic_class&path=//sys/class/net/eth0/subsystem/eth0/queues/tx-8 HTTP/1.1" 200 12667 "https://www.tempokontrol.co.za/?path=//sys/class/net/eth0/subsystem/eth0/queues/tx-8" "Mozilla/5.0 AppleWebKit/537.36 (KHTML, like Gecko; compatible; GPTBot/1.4; +https://openai.com/gptbot)"
216.73.216.79 - - [01/Aug/2026:15:00:09 +0200] "GET /sitemap.xml?fileloc=%2F%2Fvar%2Fsoftaculous%2Fjoomla310%2Fupgrade.xml&path=%2F%2Fvar%2Fsoftaculous%2Fjoomla310 HTTP/1.1" 200 13340 "-" "Mozilla/5.0 AppleWebKit/537.36 (KHTML, like Gecko; compatible; ClaudeBot/1.0; +claudebot@anthropic.com)"
74.7.242.17 - - [01/Aug/2026:15:00:10 +0200] "GET /?fileloc=//lib64/libnvme.so.1&path=//lib64 HTTP/1.1" 200 341885 "https://tempokontrol.co.za/?path=//lib64" "Mozilla/5.0 AppleWebKit/537.36 (KHTML, like Gecko; compatible; GPTBot/1.4; +https://openai.com/gptbot)"
74.7.227.163 - - [01/Aug/2026:15:00:10 +0200] "GET /?fileloc=//sys/class/net/eth0/subsystem/eth0/queues/tx-8/xps_rxqs&path=//sys/class/net/eth0/subsystem/eth0/queues/tx-8 HTTP/1.1" 200 12678 "https://www.tempokontrol.co.za/?path=//sys/class/net/eth0/subsystem/eth0/queues/tx-8" "Mozilla/5.0 AppleWebKit/537.36 (KHTML, like Gecko; compatible; GPTBot/1.4; +https://openai.com/gptbot)"
216.73.216.79 - - [01/Aug/2026:15:00:13 +0200] "GET /sitemap.xml?fileloc=%2F%2Fvar%2Fsoftaculous%2Fhumhub%2Fsoft.htaccess&path=%2F%2Fvar%2Fsoftaculous%2Fhumhub HTTP/1.1" 200 12494 "-" "Mozilla/5.0 AppleWebKit/537.36 (KHTML, like Gecko; compatible; ClaudeBot/1.0; +claudebot@anthropic.com)"
74.7.242.17 - - [01/Aug/2026:15:00:13 +0200] "GET /?fileloc=//lib64/libdrm.so.2&path=//lib64 HTTP/1.1" 200 148168 "https://tempokontrol.co.za/?path=//lib64" "Mozilla/5.0 AppleWebKit/537.36 (KHTML, like Gecko; compatible; GPTBot/1.4; +https://openai.com/gptbot)"
74.7.227.163 - - [01/Aug/2026:15:00:13 +0200] "GET /?fileloc=//sys/class/net/eth0/subsystem/eth0/queues/tx-5/xps_rxqs&path=//sys/class/net/eth0/subsystem/eth0/queues/tx-5 HTTP/1.1" 200 12678 "https://www.tempokontrol.co.za/?path=//sys/class/net/eth0/subsystem/eth0/queues/tx-5" "Mozilla/5.0 AppleWebKit/537.36 (KHTML, like Gecko; compatible; GPTBot/1.4; +https://openai.com/gptbot)"
74.7.242.17 - - [01/Aug/2026:15:00:16 +0200] "GET /?fileloc=//lib64/libSM.so.6&path=//lib64 HTTP/1.1" 200 67956 "https://tempokontrol.co.za/?path=//lib64" "Mozilla/5.0 AppleWebKit/537.36 (KHTML, like Gecko; compatible; GPTBot/1.4; +https://openai.com/gptbot)"
74.7.227.163 - - [01/Aug/2026:15:00:16 +0200] "GET /?fileloc=//sys/class/net/eth0/subsystem/eth0/queues/tx-4/tx_timeout&path=//sys/class/net/eth0/subsystem/eth0/queues/tx-4 HTTP/1.1" 200 12664 "https://www.tempokontrol.co.za/?path=//sys/class/net/eth0/subsystem/eth0/queues/tx-4" "Mozilla/5.0 AppleWebKit/537.36 (KHTML, like Gecko; compatible; GPTBot/1.4; +https://openai.com/gptbot)"
216.73.216.79 - - [01/Aug/2026:15:00:17 +0200] "GET /sitemap.xml?fileloc=%2F%2Flib%2Flocale%2Fen_US%2FLC_NUMERIC&path=%2F%2Flib%2Flocale%2Fen_US HTTP/1.1" 200 12393 "-" "Mozilla/5.0 AppleWebKit/537.36 (KHTML, like Gecko; compatible; ClaudeBot/1.0; +claudebot@anthropic.com)"
74.7.242.17 - - [01/Aug/2026:15:00:19 +0200] "GET /?fileloc=//lib64/libpq.so.5&path=//lib64 HTTP/1.1" 200 525958 "https://tempokontrol.co.za/?path=//lib64" "Mozilla/5.0 AppleWebKit/537.36 (KHTML, like Gecko; compatible; GPTBot/1.4; +https://openai.com/gptbot)"
74.7.227.163 - - [01/Aug/2026:15:00:19 +0200] "GET /?fileloc=//sys/class/net/eth0/subsystem/eth0/queues/tx-4/traffic_class&path=//sys/class/net/eth0/subsystem/eth0/queues/tx-4 HTTP/1.1" 200 12667 "https://www.tempokontrol.co.za/?path=//sys/class/net/eth0/subsystem/eth0/queues/tx-4" "Mozilla/5.0 AppleWebKit/537.36 (KHTML, like Gecko; compatible; GPTBot/1.4; +https://openai.com/gptbot)"
216.73.216.79 - - [01/Aug/2026:15:00:21 +0200] "GET /sitemap.xml?fileloc=%2F%2Fsys%2Ffirmware%2Fefi%2Fefivars%2FBoot0002-8be4df61-93ca-11d2-aa0d-00e098032b8c&path=%2F%2Fsys%2Ffirmware%2Fefi%2Fefivars HTTP/1.1" 200 12665 "-" "Mozilla/5.0 AppleWebKit/537.36 (KHTML, like Gecko; compatible; ClaudeBot/1.0; +claudebot@anthropic.com)"
74.7.242.17 - - [01/Aug/2026:15:00:22 +0200] "GET /?fileloc=//lib64/libdl.so.2&path=//lib64 HTTP/1.1" 200 28953 "https://tempokontrol.co.za/?path=//lib64" "Mozilla/5.0 AppleWebKit/537.36 (KHTML, like Gecko; compatible; GPTBot/1.4; +https://openai.com/gptbot)"
74.7.227.163 - - [01/Aug/2026:15:00:23 +0200] "GET /?fileloc=//sys/class/net/eth0/subsystem/eth0/queues/tx-5/traffic_class&path=//sys/class/net/eth0/subsystem/eth0/queues/tx-5 HTTP/1.1" 200 12667 "https://www.tempokontrol.co.za/?path=//sys/class/net/eth0/subsystem/eth0/queues/tx-5" "Mozilla/5.0 AppleWebKit/537.36 (KHTML, like Gecko; compatible; GPTBot/1.4; +https://openai.com/gptbot)"
216.73.216.79 - - [01/Aug/2026:15:00:25 +0200] "GET /sitemap.xml?fileloc=%2F%2Fusr%2Flib%2F.build-id%2F3b%2F1a0230f4d39c0d3eb486e91ba885364f72efc0&path=%2F%2Fusr%2Flib%2F.build-id%2F3b HTTP/1.1" 200 32379 "-" "Mozilla/5.0 AppleWebKit/537.36 (KHTML, like Gecko; compatible; ClaudeBot/1.0; +claudebot@anthropic.com)"
74.7.242.17 - - [01/Aug/2026:15:00:26 +0200] "GET /?fileloc=//lib64/libssh.so.4&path=//lib64 HTTP/1.1" 200 759277 "https://tempokontrol.co.za/?path=//lib64" "Mozilla/5.0 AppleWebKit/537.36 (KHTML, like Gecko; compatible; GPTBot/1.4; +https://openai.com/gptbot)"
74.7.227.163 - - [01/Aug/2026:15:00:26 +0200] "GET /?fileloc=//sys/class/net/eth0/subsystem/eth0/queues/tx-8/tx_timeout&path=//sys/class/net/eth0/subsystem/eth0/queues/tx-8 HTTP/1.1" 200 12664 "https://www.tempokontrol.co.za/?path=//sys/class/net/eth0/subsystem/eth0/queues/tx-8" "Mozilla/5.0 AppleWebKit/537.36 (KHTML, like Gecko; compatible; GPTBot/1.4; +https://openai.com/gptbot)"
74.7.242.17 - - [01/Aug/2026:15:00:29 +0200] "GET /?fileloc=//lib64/libelf.so.1&path=//lib64 HTTP/1.1" 200 183479 "https://tempokontrol.co.za/?path=//lib64" "Mozilla/5.0 AppleWebKit/537.36 (KHTML, like Gecko; compatible; GPTBot/1.4; +https://openai.com/gptbot)"
216.73.216.79 - - [01/Aug/2026:15:00:29 +0200] "GET /sitemap.xml?fileloc=%2F%2Fetc%2Ffonts%2Fconf.d%2F65-google-droid-sans-fonts.conf&path=%2F%2Fetc%2Ffonts%2Fconf.d HTTP/1.1" 200 24990 "-" "Mozilla/5.0 AppleWebKit/537.36 (KHTML, like Gecko; compatible; ClaudeBot/1.0; +claudebot@anthropic.com)"
74.7.227.163 - - [01/Aug/2026:15:00:29 +0200] "GET /?fileloc=//sys/class/net/eth0/subsystem/eth0/queues/tx-4/xps_rxqs&path=//sys/class/net/eth0/subsystem/eth0/queues/tx-4 HTTP/1.1" 200 12678 "https://www.tempokontrol.co.za/?path=//sys/class/net/eth0/subsystem/eth0/queues/tx-4" "Mozilla/5.0 AppleWebKit/537.36 (KHTML, like Gecko; compatible; GPTBot/1.4; +https://openai.com/gptbot)"
74.7.242.17 - - [01/Aug/2026:15:00:32 +0200] "GET /?fileloc=//lib64/libXft.so.2&path=//lib64 HTTP/1.1" 200 162028 "https://tempokontrol.co.za/?path=//lib64" "Mozilla/5.0 AppleWebKit/537.36 (KHTML, like Gecko; compatible; GPTBot/1.4; +https://openai.com/gptbot)"
74.7.227.163 - - [01/Aug/2026:15:00:32 +0200] "GET /?fileloc=//sys/class/net/eth0/subsystem/eth0/queues/tx-8/xps_cpus&path=//sys/class/net/eth0/subsystem/eth0/queues/tx-8 HTTP/1.1" 200 12664 "https://www.tempokontrol.co.za/?path=//sys/class/net/eth0/subsystem/eth0/queues/tx-8" "Mozilla/5.0 AppleWebKit/537.36 (KHTML, like Gecko; compatible; GPTBot/1.4; +https://openai.com/gptbot)"
216.73.216.79 - - [01/Aug/2026:15:00:33 +0200] "GET /sitemap.xml?fileloc=%2F%2Fusr%2Flib%2F.build-id%2F16%2F2a6025d5f7c68df0178b14c4f9d551db8ca9d7&path=%2F%2Fusr%2Flib%2F.build-id%2F16 HTTP/1.1" 200 66697 "-" "Mozilla/5.0 AppleWebKit/537.36 (KHTML, like Gecko; compatible; ClaudeBot/1.0; +claudebot@anthropic.com)"
74.7.242.17 - - [01/Aug/2026:15:00:35 +0200] "GET /?fileloc=//lib64/libxcb.so.1&path=//lib64 HTTP/1.1" 200 253513 "https://tempokontrol.co.za/?path=//lib64" "Mozilla/5.0 AppleWebKit/537.36 (KHTML, like Gecko; compatible; GPTBot/1.4; +https://openai.com/gptbot)"
74.7.227.163 - - [01/Aug/2026:15:00:35 +0200] "GET /?fileloc=//sys/class/net/eth0/subsystem/eth0/queues/tx-4/xps_cpus&path=//sys/class/net/eth0/subsystem/eth0/queues/tx-4 HTTP/1.1" 200 12664 "https://www.tempokontrol.co.za/?path=//sys/class/net/eth0/subsystem/eth0/queues/tx-4" "Mozilla/5.0 AppleWebKit/537.36 (KHTML, like Gecko; compatible; GPTBot/1.4; +https://openai.com/gptbot)"
216.73.216.79 - - [01/Aug/2026:15:00:37 +0200] "GET /sitemap.xml?fileloc=%2F%2Flib%2F.build-id%2F22%2Fd3f0fa636733d0644cce3f56e1db08535bca2e&path=%2F%2Flib%2F.build-id%2F22 HTTP/1.1" 200 41545 "-" "Mozilla/5.0 AppleWebKit/537.36 (KHTML, like Gecko; compatible; ClaudeBot/1.0; +claudebot@anthropic.com)"
74.7.242.17 - - [01/Aug/2026:15:00:38 +0200] "GET /?fileloc=//lib64/libwebp.so.7&path=//lib64 HTTP/1.1" 200 728811 "https://tempokontrol.co.za/?path=//lib64" "Mozilla/5.0 AppleWebKit/537.36 (KHTML, like Gecko; compatible; GPTBot/1.4; +https://openai.com/gptbot)"
74.7.227.163 - - [01/Aug/2026:15:00:38 +0200] "GET /?fileloc=//sys/class/net/eth0/subsystem/eth0/queues/tx-0/xps_rxqs&path=//sys/class/net/eth0/subsystem/eth0/queues/tx-0 HTTP/1.1" 200 12678 "https://www.tempokontrol.co.za/?path=//sys/class/net/eth0/subsystem/eth0/queues/tx-0" "Mozilla/5.0 AppleWebKit/537.36 (KHTML, like Gecko; compatible; GPTBot/1.4; +https://openai.com/gptbot)"
216.73.216.79 - - [01/Aug/2026:15:00:41 +0200] "GET /sitemap.xml?fileloc=%2Fhome%2Ftn%2Fpublic_html%2Fwp-content%2Fthemes%2Fbetheme%2Fimages%2Fheaders%2Fdeep-forest.jpg&path=%2Fhome%2Ftn%2Fpublic_html%2Fwp-content%2Fthemes%2Fbetheme%2Fimages%2Fheaders HTTP/1.1" 200 445828 "-" "Mozilla/5.0 AppleWebKit/537.36 (KHTML, like Gecko; compatible; ClaudeBot/1.0; +claudebot@anthropic.com)"
74.7.242.17 - - [01/Aug/2026:15:00:41 +0200] "GET /?fileloc=//lib64/libdebuginfod-0.194.so&path=//lib64 HTTP/1.1" 200 87506 "https://tempokontrol.co.za/?path=//lib64" "Mozilla/5.0 AppleWebKit/537.36 (KHTML, like Gecko; compatible; GPTBot/1.4; +https://openai.com/gptbot)"
74.7.227.163 - - [01/Aug/2026:15:00:41 +0200] "GET /?fileloc=//sys/class/net/eth0/subsystem/eth0/queues/tx-3/traffic_class&path=//sys/class/net/eth0/subsystem/eth0/queues/tx-3 HTTP/1.1" 200 12667 "https://www.tempokontrol.co.za/?path=//sys/class/net/eth0/subsystem/eth0/queues/tx-3" "Mozilla/5.0 AppleWebKit/537.36 (KHTML, like Gecko; compatible; GPTBot/1.4; +https://openai.com/gptbot)"
74.7.227.163 - - [01/Aug/2026:15:00:44 +0200] "GET /?fileloc=//sys/class/net/eth0/subsystem/eth0/queues/rx-8/rps_cpus&path=//sys/class/net/eth0/subsystem/eth0/queues/rx-8 HTTP/1.1" 200 12664 "https://www.tempokontrol.co.za/?path=//sys/class/net/eth0/subsystem/eth0/queues/rx-8" "Mozilla/5.0 AppleWebKit/537.36 (KHTML, like Gecko; compatible; GPTBot/1.4; +https://openai.com/gptbot)"
74.7.242.17 - - [01/Aug/2026:15:00:45 +0200] "GET /?fileloc=//scripts/realchpass&path=//scripts HTTP/1.1" 200 15814 "https://tempokontrol.co.za/?path=//scripts" "Mozilla/5.0 AppleWebKit/537.36 (KHTML, like Gecko; compatible; GPTBot/1.4; +https://openai.com/gptbot)"
216.73.216.79 - - [01/Aug/2026:15:00:45 +0200] "GET /sitemap.xml?fileloc=%2F%2Fusr%2Flib%2Fmodules%2F5.14.0-687.29.1.el9_8.x86_64%2Fmodules.builtin&path=%2F%2Fusr%2Flib%2Fmodules%2F5.14.0-687.29.1.el9_8.x86_64 HTTP/1.1" 200 22119 "-" "Mozilla/5.0 AppleWebKit/537.36 (KHTML, like Gecko; compatible; ClaudeBot/1.0; +claudebot@anthropic.com)"
74.7.227.163 - - [01/Aug/2026:15:00:48 +0200] "GET /?fileloc=//sys/class/net/eth0/subsystem/eth0/queues/rx-9/rps_cpus&path=//sys/class/net/eth0/subsystem/eth0/queues/rx-9 HTTP/1.1" 200 12664 "https://www.tempokontrol.co.za/?path=//sys/class/net/eth0/subsystem/eth0/queues/rx-9" "Mozilla/5.0 AppleWebKit/537.36 (KHTML, like Gecko; compatible; GPTBot/1.4; +https://openai.com/gptbot)"
74.7.242.17 - - [01/Aug/2026:15:00:48 +0200] "GET /?fileloc=//scripts/restartsrv&path=//scripts HTTP/1.1" 200 16251 "https://tempokontrol.co.za/?path=//scripts" "Mozilla/5.0 AppleWebKit/537.36 (KHTML, like Gecko; compatible; GPTBot/1.4; +https://openai.com/gptbot)"
216.73.216.79 - - [01/Aug/2026:15:00:51 +0200] "GET /sitemap.xml?fileloc=%2F%2Fsys%2Fmodule%2Frfkill%2Fcoresize&path=%2F%2Fsys%2Fmodule%2Frfkill HTTP/1.1" 200 12336 "-" "Mozilla/5.0 AppleWebKit/537.36 (KHTML, like Gecko; compatible; ClaudeBot/1.0; +claudebot@anthropic.com)"
74.7.242.17 - - [01/Aug/2026:15:00:51 +0200] "GET /?fileloc=//scripts/synctransfers&path=//scripts HTTP/1.1" 200 14393 "https://tempokontrol.co.za/?path=//scripts" "Mozilla/5.0 AppleWebKit/537.36 (KHTML, like Gecko; compatible; GPTBot/1.4; +https://openai.com/gptbot)"
74.7.227.163 - - [01/Aug/2026:15:00:51 +0200] "GET /?fileloc=//sys/class/net/eth0/subsystem/eth0/queues/rx-8/rps_flow_cnt&path=//sys/class/net/eth0/subsystem/eth0/queues/rx-8 HTTP/1.1" 200 12666 "https://www.tempokontrol.co.za/?path=//sys/class/net/eth0/subsystem/eth0/queues/rx-8" "Mozilla/5.0 AppleWebKit/537.36 (KHTML, like Gecko; compatible; GPTBot/1.4; +https://openai.com/gptbot)"
216.73.216.79 - - [01/Aug/2026:15:00:54 +0200] "GET /sitemap.xml?path=%2F%2Fsys%2Fclass%2Fnet%2Flo%2Fstatistics HTTP/1.1" 200 48641 "-" "Mozilla/5.0 AppleWebKit/537.36 (KHTML, like Gecko; compatible; ClaudeBot/1.0; +claudebot@anthropic.com)"
74.7.242.17 - - [01/Aug/2026:15:00:54 +0200] "GET /?path=//lib64/girepository-1.0 HTTP/1.1" 200 138851 "https://tempokontrol.co.za/?path=//lib64" "Mozilla/5.0 AppleWebKit/537.36 (KHTML, like Gecko; compatible; GPTBot/1.4; +https://openai.com/gptbot)"
74.7.227.163 - - [01/Aug/2026:15:00:54 +0200] "GET /?fileloc=//sys/class/net/eth0/subsystem/eth0/queues/rx-2/rps_flow_cnt&path=//sys/class/net/eth0/subsystem/eth0/queues/rx-2 HTTP/1.1" 200 12666 "https://www.tempokontrol.co.za/?path=//sys/class/net/eth0/subsystem/eth0/queues/rx-2" "Mozilla/5.0 AppleWebKit/537.36 (KHTML, like Gecko; compatible; GPTBot/1.4; +https://openai.com/gptbot)"
74.7.242.17 - - [01/Aug/2026:15:00:57 +0200] "GET /?fileloc=//scripts/fixndc&path=//scripts HTTP/1.1" 200 12662 "https://tempokontrol.co.za/?path=//scripts" "Mozilla/5.0 AppleWebKit/537.36 (KHTML, like Gecko; compatible; GPTBot/1.4; +https://openai.com/gptbot)"
74.7.227.163 - - [01/Aug/2026:15:00:57 +0200] "GET /?fileloc=//sys/class/net/eth0/subsystem/eth0/queues/rx-9/rps_flow_cnt&path=//sys/class/net/eth0/subsystem/eth0/queues/rx-9 HTTP/1.1" 200 12666 "https://www.tempokontrol.co.za/?path=//sys/class/net/eth0/subsystem/eth0/queues/rx-9" "Mozilla/5.0 AppleWebKit/537.36 (KHTML, like Gecko; compatible; GPTBot/1.4; +https://openai.com/gptbot)"
216.73.216.79 - - [01/Aug/2026:15:00:59 +0200] "GET /sitemap.xml?path=%2F%2Fsys%2Fdev%2Fchar%2F4%3A56%2Fsubsystem%2Ftty5 HTTP/1.1" 200 18609 "-" "Mozilla/5.0 AppleWebKit/537.36 (KHTML, like Gecko; compatible; ClaudeBot/1.0; +claudebot@anthropic.com)"
74.7.242.17 - - [01/Aug/2026:15:01:00 +0200] "GET /?fileloc=//scripts/convert2dovecot&path=//scripts HTTP/1.1" 200 12970 "https://tempokontrol.co.za/?path=//scripts" "Mozilla/5.0 AppleWebKit/537.36 (KHTML, like Gecko; compatible; GPTBot/1.4; +https://openai.com/gptbot)"
74.7.227.163 - - [01/Aug/2026:15:01:00 +0200] "GET /?fileloc=//sys/class/net/eth0/subsystem/eth0/queues/rx-1/rps_flow_cnt&path=//sys/class/net/eth0/subsystem/eth0/queues/rx-1 HTTP/1.1" 200 12666 "https://www.tempokontrol.co.za/?path=//sys/class/net/eth0/subsystem/eth0/queues/rx-1" "Mozilla/5.0 AppleWebKit/537.36 (KHTML, like Gecko; compatible; GPTBot/1.4; +https://openai.com/gptbot)"
216.73.216.79 - - [01/Aug/2026:15:01:02 +0200] "GET /sitemap.xml?path=%2F%2Fproc%2F32%2Fnet HTTP/1.1" 200 88509 "-" "Mozilla/5.0 AppleWebKit/537.36 (KHTML, like Gecko; compatible; ClaudeBot/1.0; +claudebot@anthropic.com)"
74.7.242.17 - - [01/Aug/2026:15:01:03 +0200] "GET /?fileloc=//scripts/rebuilduserssldb&path=//scripts HTTP/1.1" 200 13275 "https://tempokontrol.co.za/?path=//scripts" "Mozilla/5.0 AppleWebKit/537.36 (KHTML, like Gecko; compatible; GPTBot/1.4; +https://openai.com/gptbot)"
74.7.227.163 - - [01/Aug/2026:15:01:04 +0200] "GET /?path=//sys/class/net/eth0/subsystem/eth0/queues/tx-9 HTTP/1.1" 200 22261 "https://www.tempokontrol.co.za/?path=//sys/class/net/eth0/subsystem/eth0/queues" "Mozilla/5.0 AppleWebKit/537.36 (KHTML, like Gecko; compatible; GPTBot/1.4; +https://openai.com/gptbot)"
74.7.242.17 - - [01/Aug/2026:15:01:07 +0200] "GET /?fileloc=//scripts/cphulkdblacklist&path=//scripts HTTP/1.1" 200 12702 "https://tempokontrol.co.za/?path=//scripts" "Mozilla/5.0 AppleWebKit/537.36 (KHTML, like Gecko; compatible; GPTBot/1.4; +https://openai.com/gptbot)"
74.7.227.163 - - [01/Aug/2026:15:01:07 +0200] "GET /?path=//sys/class/net/eth0/subsystem/eth0/queues/tx-2 HTTP/1.1" 200 22261 "https://www.tempokontrol.co.za/?path=//sys/class/net/eth0/subsystem/eth0/queues" "Mozilla/5.0 AppleWebKit/537.36 (KHTML, like Gecko; compatible; GPTBot/1.4; +https://openai.com/gptbot)"
216.73.216.79 - - [01/Aug/2026:15:01:08 +0200] "GET /sitemap.xml?path=%2F%2Fsys%2Fdev%2Fchar%2F246%3A5%2Fdevice%2Fsubsystem%2Fdrivers HTTP/1.1" 200 15754 "-" "Mozilla/5.0 AppleWebKit/537.36 (KHTML, like Gecko; compatible; ClaudeBot/1.0; +claudebot@anthropic.com)"
74.7.242.17 - - [01/Aug/2026:15:01:10 +0200] "GET /?fileloc=//scripts/setupmailserver&path=//scripts HTTP/1.1" 200 23215 "https://tempokontrol.co.za/?path=//scripts" "Mozilla/5.0 AppleWebKit/537.36 (KHTML, like Gecko; compatible; GPTBot/1.4; +https://openai.com/gptbot)"
74.7.227.163 - - [01/Aug/2026:15:01:10 +0200] "GET /?path=//sys/class/net/eth0/subsystem/eth0/queues/rx-6 HTTP/1.1" 200 16141 "https://www.tempokontrol.co.za/?path=//sys/class/net/eth0/subsystem/eth0/queues" "Mozilla/5.0 AppleWebKit/537.36 (KHTML, like Gecko; compatible; GPTBot/1.4; +https://openai.com/gptbot)"
216.73.216.79 - - [01/Aug/2026:15:01:11 +0200] "GET /sitemap.xml?path=%2F%2Fsys%2Fkernel%2Fslab%2FRAWv6 HTTP/1.1" 200 56753 "-" "Mozilla/5.0 AppleWebKit/537.36 (KHTML, like Gecko; compatible; ClaudeBot/1.0; +claudebot@anthropic.com)"
198.235.24.163 - - [01/Aug/2026:15:01:13 +0200] "GET / HTTP/1.1" 200 40080 "http://webmail.tempokontrol.co.za/" "Hello from Palo Alto Networks, find out more about our scans in https://docs-cortex.paloaltonetworks.com/r/1/Cortex-Xpanse/Scanning-activity"
74.7.242.17 - - [01/Aug/2026:15:01:13 +0200] "GET /?fileloc=//scripts/buildpureftproot&path=//scripts HTTP/1.1" 200 12788 "https://tempokontrol.co.za/?path=//scripts" "Mozilla/5.0 AppleWebKit/537.36 (KHTML, like Gecko; compatible; GPTBot/1.4; +https://openai.com/gptbot)"
74.7.227.163 - - [01/Aug/2026:15:01:13 +0200] "GET /?path=//sys/class/net/eth0/subsystem/eth0/queues/tx-6 HTTP/1.1" 200 22261 "https://www.tempokontrol.co.za/?path=//sys/class/net/eth0/subsystem/eth0/queues" "Mozilla/5.0 AppleWebKit/537.36 (KHTML, like Gecko; compatible; GPTBot/1.4; +https://openai.com/gptbot)"
216.73.216.79 - - [01/Aug/2026:15:01:15 +0200] "GET /sitemap.xml?path=%2F%2Fsys%2Fdev%2Fchar%2F4%3A46%2Fsubsystem%2Ftty31 HTTP/1.1" 200 18625 "-" "Mozilla/5.0 AppleWebKit/537.36 (KHTML, like Gecko; compatible; ClaudeBot/1.0; +claudebot@anthropic.com)"
74.7.242.17 - - [01/Aug/2026:15:01:16 +0200] "GET /?fileloc=//scripts/ftpquotacheck&path=//scripts HTTP/1.1" 200 21845 "https://tempokontrol.co.za/?path=//scripts" "Mozilla/5.0 AppleWebKit/537.36 (KHTML, like Gecko; compatible; GPTBot/1.4; +https://openai.com/gptbot)"
74.7.227.163 - - [01/Aug/2026:15:01:17 +0200] "GET /?path=//sys/class/net/eth0/subsystem/eth0/queues/tx-1 HTTP/1.1" 200 22261 "https://www.tempokontrol.co.za/?path=//sys/class/net/eth0/subsystem/eth0/queues" "Mozilla/5.0 AppleWebKit/537.36 (KHTML, like Gecko; compatible; GPTBot/1.4; +https://openai.com/gptbot)"
74.7.242.17 - - [01/Aug/2026:15:01:19 +0200] "GET /?fileloc=//scripts/enablefileprotect&path=//scripts HTTP/1.1" 200 14545 "https://tempokontrol.co.za/?path=//scripts" "Mozilla/5.0 AppleWebKit/537.36 (KHTML, like Gecko; compatible; GPTBot/1.4; +https://openai.com/gptbot)"
216.73.216.79 - - [01/Aug/2026:15:01:19 +0200] "GET /sitemap.xml?path=%2F%2Fsys%2Fdev%2Fchar%2F4%3A32%2Fsubsystem%2Ftty23 HTTP/1.1" 200 18625 "-" "Mozilla/5.0 AppleWebKit/537.36 (KHTML, like Gecko; compatible; ClaudeBot/1.0; +claudebot@anthropic.com)"
74.7.227.163 - - [01/Aug/2026:15:01:20 +0200] "GET /?path=//sys/class/net/eth0/subsystem/eth0/queues/rx-5 HTTP/1.1" 200 16141 "https://www.tempokontrol.co.za/?path=//sys/class/net/eth0/subsystem/eth0/queues" "Mozilla/5.0 AppleWebKit/537.36 (KHTML, like Gecko; compatible; GPTBot/1.4; +https://openai.com/gptbot)"
74.7.242.17 - - [01/Aug/2026:15:01:22 +0200] "GET /?fileloc=//scripts/fixtlsversions&path=//scripts HTTP/1.1" 200 17491 "https://tempokontrol.co.za/?path=//scripts" "Mozilla/5.0 AppleWebKit/537.36 (KHTML, like Gecko; compatible; GPTBot/1.4; +https://openai.com/gptbot)"
74.7.227.163 - - [01/Aug/2026:15:01:23 +0200] "GET /?path=//sys/class/net/eth0/subsystem/eth0/queues/rx-7 HTTP/1.1" 200 16141 "https://www.tempokontrol.co.za/?path=//sys/class/net/eth0/subsystem/eth0/queues" "Mozilla/5.0 AppleWebKit/537.36 (KHTML, like Gecko; compatible; GPTBot/1.4; +https://openai.com/gptbot)"
216.73.216.79 - - [01/Aug/2026:15:01:24 +0200] "GET /sitemap.xml?path=%2F%2Fsys%2Fdev%2Fchar%2F4%3A56%2Fsubsystem%2Ftty46 HTTP/1.1" 200 18625 "-" "Mozilla/5.0 AppleWebKit/537.36 (KHTML, like Gecko; compatible; ClaudeBot/1.0; +claudebot@anthropic.com)"
74.7.242.17 - - [01/Aug/2026:15:01:26 +0200] "GET /?path=//lib64/pipewire-0.3 HTTP/1.1" 200 74234 "https://tempokontrol.co.za/?path=//lib64" "Mozilla/5.0 AppleWebKit/537.36 (KHTML, like Gecko; compatible; GPTBot/1.4; +https://openai.com/gptbot)"
74.7.227.163 - - [01/Aug/2026:15:01:26 +0200] "GET /?path=//sys/class/net/eth0/subsystem/eth0/queues/rx-4 HTTP/1.1" 200 16141 "https://www.tempokontrol.co.za/?path=//sys/class/net/eth0/subsystem/eth0/queues" "Mozilla/5.0 AppleWebKit/537.36 (KHTML, like Gecko; compatible; GPTBot/1.4; +https://openai.com/gptbot)"
216.73.216.79 - - [01/Aug/2026:15:01:27 +0200] "GET /sitemap.xml?path=%2F%2Fsys%2Fdev%2Fchar%2F4%3A25%2Fsubsystem%2Ftty45 HTTP/1.1" 200 18625 "-" "Mozilla/5.0 AppleWebKit/537.36 (KHTML, like Gecko; compatible; ClaudeBot/1.0; +claudebot@anthropic.com)"
74.7.242.17 - - [01/Aug/2026:15:01:29 +0200] "GET /?fileloc=//lib64/girepository-1.0/cairo-1.0.typelib&path=//lib64/girepository-1.0 HTTP/1.1" 200 27883 "https://tempokontrol.co.za/?path=//lib64/girepository-1.0" "Mozilla/5.0 AppleWebKit/537.36 (KHTML, like Gecko; compatible; GPTBot/1.4; +https://openai.com/gptbot)"
74.7.227.163 - - [01/Aug/2026:15:01:29 +0200] "GET /?path=//sys/class/net/eth0/subsystem/eth0/queues/rx-3 HTTP/1.1" 200 16141 "https://www.tempokontrol.co.za/?path=//sys/class/net/eth0/subsystem/eth0/queues" "Mozilla/5.0 AppleWebKit/537.36 (KHTML, like Gecko; compatible; GPTBot/1.4; +https://openai.com/gptbot)"
216.73.216.79 - - [01/Aug/2026:15:01:31 +0200] "GET /sitemap.xml?fileloc=%2F%2Fsys%2Fkernel%2Fslab%2Fhashtab_node%2Fcpu_slabs&path=%2F%2Fsys%2Fkernel%2Fslab%2Fhashtab_node HTTP/1.1" 200 12402 "-" "Mozilla/5.0 AppleWebKit/537.36 (KHTML, like Gecko; compatible; ClaudeBot/1.0; +claudebot@anthropic.com)"
74.7.242.17 - - [01/Aug/2026:15:01:32 +0200] "GET /?fileloc=//scripts/updatedomainips&path=//scripts HTTP/1.1" 200 12893 "https://tempokontrol.co.za/?path=//scripts" "Mozilla/5.0 AppleWebKit/537.36 (KHTML, like Gecko; compatible; GPTBot/1.4; +https://openai.com/gptbot)"
74.7.227.163 - - [01/Aug/2026:15:01:32 +0200] "GET /?path=//sys/class/net/eth0/device/net/eth0/subsystem/eth0/subsystem/lo/subsystem/lo/subsystem/eth0/device/net/eth0/device/subsystem/drivers/hv_utils/module/sections HTTP/1.1" 200 73598 "https://www.tempokontrol.co.za/?path=//sys/class/net/eth0/device/net/eth0/subsystem/eth0/subsystem/lo/subsystem/lo/subsystem/eth0/device/net/eth0/device/subsystem/drivers/hv_utils/module" "Mozilla/5.0 AppleWebKit/537.36 (KHTML, like Gecko; compatible; GPTBot/1.4; +https://openai.com/gptbot)"
74.7.242.17 - - [01/Aug/2026:15:01:35 +0200] "GET /?fileloc=//scripts/servicedomains&path=//scripts HTTP/1.1" 200 22968 "https://tempokontrol.co.za/?path=//scripts" "Mozilla/5.0 AppleWebKit/537.36 (KHTML, like Gecko; compatible; GPTBot/1.4; +https://openai.com/gptbot)"
216.73.216.79 - - [01/Aug/2026:15:01:35 +0200] "GET /sitemap.xml?path=%2F%2Fsys%2Fdev%2Fchar%2F4%3A15%2Fsubsystem%2Ftty44 HTTP/1.1" 200 18625 "-" "Mozilla/5.0 AppleWebKit/537.36 (KHTML, like Gecko; compatible; ClaudeBot/1.0; +claudebot@anthropic.com)"
74.7.227.163 - - [01/Aug/2026:15:01:36 +0200] "GET /?path=//sys/class/net/eth0/device/net/eth0/subsystem/eth0/subsystem/lo/subsystem/lo/subsystem/eth0/device/net/eth0/device/subsystem/drivers/hv_utils/module/drivers HTTP/1.1" 200 16882 "https://www.tempokontrol.co.za/?path=//sys/class/net/eth0/device/net/eth0/subsystem/eth0/subsystem/lo/subsystem/lo/subsystem/eth0/device/net/eth0/device/subsystem/drivers/hv_utils/module" "Mozilla/5.0 AppleWebKit/537.36 (KHTML, like Gecko; compatible; GPTBot/1.4; +https://openai.com/gptbot)"
74.7.242.17 - - [01/Aug/2026:15:01:38 +0200] "GET /?fileloc=//scripts/updatessldomains&path=//scripts HTTP/1.1" 200 14237 "https://tempokontrol.co.za/?path=//scripts" "Mozilla/5.0 AppleWebKit/537.36 (KHTML, like Gecko; compatible; GPTBot/1.4; +https://openai.com/gptbot)"
74.7.227.163 - - [01/Aug/2026:15:01:39 +0200] "GET /?fileloc=//sys/class/net/eth0/subsystem/eth0/queues/tx-9/tx_timeout&path=//sys/class/net/eth0/subsystem/eth0/queues/tx-9 HTTP/1.1" 200 12664 "https://www.tempokontrol.co.za/?path=//sys/class/net/eth0/subsystem/eth0/queues/tx-9" "Mozilla/5.0 AppleWebKit/537.36 (KHTML, like Gecko; compatible; GPTBot/1.4; +https://openai.com/gptbot)"
216.73.216.79 - - [01/Aug/2026:15:01:39 +0200] "GET /sitemap.xml?path=%2F%2Fsys%2Fdev%2Fchar%2F4%3A46%2Fsubsystem%2Ftty27 HTTP/1.1" 200 18625 "-" "Mozilla/5.0 AppleWebKit/537.36 (KHTML, like Gecko; compatible; ClaudeBot/1.0; +claudebot@anthropic.com)"
74.7.242.17 - - [01/Aug/2026:15:01:41 +0200] "GET /?fileloc=//scripts/restartsrv_xinetd&path=//scripts HTTP/1.1" 200 12682 "https://tempokontrol.co.za/?path=//scripts" "Mozilla/5.0 AppleWebKit/537.36 (KHTML, like Gecko; compatible; GPTBot/1.4; +https://openai.com/gptbot)"
74.7.227.163 - - [01/Aug/2026:15:01:42 +0200] "GET /?fileloc=//sys/class/net/eth0/subsystem/eth0/queues/tx-2/tx_timeout&path=//sys/class/net/eth0/subsystem/eth0/queues/tx-2 HTTP/1.1" 200 12664 "https://www.tempokontrol.co.za/?path=//sys/class/net/eth0/subsystem/eth0/queues/tx-2" "Mozilla/5.0 AppleWebKit/537.36 (KHTML, like Gecko; compatible; GPTBot/1.4; +https://openai.com/gptbot)"
216.73.216.79 - - [01/Aug/2026:15:01:43 +0200] "GET /sitemap.xml?path=%2F%2Fsys%2Fdev%2Fblock%2F8%3A240%2Fsubsystem%2Fsdj%2Fqueue HTTP/1.1" 200 85840 "-" "Mozilla/5.0 AppleWebKit/537.36 (KHTML, like Gecko; compatible; ClaudeBot/1.0; +claudebot@anthropic.com)"
74.7.242.17 - - [01/Aug/2026:15:01:44 +0200] "GET /?fileloc=//scripts/updateuserdomains&path=//scripts HTTP/1.1" 200 13056 "https://tempokontrol.co.za/?path=//scripts" "Mozilla/5.0 AppleWebKit/537.36 (KHTML, like Gecko; compatible; GPTBot/1.4; +https://openai.com/gptbot)"
74.7.227.163 - - [01/Aug/2026:15:01:45 +0200] "GET /?fileloc=//sys/class/net/eth0/subsystem/eth0/queues/tx-2/xps_rxqs&path=//sys/class/net/eth0/subsystem/eth0/queues/tx-2 HTTP/1.1" 200 12678 "https://www.tempokontrol.co.za/?path=//sys/class/net/eth0/subsystem/eth0/queues/tx-2" "Mozilla/5.0 AppleWebKit/537.36 (KHTML, like Gecko; compatible; GPTBot/1.4; +https://openai.com/gptbot)"
74.7.242.17 - - [01/Aug/2026:15:01:47 +0200] "GET /?fileloc=//scripts/buildhttpdconf&path=//scripts HTTP/1.1" 200 15170 "https://tempokontrol.co.za/?path=//scripts" "Mozilla/5.0 AppleWebKit/537.36 (KHTML, like Gecko; compatible; GPTBot/1.4; +https://openai.com/gptbot)"
216.73.216.79 - - [01/Aug/2026:15:01:47 +0200] "GET /sitemap.xml?path=%2F%2Fsys%2Ffirmware%2Fmemmap%2F143 HTTP/1.1" 200 17113 "-" "Mozilla/5.0 AppleWebKit/537.36 (KHTML, like Gecko; compatible; ClaudeBot/1.0; +claudebot@anthropic.com)"
74.7.227.163 - - [01/Aug/2026:15:01:48 +0200] "GET /?fileloc=//sys/class/net/eth0/subsystem/eth0/queues/tx-6/tx_timeout&path=//sys/class/net/eth0/subsystem/eth0/queues/tx-6 HTTP/1.1" 200 12664 "https://www.tempokontrol.co.za/?path=//sys/class/net/eth0/subsystem/eth0/queues/tx-6" "Mozilla/5.0 AppleWebKit/537.36 (KHTML, like Gecko; compatible; GPTBot/1.4; +https://openai.com/gptbot)"
74.7.242.17 - - [01/Aug/2026:15:01:51 +0200] "GET /?fileloc=//scripts/quickwhoisips&path=//scripts HTTP/1.1" 200 14765 "https://tempokontrol.co.za/?path=//scripts" "Mozilla/5.0 AppleWebKit/537.36 (KHTML, like Gecko; compatible; GPTBot/1.4; +https://openai.com/gptbot)"
