74.7.242.17 - - [01/Aug/2026:15:36:55 +0200] "GET /?fileloc=//sys/class/net/eth0/subsystem/eth0/queues/tx-3/tx_maxrate&path=//sys/class/net/eth0/subsystem/eth0/queues/tx-3 HTTP/1.1" 200 12664 "https://tempokontrol.co.za/?path=//sys/class/net/eth0/subsystem/eth0/queues/tx-3" "Mozilla/5.0 AppleWebKit/537.36 (KHTML, like Gecko; compatible; GPTBot/1.4; +https://openai.com/gptbot)"
216.73.216.79 - - [01/Aug/2026:15:36:57 +0200] "GET /sitemap.xml?fileloc=%2F%2Flib%2Flocale%2Fen_DK.utf8%2FLC_CTYPE&path=%2F%2Flib%2Flocale%2Fen_DK.utf8 HTTP/1.1" 200 454630 "-" "Mozilla/5.0 AppleWebKit/537.36 (KHTML, like Gecko; compatible; ClaudeBot/1.0; +claudebot@anthropic.com)"
74.7.227.163 - - [01/Aug/2026:15:36:57 +0200] "GET /?fileloc=//sys/class/net/eth0/subsystem/lo/subsystem/eth0/device/net/eth0/subsystem/lo/statistics/tx_aborted_errors&path=//sys/class/net/eth0/subsystem/lo/subsystem/eth0/device/net/eth0/subsystem/lo/statistics HTTP/1.1" 200 13296 "https://www.tempokontrol.co.za/?path=//sys/class/net/eth0/subsystem/lo/subsystem/eth0/device/net/eth0/subsystem/lo/statistics" "Mozilla/5.0 AppleWebKit/537.36 (KHTML, like Gecko; compatible; GPTBot/1.4; +https://openai.com/gptbot)"
74.7.242.17 - - [01/Aug/2026:15:36:58 +0200] "GET /?fileloc=//sys/class/net/eth0/subsystem/eth0/queues/tx-5/tx_maxrate&path=//sys/class/net/eth0/subsystem/eth0/queues/tx-5 HTTP/1.1" 200 12664 "https://tempokontrol.co.za/?path=//sys/class/net/eth0/subsystem/eth0/queues/tx-5" "Mozilla/5.0 AppleWebKit/537.36 (KHTML, like Gecko; compatible; GPTBot/1.4; +https://openai.com/gptbot)"
216.73.216.79 - - [01/Aug/2026:15:37:00 +0200] "GET /sitemap.xml?path=%2F%2Fsys%2Fbus%2Fscsi%2Fdevices%2F0%3A0%3A0%3A9%2Fdriver%2F0%3A0%3A0%3A3%2Fdriver%2F0%3A0%3A0%3A14 HTTP/1.1" 200 92580 "-" "Mozilla/5.0 AppleWebKit/537.36 (KHTML, like Gecko; compatible; ClaudeBot/1.0; +claudebot@anthropic.com)"
74.7.227.163 - - [01/Aug/2026:15:37:00 +0200] "GET /?fileloc=//sys/class/net/eth0/subsystem/lo/subsystem/eth0/device/net/eth0/device/subsystem/drivers/hv_utils/uevent&path=//sys/class/net/eth0/subsystem/lo/subsystem/eth0/device/net/eth0/device/subsystem/drivers/hv_utils HTTP/1.1" 200 13424 "https://www.tempokontrol.co.za/?path=//sys/class/net/eth0/subsystem/lo/subsystem/eth0/device/net/eth0/device/subsystem/drivers/hv_utils" "Mozilla/5.0 AppleWebKit/537.36 (KHTML, like Gecko; compatible; GPTBot/1.4; +https://openai.com/gptbot)"
74.7.242.17 - - [01/Aug/2026:15:37:01 +0200] "GET /?fileloc=//sys/class/net/eth0/subsystem/eth0/queues/rx-3/rps_cpus&path=//sys/class/net/eth0/subsystem/eth0/queues/rx-3 HTTP/1.1" 200 12664 "https://tempokontrol.co.za/?path=//sys/class/net/eth0/subsystem/eth0/queues/rx-3" "Mozilla/5.0 AppleWebKit/537.36 (KHTML, like Gecko; compatible; GPTBot/1.4; +https://openai.com/gptbot)"
216.73.216.79 - - [01/Aug/2026:15:37:03 +0200] "GET /sitemap.xml?fileloc=%2F%2Fsys%2Fbus%2Fscsi%2Fdevices%2F0%3A0%3A0%3A6%2Faccess_state&path=%2F%2Fsys%2Fbus%2Fscsi%2Fdevices%2F0%3A0%3A0%3A6 HTTP/1.1" 200 12442 "-" "Mozilla/5.0 AppleWebKit/537.36 (KHTML, like Gecko; compatible; ClaudeBot/1.0; +claudebot@anthropic.com)"
74.7.227.163 - - [01/Aug/2026:15:37:04 +0200] "GET /?fileloc=//sys/class/net/eth0/subsystem/lo/subsystem/eth0/device/net/eth0/device/subsystem/drivers/hv_netvsc/unbind&path=//sys/class/net/eth0/subsystem/lo/subsystem/eth0/device/net/eth0/device/subsystem/drivers/hv_netvsc HTTP/1.1" 200 13427 "https://www.tempokontrol.co.za/?path=//sys/class/net/eth0/subsystem/lo/subsystem/eth0/device/net/eth0/device/subsystem/drivers/hv_netvsc" "Mozilla/5.0 AppleWebKit/537.36 (KHTML, like Gecko; compatible; GPTBot/1.4; +https://openai.com/gptbot)"
74.7.242.17 - - [01/Aug/2026:15:37:04 +0200] "GET /?fileloc=//sys/class/net/eth0/subsystem/eth0/queues/tx-5/xps_rxqs&path=//sys/class/net/eth0/subsystem/eth0/queues/tx-5 HTTP/1.1" 200 12678 "https://tempokontrol.co.za/?path=//sys/class/net/eth0/subsystem/eth0/queues/tx-5" "Mozilla/5.0 AppleWebKit/537.36 (KHTML, like Gecko; compatible; GPTBot/1.4; +https://openai.com/gptbot)"
216.73.216.79 - - [01/Aug/2026:15:37:06 +0200] "GET /sitemap.xml?fileloc=%2F%2Fusr%2Flib%2F.build-id%2Fe6%2F7bd703923dac1cdd274ccb1998ea7a1b4fc1d1&path=%2F%2Fusr%2Flib%2F.build-id%2Fe6 HTTP/1.1" 200 2319455 "-" "Mozilla/5.0 AppleWebKit/537.36 (KHTML, like Gecko; compatible; ClaudeBot/1.0; +claudebot@anthropic.com)"
74.7.227.163 - - [01/Aug/2026:15:37:07 +0200] "GET /?fileloc=//sys/class/net/eth0/subsystem/lo/subsystem/eth0/device/net/eth0/subsystem/lo/statistics/rx_frame_errors&path=//sys/class/net/eth0/subsystem/lo/subsystem/eth0/device/net/eth0/subsystem/lo/statistics HTTP/1.1" 200 13294 "https://www.tempokontrol.co.za/?path=//sys/class/net/eth0/subsystem/lo/subsystem/eth0/device/net/eth0/subsystem/lo/statistics" "Mozilla/5.0 AppleWebKit/537.36 (KHTML, like Gecko; compatible; GPTBot/1.4; +https://openai.com/gptbot)"
74.7.242.17 - - [01/Aug/2026:15:37:07 +0200] "GET /?fileloc=//sys/class/net/eth0/subsystem/eth0/queues/rx-7/rps_cpus&path=//sys/class/net/eth0/subsystem/eth0/queues/rx-7 HTTP/1.1" 200 12664 "https://tempokontrol.co.za/?path=//sys/class/net/eth0/subsystem/eth0/queues/rx-7" "Mozilla/5.0 AppleWebKit/537.36 (KHTML, like Gecko; compatible; GPTBot/1.4; +https://openai.com/gptbot)"
192.178.6.102 - - [01/Aug/2026:15:37:08 +0200] "GET /?q=x2a1n3t1h6o9p0r1o8t2e7ic HTTP/1.1" 200 782871 "-" "Mozilla/5.0 (Linux; Android 6.0.1; Nexus 5X Build/MMB29P) AppleWebKit/537.36 (KHTML, like Gecko) Chrome/150.0.7871.186 Mobile Safari/537.36 (compatible; Googlebot/2.1; +http://www.google.com/bot.html)"
74.7.227.163 - - [01/Aug/2026:15:37:10 +0200] "GET /?path=//sys/class/net/eth0/subsystem/lo/subsystem/eth0/device/net/eth0/device/net/eth0/device/driver/module/drivers/vmbus:hv_netvsc/module HTTP/1.1" 200 37907 "https://www.tempokontrol.co.za/?path=//sys/class/net/eth0/subsystem/lo/subsystem/eth0/device/net/eth0/device/net/eth0/device/driver/module/drivers/vmbus:hv_netvsc" "Mozilla/5.0 AppleWebKit/537.36 (KHTML, like Gecko; compatible; GPTBot/1.4; +https://openai.com/gptbot)"
74.7.242.17 - - [01/Aug/2026:15:37:10 +0200] "GET /?fileloc=//sys/class/net/eth0/subsystem/eth0/queues/tx-3/xps_cpus&path=//sys/class/net/eth0/subsystem/eth0/queues/tx-3 HTTP/1.1" 200 12664 "https://tempokontrol.co.za/?path=//sys/class/net/eth0/subsystem/eth0/queues/tx-3" "Mozilla/5.0 AppleWebKit/537.36 (KHTML, like Gecko; compatible; GPTBot/1.4; +https://openai.com/gptbot)"
216.73.216.79 - - [01/Aug/2026:15:37:12 +0200] "GET /sitemap.xml?path=%2F%2Fsys%2Fbus%2Fscsi%2Fdevices%2F0%3A0%3A0%3A9%2Fdriver%2F0%3A0%3A0%3A7%2Fdriver%2F0%3A0%3A0%3A6 HTTP/1.1" 200 92387 "-" "Mozilla/5.0 AppleWebKit/537.36 (KHTML, like Gecko; compatible; ClaudeBot/1.0; +claudebot@anthropic.com)"
74.7.227.163 - - [01/Aug/2026:15:37:13 +0200] "GET /?fileloc=//sys/class/net/eth0/subsystem/lo/subsystem/eth0/device/net/eth0/subsystem/lo/statistics/tx_fifo_errors&path=//sys/class/net/eth0/subsystem/lo/subsystem/eth0/device/net/eth0/subsystem/lo/statistics HTTP/1.1" 200 13293 "https://www.tempokontrol.co.za/?path=//sys/class/net/eth0/subsystem/lo/subsystem/eth0/device/net/eth0/subsystem/lo/statistics" "Mozilla/5.0 AppleWebKit/537.36 (KHTML, like Gecko; compatible; GPTBot/1.4; +https://openai.com/gptbot)"
74.7.242.17 - - [01/Aug/2026:15:37:14 +0200] "GET /?fileloc=//sys/class/net/eth0/subsystem/eth0/queues/tx-3/xps_rxqs&path=//sys/class/net/eth0/subsystem/eth0/queues/tx-3 HTTP/1.1" 200 12678 "https://tempokontrol.co.za/?path=//sys/class/net/eth0/subsystem/eth0/queues/tx-3" "Mozilla/5.0 AppleWebKit/537.36 (KHTML, like Gecko; compatible; GPTBot/1.4; +https://openai.com/gptbot)"
216.73.216.79 - - [01/Aug/2026:15:37:15 +0200] "GET /sitemap.xml?path=%2F%2Fsys%2Fbus%2Fscsi%2Fdevices%2F0%3A0%3A0%3A6%2Fdriver%2F0%3A0%3A0%3A3%2Fdriver%2F0%3A0%3A0%3A10 HTTP/1.1" 200 92580 "-" "Mozilla/5.0 AppleWebKit/537.36 (KHTML, like Gecko; compatible; ClaudeBot/1.0; +claudebot@anthropic.com)"
74.7.227.163 - - [01/Aug/2026:15:37:16 +0200] "GET /?path=//sys/class/net/eth0/subsystem/lo/subsystem/eth0/device/net/eth0/subsystem/eth0/device/driver/module/sections HTTP/1.1" 200 87015 "https://www.tempokontrol.co.za/?path=//sys/class/net/eth0/subsystem/lo/subsystem/eth0/device/net/eth0/subsystem/eth0/device/driver/module" "Mozilla/5.0 AppleWebKit/537.36 (KHTML, like Gecko; compatible; GPTBot/1.4; +https://openai.com/gptbot)"
74.7.242.17 - - [01/Aug/2026:15:37:17 +0200] "GET /?fileloc=//sys/class/net/eth0/subsystem/eth0/queues/tx-5/traffic_class&path=//sys/class/net/eth0/subsystem/eth0/queues/tx-5 HTTP/1.1" 200 12667 "https://tempokontrol.co.za/?path=//sys/class/net/eth0/subsystem/eth0/queues/tx-5" "Mozilla/5.0 AppleWebKit/537.36 (KHTML, like Gecko; compatible; GPTBot/1.4; +https://openai.com/gptbot)"
216.73.216.79 - - [01/Aug/2026:15:37:18 +0200] "GET /sitemap.xml?path=%2F%2Fsys%2Fbus%2Fscsi%2Fdevices%2F0%3A0%3A0%3A8%2Fdriver%2F0%3A0%3A0%3A4%2Fdriver%2F0%3A0%3A0%3A12 HTTP/1.1" 200 92580 "-" "Mozilla/5.0 AppleWebKit/537.36 (KHTML, like Gecko; compatible; ClaudeBot/1.0; +claudebot@anthropic.com)"
74.7.227.163 - - [01/Aug/2026:15:37:19 +0200] "GET /?path=//sys/class/net/eth0/subsystem/lo/subsystem/eth0/device/net/eth0/subsystem/eth0/device/driver/module/holders HTTP/1.1" 200 14001 "https://www.tempokontrol.co.za/?path=//sys/class/net/eth0/subsystem/lo/subsystem/eth0/device/net/eth0/subsystem/eth0/device/driver/module" "Mozilla/5.0 AppleWebKit/537.36 (KHTML, like Gecko; compatible; GPTBot/1.4; +https://openai.com/gptbot)"
74.7.242.17 - - [01/Aug/2026:15:37:20 +0200] "GET /?fileloc=//sys/class/net/eth0/subsystem/eth0/queues/rx-4/rps_flow_cnt&path=//sys/class/net/eth0/subsystem/eth0/queues/rx-4 HTTP/1.1" 200 12666 "https://tempokontrol.co.za/?path=//sys/class/net/eth0/subsystem/eth0/queues/rx-4" "Mozilla/5.0 AppleWebKit/537.36 (KHTML, like Gecko; compatible; GPTBot/1.4; +https://openai.com/gptbot)"
40.77.167.23 - - [01/Aug/2026:15:37:18 +0200] "GET /shops/wagnerite/r9e8c7o4n7c8i2l6i0a6tory HTTP/1.1" 200 815507 "-" "Mozilla/5.0 AppleWebKit/537.36 (KHTML, like Gecko; compatible; bingbot/2.0; +http://www.bing.com/bingbot.htm) Chrome/116.0.1938.76 Safari/537.36"
74.7.227.163 - - [01/Aug/2026:15:37:22 +0200] "GET /?path=//sys/class/net/eth0/subsystem/lo/subsystem/eth0/device/net/eth0/subsystem/eth0/device/driver/module/parameters HTTP/1.1" 200 17603 "https://www.tempokontrol.co.za/?path=//sys/class/net/eth0/subsystem/lo/subsystem/eth0/device/net/eth0/subsystem/eth0/device/driver/module" "Mozilla/5.0 AppleWebKit/537.36 (KHTML, like Gecko; compatible; GPTBot/1.4; +https://openai.com/gptbot)"
74.7.242.17 - - [01/Aug/2026:15:37:23 +0200] "GET /?fileloc=//sys/class/net/eth0/subsystem/eth0/queues/rx-3/rps_flow_cnt&path=//sys/class/net/eth0/subsystem/eth0/queues/rx-3 HTTP/1.1" 200 12666 "https://tempokontrol.co.za/?path=//sys/class/net/eth0/subsystem/eth0/queues/rx-3" "Mozilla/5.0 AppleWebKit/537.36 (KHTML, like Gecko; compatible; GPTBot/1.4; +https://openai.com/gptbot)"
216.73.216.79 - - [01/Aug/2026:15:37:25 +0200] "GET /sitemap.xml?path=%2F%2Fsys%2Fblock%2Fsdl%2Fsubsystem HTTP/1.1" 200 44970 "-" "Mozilla/5.0 AppleWebKit/537.36 (KHTML, like Gecko; compatible; ClaudeBot/1.0; +claudebot@anthropic.com)"
74.7.227.163 - - [01/Aug/2026:15:37:25 +0200] "GET /?path=//sys/class/net/eth0/subsystem/lo/subsystem/eth0/device/net/eth0/subsystem/eth0/device/driver/module/drivers HTTP/1.1" 200 15638 "https://www.tempokontrol.co.za/?path=//sys/class/net/eth0/subsystem/lo/subsystem/eth0/device/net/eth0/subsystem/eth0/device/driver/module" "Mozilla/5.0 AppleWebKit/537.36 (KHTML, like Gecko; compatible; GPTBot/1.4; +https://openai.com/gptbot)"
74.7.242.17 - - [01/Aug/2026:15:37:26 +0200] "GET /?fileloc=//sys/class/net/eth0/subsystem/eth0/queues/rx-7/rps_flow_cnt&path=//sys/class/net/eth0/subsystem/eth0/queues/rx-7 HTTP/1.1" 200 12666 "https://tempokontrol.co.za/?path=//sys/class/net/eth0/subsystem/eth0/queues/rx-7" "Mozilla/5.0 AppleWebKit/537.36 (KHTML, like Gecko; compatible; GPTBot/1.4; +https://openai.com/gptbot)"
74.7.227.163 - - [01/Aug/2026:15:37:28 +0200] "GET /?fileloc=//sys/class/net/eth0/subsystem/lo/subsystem/eth0/device/net/eth0/subsystem/lo/statistics/rx_fifo_errors&path=//sys/class/net/eth0/subsystem/lo/subsystem/eth0/device/net/eth0/subsystem/lo/statistics HTTP/1.1" 200 13293 "https://www.tempokontrol.co.za/?path=//sys/class/net/eth0/subsystem/lo/subsystem/eth0/device/net/eth0/subsystem/lo/statistics" "Mozilla/5.0 AppleWebKit/537.36 (KHTML, like Gecko; compatible; GPTBot/1.4; +https://openai.com/gptbot)"
216.73.216.79 - - [01/Aug/2026:15:37:29 +0200] "GET /sitemap.xml?path=%2F%2Fsys%2Ffirmware%2Fmemmap%2F70 HTTP/1.1" 200 17099 "-" "Mozilla/5.0 AppleWebKit/537.36 (KHTML, like Gecko; compatible; ClaudeBot/1.0; +claudebot@anthropic.com)"
74.7.242.17 - - [01/Aug/2026:15:37:30 +0200] "GET /?fileloc=//sys/class/net/eth0/subsystem/eth0/queues/rx-2/rps_flow_cnt&path=//sys/class/net/eth0/subsystem/eth0/queues/rx-2 HTTP/1.1" 200 12666 "https://tempokontrol.co.za/?path=//sys/class/net/eth0/subsystem/eth0/queues/rx-2" "Mozilla/5.0 AppleWebKit/537.36 (KHTML, like Gecko; compatible; GPTBot/1.4; +https://openai.com/gptbot)"
74.7.227.163 - - [01/Aug/2026:15:37:32 +0200] "GET /?fileloc=//sys/class/net/eth0/subsystem/lo/subsystem/eth0/device/net/eth0/device/subsystem/drivers/hv_netvsc/uevent&path=//sys/class/net/eth0/subsystem/lo/subsystem/eth0/device/net/eth0/device/subsystem/drivers/hv_netvsc HTTP/1.1" 200 13427 "https://www.tempokontrol.co.za/?path=//sys/class/net/eth0/subsystem/lo/subsystem/eth0/device/net/eth0/device/subsystem/drivers/hv_netvsc" "Mozilla/5.0 AppleWebKit/537.36 (KHTML, like Gecko; compatible; GPTBot/1.4; +https://openai.com/gptbot)"
216.73.216.79 - - [01/Aug/2026:15:37:32 +0200] "GET /sitemap.xml?path=%2F%2Fsys%2Fclass%2Fvc%2Fvcs2%2Fsubsystem HTTP/1.1" 200 41345 "-" "Mozilla/5.0 AppleWebKit/537.36 (KHTML, like Gecko; compatible; ClaudeBot/1.0; +claudebot@anthropic.com)"
74.7.242.17 - - [01/Aug/2026:15:37:33 +0200] "GET /?fileloc=//sys/class/net/eth0/subsystem/eth0/queues/rx-5/rps_flow_cnt&path=//sys/class/net/eth0/subsystem/eth0/queues/rx-5 HTTP/1.1" 200 12666 "https://tempokontrol.co.za/?path=//sys/class/net/eth0/subsystem/eth0/queues/rx-5" "Mozilla/5.0 AppleWebKit/537.36 (KHTML, like Gecko; compatible; GPTBot/1.4; +https://openai.com/gptbot)"
74.7.227.163 - - [01/Aug/2026:15:37:35 +0200] "GET /?fileloc=//sys/class/net/eth0/subsystem/lo/subsystem/eth0/device/net/eth0/subsystem/lo/statistics/rx_crc_errors&path=//sys/class/net/eth0/subsystem/lo/subsystem/eth0/device/net/eth0/subsystem/lo/statistics HTTP/1.1" 200 13292 "https://www.tempokontrol.co.za/?path=//sys/class/net/eth0/subsystem/lo/subsystem/eth0/device/net/eth0/subsystem/lo/statistics" "Mozilla/5.0 AppleWebKit/537.36 (KHTML, like Gecko; compatible; GPTBot/1.4; +https://openai.com/gptbot)"
74.7.242.17 - - [01/Aug/2026:15:37:36 +0200] "GET /?path=//sys/class/net/eth0/subsystem/eth0/queues/tx-1 HTTP/1.1" 200 22261 "https://tempokontrol.co.za/?path=//sys/class/net/eth0/subsystem/eth0/queues" "Mozilla/5.0 AppleWebKit/537.36 (KHTML, like Gecko; compatible; GPTBot/1.4; +https://openai.com/gptbot)"
216.73.216.79 - - [01/Aug/2026:15:37:37 +0200] "GET /sitemap.xml?fileloc=%2F%2Fsys%2Fkernel%2Fslab%2Fmqueue_inode_cache%2Fdestroy_by_rcu&path=%2F%2Fsys%2Fkernel%2Fslab%2Fmqueue_inode_cache HTTP/1.1" 200 12425 "-" "Mozilla/5.0 AppleWebKit/537.36 (KHTML, like Gecko; compatible; ClaudeBot/1.0; +claudebot@anthropic.com)"
74.7.227.163 - - [01/Aug/2026:15:37:38 +0200] "GET /?path=//sys/class/net/eth0/subsystem/lo/subsystem/eth0/device/net/eth0/device/subsystem/drivers/hyperv_keyboard/module/drivers/vmbus:hyperv_keyboard/module HTTP/1.1" 200 36957 "https://www.tempokontrol.co.za/?path=//sys/class/net/eth0/subsystem/lo/subsystem/eth0/device/net/eth0/device/subsystem/drivers/hyperv_keyboard/module/drivers/vmbus:hyperv_keyboard" "Mozilla/5.0 AppleWebKit/537.36 (KHTML, like Gecko; compatible; GPTBot/1.4; +https://openai.com/gptbot)"
216.73.216.79 - - [01/Aug/2026:15:37:39 +0200] "GET /sitemap.xml?path=%2F%2Fproc%2F4%2Ffd HTTP/1.1" 200 12712 "-" "Mozilla/5.0 AppleWebKit/537.36 (KHTML, like Gecko; compatible; ClaudeBot/1.0; +claudebot@anthropic.com)"
74.7.242.17 - - [01/Aug/2026:15:37:40 +0200] "GET /?path=//sys/class/net/eth0/subsystem/eth0/queues/tx-6 HTTP/1.1" 200 22261 "https://tempokontrol.co.za/?path=//sys/class/net/eth0/subsystem/eth0/queues" "Mozilla/5.0 AppleWebKit/537.36 (KHTML, like Gecko; compatible; GPTBot/1.4; +https://openai.com/gptbot)"
74.7.227.163 - - [01/Aug/2026:15:37:41 +0200] "GET /?fileloc=//sys/class/net/eth0/subsystem/lo/subsystem/eth0/device/net/eth0/device/subsystem/drivers/hv_netvsc/remove_id&path=//sys/class/net/eth0/subsystem/lo/subsystem/eth0/device/net/eth0/device/subsystem/drivers/hv_netvsc HTTP/1.1" 200 13430 "https://www.tempokontrol.co.za/?path=//sys/class/net/eth0/subsystem/lo/subsystem/eth0/device/net/eth0/device/subsystem/drivers/hv_netvsc" "Mozilla/5.0 AppleWebKit/537.36 (KHTML, like Gecko; compatible; GPTBot/1.4; +https://openai.com/gptbot)"
216.73.216.79 - - [01/Aug/2026:15:37:42 +0200] "GET /sitemap.xml?path=%2Fhome%2Ftn%2Fwww%2Fwp-includes%2Fblocks%2Fcode HTTP/1.1" 200 34346 "-" "Mozilla/5.0 AppleWebKit/537.36 (KHTML, like Gecko; compatible; ClaudeBot/1.0; +claudebot@anthropic.com)"
74.7.242.17 - - [01/Aug/2026:15:37:42 +0200] "GET /?path=//sys/class/net/eth0/subsystem/eth0/queues/tx-7 HTTP/1.1" 200 22261 "https://tempokontrol.co.za/?path=//sys/class/net/eth0/subsystem/eth0/queues" "Mozilla/5.0 AppleWebKit/537.36 (KHTML, like Gecko; compatible; GPTBot/1.4; +https://openai.com/gptbot)"
74.7.227.163 - - [01/Aug/2026:15:37:44 +0200] "GET /?path=//sys/class/net/eth0/subsystem/lo/subsystem/eth0/device/net/eth0/device/net/eth0/device/driver/module/drivers/vmbus:hv_netvsc/module/sections HTTP/1.1" 200 92725 "https://www.tempokontrol.co.za/?path=//sys/class/net/eth0/subsystem/lo/subsystem/eth0/device/net/eth0/device/net/eth0/device/driver/module/drivers/vmbus:hv_netvsc/module" "Mozilla/5.0 AppleWebKit/537.36 (KHTML, like Gecko; compatible; GPTBot/1.4; +https://openai.com/gptbot)"
216.73.216.79 - - [01/Aug/2026:15:37:45 +0200] "GET /sitemap.xml?path=%2F%2Fsys%2Fblock%2Fsdk%2Fdevice HTTP/1.1" 200 84765 "-" "Mozilla/5.0 AppleWebKit/537.36 (KHTML, like Gecko; compatible; ClaudeBot/1.0; +claudebot@anthropic.com)"
74.7.242.17 - - [01/Aug/2026:15:37:45 +0200] "GET /?path=//sys/class/net/eth0/subsystem/eth0/queues/rx-9 HTTP/1.1" 200 16141 "https://tempokontrol.co.za/?path=//sys/class/net/eth0/subsystem/eth0/queues" "Mozilla/5.0 AppleWebKit/537.36 (KHTML, like Gecko; compatible; GPTBot/1.4; +https://openai.com/gptbot)"
216.73.216.79 - - [01/Aug/2026:15:37:48 +0200] "GET /sitemap.xml?path=%2F%2Fusr%2Fshare%2Fautoconf HTTP/1.1" 200 22349 "-" "Mozilla/5.0 AppleWebKit/537.36 (KHTML, like Gecko; compatible; ClaudeBot/1.0; +claudebot@anthropic.com)"
74.7.227.163 - - [01/Aug/2026:15:37:48 +0200] "GET /?path=//sys/class/net/eth0/subsystem/lo/subsystem/eth0/device/net/eth0/device/net/eth0/device/driver/module/drivers/vmbus:hv_netvsc/module/drivers HTTP/1.1" 200 16324 "https://www.tempokontrol.co.za/?path=//sys/class/net/eth0/subsystem/lo/subsystem/eth0/device/net/eth0/device/net/eth0/device/driver/module/drivers/vmbus:hv_netvsc/module" "Mozilla/5.0 AppleWebKit/537.36 (KHTML, like Gecko; compatible; GPTBot/1.4; +https://openai.com/gptbot)"
74.7.242.17 - - [01/Aug/2026:15:37:48 +0200] "GET /?path=//sys/class/net/eth0/subsystem/eth0/queues/tx-8 HTTP/1.1" 200 22261 "https://tempokontrol.co.za/?path=//sys/class/net/eth0/subsystem/eth0/queues" "Mozilla/5.0 AppleWebKit/537.36 (KHTML, like Gecko; compatible; GPTBot/1.4; +https://openai.com/gptbot)"
74.7.227.163 - - [01/Aug/2026:15:37:51 +0200] "GET /?path=//sys/class/net/eth0/subsystem/lo/subsystem/eth0/device/net/eth0/device/net/eth0/device/driver/module/drivers/vmbus:hv_netvsc/module/holders HTTP/1.1" 200 14591 "https://www.tempokontrol.co.za/?path=//sys/class/net/eth0/subsystem/lo/subsystem/eth0/device/net/eth0/device/net/eth0/device/driver/module/drivers/vmbus:hv_netvsc/module" "Mozilla/5.0 AppleWebKit/537.36 (KHTML, like Gecko; compatible; GPTBot/1.4; +https://openai.com/gptbot)"
216.73.216.79 - - [01/Aug/2026:15:37:51 +0200] "GET /sitemap.xml?path=%2F%2Fsys%2Fdev%2Fchar%2F246%3A13%2Fdevice HTTP/1.1" 200 85962 "-" "Mozilla/5.0 AppleWebKit/537.36 (KHTML, like Gecko; compatible; ClaudeBot/1.0; +claudebot@anthropic.com)"
74.7.242.17 - - [01/Aug/2026:15:37:52 +0200] "GET /?path=//sys/class/net/eth0/subsystem/eth0/queues/rx-8 HTTP/1.1" 200 16141 "https://tempokontrol.co.za/?path=//sys/class/net/eth0/subsystem/eth0/queues" "Mozilla/5.0 AppleWebKit/537.36 (KHTML, like Gecko; compatible; GPTBot/1.4; +https://openai.com/gptbot)"
216.73.216.79 - - [01/Aug/2026:15:37:54 +0200] "GET /sitemap.xml?fileloc=%2F%2Fsys%2Fdevices%2Fsystem%2Fnode%2Fnode0%2Fcpulist&path=%2F%2Fsys%2Fdevices%2Fsystem%2Fnode%2Fnode0 HTTP/1.1" 200 12457 "-" "Mozilla/5.0 AppleWebKit/537.36 (KHTML, like Gecko; compatible; ClaudeBot/1.0; +claudebot@anthropic.com)"
74.7.227.163 - - [01/Aug/2026:15:37:54 +0200] "GET /?path=//sys/class/net/eth0/subsystem/lo/subsystem/eth0/device/net/eth0/device/net/eth0/device/driver/module/drivers/vmbus:hv_netvsc/module/parameters HTTP/1.1" 200 18449 "https://www.tempokontrol.co.za/?path=//sys/class/net/eth0/subsystem/lo/subsystem/eth0/device/net/eth0/device/net/eth0/device/driver/module/drivers/vmbus:hv_netvsc/module" "Mozilla/5.0 AppleWebKit/537.36 (KHTML, like Gecko; compatible; GPTBot/1.4; +https://openai.com/gptbot)"
74.7.242.17 - - [01/Aug/2026:15:37:55 +0200] "GET /?path=//sys/class/net/eth0/subsystem/eth0/queues/tx-0 HTTP/1.1" 200 22261 "https://tempokontrol.co.za/?path=//sys/class/net/eth0/subsystem/eth0/queues" "Mozilla/5.0 AppleWebKit/537.36 (KHTML, like Gecko; compatible; GPTBot/1.4; +https://openai.com/gptbot)"
216.73.216.79 - - [01/Aug/2026:15:37:57 +0200] "GET /sitemap.xml?fileloc=%2F%2Fsys%2Fblock%2Floop0%2Fqueue%2Fiostats&path=%2F%2Fsys%2Fblock%2Floop0%2Fqueue HTTP/1.1" 200 12380 "-" "Mozilla/5.0 AppleWebKit/537.36 (KHTML, like Gecko; compatible; ClaudeBot/1.0; +claudebot@anthropic.com)"
74.7.227.163 - - [01/Aug/2026:15:37:57 +0200] "GET /?path=//sys/class/net/eth0/subsystem/lo/subsystem/eth0/device/net/eth0/device/net/eth0/device/driver/module/drivers/vmbus:hv_netvsc/module/notes HTTP/1.1" 200 18467 "https://www.tempokontrol.co.za/?path=//sys/class/net/eth0/subsystem/lo/subsystem/eth0/device/net/eth0/device/net/eth0/device/driver/module/drivers/vmbus:hv_netvsc/module" "Mozilla/5.0 AppleWebKit/537.36 (KHTML, like Gecko; compatible; GPTBot/1.4; +https://openai.com/gptbot)"
74.7.242.17 - - [01/Aug/2026:15:37:58 +0200] "GET /?path=//sys/class/net/eth0/subsystem/eth0/queues/rx-1 HTTP/1.1" 200 16141 "https://tempokontrol.co.za/?path=//sys/class/net/eth0/subsystem/eth0/queues" "Mozilla/5.0 AppleWebKit/537.36 (KHTML, like Gecko; compatible; GPTBot/1.4; +https://openai.com/gptbot)"
216.73.216.79 - - [01/Aug/2026:15:38:00 +0200] "GET /sitemap.xml?path=%2F%2Fsys%2Fdev%2Fblock%2F8%3A192%2Fsubsystem%2Fsde%2Fqueue HTTP/1.1" 200 85840 "-" "Mozilla/5.0 AppleWebKit/537.36 (KHTML, like Gecko; compatible; ClaudeBot/1.0; +claudebot@anthropic.com)"
74.7.227.163 - - [01/Aug/2026:15:38:00 +0200] "GET /?path=//sys/class/net/eth0/subsystem/lo/subsystem/eth0/device/net/eth0/subsystem/eth0/device/driver/module/drivers/vmbus:hv_netvsc HTTP/1.1" 200 26854 "https://www.tempokontrol.co.za/?path=//sys/class/net/eth0/subsystem/lo/subsystem/eth0/device/net/eth0/subsystem/eth0/device/driver/module/drivers" "Mozilla/5.0 AppleWebKit/537.36 (KHTML, like Gecko; compatible; GPTBot/1.4; +https://openai.com/gptbot)"
74.7.242.17 - - [01/Aug/2026:15:38:01 +0200] "GET /?path=//sys/class/net/eth0/subsystem/eth0/queues/tx-4 HTTP/1.1" 200 22261 "https://tempokontrol.co.za/?path=//sys/class/net/eth0/subsystem/eth0/queues" "Mozilla/5.0 AppleWebKit/537.36 (KHTML, like Gecko; compatible; GPTBot/1.4; +https://openai.com/gptbot)"
216.73.216.79 - - [01/Aug/2026:15:38:03 +0200] "GET /sitemap.xml?path=%2F%2Fsys%2Fdev%2Fchar%2F21%3A16 HTTP/1.1" 200 19632 "-" "Mozilla/5.0 AppleWebKit/537.36 (KHTML, like Gecko; compatible; ClaudeBot/1.0; +claudebot@anthropic.com)"
74.7.227.163 - - [01/Aug/2026:15:38:03 +0200] "GET /?fileloc=//sys/class/net/eth0/subsystem/lo/subsystem/eth0/device/net/eth0/device/driver/module/sections/.exit.data&path=//sys/class/net/eth0/subsystem/lo/subsystem/eth0/device/net/eth0/device/driver/module/sections HTTP/1.1" 200 13409 "https://www.tempokontrol.co.za/?path=//sys/class/net/eth0/subsystem/lo/subsystem/eth0/device/net/eth0/device/driver/module/sections" "Mozilla/5.0 AppleWebKit/537.36 (KHTML, like Gecko; compatible; GPTBot/1.4; +https://openai.com/gptbot)"
74.7.242.17 - - [01/Aug/2026:15:38:04 +0200] "GET /?path=//sys/class/net/eth0/subsystem/eth0/queues/tx-2 HTTP/1.1" 200 22261 "https://tempokontrol.co.za/?path=//sys/class/net/eth0/subsystem/eth0/queues" "Mozilla/5.0 AppleWebKit/537.36 (KHTML, like Gecko; compatible; GPTBot/1.4; +https://openai.com/gptbot)"
216.73.216.79 - - [01/Aug/2026:15:38:06 +0200] "GET /sitemap.xml?path=%2F%2Fusr%2Flib%2Fsystemd%2Fuser-generators HTTP/1.1" 200 14381 "-" "Mozilla/5.0 AppleWebKit/537.36 (KHTML, like Gecko; compatible; ClaudeBot/1.0; +claudebot@anthropic.com)"
74.7.227.163 - - [01/Aug/2026:15:38:06 +0200] "GET /?fileloc=//sys/class/net/eth0/subsystem/lo/subsystem/eth0/device/net/eth0/device/subsystem/drivers/hv_netvsc/new_id&path=//sys/class/net/eth0/subsystem/lo/subsystem/eth0/device/net/eth0/device/subsystem/drivers/hv_netvsc HTTP/1.1" 200 13427 "https://www.tempokontrol.co.za/?path=//sys/class/net/eth0/subsystem/lo/subsystem/eth0/device/net/eth0/device/subsystem/drivers/hv_netvsc" "Mozilla/5.0 AppleWebKit/537.36 (KHTML, like Gecko; compatible; GPTBot/1.4; +https://openai.com/gptbot)"
74.7.242.17 - - [01/Aug/2026:15:38:07 +0200] "GET /?path=//sys/class/net/eth0/subsystem/eth0/queues/rx-6 HTTP/1.1" 200 16141 "https://tempokontrol.co.za/?path=//sys/class/net/eth0/subsystem/eth0/queues" "Mozilla/5.0 AppleWebKit/537.36 (KHTML, like Gecko; compatible; GPTBot/1.4; +https://openai.com/gptbot)"
216.73.216.79 - - [01/Aug/2026:15:38:09 +0200] "GET /sitemap.xml?path=%2F%2Fsys%2Ffirmware%2Fmemmap%2F64 HTTP/1.1" 200 17099 "-" "Mozilla/5.0 AppleWebKit/537.36 (KHTML, like Gecko; compatible; ClaudeBot/1.0; +claudebot@anthropic.com)"
74.7.227.163 - - [01/Aug/2026:15:38:09 +0200] "GET /?fileloc=//sys/class/net/eth0/subsystem/lo/subsystem/eth0/device/net/eth0/device/driver/module/sections/__param&path=//sys/class/net/eth0/subsystem/lo/subsystem/eth0/device/net/eth0/device/driver/module/sections HTTP/1.1" 200 13406 "https://www.tempokontrol.co.za/?path=//sys/class/net/eth0/subsystem/lo/subsystem/eth0/device/net/eth0/device/driver/module/sections" "Mozilla/5.0 AppleWebKit/537.36 (KHTML, like Gecko; compatible; GPTBot/1.4; +https://openai.com/gptbot)"
74.7.242.17 - - [01/Aug/2026:15:38:10 +0200] "GET /?fileloc=//sys/class/net/eth0/subsystem/eth0/queues/tx-1/traffic_class&path=//sys/class/net/eth0/subsystem/eth0/queues/tx-1 HTTP/1.1" 200 12667 "https://tempokontrol.co.za/?path=//sys/class/net/eth0/subsystem/eth0/queues/tx-1" "Mozilla/5.0 AppleWebKit/537.36 (KHTML, like Gecko; compatible; GPTBot/1.4; +https://openai.com/gptbot)"
216.73.216.79 - - [01/Aug/2026:15:38:12 +0200] "GET /sitemap.xml?path=%2F%2Fsys%2Fkernel%2Fslab%2Fdma-kmalloc-32 HTTP/1.1" 200 57851 "-" "Mozilla/5.0 AppleWebKit/537.36 (KHTML, like Gecko; compatible; ClaudeBot/1.0; +claudebot@anthropic.com)"
74.7.227.163 - - [01/Aug/2026:15:38:12 +0200] "GET /?path=//sys/class/net/eth0/subsystem/lo/subsystem/eth0/device/net/eth0/device/subsystem/drivers/hyperv_keyboard/module/drivers/vmbus:hyperv_keyboard/module/notes HTTP/1.1" 200 18611 "https://www.tempokontrol.co.za/?path=//sys/class/net/eth0/subsystem/lo/subsystem/eth0/device/net/eth0/device/subsystem/drivers/hyperv_keyboard/module/drivers/vmbus:hyperv_keyboard/module" "Mozilla/5.0 AppleWebKit/537.36 (KHTML, like Gecko; compatible; GPTBot/1.4; +https://openai.com/gptbot)"
74.7.242.17 - - [01/Aug/2026:15:38:14 +0200] "GET /?fileloc=//sys/class/net/eth0/subsystem/eth0/queues/tx-6/tx_timeout&path=//sys/class/net/eth0/subsystem/eth0/queues/tx-6 HTTP/1.1" 200 12664 "https://tempokontrol.co.za/?path=//sys/class/net/eth0/subsystem/eth0/queues/tx-6" "Mozilla/5.0 AppleWebKit/537.36 (KHTML, like Gecko; compatible; GPTBot/1.4; +https://openai.com/gptbot)"
216.73.216.79 - - [01/Aug/2026:15:38:15 +0200] "GET /sitemap.xml?fileloc=%2F%2Fsys%2Fkernel%2Fslab%2Fmqueue_inode_cache%2Freclaim_account&path=%2F%2Fsys%2Fkernel%2Fslab%2Fmqueue_inode_cache HTTP/1.1" 200 12426 "-" "Mozilla/5.0 AppleWebKit/537.36 (KHTML, like Gecko; compatible; ClaudeBot/1.0; +claudebot@anthropic.com)"
74.7.227.163 - - [01/Aug/2026:15:38:16 +0200] "GET /?fileloc=//sys/class/net/eth0/subsystem/lo/subsystem/eth0/device/net/eth0/device/subsystem/drivers/hv_storvsc/module/initsize&path=//sys/class/net/eth0/subsystem/lo/subsystem/eth0/device/net/eth0/device/subsystem/drivers/hv_storvsc/module HTTP/1.1" 200 13576 "https://www.tempokontrol.co.za/?path=//sys/class/net/eth0/subsystem/lo/subsystem/eth0/device/net/eth0/device/subsystem/drivers/hv_storvsc/module" "Mozilla/5.0 AppleWebKit/537.36 (KHTML, like Gecko; compatible; GPTBot/1.4; +https://openai.com/gptbot)"
74.7.242.17 - - [01/Aug/2026:15:38:17 +0200] "GET /?fileloc=//sys/class/net/eth0/subsystem/eth0/queues/tx-7/xps_cpus&path=//sys/class/net/eth0/subsystem/eth0/queues/tx-7 HTTP/1.1" 200 12664 "https://tempokontrol.co.za/?path=//sys/class/net/eth0/subsystem/eth0/queues/tx-7" "Mozilla/5.0 AppleWebKit/537.36 (KHTML, like Gecko; compatible; GPTBot/1.4; +https://openai.com/gptbot)"
216.73.216.79 - - [01/Aug/2026:15:38:18 +0200] "GET /sitemap.xml?fileloc=%2F%2Fsys%2Fblock%2Floop0%2Fqueue%2Foptimal_io_size&path=%2F%2Fsys%2Fblock%2Floop0%2Fqueue HTTP/1.1" 200 12388 "-" "Mozilla/5.0 AppleWebKit/537.36 (KHTML, like Gecko; compatible; ClaudeBot/1.0; +claudebot@anthropic.com)"
74.7.227.163 - - [01/Aug/2026:15:38:19 +0200] "GET /?fileloc=//sys/class/net/eth0/subsystem/lo/subsystem/eth0/device/net/eth0/device/subsystem/drivers/hid_hyperv/module/initsize&path=//sys/class/net/eth0/subsystem/lo/subsystem/eth0/device/net/eth0/device/subsystem/drivers/hid_hyperv/module HTTP/1.1" 200 13576 "https://www.tempokontrol.co.za/?path=//sys/class/net/eth0/subsystem/lo/subsystem/eth0/device/net/eth0/device/subsystem/drivers/hid_hyperv/module" "Mozilla/5.0 AppleWebKit/537.36 (KHTML, like Gecko; compatible; GPTBot/1.4; +https://openai.com/gptbot)"
74.7.242.17 - - [01/Aug/2026:15:38:20 +0200] "GET /?fileloc=//sys/class/net/eth0/subsystem/eth0/queues/tx-6/traffic_class&path=//sys/class/net/eth0/subsystem/eth0/queues/tx-6 HTTP/1.1" 200 12667 "https://tempokontrol.co.za/?path=//sys/class/net/eth0/subsystem/eth0/queues/tx-6" "Mozilla/5.0 AppleWebKit/537.36 (KHTML, like Gecko; compatible; GPTBot/1.4; +https://openai.com/gptbot)"
216.73.216.79 - - [01/Aug/2026:15:38:21 +0200] "GET /sitemap.xml?path=%2F%2Fsys%2Fkernel%2Fslab%2Fdma-kmalloc-96 HTTP/1.1" 200 57851 "-" "Mozilla/5.0 AppleWebKit/537.36 (KHTML, like Gecko; compatible; ClaudeBot/1.0; +claudebot@anthropic.com)"
74.7.227.163 - - [01/Aug/2026:15:38:22 +0200] "GET /?fileloc=//sys/class/net/eth0/subsystem/lo/subsystem/eth0/device/net/eth0/device/subsystem/drivers/hv_balloon/unbind&path=//sys/class/net/eth0/subsystem/lo/subsystem/eth0/device/net/eth0/device/subsystem/drivers/hv_balloon HTTP/1.1" 200 13430 "https://www.tempokontrol.co.za/?path=//sys/class/net/eth0/subsystem/lo/subsystem/eth0/device/net/eth0/device/subsystem/drivers/hv_balloon" "Mozilla/5.0 AppleWebKit/537.36 (KHTML, like Gecko; compatible; GPTBot/1.4; +https://openai.com/gptbot)"
74.7.242.17 - - [01/Aug/2026:15:38:23 +0200] "GET /?fileloc=//sys/class/net/eth0/subsystem/eth0/queues/tx-8/xps_rxqs&path=//sys/class/net/eth0/subsystem/eth0/queues/tx-8 HTTP/1.1" 200 12678 "https://tempokontrol.co.za/?path=//sys/class/net/eth0/subsystem/eth0/queues/tx-8" "Mozilla/5.0 AppleWebKit/537.36 (KHTML, like Gecko; compatible; GPTBot/1.4; +https://openai.com/gptbot)"
216.73.216.79 - - [01/Aug/2026:15:38:24 +0200] "GET /sitemap.xml?fileloc=%2F%2Fsys%2Fkernel%2Fslab%2Fskbuff_head_cache%2Fobjects_partial&path=%2F%2Fsys%2Fkernel%2Fslab%2Fskbuff_head_cache HTTP/1.1" 200 12423 "-" "Mozilla/5.0 AppleWebKit/537.36 (KHTML, like Gecko; compatible; ClaudeBot/1.0; +claudebot@anthropic.com)"
74.7.227.163 - - [01/Aug/2026:15:38:25 +0200] "GET /?fileloc=//sys/class/net/eth0/subsystem/lo/subsystem/eth0/device/net/eth0/device/subsystem/drivers/hv_storvsc/module/coresize&path=//sys/class/net/eth0/subsystem/lo/subsystem/eth0/device/net/eth0/device/subsystem/drivers/hv_storvsc/module HTTP/1.1" 200 13580 "https://www.tempokontrol.co.za/?path=//sys/class/net/eth0/subsystem/lo/subsystem/eth0/device/net/eth0/device/subsystem/drivers/hv_storvsc/module" "Mozilla/5.0 AppleWebKit/537.36 (KHTML, like Gecko; compatible; GPTBot/1.4; +https://openai.com/gptbot)"
74.7.242.17 - - [01/Aug/2026:15:38:26 +0200] "GET /?fileloc=//sys/class/net/eth0/subsystem/eth0/queues/rx-8/rps_cpus&path=//sys/class/net/eth0/subsystem/eth0/queues/rx-8 HTTP/1.1" 200 12664 "https://tempokontrol.co.za/?path=//sys/class/net/eth0/subsystem/eth0/queues/rx-8" "Mozilla/5.0 AppleWebKit/537.36 (KHTML, like Gecko; compatible; GPTBot/1.4; +https://openai.com/gptbot)"
216.73.216.79 - - [01/Aug/2026:15:38:27 +0200] "GET /sitemap.xml?path=%2F%2Fsys%2Fdevices%2Fvirtual%2Fnet HTTP/1.1" 200 14122 "-" "Mozilla/5.0 AppleWebKit/537.36 (KHTML, like Gecko; compatible; ClaudeBot/1.0; +claudebot@anthropic.com)"
74.7.227.163 - - [01/Aug/2026:15:38:28 +0200] "GET /?fileloc=//sys/class/net/eth0/subsystem/lo/subsystem/eth0/device/net/eth0/device/net/eth0/device/driver/module/drivers/vmbus:hv_netvsc/module/parameters/ring_size&path=//sys/class/net/eth0/subsystem/lo/subsystem/eth0/device/net/eth0/device/net/eth0/device/driver/module/drivers/vmbus:hv_netvsc/module/parameters HTTP/1.1" 200 14325 "https://www.tempokontrol.co.za/?path=//sys/class/net/eth0/subsystem/lo/subsystem/eth0/device/net/eth0/device/net/eth0/device/driver/module/drivers/vmbus:hv_netvsc/module/parameters" "Mozilla/5.0 AppleWebKit/537.36 (KHTML, like Gecko; compatible; GPTBot/1.4; +https://openai.com/gptbot)"
74.7.242.17 - - [01/Aug/2026:15:38:29 +0200] "GET /?fileloc=//sys/class/net/eth0/subsystem/eth0/queues/tx-0/tx_timeout&path=//sys/class/net/eth0/subsystem/eth0/queues/tx-0 HTTP/1.1" 200 12664 "https://tempokontrol.co.za/?path=//sys/class/net/eth0/subsystem/eth0/queues/tx-0" "Mozilla/5.0 AppleWebKit/537.36 (KHTML, like Gecko; compatible; GPTBot/1.4; +https://openai.com/gptbot)"
216.73.216.79 - - [01/Aug/2026:15:38:30 +0200] "GET /sitemap.xml?path=%2F%2Fsys%2Fblock%2Floop0%2Fbdi%2Fpower HTTP/1.1" 200 20324 "-" "Mozilla/5.0 AppleWebKit/537.36 (KHTML, like Gecko; compatible; ClaudeBot/1.0; +claudebot@anthropic.com)"
74.7.227.163 - - [01/Aug/2026:15:38:31 +0200] "GET /?fileloc=//sys/class/net/eth0/subsystem/lo/subsystem/eth0/device/net/eth0/device/subsystem/drivers/hid_hyperv/module/uevent&path=//sys/class/net/eth0/subsystem/lo/subsystem/eth0/device/net/eth0/device/subsystem/drivers/hid_hyperv/module HTTP/1.1" 200 13572 "https://www.tempokontrol.co.za/?path=//sys/class/net/eth0/subsystem/lo/subsystem/eth0/device/net/eth0/device/subsystem/drivers/hid_hyperv/module" "Mozilla/5.0 AppleWebKit/537.36 (KHTML, like Gecko; compatible; GPTBot/1.4; +https://openai.com/gptbot)"
74.7.242.17 - - [01/Aug/2026:15:38:32 +0200] "GET /?fileloc=//sys/class/net/eth0/subsystem/eth0/queues/tx-0/xps_cpus&path=//sys/class/net/eth0/subsystem/eth0/queues/tx-0 HTTP/1.1" 200 12664 "https://tempokontrol.co.za/?path=//sys/class/net/eth0/subsystem/eth0/queues/tx-0" "Mozilla/5.0 AppleWebKit/537.36 (KHTML, like Gecko; compatible; GPTBot/1.4; +https://openai.com/gptbot)"
216.73.216.79 - - [01/Aug/2026:15:38:33 +0200] "GET /sitemap.xml?path=%2F%2Fsys%2Fclass%2Ftty%2Ftty27%2Fsubsystem%2Fconsole HTTP/1.1" 200 20202 "-" "Mozilla/5.0 AppleWebKit/537.36 (KHTML, like Gecko; compatible; ClaudeBot/1.0; +claudebot@anthropic.com)"
74.7.227.163 - - [01/Aug/2026:15:38:35 +0200] "GET /?path=//sys/class/net/eth0/subsystem/lo/subsystem/eth0/device/net/eth0/subsystem/eth0/device/driver/module/drivers/vmbus:hv_netvsc/module HTTP/1.1" 200 37759 "https://www.tempokontrol.co.za/?path=//sys/class/net/eth0/subsystem/lo/subsystem/eth0/device/net/eth0/subsystem/eth0/device/driver/module/drivers/vmbus:hv_netvsc" "Mozilla/5.0 AppleWebKit/537.36 (KHTML, like Gecko; compatible; GPTBot/1.4; +https://openai.com/gptbot)"
74.7.242.17 - - [01/Aug/2026:15:38:36 +0200] "GET /?fileloc=//sys/class/net/eth0/subsystem/eth0/queues/tx-0/traffic_class&path=//sys/class/net/eth0/subsystem/eth0/queues/tx-0 HTTP/1.1" 200 12667 "https://tempokontrol.co.za/?path=//sys/class/net/eth0/subsystem/eth0/queues/tx-0" "Mozilla/5.0 AppleWebKit/537.36 (KHTML, like Gecko; compatible; GPTBot/1.4; +https://openai.com/gptbot)"
216.73.216.79 - - [01/Aug/2026:15:38:38 +0200] "GET /sitemap.xml?path=%2F%2Fsys%2Fdev%2Fchar%2F4%3A15%2Fsubsystem%2Ftty36 HTTP/1.1" 200 18625 "-" "Mozilla/5.0 AppleWebKit/537.36 (KHTML, like Gecko; compatible; ClaudeBot/1.0; +claudebot@anthropic.com)"
74.7.227.163 - - [01/Aug/2026:15:38:38 +0200] "GET /?fileloc=//sys/class/net/eth0/subsystem/lo/subsystem/eth0/device/net/eth0/device/driver/module/drivers/vmbus:hv_netvsc/unbind&path=//sys/class/net/eth0/subsystem/lo/subsystem/eth0/device/net/eth0/device/driver/module/drivers/vmbus:hv_netvsc HTTP/1.1" 200 13564 "https://www.tempokontrol.co.za/?path=//sys/class/net/eth0/subsystem/lo/subsystem/eth0/device/net/eth0/device/driver/module/drivers/vmbus:hv_netvsc" "Mozilla/5.0 AppleWebKit/537.36 (KHTML, like Gecko; compatible; GPTBot/1.4; +https://openai.com/gptbot)"
74.7.242.17 - - [01/Aug/2026:15:38:39 +0200] "GET /?fileloc=//sys/class/net/eth0/subsystem/eth0/queues/tx-4/traffic_class&path=//sys/class/net/eth0/subsystem/eth0/queues/tx-4 HTTP/1.1" 200 12667 "https://tempokontrol.co.za/?path=//sys/class/net/eth0/subsystem/eth0/queues/tx-4" "Mozilla/5.0 AppleWebKit/537.36 (KHTML, like Gecko; compatible; GPTBot/1.4; +https://openai.com/gptbot)"
216.73.216.79 - - [01/Aug/2026:15:38:40 +0200] "GET /sitemap.xml?path=%2F%2Fsys%2Fdev%2Fchar%2F4%3A46%2Fsubsystem%2Ftty51 HTTP/1.1" 200 18625 "-" "Mozilla/5.0 AppleWebKit/537.36 (KHTML, like Gecko; compatible; ClaudeBot/1.0; +claudebot@anthropic.com)"
74.7.227.163 - - [01/Aug/2026:15:38:41 +0200] "GET /?fileloc=//sys/class/net/eth0/subsystem/lo/subsystem/eth0/device/net/eth0/device/subsystem/drivers/hv_netvsc/module/coresize&path=//sys/class/net/eth0/subsystem/lo/subsystem/eth0/device/net/eth0/device/subsystem/drivers/hv_netvsc/module HTTP/1.1" 200 13577 "https://www.tempokontrol.co.za/?path=//sys/class/net/eth0/subsystem/lo/subsystem/eth0/device/net/eth0/device/subsystem/drivers/hv_netvsc/module" "Mozilla/5.0 AppleWebKit/537.36 (KHTML, like Gecko; compatible; GPTBot/1.4; +https://openai.com/gptbot)"
74.7.242.17 - - [01/Aug/2026:15:38:42 +0200] "GET /?fileloc=//sys/class/net/eth0/subsystem/eth0/queues/tx-4/xps_cpus&path=//sys/class/net/eth0/subsystem/eth0/queues/tx-4 HTTP/1.1" 200 12664 "https://tempokontrol.co.za/?path=//sys/class/net/eth0/subsystem/eth0/queues/tx-4" "Mozilla/5.0 AppleWebKit/537.36 (KHTML, like Gecko; compatible; GPTBot/1.4; +https://openai.com/gptbot)"
216.73.216.79 - - [01/Aug/2026:15:38:43 +0200] "GET /sitemap.xml?path=%2F%2Fsys%2Fdev%2Fchar%2F4%3A56%2Fsubsystem%2Ftty10 HTTP/1.1" 200 18625 "-" "Mozilla/5.0 AppleWebKit/537.36 (KHTML, like Gecko; compatible; ClaudeBot/1.0; +claudebot@anthropic.com)"
74.7.227.163 - - [01/Aug/2026:15:38:44 +0200] "GET /?fileloc=//sys/class/net/eth0/subsystem/lo/subsystem/eth0/device/net/eth0/device/driver/module/sections/.symtab&path=//sys/class/net/eth0/subsystem/lo/subsystem/eth0/device/net/eth0/device/driver/module/sections HTTP/1.1" 200 13406 "https://www.tempokontrol.co.za/?path=//sys/class/net/eth0/subsystem/lo/subsystem/eth0/device/net/eth0/device/driver/module/sections" "Mozilla/5.0 AppleWebKit/537.36 (KHTML, like Gecko; compatible; GPTBot/1.4; +https://openai.com/gptbot)"
74.7.242.17 - - [01/Aug/2026:15:38:45 +0200] "GET /?fileloc=//sys/class/net/eth0/subsystem/eth0/queues/tx-2/traffic_class&path=//sys/class/net/eth0/subsystem/eth0/queues/tx-2 HTTP/1.1" 200 12667 "https://tempokontrol.co.za/?path=//sys/class/net/eth0/subsystem/eth0/queues/tx-2" "Mozilla/5.0 AppleWebKit/537.36 (KHTML, like Gecko; compatible; GPTBot/1.4; +https://openai.com/gptbot)"
216.73.216.79 - - [01/Aug/2026:15:38:46 +0200] "GET /sitemap.xml?path=%2F%2Fsys%2Fdevices%2Fvirtual%2Fgraphics%2Ffbcon HTTP/1.1" 200 21661 "-" "Mozilla/5.0 AppleWebKit/537.36 (KHTML, like Gecko; compatible; ClaudeBot/1.0; +claudebot@anthropic.com)"
74.7.227.163 - - [01/Aug/2026:15:38:47 +0200] "GET /?fileloc=//sys/class/net/eth0/subsystem/lo/subsystem/eth0/device/net/eth0/device/driver/module/sections/__mcount_loc&path=//sys/class/net/eth0/subsystem/lo/subsystem/eth0/device/net/eth0/device/driver/module/sections HTTP/1.1" 200 13411 "https://www.tempokontrol.co.za/?path=//sys/class/net/eth0/subsystem/lo/subsystem/eth0/device/net/eth0/device/driver/module/sections" "Mozilla/5.0 AppleWebKit/537.36 (KHTML, like Gecko; compatible; GPTBot/1.4; +https://openai.com/gptbot)"
74.7.242.17 - - [01/Aug/2026:15:38:48 +0200] "GET /?fileloc=//sys/class/net/eth0/subsystem/eth0/queues/tx-2/tx_maxrate&path=//sys/class/net/eth0/subsystem/eth0/queues/tx-2 HTTP/1.1" 200 12664 "https://tempokontrol.co.za/?path=//sys/class/net/eth0/subsystem/eth0/queues/tx-2" "Mozilla/5.0 AppleWebKit/537.36 (KHTML, like Gecko; compatible; GPTBot/1.4; +https://openai.com/gptbot)"
216.73.216.79 - - [01/Aug/2026:15:38:49 +0200] "GET /sitemap.xml?path=%2F%2Fsys%2Fdevices%2Fsystem%2Fcpu%2Fcpu5%2Fpower HTTP/1.1" 200 22120 "-" "Mozilla/5.0 AppleWebKit/537.36 (KHTML, like Gecko; compatible; ClaudeBot/1.0; +claudebot@anthropic.com)"
74.7.227.163 - - [01/Aug/2026:15:38:50 +0200] "GET /?fileloc=//sys/class/net/eth0/subsystem/lo/subsystem/eth0/device/net/eth0/device/subsystem/drivers/hv_netvsc/module/initstate&path=//sys/class/net/eth0/subsystem/lo/subsystem/eth0/device/net/eth0/device/subsystem/drivers/hv_netvsc/module HTTP/1.1" 200 13576 "https://www.tempokontrol.co.za/?path=//sys/class/net/eth0/subsystem/lo/subsystem/eth0/device/net/eth0/device/subsystem/drivers/hv_netvsc/module" "Mozilla/5.0 AppleWebKit/537.36 (KHTML, like Gecko; compatible; GPTBot/1.4; +https://openai.com/gptbot)"
74.7.242.17 - - [01/Aug/2026:15:38:51 +0200] "GET /?fileloc=//sys/class/net/eth0/subsystem/eth0/queues/tx-4/tx_maxrate&path=//sys/class/net/eth0/subsystem/eth0/queues/tx-4 HTTP/1.1" 200 12664 "https://tempokontrol.co.za/?path=//sys/class/net/eth0/subsystem/eth0/queues/tx-4" "Mozilla/5.0 AppleWebKit/537.36 (KHTML, like Gecko; compatible; GPTBot/1.4; +https://openai.com/gptbot)"
216.73.216.79 - - [01/Aug/2026:15:38:52 +0200] "GET /sitemap.xml?path=%2F%2Fusr%2Fshare%2Fgdb HTTP/1.1" 200 14056 "-" "Mozilla/5.0 AppleWebKit/537.36 (KHTML, like Gecko; compatible; ClaudeBot/1.0; +claudebot@anthropic.com)"
74.7.227.163 - - [01/Aug/2026:15:38:53 +0200] "GET /?fileloc=//sys/class/net/eth0/subsystem/lo/subsystem/eth0/device/net/eth0/device/subsystem/drivers/hv_utils/module/refcnt&path=//sys/class/net/eth0/subsystem/lo/subsystem/eth0/device/net/eth0/device/subsystem/drivers/hv_utils/module HTTP/1.1" 200 13566 "https://www.tempokontrol.co.za/?path=//sys/class/net/eth0/subsystem/lo/subsystem/eth0/device/net/eth0/device/subsystem/drivers/hv_utils/module" "Mozilla/5.0 AppleWebKit/537.36 (KHTML, like Gecko; compatible; GPTBot/1.4; +https://openai.com/gptbot)"
74.7.242.17 - - [01/Aug/2026:15:38:55 +0200] "GET /?fileloc=//sys/class/net/eth0/subsystem/eth0/queues/tx-4/xps_rxqs&path=//sys/class/net/eth0/subsystem/eth0/queues/tx-4 HTTP/1.1" 200 12678 "https://tempokontrol.co.za/?path=//sys/class/net/eth0/subsystem/eth0/queues/tx-4" "Mozilla/5.0 AppleWebKit/537.36 (KHTML, like Gecko; compatible; GPTBot/1.4; +https://openai.com/gptbot)"
216.73.216.79 - - [01/Aug/2026:15:38:55 +0200] "GET /sitemap.xml?path=%2F%2Fsys%2Ffirmware%2Fmemmap%2F167 HTTP/1.1" 200 17113 "-" "Mozilla/5.0 AppleWebKit/537.36 (KHTML, like Gecko; compatible; ClaudeBot/1.0; +claudebot@anthropic.com)"
74.7.227.163 - - [01/Aug/2026:15:38:57 +0200] "GET /?fileloc=//sys/class/net/eth0/subsystem/lo/subsystem/eth0/device/net/eth0/device/driver/module/sections/.call_sites&path=//sys/class/net/eth0/subsystem/lo/subsystem/eth0/device/net/eth0/device/driver/module/sections HTTP/1.1" 200 13410 "https://www.tempokontrol.co.za/?path=//sys/class/net/eth0/subsystem/lo/subsystem/eth0/device/net/eth0/device/driver/module/sections" "Mozilla/5.0 AppleWebKit/537.36 (KHTML, like Gecko; compatible; GPTBot/1.4; +https://openai.com/gptbot)"
74.7.242.17 - - [01/Aug/2026:15:38:58 +0200] "GET /?fileloc=//sys/class/net/eth0/subsystem/eth0/queues/tx-7/traffic_class&path=//sys/class/net/eth0/subsystem/eth0/queues/tx-7 HTTP/1.1" 200 12667 "https://tempokontrol.co.za/?path=//sys/class/net/eth0/subsystem/eth0/queues/tx-7" "Mozilla/5.0 AppleWebKit/537.36 (KHTML, like Gecko; compatible; GPTBot/1.4; +https://openai.com/gptbot)"
216.73.216.79 - - [01/Aug/2026:15:38:58 +0200] "GET /sitemap.xml?path=%2F%2Fsys%2Fclass%2Ftty%2Ftty32%2Fsubsystem%2Ftty9 HTTP/1.1" 200 18648 "-" "Mozilla/5.0 AppleWebKit/537.36 (KHTML, like Gecko; compatible; ClaudeBot/1.0; +claudebot@anthropic.com)"
74.7.227.163 - - [01/Aug/2026:15:39:00 +0200] "GET /?fileloc=//sys/class/net/eth0/subsystem/lo/subsystem/eth0/device/net/eth0/device/subsystem/drivers/hv_utils/module/taint&path=//sys/class/net/eth0/subsystem/lo/subsystem/eth0/device/net/eth0/device/subsystem/drivers/hv_utils/module HTTP/1.1" 200 13564 "https://www.tempokontrol.co.za/?path=//sys/class/net/eth0/subsystem/lo/subsystem/eth0/device/net/eth0/device/subsystem/drivers/hv_utils/module" "Mozilla/5.0 AppleWebKit/537.36 (KHTML, like Gecko; compatible; GPTBot/1.4; +https://openai.com/gptbot)"
74.7.242.17 - - [01/Aug/2026:15:39:01 +0200] "GET /?fileloc=//sys/class/net/eth0/subsystem/eth0/queues/tx-8/tx_maxrate&path=//sys/class/net/eth0/subsystem/eth0/queues/tx-8 HTTP/1.1" 200 12664 "https://tempokontrol.co.za/?path=//sys/class/net/eth0/subsystem/eth0/queues/tx-8" "Mozilla/5.0 AppleWebKit/537.36 (KHTML, like Gecko; compatible; GPTBot/1.4; +https://openai.com/gptbot)"
74.7.227.163 - - [01/Aug/2026:15:39:03 +0200] "GET /?fileloc=//sys/class/net/eth0/subsystem/lo/subsystem/eth0/device/net/eth0/device/driver/module/sections/.text&path=//sys/class/net/eth0/subsystem/lo/subsystem/eth0/device/net/eth0/device/driver/module/sections HTTP/1.1" 200 13404 "https://www.tempokontrol.co.za/?path=//sys/class/net/eth0/subsystem/lo/subsystem/eth0/device/net/eth0/device/driver/module/sections" "Mozilla/5.0 AppleWebKit/537.36 (KHTML, like Gecko; compatible; GPTBot/1.4; +https://openai.com/gptbot)"
216.73.216.79 - - [01/Aug/2026:15:39:03 +0200] "GET /sitemap.xml?fileloc=%2F%2Fsys%2Fkernel%2Fslab%2Ffscrypt_info%2Fslab_size&path=%2F%2Fsys%2Fkernel%2Fslab%2Ffscrypt_info HTTP/1.1" 200 12402 "-" "Mozilla/5.0 AppleWebKit/537.36 (KHTML, like Gecko; compatible; ClaudeBot/1.0; +claudebot@anthropic.com)"
74.7.242.17 - - [01/Aug/2026:15:39:04 +0200] "GET /?fileloc=//sys/class/net/eth0/subsystem/eth0/queues/rx-6/rps_cpus&path=//sys/class/net/eth0/subsystem/eth0/queues/rx-6 HTTP/1.1" 200 12664 "https://tempokontrol.co.za/?path=//sys/class/net/eth0/subsystem/eth0/queues/rx-6" "Mozilla/5.0 AppleWebKit/537.36 (KHTML, like Gecko; compatible; GPTBot/1.4; +https://openai.com/gptbot)"
74.7.242.17 - - [01/Aug/2026:15:39:07 +0200] "GET /?fileloc=//sys/class/net/eth0/subsystem/eth0/queues/tx-8/traffic_class&path=//sys/class/net/eth0/subsystem/eth0/queues/tx-8 HTTP/1.1" 200 12667 "https://tempokontrol.co.za/?path=//sys/class/net/eth0/subsystem/eth0/queues/tx-8" "Mozilla/5.0 AppleWebKit/537.36 (KHTML, like Gecko; compatible; GPTBot/1.4; +https://openai.com/gptbot)"
74.7.227.163 - - [01/Aug/2026:15:39:06 +0200] "GET /?fileloc=//sys/class/net/eth0/subsystem/lo/subsystem/eth0/device/net/eth0/device/driver/module/sections/.exit.text&path=//sys/class/net/eth0/subsystem/lo/subsystem/eth0/device/net/eth0/device/driver/module/sections HTTP/1.1" 200 13409 "https://www.tempokontrol.co.za/?path=//sys/class/net/eth0/subsystem/lo/subsystem/eth0/device/net/eth0/device/driver/module/sections" "Mozilla/5.0 AppleWebKit/537.36 (KHTML, like Gecko; compatible; GPTBot/1.4; +https://openai.com/gptbot)"
216.73.216.79 - - [01/Aug/2026:15:39:08 +0200] "GET /sitemap.xml?fileloc=%2F%2Fsys%2Fkernel%2Fslab%2Ffscrypt_info%2Faliases&path=%2F%2Fsys%2Fkernel%2Fslab%2Ffscrypt_info HTTP/1.1" 200 12400 "-" "Mozilla/5.0 AppleWebKit/537.36 (KHTML, like Gecko; compatible; ClaudeBot/1.0; +claudebot@anthropic.com)"
74.7.227.163 - - [01/Aug/2026:15:39:09 +0200] "GET /?path=//sys/class/net/eth0/subsystem/lo/subsystem/eth0/device/net/eth0/subsystem/eth0/device/driver/module/drivers/vmbus:hv_netvsc/module/drivers HTTP/1.1" 200 16219 "https://www.tempokontrol.co.za/?path=//sys/class/net/eth0/subsystem/lo/subsystem/eth0/device/net/eth0/subsystem/eth0/device/driver/module/drivers/vmbus:hv_netvsc/module" "Mozilla/5.0 AppleWebKit/537.36 (KHTML, like Gecko; compatible; GPTBot/1.4; +https://openai.com/gptbot)"
74.7.242.17 - - [01/Aug/2026:15:39:10 +0200] "GET /?fileloc=//sys/class/net/eth0/subsystem/eth0/queues/rx-1/rps_cpus&path=//sys/class/net/eth0/subsystem/eth0/queues/rx-1 HTTP/1.1" 200 12664 "https://tempokontrol.co.za/?path=//sys/class/net/eth0/subsystem/eth0/queues/rx-1" "Mozilla/5.0 AppleWebKit/537.36 (KHTML, like Gecko; compatible; GPTBot/1.4; +https://openai.com/gptbot)"
216.73.216.79 - - [01/Aug/2026:15:39:11 +0200] "GET /sitemap.xml?fileloc=%2F%2Fsys%2Fdevices%2Fvirtual%2Fblock%2Fdm-2%2Fqueue%2Fio_poll_delay&path=%2F%2Fsys%2Fdevices%2Fvirtual%2Fblock%2Fdm-2%2Fqueue HTTP/1.1" 200 12539 "-" "Mozilla/5.0 AppleWebKit/537.36 (KHTML, like Gecko; compatible; ClaudeBot/1.0; +claudebot@anthropic.com)"
