74.7.227.163 - - [01/Aug/2026:15:21:57 +0200] "GET /?path=//sys/class/net/eth0/subsystem/lo/subsystem/eth0/device/net/eth0/queues/rx-9 HTTP/1.1" 200 16832 "https://www.tempokontrol.co.za/?path=//sys/class/net/eth0/subsystem/lo/subsystem/eth0/device/net/eth0/queues" "Mozilla/5.0 AppleWebKit/537.36 (KHTML, like Gecko; compatible; GPTBot/1.4; +https://openai.com/gptbot)"
216.73.216.79 - - [01/Aug/2026:15:21:58 +0200] "GET /sitemap.xml?fileloc=%2F%2Fvar%2Fsoftaculous%2Froundcube%2Fphp71%2Fupgrade.php&path=%2F%2Fvar%2Fsoftaculous%2Froundcube%2Fphp71 HTTP/1.1" 200 21317 "-" "Mozilla/5.0 AppleWebKit/537.36 (KHTML, like Gecko; compatible; ClaudeBot/1.0; +claudebot@anthropic.com)"
74.7.242.17 - - [01/Aug/2026:15:21:59 +0200] "GET /?path=//sys/class/net/lo/subsystem/eth0/statistics HTTP/1.1" 200 50214 "https://tempokontrol.co.za/?path=//sys/class/net/lo/subsystem/eth0" "Mozilla/5.0 AppleWebKit/537.36 (KHTML, like Gecko; compatible; GPTBot/1.4; +https://openai.com/gptbot)"
74.7.227.163 - - [01/Aug/2026:15:22:01 +0200] "GET /?path=//sys/class/net/eth0/subsystem/lo/subsystem/eth0/device/net/eth0/queues/rx-1 HTTP/1.1" 200 16832 "https://www.tempokontrol.co.za/?path=//sys/class/net/eth0/subsystem/lo/subsystem/eth0/device/net/eth0/queues" "Mozilla/5.0 AppleWebKit/537.36 (KHTML, like Gecko; compatible; GPTBot/1.4; +https://openai.com/gptbot)"
74.7.242.17 - - [01/Aug/2026:15:22:02 +0200] "GET /?path=//data/home/kn HTTP/1.1" 200 12721 "https://tempokontrol.co.za/?path=//data/home" "Mozilla/5.0 AppleWebKit/537.36 (KHTML, like Gecko; compatible; GPTBot/1.4; +https://openai.com/gptbot)"
216.73.216.79 - - [01/Aug/2026:15:22:02 +0200] "GET /sitemap.xml?fileloc=%2F%2Fsys%2Ffirmware%2Fmemmap%2F170%2Ftype&path=%2F%2Fsys%2Ffirmware%2Fmemmap%2F170 HTTP/1.1" 200 12399 "-" "Mozilla/5.0 AppleWebKit/537.36 (KHTML, like Gecko; compatible; ClaudeBot/1.0; +claudebot@anthropic.com)"
74.7.227.163 - - [01/Aug/2026:15:22:04 +0200] "GET /?path=//sys/class/net/eth0/subsystem/lo/subsystem/eth0/device/net/eth0/queues/tx-7 HTTP/1.1" 200 23387 "https://www.tempokontrol.co.za/?path=//sys/class/net/eth0/subsystem/lo/subsystem/eth0/device/net/eth0/queues" "Mozilla/5.0 AppleWebKit/537.36 (KHTML, like Gecko; compatible; GPTBot/1.4; +https://openai.com/gptbot)"
74.7.242.17 - - [01/Aug/2026:15:22:06 +0200] "GET /?path=//data/home/ce HTTP/1.1" 200 12721 "https://tempokontrol.co.za/?path=//data/home" "Mozilla/5.0 AppleWebKit/537.36 (KHTML, like Gecko; compatible; GPTBot/1.4; +https://openai.com/gptbot)"
216.73.216.79 - - [01/Aug/2026:15:22:06 +0200] "GET /sitemap.xml?fileloc=%2F%2Fsys%2Fdev%2Fblock%2F8%3A192%2Fsubsystem%2Fsdb%2Ftrace%2Fenable&path=%2F%2Fsys%2Fdev%2Fblock%2F8%3A192%2Fsubsystem%2Fsdb%2Ftrace HTTP/1.1" 200 12579 "-" "Mozilla/5.0 AppleWebKit/537.36 (KHTML, like Gecko; compatible; ClaudeBot/1.0; +claudebot@anthropic.com)"
74.7.227.163 - - [01/Aug/2026:15:22:07 +0200] "GET /?path=//sys/class/net/eth0/subsystem/lo/subsystem/eth0/device/net/eth0/queues/rx-3 HTTP/1.1" 200 16832 "https://www.tempokontrol.co.za/?path=//sys/class/net/eth0/subsystem/lo/subsystem/eth0/device/net/eth0/queues" "Mozilla/5.0 AppleWebKit/537.36 (KHTML, like Gecko; compatible; GPTBot/1.4; +https://openai.com/gptbot)"
74.7.242.17 - - [01/Aug/2026:15:22:09 +0200] "GET /?path=//data/home/rn HTTP/1.1" 200 12721 "https://tempokontrol.co.za/?path=//data/home" "Mozilla/5.0 AppleWebKit/537.36 (KHTML, like Gecko; compatible; GPTBot/1.4; +https://openai.com/gptbot)"
216.73.216.79 - - [01/Aug/2026:15:22:10 +0200] "GET /sitemap.xml?fileloc=%2F%2Fsys%2Fkernel%2Fslab%2Fkmalloc-rcl-64%2Fobject_size&path=%2F%2Fsys%2Fkernel%2Fslab%2Fkmalloc-rcl-64 HTTP/1.1" 200 12410 "-" "Mozilla/5.0 AppleWebKit/537.36 (KHTML, like Gecko; compatible; ClaudeBot/1.0; +claudebot@anthropic.com)"
74.7.227.163 - - [01/Aug/2026:15:22:10 +0200] "GET /?path=//sys/class/net/eth0/subsystem/lo/subsystem/eth0/device/net/eth0/queues/tx-1 HTTP/1.1" 200 23387 "https://www.tempokontrol.co.za/?path=//sys/class/net/eth0/subsystem/lo/subsystem/eth0/device/net/eth0/queues" "Mozilla/5.0 AppleWebKit/537.36 (KHTML, like Gecko; compatible; GPTBot/1.4; +https://openai.com/gptbot)"
74.7.242.17 - - [01/Aug/2026:15:22:12 +0200] "GET /?path=//data/home/ca HTTP/1.1" 200 12721 "https://tempokontrol.co.za/?path=//data/home" "Mozilla/5.0 AppleWebKit/537.36 (KHTML, like Gecko; compatible; GPTBot/1.4; +https://openai.com/gptbot)"
74.7.227.163 - - [01/Aug/2026:15:22:13 +0200] "GET /?path=//sys/class/net/eth0/subsystem/lo/subsystem/eth0/device/net/eth0/queues/tx-2 HTTP/1.1" 200 23387 "https://www.tempokontrol.co.za/?path=//sys/class/net/eth0/subsystem/lo/subsystem/eth0/device/net/eth0/queues" "Mozilla/5.0 AppleWebKit/537.36 (KHTML, like Gecko; compatible; GPTBot/1.4; +https://openai.com/gptbot)"
216.73.216.79 - - [01/Aug/2026:15:22:14 +0200] "GET /sitemap.xml?fileloc=%2F%2Fsys%2Fdev%2Fchar%2F4%3A46%2Fsubsystem%2FttyS2%2Fport&path=%2F%2Fsys%2Fdev%2Fchar%2F4%3A46%2Fsubsystem%2FttyS2 HTTP/1.1" 200 12502 "-" "Mozilla/5.0 AppleWebKit/537.36 (KHTML, like Gecko; compatible; ClaudeBot/1.0; +claudebot@anthropic.com)"
74.7.242.17 - - [01/Aug/2026:15:22:15 +0200] "GET /?path=//data/home/ne HTTP/1.1" 200 12721 "https://tempokontrol.co.za/?path=//data/home" "Mozilla/5.0 AppleWebKit/537.36 (KHTML, like Gecko; compatible; GPTBot/1.4; +https://openai.com/gptbot)"
74.7.227.163 - - [01/Aug/2026:15:22:16 +0200] "GET /?path=//sys/class/net/eth0/subsystem/lo/subsystem/eth0/device/net/eth0/queues/tx-9/byte_queue_limits HTTP/1.1" 200 22295 "https://www.tempokontrol.co.za/?path=//sys/class/net/eth0/subsystem/lo/subsystem/eth0/device/net/eth0/queues/tx-9" "Mozilla/5.0 AppleWebKit/537.36 (KHTML, like Gecko; compatible; GPTBot/1.4; +https://openai.com/gptbot)"
74.7.242.17 - - [01/Aug/2026:15:22:18 +0200] "GET /?path=//data/home/ly HTTP/1.1" 200 12721 "https://tempokontrol.co.za/?path=//data/home" "Mozilla/5.0 AppleWebKit/537.36 (KHTML, like Gecko; compatible; GPTBot/1.4; +https://openai.com/gptbot)"
216.73.216.79 - - [01/Aug/2026:15:22:18 +0200] "GET /sitemap.xml?fileloc=%2F%2Fsys%2Ffirmware%2Fmemmap%2F87%2Fstart&path=%2F%2Fsys%2Ffirmware%2Fmemmap%2F87 HTTP/1.1" 200 12398 "-" "Mozilla/5.0 AppleWebKit/537.36 (KHTML, like Gecko; compatible; ClaudeBot/1.0; +claudebot@anthropic.com)"
74.7.227.163 - - [01/Aug/2026:15:22:19 +0200] "GET /?path=//sys/class/net/eth0/subsystem/lo/subsystem/eth0/device/net/eth0/queues/tx-0 HTTP/1.1" 200 23387 "https://www.tempokontrol.co.za/?path=//sys/class/net/eth0/subsystem/lo/subsystem/eth0/device/net/eth0/queues" "Mozilla/5.0 AppleWebKit/537.36 (KHTML, like Gecko; compatible; GPTBot/1.4; +https://openai.com/gptbot)"
74.7.242.17 - - [01/Aug/2026:15:22:21 +0200] "GET /?fileloc=//sys/class/net/eth0/subsystem/lo/dev_id&path=//sys/class/net/eth0/subsystem/lo HTTP/1.1" 200 12501 "https://tempokontrol.co.za/?path=//sys/class/net/eth0/subsystem/lo" "Mozilla/5.0 AppleWebKit/537.36 (KHTML, like Gecko; compatible; GPTBot/1.4; +https://openai.com/gptbot)"
74.7.227.163 - - [01/Aug/2026:15:22:22 +0200] "GET /?path=//sys/class/net/eth0/subsystem/lo/subsystem/eth0/device/net/eth0/queues/tx-4 HTTP/1.1" 200 23387 "https://www.tempokontrol.co.za/?path=//sys/class/net/eth0/subsystem/lo/subsystem/eth0/device/net/eth0/queues" "Mozilla/5.0 AppleWebKit/537.36 (KHTML, like Gecko; compatible; GPTBot/1.4; +https://openai.com/gptbot)"
74.7.242.17 - - [01/Aug/2026:15:22:24 +0200] "GET /?fileloc=//sys/class/net/lo/subsystem/lo/operstate&path=//sys/class/net/lo/subsystem/lo HTTP/1.1" 200 12498 "https://tempokontrol.co.za/?path=//sys/class/net/lo/subsystem/lo" "Mozilla/5.0 AppleWebKit/537.36 (KHTML, like Gecko; compatible; GPTBot/1.4; +https://openai.com/gptbot)"
74.7.227.163 - - [01/Aug/2026:15:22:25 +0200] "GET /?path=//sys/class/net/eth0/subsystem/lo/subsystem/eth0/device/net/eth0/queues/rx-6 HTTP/1.1" 200 16832 "https://www.tempokontrol.co.za/?path=//sys/class/net/eth0/subsystem/lo/subsystem/eth0/device/net/eth0/queues" "Mozilla/5.0 AppleWebKit/537.36 (KHTML, like Gecko; compatible; GPTBot/1.4; +https://openai.com/gptbot)"
74.7.242.17 - - [01/Aug/2026:15:22:28 +0200] "GET /?fileloc=//sys/class/net/lo/subsystem/lo/flags&path=//sys/class/net/lo/subsystem/lo HTTP/1.1" 200 12490 "https://tempokontrol.co.za/?path=//sys/class/net/lo/subsystem/lo" "Mozilla/5.0 AppleWebKit/537.36 (KHTML, like Gecko; compatible; GPTBot/1.4; +https://openai.com/gptbot)"
74.7.227.163 - - [01/Aug/2026:15:22:29 +0200] "GET /?path=//sys/class/net/eth0/subsystem/lo/subsystem/eth0/device/net/eth0/queues/rx-7 HTTP/1.1" 200 16832 "https://www.tempokontrol.co.za/?path=//sys/class/net/eth0/subsystem/lo/subsystem/eth0/device/net/eth0/queues" "Mozilla/5.0 AppleWebKit/537.36 (KHTML, like Gecko; compatible; GPTBot/1.4; +https://openai.com/gptbot)"
74.7.242.17 - - [01/Aug/2026:15:22:31 +0200] "GET /?fileloc=//sys/class/net/lo/subsystem/lo/uevent&path=//sys/class/net/lo/subsystem/lo HTTP/1.1" 200 12510 "https://tempokontrol.co.za/?path=//sys/class/net/lo/subsystem/lo" "Mozilla/5.0 AppleWebKit/537.36 (KHTML, like Gecko; compatible; GPTBot/1.4; +https://openai.com/gptbot)"
216.73.216.79 - - [01/Aug/2026:15:22:22 +0200] "GET /sitemap.xml?fileloc=%2F%2Fusr%2Fsbin%2Fpdns_server&path=%2F%2Fusr%2Fsbin HTTP/1.1" 200 9088832 "-" "Mozilla/5.0 AppleWebKit/537.36 (KHTML, like Gecko; compatible; ClaudeBot/1.0; +claudebot@anthropic.com)"
74.7.227.163 - - [01/Aug/2026:15:22:32 +0200] "GET /?fileloc=//sys/class/net/eth0/subsystem/lo/subsystem/eth0/statistics/collisions&path=//sys/class/net/eth0/subsystem/lo/subsystem/eth0/statistics HTTP/1.1" 200 12768 "https://www.tempokontrol.co.za/?path=//sys/class/net/eth0/subsystem/lo/subsystem/eth0/statistics" "Mozilla/5.0 AppleWebKit/537.36 (KHTML, like Gecko; compatible; GPTBot/1.4; +https://openai.com/gptbot)"
74.7.242.17 - - [01/Aug/2026:15:22:34 +0200] "GET /?fileloc=//sys/class/net/lo/subsystem/lo/testing&path=//sys/class/net/lo/subsystem/lo HTTP/1.1" 200 12490 "https://tempokontrol.co.za/?path=//sys/class/net/lo/subsystem/lo" "Mozilla/5.0 AppleWebKit/537.36 (KHTML, like Gecko; compatible; GPTBot/1.4; +https://openai.com/gptbot)"
216.73.216.79 - - [01/Aug/2026:15:22:34 +0200] "GET /sitemap.xml?path=%2F%2Fsys%2Fblock%2Fsdm%2Fdevice%2Fscsi_generic%2Fsg13%2Fsubsystem%2Fsg8 HTTP/1.1" 200 20512 "-" "Mozilla/5.0 AppleWebKit/537.36 (KHTML, like Gecko; compatible; ClaudeBot/1.0; +claudebot@anthropic.com)"
74.7.227.163 - - [01/Aug/2026:15:22:35 +0200] "GET /?fileloc=//sys/class/net/eth0/subsystem/lo/subsystem/eth0/statistics/tx_packets&path=//sys/class/net/eth0/subsystem/lo/subsystem/eth0/statistics HTTP/1.1" 200 12775 "https://www.tempokontrol.co.za/?path=//sys/class/net/eth0/subsystem/lo/subsystem/eth0/statistics" "Mozilla/5.0 AppleWebKit/537.36 (KHTML, like Gecko; compatible; GPTBot/1.4; +https://openai.com/gptbot)"
74.7.242.17 - - [01/Aug/2026:15:22:37 +0200] "GET /?fileloc=//sys/class/net/lo/subsystem/lo/broadcast&path=//sys/class/net/lo/subsystem/lo HTTP/1.1" 200 12508 "https://tempokontrol.co.za/?path=//sys/class/net/lo/subsystem/lo" "Mozilla/5.0 AppleWebKit/537.36 (KHTML, like Gecko; compatible; GPTBot/1.4; +https://openai.com/gptbot)"
74.7.227.163 - - [01/Aug/2026:15:22:38 +0200] "GET /?fileloc=//sys/class/net/eth0/subsystem/lo/subsystem/eth0/statistics/tx_bytes&path=//sys/class/net/eth0/subsystem/lo/subsystem/eth0/statistics HTTP/1.1" 200 12776 "https://www.tempokontrol.co.za/?path=//sys/class/net/eth0/subsystem/lo/subsystem/eth0/statistics" "Mozilla/5.0 AppleWebKit/537.36 (KHTML, like Gecko; compatible; GPTBot/1.4; +https://openai.com/gptbot)"
216.73.216.79 - - [01/Aug/2026:15:22:38 +0200] "GET /sitemap.xml?fileloc=%2F%2Fsys%2Fkernel%2Fslab%2Fkmalloc-rcl-64%2Fcache_dma&path=%2F%2Fsys%2Fkernel%2Fslab%2Fkmalloc-rcl-64 HTTP/1.1" 200 12408 "-" "Mozilla/5.0 AppleWebKit/537.36 (KHTML, like Gecko; compatible; ClaudeBot/1.0; +claudebot@anthropic.com)"
74.7.242.17 - - [01/Aug/2026:15:22:40 +0200] "GET /?fileloc=//sys/class/net/lo/subsystem/lo/ifalias&path=//sys/class/net/lo/subsystem/lo HTTP/1.1" 200 12488 "https://tempokontrol.co.za/?path=//sys/class/net/lo/subsystem/lo" "Mozilla/5.0 AppleWebKit/537.36 (KHTML, like Gecko; compatible; GPTBot/1.4; +https://openai.com/gptbot)"
74.7.227.163 - - [01/Aug/2026:15:22:41 +0200] "GET /?fileloc=//sys/class/net/eth0/subsystem/lo/subsystem/eth0/statistics/rx_errors&path=//sys/class/net/eth0/subsystem/lo/subsystem/eth0/statistics HTTP/1.1" 200 12767 "https://www.tempokontrol.co.za/?path=//sys/class/net/eth0/subsystem/lo/subsystem/eth0/statistics" "Mozilla/5.0 AppleWebKit/537.36 (KHTML, like Gecko; compatible; GPTBot/1.4; +https://openai.com/gptbot)"
216.73.216.79 - - [01/Aug/2026:15:22:42 +0200] "GET /sitemap.xml?path=%2F%2Fsys%2Fdevices%2Fplatform%2Frtc-efi.0%2Fsubsystem%2Fdrivers%2Fclk-lpss-atom HTTP/1.1" 200 17886 "-" "Mozilla/5.0 AppleWebKit/537.36 (KHTML, like Gecko; compatible; ClaudeBot/1.0; +claudebot@anthropic.com)"
74.7.242.17 - - [01/Aug/2026:15:22:43 +0200] "GET /?fileloc=//sys/class/net/lo/subsystem/lo/speed&path=//sys/class/net/lo/subsystem/lo HTTP/1.1" 200 12486 "https://tempokontrol.co.za/?path=//sys/class/net/lo/subsystem/lo" "Mozilla/5.0 AppleWebKit/537.36 (KHTML, like Gecko; compatible; GPTBot/1.4; +https://openai.com/gptbot)"
74.7.227.163 - - [01/Aug/2026:15:22:44 +0200] "GET /?fileloc=//sys/class/net/eth0/subsystem/lo/subsystem/eth0/statistics/tx_errors&path=//sys/class/net/eth0/subsystem/lo/subsystem/eth0/statistics HTTP/1.1" 200 12767 "https://www.tempokontrol.co.za/?path=//sys/class/net/eth0/subsystem/lo/subsystem/eth0/statistics" "Mozilla/5.0 AppleWebKit/537.36 (KHTML, like Gecko; compatible; GPTBot/1.4; +https://openai.com/gptbot)"
216.73.216.79 - - [01/Aug/2026:15:22:45 +0200] "GET /sitemap.xml?fileloc=%2F%2Fsys%2Fdevices%2Fvirtual%2Fworkqueue%2Fib-comp-unb-wq%2Faffinity_strict&path=%2F%2Fsys%2Fdevices%2Fvirtual%2Fworkqueue%2Fib-comp-unb-wq HTTP/1.1" 200 12515 "-" "Mozilla/5.0 AppleWebKit/537.36 (KHTML, like Gecko; compatible; ClaudeBot/1.0; +claudebot@anthropic.com)"
192.178.6.103 - - [01/Aug/2026:15:22:44 +0200] "GET /?q=f2l1a5t5c6a0p85806 HTTP/1.1" 200 807342 "-" "Mozilla/5.0 (Linux; Android 6.0.1; Nexus 5X Build/MMB29P) AppleWebKit/537.36 (KHTML, like Gecko) Chrome/150.0.7871.186 Mobile Safari/537.36 (compatible; Googlebot/2.1; +http://www.google.com/bot.html)"
74.7.242.17 - - [01/Aug/2026:15:22:46 +0200] "GET /?fileloc=//sys/class/net/lo/subsystem/lo/address&path=//sys/class/net/lo/subsystem/lo HTTP/1.1" 200 12506 "https://tempokontrol.co.za/?path=//sys/class/net/lo/subsystem/lo" "Mozilla/5.0 AppleWebKit/537.36 (KHTML, like Gecko; compatible; GPTBot/1.4; +https://openai.com/gptbot)"
74.7.227.163 - - [01/Aug/2026:15:22:47 +0200] "GET /?fileloc=//sys/class/net/eth0/subsystem/lo/subsystem/eth0/statistics/multicast&path=//sys/class/net/eth0/subsystem/lo/subsystem/eth0/statistics HTTP/1.1" 200 12773 "https://www.tempokontrol.co.za/?path=//sys/class/net/eth0/subsystem/lo/subsystem/eth0/statistics" "Mozilla/5.0 AppleWebKit/537.36 (KHTML, like Gecko; compatible; GPTBot/1.4; +https://openai.com/gptbot)"
216.73.216.79 - - [01/Aug/2026:15:22:49 +0200] "GET /sitemap.xml?fileloc=%2Fhome%2Ftn%2Fpublic_html%2Fwp-admin%2Fcss%2Fcustomize-nav-menus-rtl.css&path=%2Fhome%2Ftn%2Fpublic_html%2Fwp-admin%2Fcss HTTP/1.1" 200 35499 "-" "Mozilla/5.0 AppleWebKit/537.36 (KHTML, like Gecko; compatible; ClaudeBot/1.0; +claudebot@anthropic.com)"
74.7.242.17 - - [01/Aug/2026:15:22:49 +0200] "GET /?fileloc=//sys/class/net/lo/subsystem/lo/iflink&path=//sys/class/net/lo/subsystem/lo HTTP/1.1" 200 12489 "https://tempokontrol.co.za/?path=//sys/class/net/lo/subsystem/lo" "Mozilla/5.0 AppleWebKit/537.36 (KHTML, like Gecko; compatible; GPTBot/1.4; +https://openai.com/gptbot)"
74.7.227.163 - - [01/Aug/2026:15:22:50 +0200] "GET /?fileloc=//sys/class/net/eth0/subsystem/lo/subsystem/eth0/statistics/rx_packets&path=//sys/class/net/eth0/subsystem/lo/subsystem/eth0/statistics HTTP/1.1" 200 12775 "https://www.tempokontrol.co.za/?path=//sys/class/net/eth0/subsystem/lo/subsystem/eth0/statistics" "Mozilla/5.0 AppleWebKit/537.36 (KHTML, like Gecko; compatible; GPTBot/1.4; +https://openai.com/gptbot)"
74.7.242.17 - - [01/Aug/2026:15:22:53 +0200] "GET /?fileloc=//sys/class/net/lo/subsystem/lo/addr_assign_type&path=//sys/class/net/lo/subsystem/lo HTTP/1.1" 200 12499 "https://tempokontrol.co.za/?path=//sys/class/net/lo/subsystem/lo" "Mozilla/5.0 AppleWebKit/537.36 (KHTML, like Gecko; compatible; GPTBot/1.4; +https://openai.com/gptbot)"
216.73.216.79 - - [01/Aug/2026:15:22:53 +0200] "GET /sitemap.xml?fileloc=%2F%2Fsys%2Ffirmware%2Fmemmap%2F79%2Fend&path=%2F%2Fsys%2Ffirmware%2Fmemmap%2F79 HTTP/1.1" 200 12396 "-" "Mozilla/5.0 AppleWebKit/537.36 (KHTML, like Gecko; compatible; ClaudeBot/1.0; +claudebot@anthropic.com)"
74.7.227.163 - - [01/Aug/2026:15:22:53 +0200] "GET /?fileloc=//sys/class/net/eth0/subsystem/lo/subsystem/eth0/statistics/rx_bytes&path=//sys/class/net/eth0/subsystem/lo/subsystem/eth0/statistics HTTP/1.1" 200 12776 "https://www.tempokontrol.co.za/?path=//sys/class/net/eth0/subsystem/lo/subsystem/eth0/statistics" "Mozilla/5.0 AppleWebKit/537.36 (KHTML, like Gecko; compatible; GPTBot/1.4; +https://openai.com/gptbot)"
74.7.242.17 - - [01/Aug/2026:15:22:56 +0200] "GET /?fileloc=//sys/class/net/lo/subsystem/lo/carrier_up_count&path=//sys/class/net/lo/subsystem/lo HTTP/1.1" 200 12499 "https://tempokontrol.co.za/?path=//sys/class/net/lo/subsystem/lo" "Mozilla/5.0 AppleWebKit/537.36 (KHTML, like Gecko; compatible; GPTBot/1.4; +https://openai.com/gptbot)"
74.7.227.163 - - [01/Aug/2026:15:22:57 +0200] "GET /?fileloc=//sys/class/net/eth0/subsystem/lo/subsystem/eth0/device/net/eth0/device/modalias&path=//sys/class/net/eth0/subsystem/lo/subsystem/eth0/device/net/eth0/device HTTP/1.1" 200 13080 "https://www.tempokontrol.co.za/?path=//sys/class/net/eth0/subsystem/lo/subsystem/eth0/device/net/eth0/device" "Mozilla/5.0 AppleWebKit/537.36 (KHTML, like Gecko; compatible; GPTBot/1.4; +https://openai.com/gptbot)"
216.73.216.79 - - [01/Aug/2026:15:22:57 +0200] "GET /sitemap.xml?fileloc=%2F%2Fsys%2Fkernel%2Fslab%2Fscsi_sense_cache%2Faliases&path=%2F%2Fsys%2Fkernel%2Fslab%2Fscsi_sense_cache HTTP/1.1" 200 12412 "-" "Mozilla/5.0 AppleWebKit/537.36 (KHTML, like Gecko; compatible; ClaudeBot/1.0; +claudebot@anthropic.com)"
74.7.242.17 - - [01/Aug/2026:15:22:59 +0200] "GET /?fileloc=//sys/class/net/lo/subsystem/lo/name_assign_type&path=//sys/class/net/lo/subsystem/lo HTTP/1.1" 200 12497 "https://tempokontrol.co.za/?path=//sys/class/net/lo/subsystem/lo" "Mozilla/5.0 AppleWebKit/537.36 (KHTML, like Gecko; compatible; GPTBot/1.4; +https://openai.com/gptbot)"
74.7.227.163 - - [01/Aug/2026:15:23:00 +0200] "GET /?fileloc=//sys/class/net/eth0/subsystem/lo/subsystem/eth0/statistics/tx_heartbeat_errors&path=//sys/class/net/eth0/subsystem/lo/subsystem/eth0/statistics HTTP/1.1" 200 12777 "https://www.tempokontrol.co.za/?path=//sys/class/net/eth0/subsystem/lo/subsystem/eth0/statistics" "Mozilla/5.0 AppleWebKit/537.36 (KHTML, like Gecko; compatible; GPTBot/1.4; +https://openai.com/gptbot)"
216.73.216.79 - - [01/Aug/2026:15:23:01 +0200] "GET /sitemap.xml?fileloc=%2F%2Fsys%2Ffirmware%2Fmemmap%2F45%2Fend&path=%2F%2Fsys%2Ffirmware%2Fmemmap%2F45 HTTP/1.1" 200 12396 "-" "Mozilla/5.0 AppleWebKit/537.36 (KHTML, like Gecko; compatible; ClaudeBot/1.0; +claudebot@anthropic.com)"
74.7.242.17 - - [01/Aug/2026:15:23:02 +0200] "GET /?fileloc=//sys/class/net/lo/subsystem/lo/phys_switch_id&path=//sys/class/net/lo/subsystem/lo HTTP/1.1" 200 12495 "https://tempokontrol.co.za/?path=//sys/class/net/lo/subsystem/lo" "Mozilla/5.0 AppleWebKit/537.36 (KHTML, like Gecko; compatible; GPTBot/1.4; +https://openai.com/gptbot)"
74.7.227.163 - - [01/Aug/2026:15:23:03 +0200] "GET /?fileloc=//sys/class/net/eth0/subsystem/lo/subsystem/eth0/statistics/rx_compressed&path=//sys/class/net/eth0/subsystem/lo/subsystem/eth0/statistics HTTP/1.1" 200 12771 "https://www.tempokontrol.co.za/?path=//sys/class/net/eth0/subsystem/lo/subsystem/eth0/statistics" "Mozilla/5.0 AppleWebKit/537.36 (KHTML, like Gecko; compatible; GPTBot/1.4; +https://openai.com/gptbot)"
74.7.242.17 - - [01/Aug/2026:15:23:05 +0200] "GET /?fileloc=//sys/class/net/lo/subsystem/lo/proto_down&path=//sys/class/net/lo/subsystem/lo HTTP/1.1" 200 12493 "https://tempokontrol.co.za/?path=//sys/class/net/lo/subsystem/lo" "Mozilla/5.0 AppleWebKit/537.36 (KHTML, like Gecko; compatible; GPTBot/1.4; +https://openai.com/gptbot)"
216.73.216.79 - - [01/Aug/2026:15:23:05 +0200] "GET /sitemap.xml?path=%2F%2Fvar%2Fsoftaculous%2Fprocwire%2Fimages HTTP/1.1" 200 15815 "-" "Mozilla/5.0 AppleWebKit/537.36 (KHTML, like Gecko; compatible; ClaudeBot/1.0; +claudebot@anthropic.com)"
74.7.227.163 - - [01/Aug/2026:15:23:06 +0200] "GET /?fileloc=//sys/class/net/eth0/subsystem/lo/subsystem/eth0/statistics/tx_compressed&path=//sys/class/net/eth0/subsystem/lo/subsystem/eth0/statistics HTTP/1.1" 200 12771 "https://www.tempokontrol.co.za/?path=//sys/class/net/eth0/subsystem/lo/subsystem/eth0/statistics" "Mozilla/5.0 AppleWebKit/537.36 (KHTML, like Gecko; compatible; GPTBot/1.4; +https://openai.com/gptbot)"
74.7.242.17 - - [01/Aug/2026:15:23:08 +0200] "GET /?fileloc=//sys/class/net/lo/subsystem/lo/netdev_group&path=//sys/class/net/lo/subsystem/lo HTTP/1.1" 200 12495 "https://tempokontrol.co.za/?path=//sys/class/net/lo/subsystem/lo" "Mozilla/5.0 AppleWebKit/537.36 (KHTML, like Gecko; compatible; GPTBot/1.4; +https://openai.com/gptbot)"
216.73.216.79 - - [01/Aug/2026:15:23:09 +0200] "GET /sitemap.xml?fileloc=%2F%2Fsys%2Fdev%2Fchar%2F13%3A66%2Fuevent&path=%2F%2Fsys%2Fdev%2Fchar%2F13%3A66 HTTP/1.1" 200 12402 "-" "Mozilla/5.0 AppleWebKit/537.36 (KHTML, like Gecko; compatible; ClaudeBot/1.0; +claudebot@anthropic.com)"
74.7.227.163 - - [01/Aug/2026:15:23:10 +0200] "GET /?path=//sys/class/net/eth0/subsystem/lo/subsystem/eth0/device/net/eth0/device/channels HTTP/1.1" 200 28510 "https://www.tempokontrol.co.za/?path=//sys/class/net/eth0/subsystem/lo/subsystem/eth0/device/net/eth0/device" "Mozilla/5.0 AppleWebKit/537.36 (KHTML, like Gecko; compatible; GPTBot/1.4; +https://openai.com/gptbot)"
74.7.242.17 - - [01/Aug/2026:15:23:11 +0200] "GET /?fileloc=//sys/class/net/lo/subsystem/lo/carrier_changes&path=//sys/class/net/lo/subsystem/lo HTTP/1.1" 200 12498 "https://tempokontrol.co.za/?path=//sys/class/net/lo/subsystem/lo" "Mozilla/5.0 AppleWebKit/537.36 (KHTML, like Gecko; compatible; GPTBot/1.4; +https://openai.com/gptbot)"
216.73.216.79 - - [01/Aug/2026:15:23:12 +0200] "GET /sitemap.xml?fileloc=%2F%2Fusr%2Fbin%2Fsg_reset&path=%2F%2Fusr%2Fbin HTTP/1.1" 200 31442 "-" "Mozilla/5.0 AppleWebKit/537.36 (KHTML, like Gecko; compatible; ClaudeBot/1.0; +claudebot@anthropic.com)"
74.7.227.163 - - [01/Aug/2026:15:23:13 +0200] "GET /?path=//sys/class/net/eth0/subsystem/lo/subsystem/eth0/device/net/eth0/device/driver HTTP/1.1" 200 24992 "https://www.tempokontrol.co.za/?path=//sys/class/net/eth0/subsystem/lo/subsystem/eth0/device/net/eth0/device" "Mozilla/5.0 AppleWebKit/537.36 (KHTML, like Gecko; compatible; GPTBot/1.4; +https://openai.com/gptbot)"
74.7.242.17 - - [01/Aug/2026:15:23:14 +0200] "GET /?fileloc=//sys/class/net/lo/subsystem/lo/phys_port_name&path=//sys/class/net/lo/subsystem/lo HTTP/1.1" 200 12495 "https://tempokontrol.co.za/?path=//sys/class/net/lo/subsystem/lo" "Mozilla/5.0 AppleWebKit/537.36 (KHTML, like Gecko; compatible; GPTBot/1.4; +https://openai.com/gptbot)"
216.73.216.79 - - [01/Aug/2026:15:23:16 +0200] "GET /sitemap.xml?path=%2F%2Fsys%2Fdevices%2FLNXSYSTM%3A00%2FACPI0007%3A07%2Fphysical_node%2Fnode0%2Fmemory82%2Fpower HTTP/1.1" 200 21577 "-" "Mozilla/5.0 AppleWebKit/537.36 (KHTML, like Gecko; compatible; ClaudeBot/1.0; +claudebot@anthropic.com)"
74.7.227.163 - - [01/Aug/2026:15:23:16 +0200] "GET /?path=//sys/class/net/eth0/subsystem/lo/subsystem/eth0/device/net/eth0/queues/tx-5/byte_queue_limits HTTP/1.1" 200 22295 "https://www.tempokontrol.co.za/?path=//sys/class/net/eth0/subsystem/lo/subsystem/eth0/device/net/eth0/queues/tx-5" "Mozilla/5.0 AppleWebKit/537.36 (KHTML, like Gecko; compatible; GPTBot/1.4; +https://openai.com/gptbot)"
74.7.242.17 - - [01/Aug/2026:15:23:18 +0200] "GET /?fileloc=//sys/class/net/lo/subsystem/lo/ifindex&path=//sys/class/net/lo/subsystem/lo HTTP/1.1" 200 12490 "https://tempokontrol.co.za/?path=//sys/class/net/lo/subsystem/lo" "Mozilla/5.0 AppleWebKit/537.36 (KHTML, like Gecko; compatible; GPTBot/1.4; +https://openai.com/gptbot)"
74.7.227.163 - - [01/Aug/2026:15:23:19 +0200] "GET /?path=//sys/class/net/eth0/subsystem/lo/subsystem/eth0/device/net/eth0/queues/tx-2/byte_queue_limits HTTP/1.1" 200 22295 "https://www.tempokontrol.co.za/?path=//sys/class/net/eth0/subsystem/lo/subsystem/eth0/device/net/eth0/queues/tx-2" "Mozilla/5.0 AppleWebKit/537.36 (KHTML, like Gecko; compatible; GPTBot/1.4; +https://openai.com/gptbot)"
216.73.216.79 - - [01/Aug/2026:15:23:20 +0200] "GET /sitemap.xml?path=%2F%2Fsys%2Fdevices%2FLNXSYSTM%3A00%2FACPI0007%3A07%2Fphysical_node%2Fnode0%2Fmemory29%2Fpower HTTP/1.1" 200 21577 "-" "Mozilla/5.0 AppleWebKit/537.36 (KHTML, like Gecko; compatible; ClaudeBot/1.0; +claudebot@anthropic.com)"
74.7.242.17 - - [01/Aug/2026:15:23:21 +0200] "GET /?fileloc=//sys/class/net/lo/subsystem/lo/carrier&path=//sys/class/net/lo/subsystem/lo HTTP/1.1" 200 12490 "https://tempokontrol.co.za/?path=//sys/class/net/lo/subsystem/lo" "Mozilla/5.0 AppleWebKit/537.36 (KHTML, like Gecko; compatible; GPTBot/1.4; +https://openai.com/gptbot)"
74.7.227.163 - - [01/Aug/2026:15:23:22 +0200] "GET /?path=//sys/class/net/eth0/subsystem/lo/subsystem/eth0/device/net/eth0/queues/tx-6/byte_queue_limits HTTP/1.1" 200 22295 "https://www.tempokontrol.co.za/?path=//sys/class/net/eth0/subsystem/lo/subsystem/eth0/device/net/eth0/queues/tx-6" "Mozilla/5.0 AppleWebKit/537.36 (KHTML, like Gecko; compatible; GPTBot/1.4; +https://openai.com/gptbot)"
216.73.216.79 - - [01/Aug/2026:15:23:24 +0200] "GET /sitemap.xml?fileloc=%2F%2Fvar%2Fsoftaculous%2Fburden%2Fphp82%2Fimport.php&path=%2F%2Fvar%2Fsoftaculous%2Fburden%2Fphp82 HTTP/1.1" 200 15840 "-" "Mozilla/5.0 AppleWebKit/537.36 (KHTML, like Gecko; compatible; ClaudeBot/1.0; +claudebot@anthropic.com)"
74.7.242.17 - - [01/Aug/2026:15:23:24 +0200] "GET /?fileloc=//sys/class/net/lo/subsystem/lo/link_mode&path=//sys/class/net/lo/subsystem/lo HTTP/1.1" 200 12492 "https://tempokontrol.co.za/?path=//sys/class/net/lo/subsystem/lo" "Mozilla/5.0 AppleWebKit/537.36 (KHTML, like Gecko; compatible; GPTBot/1.4; +https://openai.com/gptbot)"
74.7.227.163 - - [01/Aug/2026:15:23:25 +0200] "GET /?path=//sys/class/net/eth0/subsystem/lo/subsystem/eth0/device/net/eth0/queues/tx-4/byte_queue_limits HTTP/1.1" 200 22295 "https://www.tempokontrol.co.za/?path=//sys/class/net/eth0/subsystem/lo/subsystem/eth0/device/net/eth0/queues/tx-4" "Mozilla/5.0 AppleWebKit/537.36 (KHTML, like Gecko; compatible; GPTBot/1.4; +https://openai.com/gptbot)"
74.7.242.17 - - [01/Aug/2026:15:23:27 +0200] "GET /?fileloc=//sys/class/net/lo/subsystem/lo/dormant&path=//sys/class/net/lo/subsystem/lo HTTP/1.1" 200 12490 "https://tempokontrol.co.za/?path=//sys/class/net/lo/subsystem/lo" "Mozilla/5.0 AppleWebKit/537.36 (KHTML, like Gecko; compatible; GPTBot/1.4; +https://openai.com/gptbot)"
216.73.216.79 - - [01/Aug/2026:15:23:28 +0200] "GET /sitemap.xml?fileloc=%2F%2Fsys%2Fmodule%2Fintel_rapl_msr%2Fsections%2F.bss&path=%2F%2Fsys%2Fmodule%2Fintel_rapl_msr%2Fsections HTTP/1.1" 200 12425 "-" "Mozilla/5.0 AppleWebKit/537.36 (KHTML, like Gecko; compatible; ClaudeBot/1.0; +claudebot@anthropic.com)"
74.7.227.163 - - [01/Aug/2026:15:23:28 +0200] "GET /?path=//sys/class/net/eth0/subsystem/lo/subsystem/eth0/device/net/eth0/queues/tx-8/byte_queue_limits HTTP/1.1" 200 22295 "https://www.tempokontrol.co.za/?path=//sys/class/net/eth0/subsystem/lo/subsystem/eth0/device/net/eth0/queues/tx-8" "Mozilla/5.0 AppleWebKit/537.36 (KHTML, like Gecko; compatible; GPTBot/1.4; +https://openai.com/gptbot)"
74.7.242.17 - - [01/Aug/2026:15:23:31 +0200] "GET /?fileloc=//sys/class/net/lo/subsystem/lo/duplex&path=//sys/class/net/lo/subsystem/lo HTTP/1.1" 200 12487 "https://tempokontrol.co.za/?path=//sys/class/net/lo/subsystem/lo" "Mozilla/5.0 AppleWebKit/537.36 (KHTML, like Gecko; compatible; GPTBot/1.4; +https://openai.com/gptbot)"
74.7.227.163 - - [01/Aug/2026:15:23:32 +0200] "GET /?path=//sys/class/net/eth0/subsystem/lo/subsystem/eth0/device/net/eth0/queues/tx-1/byte_queue_limits HTTP/1.1" 200 22295 "https://www.tempokontrol.co.za/?path=//sys/class/net/eth0/subsystem/lo/subsystem/eth0/device/net/eth0/queues/tx-1" "Mozilla/5.0 AppleWebKit/537.36 (KHTML, like Gecko; compatible; GPTBot/1.4; +https://openai.com/gptbot)"
216.73.216.79 - - [01/Aug/2026:15:23:32 +0200] "GET /sitemap.xml?fileloc=%2F%2Fusr%2Fbin%2Fgpgconf&path=%2F%2Fusr%2Fbin HTTP/1.1" 200 161547 "-" "Mozilla/5.0 AppleWebKit/537.36 (KHTML, like Gecko; compatible; ClaudeBot/1.0; +claudebot@anthropic.com)"
74.7.242.17 - - [01/Aug/2026:15:23:34 +0200] "GET /?fileloc=//sys/class/net/lo/subsystem/lo/threaded&path=//sys/class/net/lo/subsystem/lo HTTP/1.1" 200 12491 "https://tempokontrol.co.za/?path=//sys/class/net/lo/subsystem/lo" "Mozilla/5.0 AppleWebKit/537.36 (KHTML, like Gecko; compatible; GPTBot/1.4; +https://openai.com/gptbot)"
74.7.227.163 - - [01/Aug/2026:15:23:35 +0200] "GET /?path=//sys/class/net/eth0/subsystem/lo/subsystem/eth0/device/net/eth0/queues/tx-3/byte_queue_limits HTTP/1.1" 200 22295 "https://www.tempokontrol.co.za/?path=//sys/class/net/eth0/subsystem/lo/subsystem/eth0/device/net/eth0/queues/tx-3" "Mozilla/5.0 AppleWebKit/537.36 (KHTML, like Gecko; compatible; GPTBot/1.4; +https://openai.com/gptbot)"
216.73.216.79 - - [01/Aug/2026:15:23:36 +0200] "GET /sitemap.xml?path=%2F%2Fvar%2Fsoftaculous%2Feasyp HTTP/1.1" 200 42670 "-" "Mozilla/5.0 AppleWebKit/537.36 (KHTML, like Gecko; compatible; ClaudeBot/1.0; +claudebot@anthropic.com)"
74.7.242.17 - - [01/Aug/2026:15:23:37 +0200] "GET /?fileloc=//sys/class/net/lo/subsystem/lo/gro_flush_timeout&path=//sys/class/net/lo/subsystem/lo HTTP/1.1" 200 12500 "https://tempokontrol.co.za/?path=//sys/class/net/lo/subsystem/lo" "Mozilla/5.0 AppleWebKit/537.36 (KHTML, like Gecko; compatible; GPTBot/1.4; +https://openai.com/gptbot)"
74.7.227.163 - - [01/Aug/2026:15:23:38 +0200] "GET /?path=//sys/class/net/eth0/subsystem/lo/subsystem/eth0/device/net/eth0/queues/tx-7/byte_queue_limits HTTP/1.1" 200 22295 "https://www.tempokontrol.co.za/?path=//sys/class/net/eth0/subsystem/lo/subsystem/eth0/device/net/eth0/queues/tx-7" "Mozilla/5.0 AppleWebKit/537.36 (KHTML, like Gecko; compatible; GPTBot/1.4; +https://openai.com/gptbot)"
216.73.216.79 - - [01/Aug/2026:15:23:40 +0200] "GET /sitemap.xml?fileloc=%2F%2Fsys%2Fkernel%2Fslab%2Fkmalloc-rcl-4k%2Falign&path=%2F%2Fsys%2Fkernel%2Fslab%2Fkmalloc-rcl-4k HTTP/1.1" 200 12404 "-" "Mozilla/5.0 AppleWebKit/537.36 (KHTML, like Gecko; compatible; ClaudeBot/1.0; +claudebot@anthropic.com)"
74.7.242.17 - - [01/Aug/2026:15:23:40 +0200] "GET /?fileloc=//sys/class/net/lo/subsystem/lo/dev_port&path=//sys/class/net/lo/subsystem/lo HTTP/1.1" 200 12491 "https://tempokontrol.co.za/?path=//sys/class/net/lo/subsystem/lo" "Mozilla/5.0 AppleWebKit/537.36 (KHTML, like Gecko; compatible; GPTBot/1.4; +https://openai.com/gptbot)"
74.7.227.163 - - [01/Aug/2026:15:23:41 +0200] "GET /?path=//sys/class/net/eth0/subsystem/lo/subsystem/eth0/device/net/eth0/queues/tx-0/byte_queue_limits HTTP/1.1" 200 22295 "https://www.tempokontrol.co.za/?path=//sys/class/net/eth0/subsystem/lo/subsystem/eth0/device/net/eth0/queues/tx-0" "Mozilla/5.0 AppleWebKit/537.36 (KHTML, like Gecko; compatible; GPTBot/1.4; +https://openai.com/gptbot)"
74.7.242.17 - - [01/Aug/2026:15:23:43 +0200] "GET /?fileloc=//sys/class/net/lo/subsystem/lo/carrier_down_count&path=//sys/class/net/lo/subsystem/lo HTTP/1.1" 200 12501 "https://tempokontrol.co.za/?path=//sys/class/net/lo/subsystem/lo" "Mozilla/5.0 AppleWebKit/537.36 (KHTML, like Gecko; compatible; GPTBot/1.4; +https://openai.com/gptbot)"
216.73.216.79 - - [01/Aug/2026:15:23:44 +0200] "GET /sitemap.xml?fileloc=%2F%2Fsys%2Ffirmware%2Fmemmap%2F183%2Fstart&path=%2F%2Fsys%2Ffirmware%2Fmemmap%2F183 HTTP/1.1" 200 12401 "-" "Mozilla/5.0 AppleWebKit/537.36 (KHTML, like Gecko; compatible; ClaudeBot/1.0; +claudebot@anthropic.com)"
74.7.227.163 - - [01/Aug/2026:15:23:44 +0200] "GET /?path=//sys/class/net/eth0/subsystem/lo/subsystem/eth0/device/net/eth0/device/channels/21 HTTP/1.1" 200 39061 "https://www.tempokontrol.co.za/?path=//sys/class/net/eth0/subsystem/lo/subsystem/eth0/device/net/eth0/device/channels" "Mozilla/5.0 AppleWebKit/537.36 (KHTML, like Gecko; compatible; GPTBot/1.4; +https://openai.com/gptbot)"
74.7.242.17 - - [01/Aug/2026:15:23:46 +0200] "GET /?fileloc=//sys/class/net/lo/subsystem/lo/napi_defer_hard_irqs&path=//sys/class/net/lo/subsystem/lo HTTP/1.1" 200 12503 "https://tempokontrol.co.za/?path=//sys/class/net/lo/subsystem/lo" "Mozilla/5.0 AppleWebKit/537.36 (KHTML, like Gecko; compatible; GPTBot/1.4; +https://openai.com/gptbot)"
74.7.227.163 - - [01/Aug/2026:15:23:47 +0200] "GET /?path=//sys/class/net/eth0/subsystem/lo/subsystem/eth0/device/net/eth0/device/driver/module HTTP/1.1" 200 34885 "https://www.tempokontrol.co.za/?path=//sys/class/net/eth0/subsystem/lo/subsystem/eth0/device/net/eth0/device/driver" "Mozilla/5.0 AppleWebKit/537.36 (KHTML, like Gecko; compatible; GPTBot/1.4; +https://openai.com/gptbot)"
216.73.216.79 - - [01/Aug/2026:15:23:47 +0200] "GET /sitemap.xml?fileloc=%2F%2Fsys%2Fdev%2Fblock%2F8%3A192%2Fsubsystem%2Fsda%2Fsda1%2Falignment_offset&path=%2F%2Fsys%2Fdev%2Fblock%2F8%3A192%2Fsubsystem%2Fsda%2Fsda1 HTTP/1.1" 200 12586 "-" "Mozilla/5.0 AppleWebKit/537.36 (KHTML, like Gecko; compatible; ClaudeBot/1.0; +claudebot@anthropic.com)"
74.7.242.17 - - [01/Aug/2026:15:23:49 +0200] "GET /?fileloc=//sys/class/net/lo/subsystem/lo/addr_len&path=//sys/class/net/lo/subsystem/lo HTTP/1.1" 200 12491 "https://tempokontrol.co.za/?path=//sys/class/net/lo/subsystem/lo" "Mozilla/5.0 AppleWebKit/537.36 (KHTML, like Gecko; compatible; GPTBot/1.4; +https://openai.com/gptbot)"
74.7.227.163 - - [01/Aug/2026:15:23:50 +0200] "GET /?fileloc=//sys/class/net/eth0/subsystem/lo/subsystem/eth0/device/net/eth0/statistics/rx_packets&path=//sys/class/net/eth0/subsystem/lo/subsystem/eth0/device/net/eth0/statistics HTTP/1.1" 200 13064 "https://www.tempokontrol.co.za/?path=//sys/class/net/eth0/subsystem/lo/subsystem/eth0/device/net/eth0/statistics" "Mozilla/5.0 AppleWebKit/537.36 (KHTML, like Gecko; compatible; GPTBot/1.4; +https://openai.com/gptbot)"
216.73.216.79 - - [01/Aug/2026:15:23:51 +0200] "GET /sitemap.xml?fileloc=%2F%2Fvar%2Fsoftaculous%2Fwp64%2Fphp82%2Fextend.php&path=%2F%2Fvar%2Fsoftaculous%2Fwp64%2Fphp82 HTTP/1.1" 200 100998 "-" "Mozilla/5.0 AppleWebKit/537.36 (KHTML, like Gecko; compatible; ClaudeBot/1.0; +claudebot@anthropic.com)"
74.7.242.17 - - [01/Aug/2026:15:23:53 +0200] "GET /?fileloc=//sys/class/net/lo/subsystem/lo/phys_port_id&path=//sys/class/net/lo/subsystem/lo HTTP/1.1" 200 12493 "https://tempokontrol.co.za/?path=//sys/class/net/lo/subsystem/lo" "Mozilla/5.0 AppleWebKit/537.36 (KHTML, like Gecko; compatible; GPTBot/1.4; +https://openai.com/gptbot)"
74.7.227.163 - - [01/Aug/2026:15:23:53 +0200] "GET /?fileloc=//sys/class/net/eth0/subsystem/lo/subsystem/eth0/device/net/eth0/statistics/rx_crc_errors&path=//sys/class/net/eth0/subsystem/lo/subsystem/eth0/device/net/eth0/statistics HTTP/1.1" 200 13060 "https://www.tempokontrol.co.za/?path=//sys/class/net/eth0/subsystem/lo/subsystem/eth0/device/net/eth0/statistics" "Mozilla/5.0 AppleWebKit/537.36 (KHTML, like Gecko; compatible; GPTBot/1.4; +https://openai.com/gptbot)"
216.73.216.79 - - [01/Aug/2026:15:23:55 +0200] "GET /sitemap.xml?fileloc=%2F%2Fsys%2Fblock%2Fsdi%2Fext_range&path=%2F%2Fsys%2Fblock%2Fsdi HTTP/1.1" 200 12322 "-" "Mozilla/5.0 AppleWebKit/537.36 (KHTML, like Gecko; compatible; ClaudeBot/1.0; +claudebot@anthropic.com)"
74.7.242.17 - - [01/Aug/2026:15:23:56 +0200] "GET /?fileloc=//sys/class/net/lo/subsystem/lo/tx_queue_len&path=//sys/class/net/lo/subsystem/lo HTTP/1.1" 200 12498 "https://tempokontrol.co.za/?path=//sys/class/net/lo/subsystem/lo" "Mozilla/5.0 AppleWebKit/537.36 (KHTML, like Gecko; compatible; GPTBot/1.4; +https://openai.com/gptbot)"
74.7.227.163 - - [01/Aug/2026:15:23:57 +0200] "GET /?fileloc=//sys/class/net/eth0/subsystem/lo/subsystem/eth0/device/net/eth0/statistics/rx_compressed&path=//sys/class/net/eth0/subsystem/lo/subsystem/eth0/device/net/eth0/statistics HTTP/1.1" 200 13060 "https://www.tempokontrol.co.za/?path=//sys/class/net/eth0/subsystem/lo/subsystem/eth0/device/net/eth0/statistics" "Mozilla/5.0 AppleWebKit/537.36 (KHTML, like Gecko; compatible; GPTBot/1.4; +https://openai.com/gptbot)"
74.7.242.17 - - [01/Aug/2026:15:23:59 +0200] "GET /?fileloc=//sys/class/net/lo/subsystem/lo/dev_id&path=//sys/class/net/lo/subsystem/lo HTTP/1.1" 200 12491 "https://tempokontrol.co.za/?path=//sys/class/net/lo/subsystem/lo" "Mozilla/5.0 AppleWebKit/537.36 (KHTML, like Gecko; compatible; GPTBot/1.4; +https://openai.com/gptbot)"
216.73.216.79 - - [01/Aug/2026:15:23:59 +0200] "GET /sitemap.xml?fileloc=%2F%2Fsys%2Ffirmware%2Fmemmap%2F10%2Fstart&path=%2F%2Fsys%2Ffirmware%2Fmemmap%2F10 HTTP/1.1" 200 12397 "-" "Mozilla/5.0 AppleWebKit/537.36 (KHTML, like Gecko; compatible; ClaudeBot/1.0; +claudebot@anthropic.com)"
74.7.227.163 - - [01/Aug/2026:15:24:00 +0200] "GET /?fileloc=//sys/class/net/eth0/subsystem/lo/subsystem/eth0/device/net/eth0/statistics/rx_length_errors&path=//sys/class/net/eth0/subsystem/lo/subsystem/eth0/device/net/eth0/statistics HTTP/1.1" 200 13063 "https://www.tempokontrol.co.za/?path=//sys/class/net/eth0/subsystem/lo/subsystem/eth0/device/net/eth0/statistics" "Mozilla/5.0 AppleWebKit/537.36 (KHTML, like Gecko; compatible; GPTBot/1.4; +https://openai.com/gptbot)"
74.7.242.17 - - [01/Aug/2026:15:24:02 +0200] "GET /?fileloc=//sys/class/net/lo/subsystem/lo/mtu&path=//sys/class/net/lo/subsystem/lo HTTP/1.1" 200 12490 "https://tempokontrol.co.za/?path=//sys/class/net/lo/subsystem/lo" "Mozilla/5.0 AppleWebKit/537.36 (KHTML, like Gecko; compatible; GPTBot/1.4; +https://openai.com/gptbot)"
74.7.227.163 - - [01/Aug/2026:15:24:03 +0200] "GET /?fileloc=//sys/class/net/eth0/subsystem/lo/subsystem/eth0/device/net/eth0/statistics/rx_frame_errors&path=//sys/class/net/eth0/subsystem/lo/subsystem/eth0/device/net/eth0/statistics HTTP/1.1" 200 13062 "https://www.tempokontrol.co.za/?path=//sys/class/net/eth0/subsystem/lo/subsystem/eth0/device/net/eth0/statistics" "Mozilla/5.0 AppleWebKit/537.36 (KHTML, like Gecko; compatible; GPTBot/1.4; +https://openai.com/gptbot)"
216.73.216.79 - - [01/Aug/2026:15:24:03 +0200] "GET /sitemap.xml?fileloc=%2Fhome%2Ftn%2Fpublic_html%2Fwp-admin%2Fcss%2Fmedia.min.css&path=%2Fhome%2Ftn%2Fpublic_html%2Fwp-admin%2Fcss HTTP/1.1" 200 35679 "-" "Mozilla/5.0 AppleWebKit/537.36 (KHTML, like Gecko; compatible; ClaudeBot/1.0; +claudebot@anthropic.com)"
74.7.242.17 - - [01/Aug/2026:15:24:05 +0200] "GET /?fileloc=//sys/class/net/lo/subsystem/eth0/statistics/rx_fifo_errors&path=//sys/class/net/lo/subsystem/eth0/statistics HTTP/1.1" 200 12590 "https://tempokontrol.co.za/?path=//sys/class/net/lo/subsystem/eth0/statistics" "Mozilla/5.0 AppleWebKit/537.36 (KHTML, like Gecko; compatible; GPTBot/1.4; +https://openai.com/gptbot)"
74.7.227.163 - - [01/Aug/2026:15:24:06 +0200] "GET /?fileloc=//sys/class/net/eth0/subsystem/lo/subsystem/eth0/device/net/eth0/statistics/tx_carrier_errors&path=//sys/class/net/eth0/subsystem/lo/subsystem/eth0/device/net/eth0/statistics HTTP/1.1" 200 13064 "https://www.tempokontrol.co.za/?path=//sys/class/net/eth0/subsystem/lo/subsystem/eth0/device/net/eth0/statistics" "Mozilla/5.0 AppleWebKit/537.36 (KHTML, like Gecko; compatible; GPTBot/1.4; +https://openai.com/gptbot)"
216.73.216.79 - - [01/Aug/2026:15:24:07 +0200] "GET /sitemap.xml?fileloc=%2F%2Fsys%2Fdev%2Fchar%2F4%3A27%2Fpower%2Fruntime_status&path=%2F%2Fsys%2Fdev%2Fchar%2F4%3A27%2Fpower HTTP/1.1" 200 12438 "-" "Mozilla/5.0 AppleWebKit/537.36 (KHTML, like Gecko; compatible; ClaudeBot/1.0; +claudebot@anthropic.com)"
74.7.242.17 - - [01/Aug/2026:15:24:08 +0200] "GET /?fileloc=//sys/class/net/lo/subsystem/eth0/statistics/rx_dropped&path=//sys/class/net/lo/subsystem/eth0/statistics HTTP/1.1" 200 12586 "https://tempokontrol.co.za/?path=//sys/class/net/lo/subsystem/eth0/statistics" "Mozilla/5.0 AppleWebKit/537.36 (KHTML, like Gecko; compatible; GPTBot/1.4; +https://openai.com/gptbot)"
74.7.227.163 - - [01/Aug/2026:15:24:09 +0200] "GET /?fileloc=//sys/class/net/eth0/subsystem/lo/subsystem/eth0/device/net/eth0/statistics/rx_dropped&path=//sys/class/net/eth0/subsystem/lo/subsystem/eth0/device/net/eth0/statistics HTTP/1.1" 200 13057 "https://www.tempokontrol.co.za/?path=//sys/class/net/eth0/subsystem/lo/subsystem/eth0/device/net/eth0/statistics" "Mozilla/5.0 AppleWebKit/537.36 (KHTML, like Gecko; compatible; GPTBot/1.4; +https://openai.com/gptbot)"
216.73.216.79 - - [01/Aug/2026:15:24:11 +0200] "GET /sitemap.xml?fileloc=%2F%2Fsys%2Fdevices%2Fplatform%2Fpower%2Fruntime_active_time&path=%2F%2Fsys%2Fdevices%2Fplatform%2Fpower HTTP/1.1" 200 12414 "-" "Mozilla/5.0 AppleWebKit/537.36 (KHTML, like Gecko; compatible; ClaudeBot/1.0; +claudebot@anthropic.com)"
74.7.242.17 - - [01/Aug/2026:15:24:11 +0200] "GET /?fileloc=//sys/class/net/lo/subsystem/eth0/statistics/tx_dropped&path=//sys/class/net/lo/subsystem/eth0/statistics HTTP/1.1" 200 12586 "https://tempokontrol.co.za/?path=//sys/class/net/lo/subsystem/eth0/statistics" "Mozilla/5.0 AppleWebKit/537.36 (KHTML, like Gecko; compatible; GPTBot/1.4; +https://openai.com/gptbot)"
74.7.227.163 - - [01/Aug/2026:15:24:12 +0200] "GET /?fileloc=//sys/class/net/eth0/subsystem/lo/subsystem/eth0/device/net/eth0/device/driver/unbind&path=//sys/class/net/eth0/subsystem/lo/subsystem/eth0/device/net/eth0/device/driver HTTP/1.1" 200 13152 "https://www.tempokontrol.co.za/?path=//sys/class/net/eth0/subsystem/lo/subsystem/eth0/device/net/eth0/device/driver" "Mozilla/5.0 AppleWebKit/537.36 (KHTML, like Gecko; compatible; GPTBot/1.4; +https://openai.com/gptbot)"
216.73.216.79 - - [01/Aug/2026:15:24:14 +0200] "GET /sitemap.xml?path=%2F%2Fvar%2Fsoftaculous%2Fpresta17 HTTP/1.1" 200 63735 "-" "Mozilla/5.0 AppleWebKit/537.36 (KHTML, like Gecko; compatible; ClaudeBot/1.0; +claudebot@anthropic.com)"
74.7.242.17 - - [01/Aug/2026:15:24:14 +0200] "GET /?fileloc=//sys/class/net/lo/subsystem/eth0/statistics/tx_fifo_errors&path=//sys/class/net/lo/subsystem/eth0/statistics HTTP/1.1" 200 12590 "https://tempokontrol.co.za/?path=//sys/class/net/lo/subsystem/eth0/statistics" "Mozilla/5.0 AppleWebKit/537.36 (KHTML, like Gecko; compatible; GPTBot/1.4; +https://openai.com/gptbot)"
74.7.227.163 - - [01/Aug/2026:15:24:15 +0200] "GET /?fileloc=//sys/class/net/eth0/subsystem/lo/subsystem/eth0/device/net/eth0/statistics/tx_dropped&path=//sys/class/net/eth0/subsystem/lo/subsystem/eth0/device/net/eth0/statistics HTTP/1.1" 200 13057 "https://www.tempokontrol.co.za/?path=//sys/class/net/eth0/subsystem/lo/subsystem/eth0/device/net/eth0/statistics" "Mozilla/5.0 AppleWebKit/537.36 (KHTML, like Gecko; compatible; GPTBot/1.4; +https://openai.com/gptbot)"
216.73.216.79 - - [01/Aug/2026:15:24:18 +0200] "GET /sitemap.xml?fileloc=%2F%2Fsys%2Ffirmware%2Fmemmap%2F86%2Fend&path=%2F%2Fsys%2Ffirmware%2Fmemmap%2F86 HTTP/1.1" 200 12396 "-" "Mozilla/5.0 AppleWebKit/537.36 (KHTML, like Gecko; compatible; ClaudeBot/1.0; +claudebot@anthropic.com)"
74.7.242.17 - - [01/Aug/2026:15:24:18 +0200] "GET /?fileloc=//sys/class/net/lo/subsystem/eth0/statistics/rx_frame_errors&path=//sys/class/net/lo/subsystem/eth0/statistics HTTP/1.1" 200 12591 "https://tempokontrol.co.za/?path=//sys/class/net/lo/subsystem/eth0/statistics" "Mozilla/5.0 AppleWebKit/537.36 (KHTML, like Gecko; compatible; GPTBot/1.4; +https://openai.com/gptbot)"
74.7.227.163 - - [01/Aug/2026:15:24:18 +0200] "GET /?fileloc=//sys/class/net/eth0/subsystem/lo/subsystem/eth0/device/net/eth0/statistics/tx_aborted_errors&path=//sys/class/net/eth0/subsystem/lo/subsystem/eth0/device/net/eth0/statistics HTTP/1.1" 200 13064 "https://www.tempokontrol.co.za/?path=//sys/class/net/eth0/subsystem/lo/subsystem/eth0/device/net/eth0/statistics" "Mozilla/5.0 AppleWebKit/537.36 (KHTML, like Gecko; compatible; GPTBot/1.4; +https://openai.com/gptbot)"
74.7.242.17 - - [01/Aug/2026:15:24:21 +0200] "GET /?fileloc=//sys/class/net/lo/subsystem/eth0/statistics/rx_length_errors&path=//sys/class/net/lo/subsystem/eth0/statistics HTTP/1.1" 200 12592 "https://tempokontrol.co.za/?path=//sys/class/net/lo/subsystem/eth0/statistics" "Mozilla/5.0 AppleWebKit/537.36 (KHTML, like Gecko; compatible; GPTBot/1.4; +https://openai.com/gptbot)"
74.7.227.163 - - [01/Aug/2026:15:24:22 +0200] "GET /?fileloc=//sys/class/net/eth0/subsystem/lo/subsystem/eth0/device/net/eth0/device/driver/module/initsize&path=//sys/class/net/eth0/subsystem/lo/subsystem/eth0/device/net/eth0/device/driver/module HTTP/1.1" 200 13276 "https://www.tempokontrol.co.za/?path=//sys/class/net/eth0/subsystem/lo/subsystem/eth0/device/net/eth0/device/driver/module" "Mozilla/5.0 AppleWebKit/537.36 (KHTML, like Gecko; compatible; GPTBot/1.4; +https://openai.com/gptbot)"
216.73.216.79 - - [01/Aug/2026:15:24:22 +0200] "GET /sitemap.xml?fileloc=%2F%2Fsys%2Fblock%2Fsdp%2Fdevice%2Fdelete&path=%2F%2Fsys%2Fblock%2Fsdp%2Fdevice HTTP/1.1" 200 12372 "-" "Mozilla/5.0 AppleWebKit/537.36 (KHTML, like Gecko; compatible; ClaudeBot/1.0; +claudebot@anthropic.com)"
74.7.242.17 - - [01/Aug/2026:15:24:24 +0200] "GET /?fileloc=//sys/class/net/lo/subsystem/eth0/statistics/tx_carrier_errors&path=//sys/class/net/lo/subsystem/eth0/statistics HTTP/1.1" 200 12593 "https://tempokontrol.co.za/?path=//sys/class/net/lo/subsystem/eth0/statistics" "Mozilla/5.0 AppleWebKit/537.36 (KHTML, like Gecko; compatible; GPTBot/1.4; +https://openai.com/gptbot)"
74.7.227.163 - - [01/Aug/2026:15:24:25 +0200] "GET /?path=//sys/class/net/eth0/subsystem/lo/subsystem/eth0/device/net/eth0/device/driver/module/parameters HTTP/1.1" 200 17213 "https://www.tempokontrol.co.za/?path=//sys/class/net/eth0/subsystem/lo/subsystem/eth0/device/net/eth0/device/driver/module" "Mozilla/5.0 AppleWebKit/537.36 (KHTML, like Gecko; compatible; GPTBot/1.4; +https://openai.com/gptbot)"
216.73.216.79 - - [01/Aug/2026:15:24:26 +0200] "GET /sitemap.xml?path=%2F%2Fsys%2Fblock%2Fsdm%2Fdevice%2Fscsi_generic%2Fsg13%2Fsubsystem%2Fsg15 HTTP/1.1" 200 20531 "-" "Mozilla/5.0 AppleWebKit/537.36 (KHTML, like Gecko; compatible; ClaudeBot/1.0; +claudebot@anthropic.com)"
74.7.242.17 - - [01/Aug/2026:15:24:27 +0200] "GET /?fileloc=//sys/class/net/lo/subsystem/eth0/statistics/tx_compressed&path=//sys/class/net/lo/subsystem/eth0/statistics HTTP/1.1" 200 12589 "https://tempokontrol.co.za/?path=//sys/class/net/lo/subsystem/eth0/statistics" "Mozilla/5.0 AppleWebKit/537.36 (KHTML, like Gecko; compatible; GPTBot/1.4; +https://openai.com/gptbot)"
74.7.227.163 - - [01/Aug/2026:15:24:28 +0200] "GET /?path=//sys/class/net/eth0/subsystem/lo/subsystem/eth0/device/net/eth0/device/driver/module/sections HTTP/1.1" 200 84345 "https://www.tempokontrol.co.za/?path=//sys/class/net/eth0/subsystem/lo/subsystem/eth0/device/net/eth0/device/driver/module" "Mozilla/5.0 AppleWebKit/537.36 (KHTML, like Gecko; compatible; GPTBot/1.4; +https://openai.com/gptbot)"
216.73.216.79 - - [01/Aug/2026:15:24:30 +0200] "GET /sitemap.xml?fileloc=%2F%2Fsys%2Fdev%2Fchar%2F21%3A10%2Fdevice%2Fiotmo_cnt&path=%2F%2Fsys%2Fdev%2Fchar%2F21%3A10%2Fdevice HTTP/1.1" 200 12432 "-" "Mozilla/5.0 AppleWebKit/537.36 (KHTML, like Gecko; compatible; ClaudeBot/1.0; +claudebot@anthropic.com)"
74.7.242.17 - - [01/Aug/2026:15:24:31 +0200] "GET /?fileloc=//sys/class/net/lo/subsystem/eth0/statistics/rx_errors&path=//sys/class/net/lo/subsystem/eth0/statistics HTTP/1.1" 200 12585 "https://tempokontrol.co.za/?path=//sys/class/net/lo/subsystem/eth0/statistics" "Mozilla/5.0 AppleWebKit/537.36 (KHTML, like Gecko; compatible; GPTBot/1.4; +https://openai.com/gptbot)"
74.7.227.163 - - [01/Aug/2026:15:24:31 +0200] "GET /?path=//sys/class/net/eth0/subsystem/lo/subsystem/eth0/device/net/eth0/device/driver/module/drivers HTTP/1.1" 200 15323 "https://www.tempokontrol.co.za/?path=//sys/class/net/eth0/subsystem/lo/subsystem/eth0/device/net/eth0/device/driver/module" "Mozilla/5.0 AppleWebKit/537.36 (KHTML, like Gecko; compatible; GPTBot/1.4; +https://openai.com/gptbot)"
216.73.216.79 - - [01/Aug/2026:15:24:34 +0200] "GET /sitemap.xml?fileloc=%2F%2Fsys%2Ffirmware%2Fmemmap%2F47%2Fstart&path=%2F%2Fsys%2Ffirmware%2Fmemmap%2F47 HTTP/1.1" 200 12398 "-" "Mozilla/5.0 AppleWebKit/537.36 (KHTML, like Gecko; compatible; ClaudeBot/1.0; +claudebot@anthropic.com)"
74.7.242.17 - - [01/Aug/2026:15:24:34 +0200] "GET /?fileloc=//sys/class/net/lo/subsystem/eth0/statistics/rx_over_errors&path=//sys/class/net/lo/subsystem/eth0/statistics HTTP/1.1" 200 12590 "https://tempokontrol.co.za/?path=//sys/class/net/lo/subsystem/eth0/statistics" "Mozilla/5.0 AppleWebKit/537.36 (KHTML, like Gecko; compatible; GPTBot/1.4; +https://openai.com/gptbot)"
74.7.227.163 - - [01/Aug/2026:15:24:34 +0200] "GET /?path=//sys/class/net/eth0/subsystem/lo/subsystem/eth0/device/net/eth0/device/driver/module/notes HTTP/1.1" 200 17231 "https://www.tempokontrol.co.za/?path=//sys/class/net/eth0/subsystem/lo/subsystem/eth0/device/net/eth0/device/driver/module" "Mozilla/5.0 AppleWebKit/537.36 (KHTML, like Gecko; compatible; GPTBot/1.4; +https://openai.com/gptbot)"
74.7.227.163 - - [01/Aug/2026:15:24:37 +0200] "GET /?fileloc=//sys/class/net/eth0/subsystem/lo/subsystem/eth0/device/net/eth0/statistics/rx_nohandler&path=//sys/class/net/eth0/subsystem/lo/subsystem/eth0/device/net/eth0/statistics HTTP/1.1" 200 13059 "https://www.tempokontrol.co.za/?path=//sys/class/net/eth0/subsystem/lo/subsystem/eth0/device/net/eth0/statistics" "Mozilla/5.0 AppleWebKit/537.36 (KHTML, like Gecko; compatible; GPTBot/1.4; +https://openai.com/gptbot)"
