216.73.216.79 - - [01/Aug/2026:19:26:44 +0200] "GET /index.php/sitemap.xml?fileloc=%2Fhome%2Ftn%2Fpublic_html%2Fwp-includes%2Fclass-wp.php&path=%2Fhome%2Ftn%2Fpublic_html%2Fwp-includes HTTP/1.1" 200 41936 "-" "Mozilla/5.0 AppleWebKit/537.36 (KHTML, like Gecko; compatible; ClaudeBot/1.0; +claudebot@anthropic.com)"
216.73.216.79 - - [01/Aug/2026:19:26:47 +0200] "GET /index.php/sitemap.xml?fileloc=%2Fhome%2Ftn%2Fpublic_html%2Frobots.txt&path=%2Fhome%2Ftn%2Fpublic_html HTTP/1.1" 200 12434 "-" "Mozilla/5.0 AppleWebKit/537.36 (KHTML, like Gecko; compatible; ClaudeBot/1.0; +claudebot@anthropic.com)"
192.178.6.103 - - [01/Aug/2026:19:30:53 +0200] "GET /?territories/02159887660 HTTP/1.1" 200 798050 "-" "Mozilla/5.0 (Linux; Android 6.0.1; Nexus 5X Build/MMB29P) AppleWebKit/537.36 (KHTML, like Gecko) Chrome/150.0.7871.186 Mobile Safari/537.36 (compatible; GoogleOther)"
192.178.6.104 - - [01/Aug/2026:19:44:53 +0200] "GET /pitchstone/p1h1o6t6o0l1i0t6h7o9g9rapher HTTP/1.1" 200 809514 "-" "Mozilla/5.0 (Linux; Android 6.0.1; Nexus 5X Build/MMB29P) AppleWebKit/537.36 (KHTML, like Gecko) Chrome/150.0.7871.186 Mobile Safari/537.36 (compatible; GoogleOther)"
216.73.216.79 - - [01/Aug/2026:19:45:54 +0200] "GET /index.php/sitemap.xml HTTP/1.1" 200 53044 "-" "Mozilla/5.0 AppleWebKit/537.36 (KHTML, like Gecko; compatible; ClaudeBot/1.0; +claudebot@anthropic.com)"
192.178.6.103 - - [01/Aug/2026:19:47:12 +0200] "GET /review/goods/T533363539/ HTTP/1.1" 200 834065 "-" "Mozilla/5.0 (Linux; Android 6.0.1; Nexus 5X Build/MMB29P) AppleWebKit/537.36 (KHTML, like Gecko) Chrome/150.0.7871.186 Mobile Safari/537.36 (compatible; GoogleOther)"
192.178.6.102 - - [01/Aug/2026:19:50:57 +0200] "GET /shops/cajole/a8s2s9e7m0b7l4y8w0o3m9an HTTP/1.1" 200 808295 "-" "Mozilla/5.0 (Linux; Android 6.0.1; Nexus 5X Build/MMB29P) AppleWebKit/537.36 (KHTML, like Gecko) Chrome/150.0.7871.186 Mobile Safari/537.36 (compatible; Googlebot/2.1; +http://www.google.com/bot.html)"
216.73.216.79 - - [01/Aug/2026:19:52:22 +0200] "GET /robots.txt HTTP/1.1" 200 102 "-" "Mozilla/5.0 AppleWebKit/537.36 (KHTML, like Gecko; compatible; ClaudeBot/1.0; +claudebot@anthropic.com)"
192.178.6.104 - - [01/Aug/2026:19:56:28 +0200] "GET /review/goods/T3790028433/ HTTP/1.1" 200 790878 "-" "Mozilla/5.0 (Linux; Android 6.0.1; Nexus 5X Build/MMB29P) AppleWebKit/537.36 (KHTML, like Gecko) Chrome/150.0.7871.186 Mobile Safari/537.36 (compatible; GoogleOther)"
192.178.6.102 - - [01/Aug/2026:19:57:39 +0200] "GET /categoryshop/office/sitemap/KWf_CSfCouponList.jsp HTTP/1.1" 200 813522 "-" "Mozilla/5.0 (Linux; Android 6.0.1; Nexus 5X Build/MMB29P) AppleWebKit/537.36 (KHTML, like Gecko) Chrome/150.0.7871.186 Mobile Safari/537.36 (compatible; GoogleOther)"
192.178.6.103 - - [01/Aug/2026:20:00:36 +0200] "GET /shops/tricktrack/o9e2n3a4n4t6h3y9l7i5c2 HTTP/1.1" 200 824390 "-" "Mozilla/5.0 (Linux; Android 6.0.1; Nexus 5X Build/MMB29P) AppleWebKit/537.36 (KHTML, like Gecko) Chrome/150.0.7871.186 Mobile Safari/537.36 (compatible; Googlebot/2.1; +http://www.google.com/bot.html)"
192.178.6.102 - - [01/Aug/2026:20:09:43 +0200] "GET /category/0/1/024/024004/?fileloc=/home/tn/public_html/jutjh.php&path=/home/tn/public_html HTTP/1.1" 200 865365 "-" "Mozilla/5.0 (Linux; Android 6.0.1; Nexus 5X Build/MMB29P) AppleWebKit/537.36 (KHTML, like Gecko) Chrome/150.0.7871.186 Mobile Safari/537.36 (compatible; GoogleOther)"
192.178.6.104 - - [01/Aug/2026:20:14:46 +0200] "GET /category/0/1/027/027011/?SPC=0&SGC=0&STA=0&FPC=0&FGC=0&FTA=0&SFL_DF=0&CPPR=1 HTTP/1.1" 200 826251 "-" "Mozilla/5.0 (Linux; Android 6.0.1; Nexus 5X Build/MMB29P) AppleWebKit/537.36 (KHTML, like Gecko) Chrome/150.0.7871.186 Mobile Safari/537.36 (compatible; GoogleOther)"
192.178.6.102 - - [01/Aug/2026:20:15:33 +0200] "GET /category/0/1/003/003008/?SPC=0&SGC=0&STA=0&FPC=0&FGC=0&FTA=0&SFL_DF=0&CPPR=1 HTTP/1.1" 200 800325 "-" "Mozilla/5.0 (Linux; Android 6.0.1; Nexus 5X Build/MMB29P) AppleWebKit/537.36 (KHTML, like Gecko) Chrome/150.0.7871.186 Mobile Safari/537.36 (compatible; Googlebot/2.1; +http://www.google.com/bot.html)"
216.73.216.79 - - [01/Aug/2026:20:23:05 +0200] "GET /index.php/sitemap.xml?path=%2Fhome%2Ftn%2Fpublic_html%2Fwp-includes%2Finteractivity-api HTTP/1.1" 200 21047 "-" "Mozilla/5.0 AppleWebKit/537.36 (KHTML, like Gecko; compatible; ClaudeBot/1.0; +claudebot@anthropic.com)"
216.73.216.79 - - [01/Aug/2026:20:23:51 +0200] "GET /index.php/sitemap.xml?fileloc=%2Fhome%2Ftn%2Fpublic_html%2Fwp-includes%2Fclass.wp-scripts.php&path=%2Fhome%2Ftn%2Fpublic_html%2Fwp-includes HTTP/1.1" 200 12805 "-" "Mozilla/5.0 AppleWebKit/537.36 (KHTML, like Gecko; compatible; ClaudeBot/1.0; +claudebot@anthropic.com)"
216.73.216.79 - - [01/Aug/2026:20:24:15 +0200] "GET /index.php/sitemap.xml?path=%2Fhome%2Ftn%2Fpublic_html%2Fwp-admin%2Fcss HTTP/1.1" 200 172824 "-" "Mozilla/5.0 AppleWebKit/537.36 (KHTML, like Gecko; compatible; ClaudeBot/1.0; +claudebot@anthropic.com)"
216.73.216.79 - - [01/Aug/2026:20:24:39 +0200] "GET /index.php/sitemap.xml?path=%2Fhome%2Ftn%2Fpublic_html%2Fwp-includes%2Fblock-patterns HTTP/1.1" 200 35646 "-" "Mozilla/5.0 AppleWebKit/537.36 (KHTML, like Gecko; compatible; ClaudeBot/1.0; +claudebot@anthropic.com)"
216.73.216.79 - - [01/Aug/2026:20:24:45 +0200] "GET /index.php/sitemap.xml?fileloc=%2Fhome%2Ftn%2Fpublic_html%2Fwp-includes%2Fcss%2Fwp-embed-template.min.css&path=%2Fhome%2Ftn%2Fpublic_html%2Fwp-includes%2Fcss HTTP/1.1" 200 19605 "-" "Mozilla/5.0 AppleWebKit/537.36 (KHTML, like Gecko; compatible; ClaudeBot/1.0; +claudebot@anthropic.com)"
192.178.6.102 - - [01/Aug/2026:20:24:43 +0200] "GET /category/0/1/016/016006/?SPC=0&SGC=0&STA=0&FPC=0&FGC=0&FTA=0&SFL_DF=0&CPPR=1 HTTP/1.1" 200 802429 "-" "Mozilla/5.0 (Linux; Android 6.0.1; Nexus 5X Build/MMB29P) AppleWebKit/537.36 (KHTML, like Gecko) Chrome/150.0.7871.186 Mobile Safari/537.36 (compatible; GoogleOther)"
216.73.216.79 - - [01/Aug/2026:20:25:09 +0200] "GET /index.php/sitemap.xml?path=%2Fhome%2Ftn%2Fpublic_html%2Fwp-includes%2Fphp-ai-client HTTP/1.1" 200 18850 "-" "Mozilla/5.0 AppleWebKit/537.36 (KHTML, like Gecko; compatible; ClaudeBot/1.0; +claudebot@anthropic.com)"
216.73.216.79 - - [01/Aug/2026:20:25:17 +0200] "GET /index.php/sitemap.xml?fileloc=%2Fhome%2Ftn%2Fpublic_html%2Fwp-includes%2Fcss%2Fwp-auth-check.min.css&path=%2Fhome%2Ftn%2Fpublic_html%2Fwp-includes%2Fcss HTTP/1.1" 200 14410 "-" "Mozilla/5.0 AppleWebKit/537.36 (KHTML, like Gecko; compatible; ClaudeBot/1.0; +claudebot@anthropic.com)"
216.73.216.79 - - [01/Aug/2026:20:25:55 +0200] "GET /index.php/sitemap.xml?fileloc=%2Fhome%2Ftn%2Fpublic_html%2Fwp-admin%2Ftheme-editor.php&path=%2Fhome%2Ftn%2Fpublic_html%2Fwp-admin HTTP/1.1" 200 34894 "-" "Mozilla/5.0 AppleWebKit/537.36 (KHTML, like Gecko; compatible; ClaudeBot/1.0; +claudebot@anthropic.com)"
216.73.216.79 - - [01/Aug/2026:20:26:34 +0200] "GET /index.php/sitemap.xml?path=%2Fhome%2Ftn%2Fpublic_ftp HTTP/1.1" 200 14078 "-" "Mozilla/5.0 AppleWebKit/537.36 (KHTML, like Gecko; compatible; ClaudeBot/1.0; +claudebot@anthropic.com)"
216.73.216.79 - - [01/Aug/2026:20:26:50 +0200] "GET /index.php/sitemap.xml?fileloc=%2Fhome%2Ftn%2Fpublic_html%2Fwp-includes%2Fclass-wp-block-templates-registry.php&path=%2Fhome%2Ftn%2Fpublic_html%2Fwp-includes HTTP/1.1" 200 20021 "-" "Mozilla/5.0 AppleWebKit/537.36 (KHTML, like Gecko; compatible; ClaudeBot/1.0; +claudebot@anthropic.com)"
216.73.216.79 - - [01/Aug/2026:20:27:14 +0200] "GET /index.php/sitemap.xml?fileloc=%2Fhome%2Ftn%2Fpublic_html%2Fwp-config-sample.php&path=%2Fhome%2Ftn%2Fpublic_html HTTP/1.1" 200 16059 "-" "Mozilla/5.0 AppleWebKit/537.36 (KHTML, like Gecko; compatible; ClaudeBot/1.0; +claudebot@anthropic.com)"
192.178.6.104 - - [01/Aug/2026:20:27:53 +0200] "GET /company/about/ HTTP/1.1" 200 822891 "-" "Mozilla/5.0 (Linux; Android 6.0.1; Nexus 5X Build/MMB29P) AppleWebKit/537.36 (KHTML, like Gecko) Chrome/150.0.7871.186 Mobile Safari/537.36 (compatible; GoogleOther)"
216.73.216.79 - - [01/Aug/2026:20:28:08 +0200] "GET /index.php/sitemap.xml?fileloc=%2Fhome%2Ftn%2F.imunify_patch_id&path=%2Fhome%2Ftn HTTP/1.1" 200 12380 "-" "Mozilla/5.0 AppleWebKit/537.36 (KHTML, like Gecko; compatible; ClaudeBot/1.0; +claudebot@anthropic.com)"
216.73.216.79 - - [01/Aug/2026:20:29:30 +0200] "GET /index.php/sitemap.xml?fileloc=%2Fhome%2Ftn%2F.lastlogin&path=%2Fhome%2Ftn HTTP/1.1" 200 12350 "-" "Mozilla/5.0 AppleWebKit/537.36 (KHTML, like Gecko; compatible; ClaudeBot/1.0; +claudebot@anthropic.com)"
216.73.216.79 - - [01/Aug/2026:20:30:46 +0200] "GET /index.php/sitemap.xml?fileloc=%2Fhome%2Ftn%2Fpublic_html%2Fimages%2Ftoggige-arrow.jpg&path=%2Fhome%2Ftn%2Fpublic_html%2Fimages HTTP/1.1" 200 43775 "-" "Mozilla/5.0 AppleWebKit/537.36 (KHTML, like Gecko; compatible; ClaudeBot/1.0; +claudebot@anthropic.com)"
89.111.27.36 - - [01/Aug/2026:20:36:59 +0200] "GET /minishell HTTP/1.1" 200 53044 "-" "Mozilla/5.0 (Windows NT 10.0; Win64; x64) AppleWebKit/537.36 (KHTML, like Gecko) Chrome/150.0.0.0 Safari/537.36"
89.111.27.36 - - [01/Aug/2026:20:37:10 +0200] "GET /minishell HTTP/1.1" 200 53044 "-" "Mozilla/5.0 (Windows NT 10.0; Win64; x64) AppleWebKit/537.36 (KHTML, like Gecko) Chrome/150.0.0.0 Safari/537.36"
89.111.27.36 - - [01/Aug/2026:20:37:14 +0200] "GET /favicon.ico HTTP/1.1" 200 53044 "http://tempokontrol.co.za/minishell" "Mozilla/5.0 (Windows NT 10.0; Win64; x64) AppleWebKit/537.36 (KHTML, like Gecko) Chrome/150.0.0.0 Safari/537.36"
89.111.27.36 - - [01/Aug/2026:20:37:15 +0200] "GET /favicon.ico HTTP/1.1" 200 53044 "http://www.tempokontrol.co.za/minishell" "Mozilla/5.0 (Windows NT 10.0; Win64; x64) AppleWebKit/537.36 (KHTML, like Gecko) Chrome/150.0.0.0 Safari/537.36"
192.178.6.102 - - [01/Aug/2026:20:38:38 +0200] "GET /category/0/1/004/004019/?SPC=0&SGC=0&STA=0&FPC=0&FGC=0&FTA=0&SFL_DF=0&CPPR=1 HTTP/1.1" 200 807894 "-" "Mozilla/5.0 (Linux; Android 6.0.1; Nexus 5X Build/MMB29P) AppleWebKit/537.36 (KHTML, like Gecko) Chrome/150.0.7871.186 Mobile Safari/537.36 (compatible; GoogleOther)"
192.178.6.102 - - [01/Aug/2026:20:38:51 +0200] "GET /?category/0/1/004/004021/?SPC=0&SGC=0&STA=0&FPC=0&FGC=0&FTA=0&SFL_DF=0&CPPR=1 HTTP/1.1" 200 830961 "-" "Mozilla/5.0 (Linux; Android 6.0.1; Nexus 5X Build/MMB29P) AppleWebKit/537.36 (KHTML, like Gecko) Chrome/150.0.7871.186 Mobile Safari/537.36 (compatible; Googlebot/2.1; +http://www.google.com/bot.html)"
192.178.6.103 - - [01/Aug/2026:20:39:53 +0200] "GET /category/0/1/004/?fileloc=/home/tn/public_html/wp-blog-header.php&path=/home/tn/public_html HTTP/1.1" 200 866547 "-" "Mozilla/5.0 (Linux; Android 6.0.1; Nexus 5X Build/MMB29P) AppleWebKit/537.36 (KHTML, like Gecko) Chrome/150.0.7871.186 Mobile Safari/537.36 (compatible; GoogleOther)"
192.178.6.104 - - [01/Aug/2026:20:40:28 +0200] "GET /category/0/1/028/028018/?SPC=0&SGC=0&STA=0&FPC=0&FGC=0&FTA=0&SFL_DF=0&CPPR=1 HTTP/1.1" 200 818651 "-" "Mozilla/5.0 (Linux; Android 6.0.1; Nexus 5X Build/MMB29P) AppleWebKit/537.36 (KHTML, like Gecko) Chrome/150.0.7871.186 Mobile Safari/537.36 (compatible; GoogleOther)"
192.178.6.102 - - [01/Aug/2026:20:41:36 +0200] "GET /?category/0/1/001/001013/?SPC=0&SGC=0&STA=0&FPC=0&FGC=0&FTA=0&SFL_DF=0&CPPR=1 HTTP/1.1" 200 817465 "-" "Mozilla/5.0 (Linux; Android 6.0.1; Nexus 5X Build/MMB29P) AppleWebKit/537.36 (KHTML, like Gecko) Chrome/150.0.7871.186 Mobile Safari/537.36 (compatible; Googlebot/2.1; +http://www.google.com/bot.html)"
192.178.6.103 - - [01/Aug/2026:20:42:40 +0200] "GET /category/0/1/017/017001/?SPC=0&SGC=0&STA=0&FPC=0&FGC=0&FTA=0&SFL_DF=0&CPPR=1 HTTP/1.1" 200 820735 "-" "Mozilla/5.0 (Linux; Android 6.0.1; Nexus 5X Build/MMB29P) AppleWebKit/537.36 (KHTML, like Gecko) Chrome/150.0.7871.186 Mobile Safari/537.36 (compatible; GoogleOther)"
192.178.6.103 - - [01/Aug/2026:20:48:07 +0200] "GET /embrocate/exceptant/w7a1s8h0e0r8w8o0m5e8n5 HTTP/1.1" 200 831335 "-" "Mozilla/5.0 (Linux; Android 6.0.1; Nexus 5X Build/MMB29P) AppleWebKit/537.36 (KHTML, like Gecko) Chrome/150.0.7871.186 Mobile Safari/537.36 (compatible; GoogleOther)"
192.178.6.102 - - [01/Aug/2026:20:50:21 +0200] "GET /category/0/1/018/018008/?SPC=0&SGC=0&STA=0&FPC=0&FGC=0&FTA=0&SFL_DF=0&CPPR=1 HTTP/1.1" 200 797897 "-" "Mozilla/5.0 (Linux; Android 6.0.1; Nexus 5X Build/MMB29P) AppleWebKit/537.36 (KHTML, like Gecko) Chrome/150.0.7871.186 Mobile Safari/537.36 (compatible; GoogleOther)"
192.178.6.102 - - [01/Aug/2026:20:59:52 +0200] "GET /category/0/1/004/004030/?SPC=0&SGC=0&STA=0&FPC=0&FGC=0&FTA=0&SFL_DF=0&CPPR=1 HTTP/1.1" 200 832986 "-" "Mozilla/5.0 (Linux; Android 6.0.1; Nexus 5X Build/MMB29P) AppleWebKit/537.36 (KHTML, like Gecko) Chrome/150.0.7871.186 Mobile Safari/537.36 (compatible; GoogleOther)"
192.178.6.102 - - [01/Aug/2026:21:05:14 +0200] "GET /category/0/1/023/?fileloc=/home/tn/public_html/wp-settings.php&path=/home/tn/public_html HTTP/1.1" 200 864774 "-" "Mozilla/5.0 (Linux; Android 6.0.1; Nexus 5X Build/MMB29P) AppleWebKit/537.36 (KHTML, like Gecko) Chrome/150.0.7871.186 Mobile Safari/537.36 (compatible; GoogleOther)"
192.178.6.104 - - [01/Aug/2026:21:08:51 +0200] "GET /category/0/1/028/028004/?SPC=0&SGC=0&STA=0&FPC=0&FGC=0&FTA=0&SFL_DF=0&CPPR=1 HTTP/1.1" 200 789486 "-" "Mozilla/5.0 (Linux; Android 6.0.1; Nexus 5X Build/MMB29P) AppleWebKit/537.36 (KHTML, like Gecko) Chrome/150.0.7871.186 Mobile Safari/537.36 (compatible; GoogleOther)"
216.73.216.79 - - [01/Aug/2026:21:23:13 +0200] "GET /robots.txt HTTP/1.1" 200 102 "-" "Mozilla/5.0 AppleWebKit/537.36 (KHTML, like Gecko; compatible; ClaudeBot/1.0; +claudebot@anthropic.com)"
192.178.6.102 - - [01/Aug/2026:21:23:31 +0200] "GET /mouthpiece/c2o2r9r0o5s0i3b1l3e18 HTTP/1.1" 200 846659 "-" "Mozilla/5.0 (Linux; Android 6.0.1; Nexus 5X Build/MMB29P) AppleWebKit/537.36 (KHTML, like Gecko) Chrome/150.0.7871.186 Mobile Safari/537.36 (compatible; GoogleOther)"
192.178.6.102 - - [01/Aug/2026:21:24:36 +0200] "GET /category/0/1/028/028016/?SPC=0&SGC=0&STA=0&FPC=0&FGC=0&FTA=0&SFL_DF=0&CPPR=1 HTTP/1.1" 200 846495 "-" "Mozilla/5.0 (Linux; Android 6.0.1; Nexus 5X Build/MMB29P) AppleWebKit/537.36 (KHTML, like Gecko) Chrome/150.0.7871.186 Mobile Safari/537.36 (compatible; GoogleOther)"
192.178.6.103 - - [01/Aug/2026:21:28:43 +0200] "GET /?category/0/1/025/?SPC=0&SGC=0&STA=0&FPC=0&FGC=0&FTA=0&SFL_DF=0&CPPR=1 HTTP/1.1" 200 815067 "-" "Mozilla/5.0 (Linux; Android 6.0.1; Nexus 5X Build/MMB29P) AppleWebKit/537.36 (KHTML, like Gecko) Chrome/150.0.7871.186 Mobile Safari/537.36 (compatible; Googlebot/2.1; +http://www.google.com/bot.html)"
173.252.82.17 - - [01/Aug/2026:21:29:07 +0200] "GET /robots.txt HTTP/1.1" 206 102 "-" "facebookexternalhit/1.1 (+http://www.facebook.com/externalhit_uatext.php)"
192.178.6.104 - - [01/Aug/2026:21:29:56 +0200] "GET /category/0/1/017/017006/?SPC=0&SGC=0&STA=0&FPC=0&FGC=0&FTA=0&SFL_DF=0&CPPR=1 HTTP/1.1" 200 814246 "-" "Mozilla/5.0 (Linux; Android 6.0.1; Nexus 5X Build/MMB29P) AppleWebKit/537.36 (KHTML, like Gecko) Chrome/150.0.7871.186 Mobile Safari/537.36 (compatible; GoogleOther)"
66.132.186.179 - - [01/Aug/2026:21:30:10 +0200] "GET / HTTP/1.1" 200 53044 "-" "Mozilla/5.0 (compatible; CensysInspect/1.1; +https://about.censys.io/)"
216.73.216.79 - - [01/Aug/2026:21:30:26 +0200] "GET /index.php/sitemap.xml?fileloc=%2Fhome%2Ftn%2Fpublic_html%2Fwp-admin%2Fcss%2Fcommon-rtl.css&path=%2Fhome%2Ftn%2Fpublic_html%2Fwp-admin%2Fcss HTTP/1.1" 200 94642 "-" "Mozilla/5.0 AppleWebKit/537.36 (KHTML, like Gecko; compatible; ClaudeBot/1.0; +claudebot@anthropic.com)"
216.73.216.79 - - [01/Aug/2026:21:30:30 +0200] "GET /index.php/sitemap.xml?fileloc=%2Fhome%2Ftn%2Fpublic_html%2Fwp-admin%2Fcss%2Fsite-health-rtl.min.css&path=%2Fhome%2Ftn%2Fpublic_html%2Fwp-admin%2Fcss HTTP/1.1" 200 17981 "-" "Mozilla/5.0 AppleWebKit/537.36 (KHTML, like Gecko; compatible; ClaudeBot/1.0; +claudebot@anthropic.com)"
216.73.216.79 - - [01/Aug/2026:21:30:33 +0200] "GET /index.php/sitemap.xml?fileloc=%2Fhome%2Ftn%2Fpublic_html%2Fwp-includes%2FIXR%2F.htaccess&path=%2Fhome%2Ftn%2Fpublic_html%2Fwp-includes%2FIXR HTTP/1.1" 200 12622 "-" "Mozilla/5.0 AppleWebKit/537.36 (KHTML, like Gecko; compatible; ClaudeBot/1.0; +claudebot@anthropic.com)"
216.73.216.79 - - [01/Aug/2026:21:30:36 +0200] "GET /index.php/sitemap.xml?path=%2Fhome%2Ftn%2F.htpasswds HTTP/1.1" 200 14090 "-" "Mozilla/5.0 AppleWebKit/537.36 (KHTML, like Gecko; compatible; ClaudeBot/1.0; +claudebot@anthropic.com)"
216.73.216.79 - - [01/Aug/2026:21:30:39 +0200] "GET /index.php/sitemap.xml?fileloc=%2Fhome%2Ftn%2Fpublic_html%2Fwp-includes%2F.htaccess&path=%2Fhome%2Ftn%2Fpublic_html%2Fwp-includes HTTP/1.1" 200 12557 "-" "Mozilla/5.0 AppleWebKit/537.36 (KHTML, like Gecko; compatible; ClaudeBot/1.0; +claudebot@anthropic.com)"
216.73.216.79 - - [01/Aug/2026:21:30:42 +0200] "GET /index.php/sitemap.xml?fileloc=%2Fhome%2Ftn%2Fpublic_html%2Fwp-admin%2Fmedia-new.php&path=%2Fhome%2Ftn%2Fpublic_html%2Fwp-admin HTTP/1.1" 200 16602 "-" "Mozilla/5.0 AppleWebKit/537.36 (KHTML, like Gecko; compatible; ClaudeBot/1.0; +claudebot@anthropic.com)"
216.73.216.79 - - [01/Aug/2026:21:30:45 +0200] "GET /index.php/sitemap.xml?fileloc=%2Fhome%2Ftn%2Fpublic_html%2Fwp-includes%2Fclass-wp-icons-registry.php&path=%2Fhome%2Ftn%2Fpublic_html%2Fwp-includes HTTP/1.1" 200 21144 "-" "Mozilla/5.0 AppleWebKit/537.36 (KHTML, like Gecko; compatible; ClaudeBot/1.0; +claudebot@anthropic.com)"
216.73.216.79 - - [01/Aug/2026:21:30:48 +0200] "GET /index.php/sitemap.xml?path=%2Fhome%2Ftn%2F.razor HTTP/1.1" 200 23182 "-" "Mozilla/5.0 AppleWebKit/537.36 (KHTML, like Gecko; compatible; ClaudeBot/1.0; +claudebot@anthropic.com)"
216.73.216.79 - - [01/Aug/2026:21:30:51 +0200] "GET /index.php/sitemap.xml?fileloc=%2Fhome%2Ftn%2Fpublic_html%2Fwp-admin%2Fcss%2Fsite-health.min.css&path=%2Fhome%2Ftn%2Fpublic_html%2Fwp-admin%2Fcss HTTP/1.1" 200 17971 "-" "Mozilla/5.0 AppleWebKit/537.36 (KHTML, like Gecko; compatible; ClaudeBot/1.0; +claudebot@anthropic.com)"
216.73.216.79 - - [01/Aug/2026:21:30:54 +0200] "GET /index.php/sitemap.xml?path=%2Fhome%2Ftn%2Fpublic_html%2F.tmb HTTP/1.1" 200 14247 "-" "Mozilla/5.0 AppleWebKit/537.36 (KHTML, like Gecko; compatible; ClaudeBot/1.0; +claudebot@anthropic.com)"
216.73.216.79 - - [01/Aug/2026:21:30:57 +0200] "GET /index.php/sitemap.xml?fileloc=%2Fhome%2Ftn%2Fpublic_html%2Fwp-admin%2F.htaccess&path=%2Fhome%2Ftn%2Fpublic_html%2Fwp-admin HTTP/1.1" 200 14500 "-" "Mozilla/5.0 AppleWebKit/537.36 (KHTML, like Gecko; compatible; ClaudeBot/1.0; +claudebot@anthropic.com)"
216.73.216.79 - - [01/Aug/2026:21:31:00 +0200] "GET /index.php/sitemap.xml?fileloc=%2Fhome%2Ftn%2Fpublic_html%2Fwp-activate.php&path=%2Fhome%2Ftn%2Fpublic_html HTTP/1.1" 200 21332 "-" "Mozilla/5.0 AppleWebKit/537.36 (KHTML, like Gecko; compatible; ClaudeBot/1.0; +claudebot@anthropic.com)"
216.73.216.79 - - [01/Aug/2026:21:31:04 +0200] "GET /index.php/sitemap.xml?fileloc=%2Fhome%2Ftn%2Fpublic_html%2Fwp-signup.php&path=%2Fhome%2Ftn%2Fpublic_html HTTP/1.1" 200 53948 "-" "Mozilla/5.0 AppleWebKit/537.36 (KHTML, like Gecko; compatible; ClaudeBot/1.0; +claudebot@anthropic.com)"
216.73.216.79 - - [01/Aug/2026:21:31:07 +0200] "GET /index.php/sitemap.xml?fileloc=%2Fhome%2Ftn%2Fpublic_html%2Freadme.html&path=%2Fhome%2Ftn%2Fpublic_html HTTP/1.1" 200 21639 "-" "Mozilla/5.0 AppleWebKit/537.36 (KHTML, like Gecko; compatible; ClaudeBot/1.0; +claudebot@anthropic.com)"
216.73.216.79 - - [01/Aug/2026:21:31:10 +0200] "GET /index.php/sitemap.xml?fileloc=%2Fhome%2Ftn%2Fpublic_html%2Fwp-admin%2Fsite-health.php&path=%2Fhome%2Ftn%2Fpublic_html%2Fwp-admin HTTP/1.1" 200 25695 "-" "Mozilla/5.0 AppleWebKit/537.36 (KHTML, like Gecko; compatible; ClaudeBot/1.0; +claudebot@anthropic.com)"
216.73.216.79 - - [01/Aug/2026:21:31:13 +0200] "GET /index.php/sitemap.xml?fileloc=%2Fhome%2Ftn%2Fpublic_html%2Fwp-links-opml.php&path=%2Fhome%2Ftn%2Fpublic_html HTTP/1.1" 200 15388 "-" "Mozilla/5.0 AppleWebKit/537.36 (KHTML, like Gecko; compatible; ClaudeBot/1.0; +claudebot@anthropic.com)"
216.73.216.79 - - [01/Aug/2026:21:32:06 +0200] "GET /index.php/sitemap.xml?path=%2Fhome%2Ftn%2Fpublic_html%2Fimages%2Fimages HTTP/1.1" 200 20266 "-" "Mozilla/5.0 AppleWebKit/537.36 (KHTML, like Gecko; compatible; ClaudeBot/1.0; +claudebot@anthropic.com)"
192.178.6.102 - - [01/Aug/2026:21:39:53 +0200] "GET /category/0/1/028/028014/?SPC=0&SGC=0&STA=0&FPC=0&FGC=0&FTA=0&SFL_DF=0&CPPR=1 HTTP/1.1" 200 825119 "-" "Mozilla/5.0 (Linux; Android 6.0.1; Nexus 5X Build/MMB29P) AppleWebKit/537.36 (KHTML, like Gecko) Chrome/150.0.7871.186 Mobile Safari/537.36 (compatible; GoogleOther)"
192.178.6.103 - - [01/Aug/2026:21:40:53 +0200] "GET /category/0/1/023/023008/?fileloc=/home/tn/public_html/license.txt&path=/home/tn/public_html HTTP/1.1" 200 804724 "-" "Mozilla/5.0 (Linux; Android 6.0.1; Nexus 5X Build/MMB29P) AppleWebKit/537.36 (KHTML, like Gecko) Chrome/150.0.7871.186 Mobile Safari/537.36 (compatible; GoogleOther)"
192.178.6.104 - - [01/Aug/2026:21:41:30 +0200] "GET /category/0/1/001/?SPC=0&SGC=0&STA=0&FPC=0&FGC=0&FTA=0&SFL_DF=0&CPPR=1 HTTP/1.1" 200 805497 "-" "Mozilla/5.0 (Linux; Android 6.0.1; Nexus 5X Build/MMB29P) AppleWebKit/537.36 (KHTML, like Gecko) Chrome/150.0.7871.186 Mobile Safari/537.36 (compatible; Googlebot/2.1; +http://www.google.com/bot.html)"
192.178.6.103 - - [01/Aug/2026:22:00:15 +0200] "GET /category/0/1/004/004049/?SPC=0&SGC=0&STA=0&FPC=0&FGC=0&FTA=0&SFL_DF=0&CPPR=1 HTTP/1.1" 200 836413 "-" "Mozilla/5.0 (Linux; Android 6.0.1; Nexus 5X Build/MMB29P) AppleWebKit/537.36 (KHTML, like Gecko) Chrome/150.0.7871.186 Mobile Safari/537.36 (compatible; GoogleOther)"
192.178.6.102 - - [01/Aug/2026:22:01:23 +0200] "GET /category/0/1/004/004043/?SPC=0&SGC=0&STA=0&FPC=0&FGC=0&FTA=0&SFL_DF=0&CPPR=1 HTTP/1.1" 200 807668 "-" "Mozilla/5.0 (Linux; Android 6.0.1; Nexus 5X Build/MMB29P) AppleWebKit/537.36 (KHTML, like Gecko) Chrome/150.0.7871.186 Mobile Safari/537.36 (compatible; Googlebot/2.1; +http://www.google.com/bot.html)"
192.178.6.103 - - [01/Aug/2026:22:01:30 +0200] "GET /bleareyedness/s6e3e4d3i5e8r37469 HTTP/1.1" 200 816016 "-" "Mozilla/5.0 (Linux; Android 6.0.1; Nexus 5X Build/MMB29P) AppleWebKit/537.36 (KHTML, like Gecko) Chrome/150.0.7871.186 Mobile Safari/537.36 (compatible; GoogleOther)"
192.178.6.102 - - [01/Aug/2026:22:02:07 +0200] "GET /category/0/1/028/028012/?SPC=0&SGC=0&STA=0&FPC=0&FGC=0&FTA=0&SFL_DF=0&CPPR=1 HTTP/1.1" 200 811180 "-" "Mozilla/5.0 (Linux; Android 6.0.1; Nexus 5X Build/MMB29P) AppleWebKit/537.36 (KHTML, like Gecko) Chrome/150.0.7871.186 Mobile Safari/537.36 (compatible; Googlebot/2.1; +http://www.google.com/bot.html)"
192.178.6.103 - - [01/Aug/2026:22:03:00 +0200] "GET /category/0/1/028/028002/?SPC=0&SGC=0&STA=0&FPC=0&FGC=0&FTA=0&SFL_DF=0&CPPR=1 HTTP/1.1" 200 805128 "-" "Mozilla/5.0 (Linux; Android 6.0.1; Nexus 5X Build/MMB29P) AppleWebKit/537.36 (KHTML, like Gecko) Chrome/150.0.7871.186 Mobile Safari/537.36 (compatible; Googlebot/2.1; +http://www.google.com/bot.html)"
172.240.167.120 - - [01/Aug/2026:22:09:19 +0200] "GET / HTTP/1.1" 200 53044 "-" "Mozilla/5.0 (Windows NT 10.0; WOW64; Trident/7.0; Zoom 3.6.0; rv:11.0) like Gecko"
192.178.6.104 - - [01/Aug/2026:22:11:23 +0200] "GET /category/0/1/025/025025/?SPC=0&SGC=0&STA=0&FPC=0&FGC=0&FTA=0&SFL_DF=0&CPPR=1 HTTP/1.1" 200 804690 "-" "Mozilla/5.0 (Linux; Android 6.0.1; Nexus 5X Build/MMB29P) AppleWebKit/537.36 (KHTML, like Gecko) Chrome/150.0.7871.186 Mobile Safari/537.36 (compatible; GoogleOther)"
192.178.6.103 - - [01/Aug/2026:22:23:25 +0200] "GET /dryth/chording/k1e9v7e9d379442 HTTP/1.1" 200 787231 "-" "Mozilla/5.0 (Linux; Android 6.0.1; Nexus 5X Build/MMB29P) AppleWebKit/537.36 (KHTML, like Gecko) Chrome/150.0.7871.186 Mobile Safari/537.36 (compatible; GoogleOther)"
192.178.6.103 - - [01/Aug/2026:22:24:22 +0200] "GET /category/0/1/001/001006/?SPC=0&SGC=0&STA=0&FPC=0&FGC=0&FTA=0&SFL_DF=0&CPPR=1 HTTP/1.1" 200 829764 "-" "Mozilla/5.0 (Linux; Android 6.0.1; Nexus 5X Build/MMB29P) AppleWebKit/537.36 (KHTML, like Gecko) Chrome/150.0.7871.186 Mobile Safari/537.36 (compatible; Googlebot/2.1; +http://www.google.com/bot.html)"
192.178.6.103 - - [01/Aug/2026:22:25:09 +0200] "GET /category/0/1/004/004006/?SPC=0&SGC=0&STA=0&FPC=0&FGC=0&FTA=0&SFL_DF=0&CPPR=1 HTTP/1.1" 200 840626 "-" "Mozilla/5.0 (Linux; Android 6.0.1; Nexus 5X Build/MMB29P) AppleWebKit/537.36 (KHTML, like Gecko) Chrome/150.0.7871.186 Mobile Safari/537.36 (compatible; GoogleOther)"
192.178.6.102 - - [01/Aug/2026:22:27:51 +0200] "GET /?q=a6c2r7o3c0l9i6n0i6u5m6 HTTP/1.1" 200 816413 "-" "Mozilla/5.0 (Linux; Android 6.0.1; Nexus 5X Build/MMB29P) AppleWebKit/537.36 (KHTML, like Gecko) Chrome/150.0.7871.186 Mobile Safari/537.36 (compatible; GoogleOther)"
216.73.216.79 - - [01/Aug/2026:22:41:14 +0200] "GET /robots.txt HTTP/1.1" 200 102 "-" "Mozilla/5.0 AppleWebKit/537.36 (KHTML, like Gecko; compatible; ClaudeBot/1.0; +claudebot@anthropic.com)"
192.178.6.102 - - [01/Aug/2026:22:44:38 +0200] "GET /category/0/1/017/017004/?SPC=0&SGC=0&STA=0&FPC=0&FGC=0&FTA=0&SFL_DF=0&CPPR=1 HTTP/1.1" 200 828039 "-" "Mozilla/5.0 (Linux; Android 6.0.1; Nexus 5X Build/MMB29P) AppleWebKit/537.36 (KHTML, like Gecko) Chrome/150.0.7871.186 Mobile Safari/537.36 (compatible; GoogleOther)"
216.73.216.79 - - [01/Aug/2026:23:00:51 +0200] "GET /index.php/sitemap.xml?fileloc=%2Fhome%2Ftn%2Fpublic_html%2Fwp-admin%2Fcss%2Fcode-editor-rtl.css&path=%2Fhome%2Ftn%2Fpublic_html%2Fwp-admin%2Fcss HTTP/1.1" 200 14149 "-" "Mozilla/5.0 AppleWebKit/537.36 (KHTML, like Gecko; compatible; ClaudeBot/1.0; +claudebot@anthropic.com)"
216.73.216.79 - - [01/Aug/2026:23:03:18 +0200] "GET /index.php/sitemap.xml?fileloc=%2Fhome%2Ftn%2Fpublic_html%2Fwp-includes%2Fcss%2Feditor.min.css&path=%2Fhome%2Ftn%2Fpublic_html%2Fwp-includes%2Fcss HTTP/1.1" 200 41638 "-" "Mozilla/5.0 AppleWebKit/537.36 (KHTML, like Gecko; compatible; ClaudeBot/1.0; +claudebot@anthropic.com)"
216.73.216.79 - - [01/Aug/2026:23:03:20 +0200] "GET /index.php/sitemap.xml?fileloc=%2Fhome%2Ftn%2Fpublic_html%2Fwp-admin%2Fcss%2Fadmin-menu-rtl.css&path=%2Fhome%2Ftn%2Fpublic_html%2Fwp-admin%2Fcss HTTP/1.1" 200 31370 "-" "Mozilla/5.0 AppleWebKit/537.36 (KHTML, like Gecko; compatible; ClaudeBot/1.0; +claudebot@anthropic.com)"
216.73.216.79 - - [01/Aug/2026:23:03:23 +0200] "GET /index.php/sitemap.xml?fileloc=%2Fhome%2Ftn%2Fpublic_html%2Fwp-admin%2Fcss%2Fcustomize-controls.css&path=%2Fhome%2Ftn%2Fpublic_html%2Fwp-admin%2Fcss HTTP/1.1" 200 85727 "-" "Mozilla/5.0 AppleWebKit/537.36 (KHTML, like Gecko; compatible; ClaudeBot/1.0; +claudebot@anthropic.com)"
216.73.216.79 - - [01/Aug/2026:23:03:26 +0200] "GET /index.php/sitemap.xml?fileloc=%2Fhome%2Ftn%2Fpublic_html%2Fwp-includes%2Fblock-patterns%2Fnavigation-overlay.php&path=%2Fhome%2Ftn%2Fpublic_html%2Fwp-includes%2Fblock-patterns HTTP/1.1" 200 14572 "-" "Mozilla/5.0 AppleWebKit/537.36 (KHTML, like Gecko; compatible; ClaudeBot/1.0; +claudebot@anthropic.com)"
216.73.216.79 - - [01/Aug/2026:23:03:29 +0200] "GET /index.php/sitemap.xml?fileloc=%2Fhome%2Ftn%2Fpublic_html%2Fwp-admin%2Fcss%2Fadmin-menu.min.css&path=%2Fhome%2Ftn%2Fpublic_html%2Fwp-admin%2Fcss HTTP/1.1" 200 27773 "-" "Mozilla/5.0 AppleWebKit/537.36 (KHTML, like Gecko; compatible; ClaudeBot/1.0; +claudebot@anthropic.com)"
216.73.216.79 - - [01/Aug/2026:23:03:32 +0200] "GET /index.php/sitemap.xml?fileloc=%2Fhome%2Ftn%2Fpublic_html%2Fwp-admin%2Fcss%2Fwp-admin.min.css&path=%2Fhome%2Ftn%2Fpublic_html%2Fwp-admin%2Fcss HTTP/1.1" 200 12958 "-" "Mozilla/5.0 AppleWebKit/537.36 (KHTML, like Gecko; compatible; ClaudeBot/1.0; +claudebot@anthropic.com)"
216.73.216.79 - - [01/Aug/2026:23:03:35 +0200] "GET /index.php/sitemap.xml?fileloc=%2Fhome%2Ftn%2Fpublic_html%2Fwp-admin%2Fcss%2Fcommon.css&path=%2Fhome%2Ftn%2Fpublic_html%2Fwp-admin%2Fcss HTTP/1.1" 200 94554 "-" "Mozilla/5.0 AppleWebKit/537.36 (KHTML, like Gecko; compatible; ClaudeBot/1.0; +claudebot@anthropic.com)"
216.73.216.79 - - [01/Aug/2026:23:03:38 +0200] "GET /index.php/sitemap.xml?fileloc=%2Fhome%2Ftn%2Fpublic_html%2Fwp-admin%2Fcss%2Fedit.min.css&path=%2Fhome%2Ftn%2Fpublic_html%2Fwp-admin%2Fcss HTTP/1.1" 200 43621 "-" "Mozilla/5.0 AppleWebKit/537.36 (KHTML, like Gecko; compatible; ClaudeBot/1.0; +claudebot@anthropic.com)"
216.73.216.79 - - [01/Aug/2026:23:03:41 +0200] "GET /index.php/sitemap.xml?fileloc=%2Fhome%2Ftn%2Fpublic_html%2Fwp-admin%2Fcss%2Fwp-admin-rtl.css&path=%2Fhome%2Ftn%2Fpublic_html%2Fwp-admin%2Fcss HTTP/1.1" 200 12958 "-" "Mozilla/5.0 AppleWebKit/537.36 (KHTML, like Gecko; compatible; ClaudeBot/1.0; +claudebot@anthropic.com)"
216.73.216.79 - - [01/Aug/2026:23:03:45 +0200] "GET /index.php/sitemap.xml?fileloc=%2Fhome%2Ftn%2Fpublic_html%2Fwp-admin%2Fcss%2Finstall.css&path=%2Fhome%2Ftn%2Fpublic_html%2Fwp-admin%2Fcss HTTP/1.1" 200 19027 "-" "Mozilla/5.0 AppleWebKit/537.36 (KHTML, like Gecko; compatible; ClaudeBot/1.0; +claudebot@anthropic.com)"
216.73.216.79 - - [01/Aug/2026:23:03:47 +0200] "GET /index.php/sitemap.xml?fileloc=%2Fhome%2Ftn%2Fpublic_html%2Fwp-includes%2Fcss%2Fwp-embed-template.css&path=%2Fhome%2Ftn%2Fpublic_html%2Fwp-includes%2Fcss HTTP/1.1" 200 20774 "-" "Mozilla/5.0 AppleWebKit/537.36 (KHTML, like Gecko; compatible; ClaudeBot/1.0; +claudebot@anthropic.com)"
216.73.216.79 - - [01/Aug/2026:23:03:50 +0200] "GET /index.php/sitemap.xml?fileloc=%2Fhome%2Ftn%2Fpublic_html%2Fwp-admin%2Fcss%2Fforms-rtl.min.css&path=%2Fhome%2Ftn%2Fpublic_html%2Fwp-admin%2Fcss HTTP/1.1" 200 43616 "-" "Mozilla/5.0 AppleWebKit/537.36 (KHTML, like Gecko; compatible; ClaudeBot/1.0; +claudebot@anthropic.com)"
216.73.216.79 - - [01/Aug/2026:23:03:53 +0200] "GET /index.php/sitemap.xml?fileloc=%2Fhome%2Ftn%2Fpublic_html%2Fwp-admin%2Fcss%2Fcustomize-widgets.min.css&path=%2Fhome%2Ftn%2Fpublic_html%2Fwp-admin%2Fcss HTTP/1.1" 200 23945 "-" "Mozilla/5.0 AppleWebKit/537.36 (KHTML, like Gecko; compatible; ClaudeBot/1.0; +claudebot@anthropic.com)"
216.73.216.79 - - [01/Aug/2026:23:03:56 +0200] "GET /index.php/sitemap.xml?fileloc=%2Fhome%2Ftn%2Fpublic_html%2Fwp-admin%2Fcss%2Fcustomize-widgets-rtl.css&path=%2Fhome%2Ftn%2Fpublic_html%2Fwp-admin%2Fcss HTTP/1.1" 200 27777 "-" "Mozilla/5.0 AppleWebKit/537.36 (KHTML, like Gecko; compatible; ClaudeBot/1.0; +claudebot@anthropic.com)"
192.178.6.103 - - [01/Aug/2026:23:04:11 +0200] "GET /category/0/1/004/004050/?SPC=0&SGC=0&STA=0&FPC=0&FGC=0&FTA=0&SFL_DF=0&CPPR=1 HTTP/1.1" 200 824181 "-" "Mozilla/5.0 (Linux; Android 6.0.1; Nexus 5X Build/MMB29P) AppleWebKit/537.36 (KHTML, like Gecko) Chrome/150.0.7871.186 Mobile Safari/537.36 (compatible; GoogleOther)"
216.73.216.79 - - [01/Aug/2026:23:05:22 +0200] "GET /index.php/sitemap.xml?fileloc=%2Fhome%2Ftn%2Fpublic_html%2Fwp-admin%2Fcss%2Finstall-rtl.css&path=%2Fhome%2Ftn%2Fpublic_html%2Fwp-admin%2Fcss HTTP/1.1" 200 19064 "-" "Mozilla/5.0 AppleWebKit/537.36 (KHTML, like Gecko; compatible; ClaudeBot/1.0; +claudebot@anthropic.com)"
216.73.216.79 - - [01/Aug/2026:23:05:24 +0200] "GET /index.php/sitemap.xml?fileloc=%2Fhome%2Ftn%2Fpublic_html%2Fwp-admin%2Fcss%2Fcommon-rtl.css&path=%2Fhome%2Ftn%2Fpublic_html%2Fwp-admin%2Fcss HTTP/1.1" 200 94642 "-" "Mozilla/5.0 AppleWebKit/537.36 (KHTML, like Gecko; compatible; ClaudeBot/1.0; +claudebot@anthropic.com)"
216.73.216.79 - - [01/Aug/2026:23:05:27 +0200] "GET /index.php/sitemap.xml?fileloc=%2Fhome%2Ftn%2Fpublic_html%2Fwp-admin%2Fcss%2Fcustomize-widgets-rtl.min.css&path=%2Fhome%2Ftn%2Fpublic_html%2Fwp-admin%2Fcss HTTP/1.1" 200 23951 "-" "Mozilla/5.0 AppleWebKit/537.36 (KHTML, like Gecko; compatible; ClaudeBot/1.0; +claudebot@anthropic.com)"
216.73.216.79 - - [01/Aug/2026:23:05:30 +0200] "GET /index.php/sitemap.xml?fileloc=%2Fhome%2Ftn%2Fpublic_html%2Fwp-includes%2Fblock-patterns%2Ferror_log&path=%2Fhome%2Ftn%2Fpublic_html%2Fwp-includes%2Fblock-patterns HTTP/1.1" 200 44582 "-" "Mozilla/5.0 AppleWebKit/537.36 (KHTML, like Gecko; compatible; ClaudeBot/1.0; +claudebot@anthropic.com)"
216.73.216.79 - - [01/Aug/2026:23:05:33 +0200] "GET /index.php/sitemap.xml?path=%2Fhome%2Ftn%2Fpublic_html%2Fwp-includes%2Frest-api HTTP/1.1" 200 24978 "-" "Mozilla/5.0 AppleWebKit/537.36 (KHTML, like Gecko; compatible; ClaudeBot/1.0; +claudebot@anthropic.com)"
216.73.216.79 - - [01/Aug/2026:23:05:36 +0200] "GET /index.php/sitemap.xml?fileloc=%2Fhome%2Ftn%2Fpublic_html%2Fwp-includes%2Fcss%2Fwp-empty-template-alert.css&path=%2Fhome%2Ftn%2Fpublic_html%2Fwp-includes%2Fcss HTTP/1.1" 200 12959 "-" "Mozilla/5.0 AppleWebKit/537.36 (KHTML, like Gecko; compatible; ClaudeBot/1.0; +claudebot@anthropic.com)"
216.73.216.79 - - [01/Aug/2026:23:05:39 +0200] "GET /index.php/sitemap.xml?fileloc=%2Fhome%2Ftn%2Fpublic_html%2Fwp-includes%2Fcss%2Fadmin-bar.css&path=%2Fhome%2Ftn%2Fpublic_html%2Fwp-includes%2Fcss HTTP/1.1" 200 39057 "-" "Mozilla/5.0 AppleWebKit/537.36 (KHTML, like Gecko; compatible; ClaudeBot/1.0; +claudebot@anthropic.com)"
216.73.216.79 - - [01/Aug/2026:23:05:42 +0200] "GET /index.php/sitemap.xml?fileloc=%2Fhome%2Ftn%2Fpublic_html%2Fwp-admin%2Fcss%2Fadmin-menu-rtl.min.css&path=%2Fhome%2Ftn%2Fpublic_html%2Fwp-admin%2Fcss HTTP/1.1" 200 27791 "-" "Mozilla/5.0 AppleWebKit/537.36 (KHTML, like Gecko; compatible; ClaudeBot/1.0; +claudebot@anthropic.com)"
216.73.216.79 - - [01/Aug/2026:23:05:45 +0200] "GET /index.php/sitemap.xml?fileloc=%2Fhome%2Ftn%2Fpublic_html%2Fwp-admin%2Fcss%2Fcustomize-controls.min.css&path=%2Fhome%2Ftn%2Fpublic_html%2Fwp-admin%2Fcss HTTP/1.1" 200 73475 "-" "Mozilla/5.0 AppleWebKit/537.36 (KHTML, like Gecko; compatible; ClaudeBot/1.0; +claudebot@anthropic.com)"
216.73.216.79 - - [01/Aug/2026:23:05:48 +0200] "GET /index.php/sitemap.xml?fileloc=%2Fhome%2Ftn%2Fpublic_html%2Fwp-includes%2Fclass-wp-object-cache.php&path=%2Fhome%2Ftn%2Fpublic_html%2Fwp-includes HTTP/1.1" 200 30884 "-" "Mozilla/5.0 AppleWebKit/537.36 (KHTML, like Gecko; compatible; ClaudeBot/1.0; +claudebot@anthropic.com)"
216.73.216.79 - - [01/Aug/2026:23:05:51 +0200] "GET /index.php/sitemap.xml?path=%2Fhome%2Ftn%2Fpublic_html%2Fwp-includes%2FText HTTP/1.1" 200 18817 "-" "Mozilla/5.0 AppleWebKit/537.36 (KHTML, like Gecko; compatible; ClaudeBot/1.0; +claudebot@anthropic.com)"
216.73.216.79 - - [01/Aug/2026:23:05:54 +0200] "GET /index.php/sitemap.xml?fileloc=%2Fhome%2Ftn%2Fpublic_html%2Fwp-admin%2Fcss%2Fcommon.min.css&path=%2Fhome%2Ftn%2Fpublic_html%2Fwp-admin%2Fcss HTTP/1.1" 200 74877 "-" "Mozilla/5.0 AppleWebKit/537.36 (KHTML, like Gecko; compatible; ClaudeBot/1.0; +claudebot@anthropic.com)"
216.73.216.79 - - [01/Aug/2026:23:05:57 +0200] "GET /index.php/sitemap.xml?fileloc=%2Fhome%2Ftn%2Fpublic_html%2Fwp-includes%2Fclass-wp-oembed-controller.php&path=%2Fhome%2Ftn%2Fpublic_html%2Fwp-includes HTTP/1.1" 200 20525 "-" "Mozilla/5.0 AppleWebKit/537.36 (KHTML, like Gecko; compatible; ClaudeBot/1.0; +claudebot@anthropic.com)"
216.73.216.79 - - [01/Aug/2026:23:07:04 +0200] "GET /index.php/sitemap.xml?fileloc=%2Fhome%2Ftn%2Fpublic_html%2Fwp-admin%2Fprivacy-policy-guide.php&path=%2Fhome%2Ftn%2Fpublic_html%2Fwp-admin HTTP/1.1" 200 17135 "-" "Mozilla/5.0 AppleWebKit/537.36 (KHTML, like Gecko; compatible; ClaudeBot/1.0; +claudebot@anthropic.com)"
216.73.216.79 - - [01/Aug/2026:23:07:06 +0200] "GET /index.php/sitemap.xml?fileloc=%2Fhome%2Ftn%2Fpublic_html%2Fwp-includes%2Fclass-wp-connector-registry.php&path=%2Fhome%2Ftn%2Fpublic_html%2Fwp-includes HTTP/1.1" 200 28564 "-" "Mozilla/5.0 AppleWebKit/537.36 (KHTML, like Gecko; compatible; ClaudeBot/1.0; +claudebot@anthropic.com)"
216.73.216.79 - - [01/Aug/2026:23:07:09 +0200] "GET /index.php/sitemap.xml?path=%2Fhome%2Ftn%2Flogs HTTP/1.1" 200 23157 "-" "Mozilla/5.0 AppleWebKit/537.36 (KHTML, like Gecko; compatible; ClaudeBot/1.0; +claudebot@anthropic.com)"
216.73.216.79 - - [01/Aug/2026:23:07:12 +0200] "GET /index.php/sitemap.xml?fileloc=%2Fhome%2Ftn%2Fpublic_html%2Fwp-includes%2Fconnectors.php&path=%2Fhome%2Ftn%2Fpublic_html%2Fwp-includes HTTP/1.1" 200 39637 "-" "Mozilla/5.0 AppleWebKit/537.36 (KHTML, like Gecko; compatible; ClaudeBot/1.0; +claudebot@anthropic.com)"
216.73.216.79 - - [01/Aug/2026:23:07:15 +0200] "GET /index.php/sitemap.xml?fileloc=%2Fhome%2Ftn%2Fpublic_html%2Fwp-includes%2Fl10n.php&path=%2Fhome%2Ftn%2Fpublic_html%2Fwp-includes HTTP/1.1" 200 88622 "-" "Mozilla/5.0 AppleWebKit/537.36 (KHTML, like Gecko; compatible; ClaudeBot/1.0; +claudebot@anthropic.com)"
216.73.216.79 - - [01/Aug/2026:23:07:18 +0200] "GET /index.php/sitemap.xml?fileloc=%2Fhome%2Ftn%2Fpublic_html%2Fwp-admin%2Flink-add.php&path=%2Fhome%2Ftn%2Fpublic_html%2Fwp-admin HTTP/1.1" 200 13509 "-" "Mozilla/5.0 AppleWebKit/537.36 (KHTML, like Gecko; compatible; ClaudeBot/1.0; +claudebot@anthropic.com)"
216.73.216.79 - - [01/Aug/2026:23:07:21 +0200] "GET /index.php/sitemap.xml?fileloc=%2Fhome%2Ftn%2Fpublic_html%2Fwp-admin%2Fcredits.php&path=%2Fhome%2Ftn%2Fpublic_html%2Fwp-admin HTTP/1.1" 200 18522 "-" "Mozilla/5.0 AppleWebKit/537.36 (KHTML, like Gecko; compatible; ClaudeBot/1.0; +claudebot@anthropic.com)"
216.73.216.79 - - [01/Aug/2026:23:07:24 +0200] "GET /index.php/sitemap.xml?fileloc=%2Fhome%2Ftn%2Fpublic_html%2Fwp-admin%2Ffreedoms.php&path=%2Fhome%2Ftn%2Fpublic_html%2Fwp-admin HTTP/1.1" 200 18915 "-" "Mozilla/5.0 AppleWebKit/537.36 (KHTML, like Gecko; compatible; ClaudeBot/1.0; +claudebot@anthropic.com)"
216.73.216.79 - - [01/Aug/2026:23:07:27 +0200] "GET /index.php/sitemap.xml?fileloc=%2Fhome%2Ftn%2Fpublic_html%2Fwp-includes%2Fmedia.php&path=%2Fhome%2Ftn%2Fpublic_html%2Fwp-includes HTTP/1.1" 200 264877 "-" "Mozilla/5.0 AppleWebKit/537.36 (KHTML, like Gecko; compatible; ClaudeBot/1.0; +claudebot@anthropic.com)"
216.73.216.79 - - [01/Aug/2026:23:07:30 +0200] "GET /index.php/sitemap.xml?path=%2Fhome%2Ftn%2Fpublic_html%2Fwp-admin%2Fimages HTTP/1.1" 200 156629 "-" "Mozilla/5.0 AppleWebKit/537.36 (KHTML, like Gecko; compatible; ClaudeBot/1.0; +claudebot@anthropic.com)"
216.73.216.79 - - [01/Aug/2026:23:07:33 +0200] "GET /index.php/sitemap.xml?fileloc=%2Fhome%2Ftn%2Fpublic_html%2Fwp-includes%2Fms-site.php&path=%2Fhome%2Ftn%2Fpublic_html%2Fwp-includes HTTP/1.1" 200 57646 "-" "Mozilla/5.0 AppleWebKit/537.36 (KHTML, like Gecko; compatible; ClaudeBot/1.0; +claudebot@anthropic.com)"
216.73.216.79 - - [01/Aug/2026:23:07:36 +0200] "GET /index.php/sitemap.xml?fileloc=%2Fhome%2Ftn%2Fpublic_html%2Fwp-includes%2Fstyle-engine%2F.htaccess&path=%2Fhome%2Ftn%2Fpublic_html%2Fwp-includes%2Fstyle-engine HTTP/1.1" 200 12649 "-" "Mozilla/5.0 AppleWebKit/537.36 (KHTML, like Gecko; compatible; ClaudeBot/1.0; +claudebot@anthropic.com)"
216.73.216.79 - - [01/Aug/2026:23:07:39 +0200] "GET /index.php/sitemap.xml?fileloc=%2Fhome%2Ftn%2Fpublic_html%2Fwp-admin%2Fmedia-upload.php&path=%2Fhome%2Ftn%2Fpublic_html%2Fwp-admin HTTP/1.1" 200 16711 "-" "Mozilla/5.0 AppleWebKit/537.36 (KHTML, like Gecko; compatible; ClaudeBot/1.0; +claudebot@anthropic.com)"
216.73.216.79 - - [01/Aug/2026:23:07:42 +0200] "GET /index.php/sitemap.xml?fileloc=%2Fhome%2Ftn%2Fpublic_html%2Fwp-admin%2Fms-sites.php&path=%2Fhome%2Ftn%2Fpublic_html%2Fwp-admin HTTP/1.1" 200 12640 "-" "Mozilla/5.0 AppleWebKit/537.36 (KHTML, like Gecko; compatible; ClaudeBot/1.0; +claudebot@anthropic.com)"
216.73.216.79 - - [01/Aug/2026:23:07:46 +0200] "GET /index.php/sitemap.xml?path=%2Fhome%2Ftn%2F.koality HTTP/1.1" 200 12724 "-" "Mozilla/5.0 AppleWebKit/537.36 (KHTML, like Gecko; compatible; ClaudeBot/1.0; +claudebot@anthropic.com)"
216.73.216.79 - - [01/Aug/2026:23:07:49 +0200] "GET /index.php/sitemap.xml?fileloc=%2Fhome%2Ftn%2Fpublic_html%2Fwp-includes%2Fclass-wp-block-bindings-registry.php&path=%2Fhome%2Ftn%2Fpublic_html%2Fwp-includes HTTP/1.1" 200 21138 "-" "Mozilla/5.0 AppleWebKit/537.36 (KHTML, like Gecko; compatible; ClaudeBot/1.0; +claudebot@anthropic.com)"
216.73.216.79 - - [01/Aug/2026:23:07:52 +0200] "GET /index.php/sitemap.xml?fileloc=%2Fhome%2Ftn%2Fpublic_html%2Fwp-includes%2Fclass-wp-widget-factory.php&path=%2Fhome%2Ftn%2Fpublic_html%2Fwp-includes HTTP/1.1" 200 15896 "-" "Mozilla/5.0 AppleWebKit/537.36 (KHTML, like Gecko; compatible; ClaudeBot/1.0; +claudebot@anthropic.com)"
216.73.216.79 - - [01/Aug/2026:23:07:55 +0200] "GET /index.php/sitemap.xml?path=%2Fhome%2Ftn%2Fpublic_html%2Fwp-includes%2FPHPMailer HTTP/1.1" 200 26857 "-" "Mozilla/5.0 AppleWebKit/537.36 (KHTML, like Gecko; compatible; ClaudeBot/1.0; +claudebot@anthropic.com)"
216.73.216.79 - - [01/Aug/2026:23:07:58 +0200] "GET /index.php/sitemap.xml?fileloc=%2Fhome%2Ftn%2Fpublic_html%2Fwp-includes%2Fcategory.php&path=%2Fhome%2Ftn%2Fpublic_html%2Fwp-includes HTTP/1.1" 200 26267 "-" "Mozilla/5.0 AppleWebKit/537.36 (KHTML, like Gecko; compatible; ClaudeBot/1.0; +claudebot@anthropic.com)"
192.178.6.102 - - [01/Aug/2026:23:07:57 +0200] "GET /?category/0/1/028/028015/?SPC=0&SGC=0&STA=0&FPC=0&FGC=0&FTA=0&SFL_DF=0&CPPR=1 HTTP/1.1" 200 804523 "-" "Mozilla/5.0 (Linux; Android 6.0.1; Nexus 5X Build/MMB29P) AppleWebKit/537.36 (KHTML, like Gecko) Chrome/150.0.7871.186 Mobile Safari/537.36 (compatible; Googlebot/2.1; +http://www.google.com/bot.html)"
216.73.216.79 - - [01/Aug/2026:23:08:01 +0200] "GET /index.php/sitemap.xml?fileloc=%2Fhome%2Ftn%2Fpublic_html%2Fwp-admin%2Fms-delete-site.php&path=%2Fhome%2Ftn%2Fpublic_html%2Fwp-admin HTTP/1.1" 200 17832 "-" "Mozilla/5.0 AppleWebKit/537.36 (KHTML, like Gecko; compatible; ClaudeBot/1.0; +claudebot@anthropic.com)"
216.73.216.79 - - [01/Aug/2026:23:08:04 +0200] "GET /index.php/sitemap.xml?fileloc=%2Fhome%2Ftn%2Fpublic_html%2Fwp-includes%2Ftemplate-canvas.php&path=%2Fhome%2Ftn%2Fpublic_html%2Fwp-includes HTTP/1.1" 200 13094 "-" "Mozilla/5.0 AppleWebKit/537.36 (KHTML, like Gecko; compatible; ClaudeBot/1.0; +claudebot@anthropic.com)"
216.73.216.79 - - [01/Aug/2026:23:08:07 +0200] "GET /index.php/sitemap.xml?fileloc=%2Fhome%2Ftn%2Fpublic_html%2Fwp-includes%2Fcategory-template.php&path=%2Fhome%2Ftn%2Fpublic_html%2Fwp-includes HTTP/1.1" 200 76172 "-" "Mozilla/5.0 AppleWebKit/537.36 (KHTML, like Gecko; compatible; ClaudeBot/1.0; +claudebot@anthropic.com)"
216.73.216.79 - - [01/Aug/2026:23:08:10 +0200] "GET /index.php/sitemap.xml?fileloc=%2Fhome%2Ftn%2Fpublic_html%2Fwp-includes%2Fms-blogs.php&path=%2Fhome%2Ftn%2Fpublic_html%2Fwp-includes HTTP/1.1" 200 40893 "-" "Mozilla/5.0 AppleWebKit/537.36 (KHTML, like Gecko; compatible; ClaudeBot/1.0; +claudebot@anthropic.com)"
216.73.216.79 - - [01/Aug/2026:23:08:13 +0200] "GET /index.php/sitemap.xml?fileloc=%2Fhome%2Ftn%2Fpublic_html%2Fwp-admin%2Ferase-personal-data.php&path=%2Fhome%2Ftn%2Fpublic_html%2Fwp-admin HTTP/1.1" 200 22265 "-" "Mozilla/5.0 AppleWebKit/537.36 (KHTML, like Gecko; compatible; ClaudeBot/1.0; +claudebot@anthropic.com)"
216.73.216.79 - - [01/Aug/2026:23:08:16 +0200] "GET /index.php/sitemap.xml?fileloc=%2Fhome%2Ftn%2Fpublic_html%2Fwp-admin%2Fcontribute.php&path=%2Fhome%2Ftn%2Fpublic_html%2Fwp-admin HTTP/1.1" 200 20552 "-" "Mozilla/5.0 AppleWebKit/537.36 (KHTML, like Gecko; compatible; ClaudeBot/1.0; +claudebot@anthropic.com)"
216.73.216.79 - - [01/Aug/2026:23:08:19 +0200] "GET /index.php/sitemap.xml?path=%2Fhome%2Ftn%2Fssl HTTP/1.1" 200 19502 "-" "Mozilla/5.0 AppleWebKit/537.36 (KHTML, like Gecko; compatible; ClaudeBot/1.0; +claudebot@anthropic.com)"
216.73.216.79 - - [01/Aug/2026:23:08:23 +0200] "GET /index.php/sitemap.xml?fileloc=%2Fhome%2Ftn%2Fpublic_html%2Ferror_log&path=%2Fhome%2Ftn%2Fpublic_html HTTP/1.1" 200 12969 "-" "Mozilla/5.0 AppleWebKit/537.36 (KHTML, like Gecko; compatible; ClaudeBot/1.0; +claudebot@anthropic.com)"
216.73.216.79 - - [01/Aug/2026:23:08:26 +0200] "GET /index.php/sitemap.xml?path=%2Fhome%2Ftn%2F.softaculous HTTP/1.1" 200 22505 "-" "Mozilla/5.0 AppleWebKit/537.36 (KHTML, like Gecko; compatible; ClaudeBot/1.0; +claudebot@anthropic.com)"
216.73.216.79 - - [01/Aug/2026:23:08:29 +0200] "GET /index.php/sitemap.xml?path=%2Fhome%2Ftn%2Fwww HTTP/1.1" 200 52188 "-" "Mozilla/5.0 AppleWebKit/537.36 (KHTML, like Gecko; compatible; ClaudeBot/1.0; +claudebot@anthropic.com)"
216.73.216.79 - - [01/Aug/2026:23:08:32 +0200] "GET /index.php/sitemap.xml?path=%2Fhome%2Ftn%2F.subaccounts HTTP/1.1" 200 14207 "-" "Mozilla/5.0 AppleWebKit/537.36 (KHTML, like Gecko; compatible; ClaudeBot/1.0; +claudebot@anthropic.com)"
216.73.216.79 - - [01/Aug/2026:23:11:17 +0200] "GET /index.php/sitemap.xml?fileloc=%2Fhome%2Ftn%2F.razor%2Fservers.catalogue.lst&path=%2Fhome%2Ftn%2F.razor HTTP/1.1" 200 12385 "-" "Mozilla/5.0 AppleWebKit/537.36 (KHTML, like Gecko; compatible; ClaudeBot/1.0; +claudebot@anthropic.com)"
216.73.216.79 - - [01/Aug/2026:23:11:19 +0200] "GET /index.php/sitemap.xml?fileloc=%2Fhome%2Ftn%2Fpublic_html%2Fimages%2Fimages%2F.htaccess&path=%2Fhome%2Ftn%2Fpublic_html%2Fimages%2Fimages HTTP/1.1" 200 12732 "-" "Mozilla/5.0 AppleWebKit/537.36 (KHTML, like Gecko; compatible; ClaudeBot/1.0; +claudebot@anthropic.com)"
192.178.6.103 - - [01/Aug/2026:23:14:01 +0200] "GET /category/0/1/004/004008/?SPC=0&SGC=0&STA=0&FPC=0&FGC=0&FTA=0&SFL_DF=0&CPPR=1 HTTP/1.1" 200 832292 "-" "Mozilla/5.0 (Linux; Android 6.0.1; Nexus 5X Build/MMB29P) AppleWebKit/537.36 (KHTML, like Gecko) Chrome/150.0.7871.186 Mobile Safari/537.36 (compatible; GoogleOther)"
192.178.6.104 - - [01/Aug/2026:23:21:07 +0200] "GET /favoritism/injurer/7354834270 HTTP/1.1" 200 826588 "-" "Mozilla/5.0 (Linux; Android 6.0.1; Nexus 5X Build/MMB29P) AppleWebKit/537.36 (KHTML, like Gecko) Chrome/150.0.7871.186 Mobile Safari/537.36 (compatible; GoogleOther)"
192.178.6.104 - - [01/Aug/2026:23:29:22 +0200] "GET /category/0/1/004/004018/?SPC=0&SGC=0&STA=0&FPC=0&FGC=0&FTA=0&SFL_DF=0&CPPR=1 HTTP/1.1" 200 792453 "-" "Mozilla/5.0 (Linux; Android 6.0.1; Nexus 5X Build/MMB29P) AppleWebKit/537.36 (KHTML, like Gecko) Chrome/150.0.7871.186 Mobile Safari/537.36 (compatible; GoogleOther)"
192.178.6.104 - - [01/Aug/2026:23:30:27 +0200] "GET /category/0/1/028/028013/?SPC=0&SGC=0&STA=0&FPC=0&FGC=0&FTA=0&SFL_DF=0&CPPR=1 HTTP/1.1" 200 798782 "-" "Mozilla/5.0 (Linux; Android 6.0.1; Nexus 5X Build/MMB29P) AppleWebKit/537.36 (KHTML, like Gecko) Chrome/150.0.7871.186 Mobile Safari/537.36 (compatible; Googlebot/2.1; +http://www.google.com/bot.html)"
216.73.216.79 - - [01/Aug/2026:23:44:52 +0200] "GET /robots.txt HTTP/1.1" 200 102 "-" "Mozilla/5.0 AppleWebKit/537.36 (KHTML, like Gecko; compatible; ClaudeBot/1.0; +claudebot@anthropic.com)"
216.73.216.79 - - [01/Aug/2026:23:45:52 +0200] "GET /index.php/sitemap.xml?fileloc=%2Fhome%2Ftn%2Fpublic_html%2Fwp-includes%2Fhttps-migration.php&path=%2Fhome%2Ftn%2Fpublic_html%2Fwp-includes HTTP/1.1" 200 17503 "-" "Mozilla/5.0 AppleWebKit/537.36 (KHTML, like Gecko; compatible; ClaudeBot/1.0; +claudebot@anthropic.com)"
216.73.216.79 - - [01/Aug/2026:23:48:27 +0200] "GET /index.php/sitemap.xml?fileloc=%2Fhome%2Ftn%2Fpublic_html%2Fwp-includes%2Fblock-patterns%2Fquery-offset-posts.php&path=%2Fhome%2Ftn%2Fpublic_html%2Fwp-includes%2Fblock-patterns HTTP/1.1" 200 15640 "-" "Mozilla/5.0 AppleWebKit/537.36 (KHTML, like Gecko; compatible; ClaudeBot/1.0; +claudebot@anthropic.com)"
216.73.216.79 - - [01/Aug/2026:23:51:46 +0200] "GET /index.php/sitemap.xml?fileloc=%2Fhome%2Ftn%2Fpublic_html%2Fwp-admin%2Fcss%2Fwp-admin-rtl.css&path=%2Fhome%2Ftn%2Fpublic_html%2Fwp-admin%2Fcss HTTP/1.1" 200 12958 "-" "Mozilla/5.0 AppleWebKit/537.36 (KHTML, like Gecko; compatible; ClaudeBot/1.0; +claudebot@anthropic.com)"
216.73.216.79 - - [01/Aug/2026:23:51:49 +0200] "GET /index.php/sitemap.xml?fileloc=%2Fhome%2Ftn%2Fpublic_html%2Fwp-admin%2Fcss%2Fedit-rtl.css&path=%2Fhome%2Ftn%2Fpublic_html%2Fwp-admin%2Fcss HTTP/1.1" 200 51958 "-" "Mozilla/5.0 AppleWebKit/537.36 (KHTML, like Gecko; compatible; ClaudeBot/1.0; +claudebot@anthropic.com)"
216.73.216.79 - - [01/Aug/2026:23:52:50 +0200] "GET /index.php/sitemap.xml?fileloc=%2Fhome%2Ftn%2Fpublic_html%2Fwp-admin%2Fcss%2Fdashboard.css&path=%2Fhome%2Ftn%2Fpublic_html%2Fwp-admin%2Fcss HTTP/1.1" 200 43847 "-" "Mozilla/5.0 AppleWebKit/537.36 (KHTML, like Gecko; compatible; ClaudeBot/1.0; +claudebot@anthropic.com)"
216.73.216.79 - - [01/Aug/2026:23:52:52 +0200] "GET /index.php/sitemap.xml?fileloc=%2Fhome%2Ftn%2Fpublic_html%2Fwp-includes%2Fphp-ai-client%2Fautoload.php&path=%2Fhome%2Ftn%2Fpublic_html%2Fwp-includes%2Fphp-ai-client HTTP/1.1" 200 14039 "-" "Mozilla/5.0 AppleWebKit/537.36 (KHTML, like Gecko; compatible; ClaudeBot/1.0; +claudebot@anthropic.com)"
216.73.216.79 - - [01/Aug/2026:23:52:55 +0200] "GET /index.php/sitemap.xml?fileloc=%2Fhome%2Ftn%2Fpublic_html%2Fwp-admin%2Fcss%2Ffarbtastic.css&path=%2Fhome%2Ftn%2Fpublic_html%2Fwp-admin%2Fcss HTTP/1.1" 200 13077 "-" "Mozilla/5.0 AppleWebKit/537.36 (KHTML, like Gecko; compatible; ClaudeBot/1.0; +claudebot@anthropic.com)"
216.73.216.79 - - [01/Aug/2026:23:52:58 +0200] "GET /index.php/sitemap.xml?fileloc=%2Fhome%2Ftn%2Fpublic_html%2Fwp-admin%2Fcss%2Finstall.min.css&path=%2Fhome%2Ftn%2Fpublic_html%2Fwp-admin%2Fcss HTTP/1.1" 200 17793 "-" "Mozilla/5.0 AppleWebKit/537.36 (KHTML, like Gecko; compatible; ClaudeBot/1.0; +claudebot@anthropic.com)"
216.73.216.79 - - [01/Aug/2026:23:53:01 +0200] "GET /index.php/sitemap.xml?fileloc=%2Fhome%2Ftn%2Fpublic_html%2Fwp-includes%2Fcss%2Fcustomize-preview.min.css&path=%2Fhome%2Ftn%2Fpublic_html%2Fwp-includes%2Fcss HTTP/1.1" 200 15480 "-" "Mozilla/5.0 AppleWebKit/537.36 (KHTML, like Gecko; compatible; ClaudeBot/1.0; +claudebot@anthropic.com)"
216.73.216.79 - - [01/Aug/2026:23:53:04 +0200] "GET /index.php/sitemap.xml?fileloc=%2Fhome%2Ftn%2Fpublic_html%2Fwp-includes%2Fcss%2Fcustomize-preview-rtl.css&path=%2Fhome%2Ftn%2Fpublic_html%2Fwp-includes%2Fcss HTTP/1.1" 200 16287 "-" "Mozilla/5.0 AppleWebKit/537.36 (KHTML, like Gecko; compatible; ClaudeBot/1.0; +claudebot@anthropic.com)"
216.73.216.79 - - [01/Aug/2026:23:53:07 +0200] "GET /index.php/sitemap.xml?fileloc=%2Fhome%2Ftn%2Fpublic_html%2Fwp-admin%2Fcss%2Fabout.css&path=%2Fhome%2Ftn%2Fpublic_html%2Fwp-admin%2Fcss HTTP/1.1" 200 41121 "-" "Mozilla/5.0 AppleWebKit/537.36 (KHTML, like Gecko; compatible; ClaudeBot/1.0; +claudebot@anthropic.com)"
216.73.216.79 - - [01/Aug/2026:23:53:10 +0200] "GET /index.php/sitemap.xml?fileloc=%2Fhome%2Ftn%2Fpublic_html%2Fwp-includes%2FText%2FDiff.php&path=%2Fhome%2Ftn%2Fpublic_html%2Fwp-includes%2FText HTTP/1.1" 200 24960 "-" "Mozilla/5.0 AppleWebKit/537.36 (KHTML, like Gecko; compatible; ClaudeBot/1.0; +claudebot@anthropic.com)"
216.73.216.79 - - [01/Aug/2026:23:53:13 +0200] "GET /index.php/sitemap.xml?path=%2Fhome%2Ftn%2Fpublic_html%2Fwp-includes%2FText%2FDiff HTTP/1.1" 200 18844 "-" "Mozilla/5.0 AppleWebKit/537.36 (KHTML, like Gecko; compatible; ClaudeBot/1.0; +claudebot@anthropic.com)"
